CREATE TABLE `lsqvo_jshopping_attr` (
  `attr_id` int(11) NOT NULL,
  `attr_ordering` int(11) NOT NULL DEFAULT 0,
  `attr_type` tinyint(1) NOT NULL DEFAULT 0,
  `independent` tinyint(1) NOT NULL DEFAULT 0,
  `allcats` tinyint(1) NOT NULL DEFAULT 1,
  `cats` text NOT NULL,
  `group` tinyint(4) NOT NULL DEFAULT 0,
  `name_en-GB` varchar(255) NOT NULL,
  `description_en-GB` text NOT NULL,
  `name_ru-RU` varchar(255) NOT NULL,
  `description_ru-RU` text NOT NULL,
  `name_zh-CN` varchar(255) NOT NULL,
  `description_zh-CN` text NOT NULL
) ENGINE=InnoDB DEFAULT CHARSET=utf8 COLLATE=utf8_general_ci;

-- --------------------------------------------------------

--
-- Структура таблицы `lsqvo_jshopping_attr_groups`
--

CREATE TABLE `lsqvo_jshopping_attr_groups` (
  `id` int(11) NOT NULL,
  `ordering` int(6) NOT NULL DEFAULT 0,
  `name_en-GB` varchar(255) NOT NULL,
  `name_ru-RU` varchar(255) NOT NULL,
  `name_zh-CN` varchar(255) NOT NULL
) ENGINE=InnoDB DEFAULT CHARSET=utf8 COLLATE=utf8_general_ci;

-- --------------------------------------------------------

--
-- Структура таблицы `lsqvo_jshopping_attr_values`
--

CREATE TABLE `lsqvo_jshopping_attr_values` (
  `value_id` int(11) NOT NULL,
  `attr_id` int(11) NOT NULL DEFAULT 0,
  `value_ordering` int(11) NOT NULL DEFAULT 0,
  `image` varchar(255) NOT NULL DEFAULT '',
  `name_en-GB` varchar(255) NOT NULL,
  `name_ru-RU` varchar(255) NOT NULL,
  `name_zh-CN` varchar(255) NOT NULL
) ENGINE=InnoDB DEFAULT CHARSET=utf8 COLLATE=utf8_general_ci;

-- --------------------------------------------------------

--
-- Структура таблицы `lsqvo_jshopping_categories`
--

CREATE TABLE `lsqvo_jshopping_categories` (
  `category_id` int(11) NOT NULL,
  `category_image` varchar(255) NOT NULL DEFAULT '',
  `category_parent_id` int(11) NOT NULL DEFAULT 0,
  `category_publish` tinyint(1) UNSIGNED NOT NULL DEFAULT 1,
  `category_template` varchar(64) NOT NULL DEFAULT '',
  `ordering` int(3) NOT NULL DEFAULT 0,
  `category_add_date` datetime NOT NULL DEFAULT '0000-00-00 00:00:00',
  `products_page` int(8) NOT NULL DEFAULT 12,
  `products_row` int(3) NOT NULL DEFAULT 3,
  `access` int(3) NOT NULL DEFAULT 1,
  `img_alt` varchar(255) NOT NULL DEFAULT '',
  `img_title` varchar(255) NOT NULL DEFAULT '',
  `name_en-GB` varchar(255) NOT NULL,
  `alias_en-GB` varchar(255) NOT NULL,
  `short_description_en-GB` text NOT NULL,
  `description_en-GB` text NOT NULL,
  `meta_title_en-GB` varchar(255) NOT NULL,
  `meta_description_en-GB` text NOT NULL,
  `meta_keyword_en-GB` text NOT NULL,
  `name_ru-RU` varchar(255) NOT NULL,
  `alias_ru-RU` varchar(255) NOT NULL,
  `short_description_ru-RU` text NOT NULL,
  `description_ru-RU` text NOT NULL,
  `meta_title_ru-RU` varchar(255) NOT NULL,
  `meta_description_ru-RU` text NOT NULL,
  `meta_keyword_ru-RU` text NOT NULL,
  `name_zh-CN` varchar(255) NOT NULL,
  `alias_zh-CN` varchar(255) NOT NULL,
  `short_description_zh-CN` text NOT NULL,
  `description_zh-CN` text NOT NULL,
  `meta_title_zh-CN` varchar(255) NOT NULL,
  `meta_description_zh-CN` text NOT NULL,
  `meta_keyword_zh-CN` text NOT NULL
) ENGINE=InnoDB DEFAULT CHARSET=utf8 COLLATE=utf8_general_ci;

--
-- Дамп данных таблицы `lsqvo_jshopping_categories`
--

INSERT INTO `lsqvo_jshopping_categories` (`category_id`, `category_image`, `category_parent_id`, `category_publish`, `category_template`, `ordering`, `category_add_date`, `products_page`, `products_row`, `access`, `img_alt`, `img_title`, `name_en-GB`, `alias_en-GB`, `short_description_en-GB`, `description_en-GB`, `meta_title_en-GB`, `meta_description_en-GB`, `meta_keyword_en-GB`, `name_ru-RU`, `alias_ru-RU`, `short_description_ru-RU`, `description_ru-RU`, `meta_title_ru-RU`, `meta_description_ru-RU`, `meta_keyword_ru-RU`, `name_zh-CN`, `alias_zh-CN`, `short_description_zh-CN`, `description_zh-CN`, `meta_title_zh-CN`, `meta_description_zh-CN`, `meta_keyword_zh-CN`) VALUES
(1, '1.jpg', 0, 1, '', 3, '2023-08-13 05:22:12', 24, 4, 1, '', '', 'Snacks', 'snacks', '', '', '', '', '', 'Закуски', 'zakuski', '', '', '', '', '', '零食', 'ling-shi', '', '', '', '', ''),
(2, '25.jpg', 0, 1, '', 9, '2023-08-13 10:38:07', 24, 4, 1, '', '', 'Salads', 'salads', '', '', '', '', '', 'Салаты', 'salaty', '', '', '', '', '', '沙拉', 'sha-la', '', '', '', '', ''),
(3, '35-1.jpg', 0, 1, '', 14, '2023-08-13 10:38:37', 24, 4, 1, '', '', 'Meat+Grill', 'meat-grill', '', '<div class=\"row\">\r\n<div class=\"col-12\">\r\n<div class=\"tac title\">Add. ingredients</div>\r\n<ul>\r\n<li><span class=\"name\">Red onion</span><span class=\"value\">40 ₽</span></li>\r\n<li><span class=\"name\">Greens</span><span class=\"value\">50 ₽</span></li>\r\n<li><span class=\"name\">Tomato</span><span class=\"value\">40 ₽</span></li>\r\n<li><span class=\"name\">Fresh cucumber</span><span class=\"value\">55 ₽</span></li>\r\n<li><span class=\"name\">Pickled cucumber</span><span class=\"value\">55 ₽</span></li>\r\n<li><span class=\"name\">Cheddar cheese</span><span class=\"value\">40 ₽</span></li>\r\n<li><span class=\"name\">Jalapeño pepper</span><span class=\"value\">35 ₽</span></li>\r\n<li><span class=\"name\">Bacon</span><span class=\"value\">60 ₽</span></li>\r\n<li><span class=\"name\">Beef cutlet</span><span class=\"value\">180 ₽</span></li>\r\n</ul>\r\n</div>\r\n</div>', '', '', '', 'Мясо+Grill', 'myaso-grill', '', '<div class=\"row\">\r\n	<div class=\"col-12\">\r\n		<div class=\"tac title\">Доп. ингридиенты</div>\r\n		<ul>\r\n			<li><span class=\"name\">Лук красный</span><span class=\"value\">40 ₽</span></li> \r\n			<li><span class=\"name\">Зелень</span><span class=\"value\">50 ₽</span></li> \r\n			<li><span class=\"name\">Помидор</span><span class=\"value\">40 ₽</span></li> \r\n			<li><span class=\"name\">Свежий огурец</span><span class=\"value\">55 ₽</span></li> \r\n			<li><span class=\"name\">Солёный огурец</span><span class=\"value\">55 ₽</span></li> \r\n			<li><span class=\"name\">Сыр Чеддер</span><span class=\"value\">40 ₽</span></li> \r\n			<li><span class=\"name\">Перец Халапеньо</span><span class=\"value\">35 ₽</span></li> \r\n			<li><span class=\"name\">Бекон</span><span class=\"value\">60 ₽</span></li> \r\n			<li><span class=\"name\">Котлета говяжья</span><span class=\"value\">180 ₽</span></li> \r\n		</ul>\r\n	</div>\r\n</div>', '', '', '', '肉+烧烤', 'rou-shao-kao', '', '<div class=“row”>\r\n<div class=\"col-12\">\r\n<div class=\"tac title\">添加。 成分</div>\r\n<ul>\r\n<li><span class=\"name\">红洋葱</span><span class=\"value\">40 ₽</span></li>\r\n<li><span class=\"name\">绿叶</span><span class=\"value\">50 ₽</span></li>\r\n<li><span class=\"name\">番茄</span><span class=\"value\">40 ₽</span></li>\r\n<li><span class=\"name\">新鲜黄瓜</span><span class=\"value\">55 ₽</span></li>\r\n<li><span class=\"name\">腌黄瓜</span><span class=\"value\">55 ₽</span></li>\r\n<li><span class=\"name\">切达干酪</span><span class=\"value\">40 ₽</span></li>\r\n<li><span class=\"name\">墨西哥辣椒</span><span class=\"value\">35 ₽</span></li>\r\n<li><span class=\"name\">培根</span><span class=\"value\">60 ₽</span></li>\r\n<li><span class=\"name\">炸牛排</span><span class=\"value\">180 ₽</span></li>\r\n</ul>\r\n</div>\r\n</div>', '', '', ''),
(4, '58.jpg', 0, 1, '', 31, '2023-08-13 10:39:24', 24, 4, 1, '', '', 'Burgers', 'burgers', '', '', '', '', '', 'Бургеры', 'burgery', '', '', '', '', '', '汉堡', 'han-bao', '', '', '', '', ''),
(5, '67.jpg', 0, 1, '', 34, '2023-08-13 10:39:51', 24, 4, 1, '', '', 'Sea+Grill', 'sea-grill', '', '', '', '', '', 'Море+Grill', 'more-grill', '', '', '', '', '', '海鲜+烧烤', 'hai-xian-shao-kao', '', '', '', '', ''),
(6, '57.jpg', 0, 1, '', 37, '2023-08-13 10:40:24', 24, 4, 1, '', '', 'Sausages+Grill', 'sausages-grill', '', '', '', '', '', 'Колбаски+Grill', 'kolbaski-grill', '', '', '', '', '', '香肠+烧烤', 'xiang-chang-shao-kao', '', '', '', '', ''),
(7, '21.jpg', 0, 1, '', 6, '2023-08-13 10:40:54', 24, 4, 1, '', '', 'Soups', 'soups', '', '', '', '', '', 'Супы', 'supy', '', '', '', '', '', '汤类', 'tang-lei', '', '', '', '', ''),
(8, '101.jpg', 0, 1, '', 25, '2023-08-13 10:41:36', 24, 4, 1, '', '', 'Garnish', 'garnish', '', '<div class=\"row\">\r\n<div class=\"col-12\">\r\n<div class=\"tac title\">Add. ingredients</div>\r\n<ul>\r\n<li><span class=\"name\">Red onion</span><span class=\"value\">40 ₽</span></li>\r\n<li><span class=\"name\">Greens</span><span class=\"value\">50 ₽</span></li>\r\n<li><span class=\"name\">Tomato</span><span class=\"value\">40 ₽</span></li>\r\n<li><span class=\"name\">Fresh cucumber</span><span class=\"value\">55 ₽</span></li>\r\n<li><span class=\"name\">Pickled cucumber</span><span class=\"value\">55 ₽</span></li>\r\n<li><span class=\"name\">Cheddar cheese</span><span class=\"value\">40 ₽</span></li>\r\n<li><span class=\"name\">Jalapeño pepper</span><span class=\"value\">35 ₽</span></li>\r\n<li><span class=\"name\">Bacon</span><span class=\"value\">60 ₽</span></li>\r\n<li><span class=\"name\">Beef cutlet</span><span class=\"value\">180 ₽</span></li>\r\n</ul>\r\n</div>\r\n</div>', '', '', '', 'Гарниры', 'garniry', '', '<div class=\"row\">\r\n	<div class=\"col-12\">\r\n		<div class=\"tac title\">Доп. ингридиенты</div>\r\n		<ul>\r\n			<li><span class=\"name\">Лук красный</span><span class=\"value\">40 ₽</span></li> \r\n			<li><span class=\"name\">Зелень</span><span class=\"value\">50 ₽</span></li> \r\n			<li><span class=\"name\">Помидор</span><span class=\"value\">40 ₽</span></li> \r\n			<li><span class=\"name\">Свежий огурец</span><span class=\"value\">55 ₽</span></li> \r\n			<li><span class=\"name\">Солёный огурец</span><span class=\"value\">55 ₽</span></li> \r\n			<li><span class=\"name\">Сыр Чеддер</span><span class=\"value\">40 ₽</span></li> \r\n			<li><span class=\"name\">Перец Халапеньо</span><span class=\"value\">35 ₽</span></li> \r\n			<li><span class=\"name\">Бекон</span><span class=\"value\">60 ₽</span></li> \r\n			<li><span class=\"name\">Котлета говяжья</span><span class=\"value\">180 ₽</span></li> \r\n		</ul>\r\n	</div>\r\n</div>', '', '', '', '装饰', 'zhuang-shi', '', '<div class=“row”>\r\n<div class=\"col-12\">\r\n<div class=\"tac title\">添加。 成分</div>\r\n<ul>\r\n<li><span class=\"name\">红洋葱</span><span class=\"value\">40 ₽</span></li>\r\n<li><span class=\"name\">绿叶</span><span class=\"value\">50 ₽</span></li>\r\n<li><span class=\"name\">番茄</span><span class=\"value\">40 ₽</span></li>\r\n<li><span class=\"name\">新鲜黄瓜</span><span class=\"value\">55 ₽</span></li>\r\n<li><span class=\"name\">腌黄瓜</span><span class=\"value\">55 ₽</span></li>\r\n<li><span class=\"name\">切达干酪</span><span class=\"value\">40 ₽</span></li>\r\n<li><span class=\"name\">墨西哥辣椒</span><span class=\"value\">35 ₽</span></li>\r\n<li><span class=\"name\">培根</span><span class=\"value\">60 ₽</span></li>\r\n<li><span class=\"name\">炸牛排</span><span class=\"value\">180 ₽</span></li>\r\n</ul>\r\n</div>\r\n</div>', '', '', ''),
(9, '53.jpg', 0, 0, '', 41, '2023-08-13 10:42:08', 24, 4, 1, '', '', 'Bread', 'bread', '', '', '', '', '', 'Хлеб', 'khleb', '', '', '', '', '', '面包', 'mian-bao', '', '', '', '', ''),
(10, '203.jpg', 0, 1, '', 28, '2023-08-13 10:42:33', 24, 4, 1, '', '', 'Sauces', 'sauces', '', '', '', '', '', 'Соусы', 'sousy', '', '', '', '', '', '酱汁', 'jiang-zhi', '', '', '', '', ''),
(11, '75.jpg', 0, 1, '', 44, '2023-08-13 10:42:54', 24, 4, 1, '', '', 'Dessert', 'dessert', '', '', '', '', '', 'Десерты', 'deserty', '', '', '', '', '', '甜点', 'tian-dian', '', '', '', '', ''),
(12, 'bar.jpg', 0, 1, '', 59, '2023-08-13 10:43:15', 24, 4, 1, '', '', 'Bar', 'bar', '', '<div class=\"com-content-category-blog__items blog-items restoran-items columns-2\">\r\n     <div class=\"com-content-category-blog__item blog-item restoran-item\">\r\n         <a href=\"/images/bar/Seasonal.pdf\" target=\"_blank\">\r\n             <div class=\"item-image intro-image\">\r\n                 <img src=\"/images/bar/Seasonal2.jpg\">\r\n             </div>\r\n             <div class=\"item-content\">\r\n                 <div class=\"page-header\">Seasonal menu</div>\r\n                 <div class=\"d-flex align-items-end justify-content-between\">\r\n                     <div class=\"adress\">pdf, 2.3MB</div>\r\n                 </div>\r\n             </div>\r\n         </a>\r\n     </div>\r\n     <div class=\"com-content-category-blog__item blog-item restoran-item\">\r\n         <a href=\"/images/bar/Bar-main.pdf\" target=\"_blank\">\r\n             <div class=\"item-image intro-image\">\r\n                 <img src=\"/images/restoran/afimoll-siti/slider/DSC_9396.jpg\">\r\n             </div>\r\n             <div class=\"item-content\">\r\n                 <div class=\"page-header\">Bar menu</div>\r\n                 <div class=\"d-flex align-items-end justify-content-between\">\r\n                     <div class=\"adress\">pdf, 1.8MB</div>\r\n                 </div>\r\n             </div>\r\n         </a>\r\n     </div>\r\n     <div class=\"com-content-category-blog__item blog-item restoran-item\">\r\n         <a href=\"/images/bar/Bar-Kashirka.pdf\" target=\"_blank\">\r\n             <div class=\"item-image intro-image\">\r\n                 <img src=\"/images/restoran/kashirskaya-plaza/preview.jpg\" >\r\n             </div>\r\n             <div class=\"item-content\">\r\n                 <div class=\"page-header\">Bar menu <br>\"Kashirskaya Plaza\"</div>\r\n                 <div class=\"d-flex align-items-end justify-content-between\">\r\n                     <div class=\"adress\">pdf, 1.7MB</div>\r\n                 </div>\r\n             </div>\r\n         </a>\r\n     </div>\r\n     <div class=\"com-content-category-blog__item blog-item restoran-item\">\r\n         <a href=\"/images/bar/Bar-Horosho.pdf\" target=\"_blank\">\r\n             <div class=\"item-image intro-image\">\r\n                 <img src=\"/images/restoran/horosho/preview.jpg\" >\r\n             </div>\r\n             <div class=\"item-content\">\r\n                 <div class=\"page-header\">Bar menu <br>\"Khorosho\"</div>\r\n                 <div class=\"d-flex align-items-end justify-content-between\">\r\n                     <div class=\"adress\">pdf, 1.7MB</div>\r\n                 </div>\r\n             </div>\r\n         </a>\r\n     </div>\r\n</div>', '', '', '', 'Бар', 'bar', '', '<div class=\"com-content-category-blog__items blog-items restoran-items  columns-2\">\r\n    <div class=\"com-content-category-blog__item blog-item restoran-item\">\r\n        <a href=\"/images/bar/Seasonal.pdf\" target=\"_blank\">\r\n            <div class=\"item-image intro-image\">\r\n                <img src=\"/images/bar/Seasonal2.jpg\">\r\n            </div>\r\n            <div class=\"item-content\">\r\n                <div class=\"page-header\">Сезонное меню</div>\r\n                <div class=\"d-flex align-items-end justify-content-between\">\r\n                    <div class=\"adress\">pdf, 2.3Мб</div>\r\n                </div>\r\n            </div>\r\n        </a>\r\n    </div>\r\n    <div class=\"com-content-category-blog__item blog-item restoran-item\">\r\n        <a href=\"/images/bar/Bar-main.pdf\" target=\"_blank\">\r\n            <div class=\"item-image intro-image\">\r\n                <img src=\"/images/restoran/afimoll-siti/slider/DSC_9396.jpg\">\r\n            </div>\r\n            <div class=\"item-content\">\r\n                <div class=\"page-header\">Барное меню</div>\r\n                <div class=\"d-flex align-items-end justify-content-between\">\r\n                    <div class=\"adress\">pdf, 1.8Мб</div>\r\n                </div>\r\n            </div>\r\n        </a>\r\n    </div>\r\n    <div class=\"com-content-category-blog__item blog-item restoran-item\">\r\n        <a href=\"/images/bar/Bar-Kashirka.pdf\" target=\"_blank\">\r\n            <div class=\"item-image intro-image\">\r\n                <img src=\"/images/restoran/kashirskaya-plaza/preview.jpg\" >\r\n            </div>\r\n            <div class=\"item-content\">\r\n                <div class=\"page-header\">Барное меню<br>ТРЦ «Каширская плаза»</div>\r\n                <div class=\"d-flex align-items-end justify-content-between\">\r\n                    <div class=\"adress\">pdf, 1.7Мб</div>\r\n                </div>\r\n            </div>\r\n        </a>\r\n    </div>\r\n    <div class=\"com-content-category-blog__item blog-item restoran-item\">\r\n        <a href=\"/images/bar/Bar-Horosho.pdf\" target=\"_blank\">\r\n            <div class=\"item-image intro-image\">\r\n                <img src=\"/images/restoran/horosho/preview.jpg\" >\r\n            </div>\r\n            <div class=\"item-content\">\r\n                <div class=\"page-header\">Барное меню<br>ТРЦ «Хорошо»</div>\r\n                <div class=\"d-flex align-items-end justify-content-between\">\r\n                    <div class=\"adress\">pdf, 1.7Мб</div>\r\n                </div>\r\n            </div>\r\n        </a>\r\n    </div>\r\n</div>', '', '', '', '酒吧', 'jiu-ba', '', '<div class=\"com-content-category-blog__items blog-items restoran-items columns-2\">\r\n     <div class=\"com-content-category-blog__item blog-item restoran-item\">\r\n         <a href=\"/images/bar/Seasonal.pdf\" target=\"_blank\">\r\n             <div class=\"item-image intro-image\">\r\n                 <img src=\"/images/bar/Seasonal2.jpg\">\r\n             </div>\r\n             <div class=\"item-content\">\r\n                 <div class=\"page-header\">季节性菜单</div>\r\n                 <div class=\"d-flex align-items-end justify-content-between\">\r\n                     <div class=\"adress\">pdf，2.3MB</div>\r\n                 </div>\r\n             </div>\r\n         </a>\r\n     </div>\r\n     <div class=\"com-content-category-blog__item blog-item restoran-item\">\r\n         <a href=\"/images/bar/Bar-main.pdf\" target=\"_blank\">\r\n             <div class=\"item-image intro-image\">\r\n                 <img src=\"/images/restoran/afimoll-siti/slider/DSC_9396.jpg\">\r\n             </div>\r\n             <div class=\"item-content\">\r\n                 <div class=\"page-header\">栏菜单</div>\r\n                 <div class=\"d-flex align-items-end justify-content-between\">\r\n                     <div class=\"adress\">pdf，1.8MB</div>\r\n                 </div>\r\n             </div>\r\n         </a>\r\n     </div>\r\n     <div class=\"com-content-category-blog__item blog-item restoran-item\">\r\n         <a href=\"/images/bar/Bar-Kashirka.pdf\" target=\"_blank\">\r\n             <div class=\"item-image intro-image\">\r\n                 <img src=\"/images/restoran/kashirskaya-plaza/preview.jpg\" >\r\n             </div>\r\n             <div class=\"item-content\">\r\n                 <div class=\"page-header\">栏菜单<br>“Kashirskaya Plaza”</div>\r\n                 <div class=\"d-flex align-items-end justify-content-between\">\r\n                     <div class=\"adress\">pdf，1.7MB</div>\r\n                 </div>\r\n             </div>\r\n         </a>\r\n     </div>\r\n     <div class=\"com-content-category-blog__item blog-item restoran-item\">\r\n         <a href=\"/images/bar/Bar-Horosho.pdf\" target=\"_blank\">\r\n             <div class=\"item-image intro-image\">\r\n                 <img src=\"/images/restoran/horosho/preview.jpg\">\r\n             </div>\r\n             <div class=\"item-content\">\r\n                 <div class=\"page-header\">栏菜单<br>“Khorosho”</div>\r\n                 <div class=\"d-flex align-items-end justify-content-between\">\r\n                     <div class=\"adress\">pdf，1.7MB</div>\r\n                 </div>\r\n             </div>\r\n         </a>\r\n     </div>\r\n</div>', '', '', ''),
(13, '48.jpg', 0, 1, '', 19, '2023-12-22 07:17:47', 24, 4, 1, '', '', 'Steak+Grill', 'steak-grill', '', '<div class=\"row\">\r\n<div class=\"col-12\">\r\n<div class=\"tac title\">Add. ingredients</div>\r\n<ul>\r\n<li><span class=\"name\">Red onion</span><span class=\"value\">40 ₽</span></li>\r\n<li><span class=\"name\">Greens</span><span class=\"value\">50 ₽</span></li>\r\n<li><span class=\"name\">Tomato</span><span class=\"value\">40 ₽</span></li>\r\n<li><span class=\"name\">Fresh cucumber</span><span class=\"value\">55 ₽</span></li>\r\n<li><span class=\"name\">Pickled cucumber</span><span class=\"value\">55 ₽</span></li>\r\n<li><span class=\"name\">Cheddar cheese</span><span class=\"value\">40 ₽</span></li>\r\n<li><span class=\"name\">Jalapeño pepper</span><span class=\"value\">35 ₽</span></li>\r\n<li><span class=\"name\">Bacon</span><span class=\"value\">60 ₽</span></li>\r\n<li><span class=\"name\">Beef cutlet</span><span class=\"value\">180 ₽</span></li>\r\n</ul>\r\n</div>\r\n</div>', '', '', '', 'Стейк+Grill', 'stejk-grill', '', '<div class=\"row\">\r\n	<div class=\"col-12\">\r\n		<div class=\"tac title\">Доп. ингридиенты</div>\r\n		<ul>\r\n			<li><span class=\"name\">Лук красный</span><span class=\"value\">40 ₽</span></li> \r\n			<li><span class=\"name\">Зелень</span><span class=\"value\">50 ₽</span></li> \r\n			<li><span class=\"name\">Помидор</span><span class=\"value\">40 ₽</span></li> \r\n			<li><span class=\"name\">Свежий огурец</span><span class=\"value\">55 ₽</span></li> \r\n			<li><span class=\"name\">Солёный огурец</span><span class=\"value\">55 ₽</span></li> \r\n			<li><span class=\"name\">Сыр Чеддер</span><span class=\"value\">40 ₽</span></li> \r\n			<li><span class=\"name\">Перец Халапеньо</span><span class=\"value\">35 ₽</span></li> \r\n			<li><span class=\"name\">Бекон</span><span class=\"value\">60 ₽</span></li> \r\n			<li><span class=\"name\">Котлета говяжья</span><span class=\"value\">180 ₽</span></li> \r\n		</ul>\r\n	</div>\r\n</div>', '', '', '', '牛排+烧烤', 'niu-pai-shao-kao', '', '<div class=“row”>\r\n<div class=\"col-12\">\r\n<div class=\"tac title\">添加。 成分</div>\r\n<ul>\r\n<li><span class=\"name\">红洋葱</span><span class=\"value\">40 ₽</span></li>\r\n<li><span class=\"name\">绿叶</span><span class=\"value\">50 ₽</span></li>\r\n<li><span class=\"name\">番茄</span><span class=\"value\">40 ₽</span></li>\r\n<li><span class=\"name\">新鲜黄瓜</span><span class=\"value\">55 ₽</span></li>\r\n<li><span class=\"name\">腌黄瓜</span><span class=\"value\">55 ₽</span></li>\r\n<li><span class=\"name\">切达干酪</span><span class=\"value\">40 ₽</span></li>\r\n<li><span class=\"name\">墨西哥辣椒</span><span class=\"value\">35 ₽</span></li>\r\n<li><span class=\"name\">培根</span><span class=\"value\">60 ₽</span></li>\r\n<li><span class=\"name\">炸牛排</span><span class=\"value\">180 ₽</span></li>\r\n</ul>\r\n</div>\r\n</div>', '', '', '');

-- --------------------------------------------------------

--
-- Структура таблицы `lsqvo_jshopping_config_display_prices`
--

CREATE TABLE `lsqvo_jshopping_config_display_prices` (
  `id` int(11) NOT NULL,
  `zones` text NOT NULL,
  `display_price` tinyint(1) NOT NULL DEFAULT 0,
  `display_price_firma` tinyint(1) NOT NULL DEFAULT 0
) ENGINE=InnoDB DEFAULT CHARSET=utf8 COLLATE=utf8_general_ci;

-- --------------------------------------------------------

--
-- Структура таблицы `lsqvo_jshopping_config_seo`
--

CREATE TABLE `lsqvo_jshopping_config_seo` (
  `id` int(11) NOT NULL,
  `alias` varchar(64) NOT NULL DEFAULT '',
  `ordering` int(11) NOT NULL DEFAULT 0,
  `title_en-GB` varchar(255) NOT NULL,
  `keyword_en-GB` text NOT NULL,
  `description_en-GB` text NOT NULL,
  `title_ru-RU` varchar(255) NOT NULL,
  `keyword_ru-RU` text NOT NULL,
  `description_ru-RU` text NOT NULL,
  `title_zh-CN` varchar(255) NOT NULL,
  `keyword_zh-CN` text NOT NULL,
  `description_zh-CN` text NOT NULL
) ENGINE=InnoDB DEFAULT CHARSET=utf8 COLLATE=utf8_general_ci;

--
-- Дамп данных таблицы `lsqvo_jshopping_config_seo`
--

INSERT INTO `lsqvo_jshopping_config_seo` (`id`, `alias`, `ordering`, `title_en-GB`, `keyword_en-GB`, `description_en-GB`, `title_ru-RU`, `keyword_ru-RU`, `description_ru-RU`, `title_zh-CN`, `keyword_zh-CN`, `description_zh-CN`) VALUES
(1, 'category', 10, '', '', '', '', '', '', '', '', ''),
(2, 'manufacturers', 20, '', '', '', '', '', '', '', '', ''),
(3, 'cart', 30, '', '', '', '', '', '', '', '', ''),
(4, 'wishlist', 40, '', '', '', '', '', '', '', '', ''),
(5, 'login', 50, '', '', '', '', '', '', '', '', ''),
(6, 'register', 60, '', '', '', '', '', '', '', '', ''),
(7, 'editaccount', 70, '', '', '', '', '', '', '', '', ''),
(8, 'myorders', 80, '', '', '', '', '', '', '', '', ''),
(9, 'myaccount', 90, '', '', '', '', '', '', '', '', ''),
(10, 'search', 100, '', '', '', '', '', '', '', '', ''),
(11, 'search-result', 110, '', '', '', '', '', '', '', '', ''),
(12, 'myorder-detail', 120, '', '', '', '', '', '', '', '', ''),
(13, 'vendors', 130, '', '', '', '', '', '', '', '', ''),
(14, 'content-agb', 140, '', '', '', '', '', '', '', '', ''),
(15, 'content-return_policy', 150, '', '', '', '', '', '', '', '', ''),
(16, 'content-shipping', 160, '', '', '', '', '', '', '', '', ''),
(17, 'content-privacy_statement', 161, '', '', '', '', '', '', '', '', ''),
(18, 'checkout-address', 170, '', '', '', '', '', '', '', '', ''),
(19, 'checkout-payment', 180, '', '', '', '', '', '', '', '', ''),
(20, 'checkout-shipping', 190, '', '', '', '', '', '', '', '', ''),
(21, 'checkout-preview', 200, '', '', '', '', '', '', '', '', ''),
(22, 'lastproducts', 210, '', '', '', '', '', '', '', '', ''),
(23, 'randomproducts', 220, '', '', '', '', '', '', '', '', ''),
(24, 'bestsellerproducts', 230, '', '', '', '', '', '', '', '', ''),
(25, 'labelproducts', 240, '', '', '', '', '', '', '', '', ''),
(26, 'topratingproducts', 250, '', '', '', '', '', '', '', '', ''),
(27, 'tophitsproducts', 260, '', '', '', '', '', '', '', '', ''),
(28, 'all-products', 270, '', '', '', '', '', '', '', '', '');

-- --------------------------------------------------------

--
-- Структура таблицы `lsqvo_jshopping_config_statictext`
--

CREATE TABLE `lsqvo_jshopping_config_statictext` (
  `id` int(11) NOT NULL,
  `alias` varchar(64) NOT NULL DEFAULT '',
  `use_for_return_policy` int(11) NOT NULL DEFAULT 0,
  `text_en-GB` longtext NOT NULL,
  `text_ru-RU` longtext NOT NULL,
  `text_zh-CN` longtext NOT NULL
) ENGINE=InnoDB DEFAULT CHARSET=utf8 COLLATE=utf8_general_ci;

--
-- Дамп данных таблицы `lsqvo_jshopping_config_statictext`
--

INSERT INTO `lsqvo_jshopping_config_statictext` (`id`, `alias`, `use_for_return_policy`, `text_en-GB`, `text_ru-RU`, `text_zh-CN`) VALUES
(1, 'home', 0, '', '', ''),
(2, 'manufacturer', 0, '', '', ''),
(3, 'agb', 0, '', '', ''),
(4, 'return_policy', 0, '', '', ''),
(5, 'order_email_descr', 0, '', '', ''),
(6, 'order_email_descr_end', 0, '', '', ''),
(7, 'order_finish_descr', 0, '', '', ''),
(8, 'shipping', 0, '', '', ''),
(9, 'privacy_statement', 0, '', '', ''),
(10, 'cart', 0, '', '', ''),
(11, 'order_email_descr_manually', 0, '', '', '');

-- --------------------------------------------------------

--
-- Структура таблицы `lsqvo_jshopping_countries`
--

CREATE TABLE `lsqvo_jshopping_countries` (
  `country_id` int(11) NOT NULL,
  `country_publish` tinyint(4) NOT NULL DEFAULT 0,
  `ordering` smallint(6) NOT NULL DEFAULT 0,
  `country_code` varchar(5) NOT NULL DEFAULT '0',
  `country_code_2` varchar(5) NOT NULL DEFAULT '0',
  `name_en-GB` varchar(255) NOT NULL DEFAULT '',
  `name_de-DE` varchar(255) NOT NULL DEFAULT '',
  `name_ru-RU` varchar(255) NOT NULL,
  `name_zh-CN` varchar(255) NOT NULL
) ENGINE=InnoDB DEFAULT CHARSET=utf8 COLLATE=utf8_general_ci;

--
-- Дамп данных таблицы `lsqvo_jshopping_countries`
--

INSERT INTO `lsqvo_jshopping_countries` (`country_id`, `country_publish`, `ordering`, `country_code`, `country_code_2`, `name_en-GB`, `name_de-DE`, `name_ru-RU`, `name_zh-CN`) VALUES
(1, 1, 1, 'AFG', 'AF', 'Afghanistan', 'Afghanistan', 'Afghanistan', 'Afghanistan'),
(2, 1, 2, 'ALB', 'AL', 'Albania', 'Albanien', 'Albania', 'Albania'),
(3, 1, 3, 'DZA', 'DZ', 'Algeria', 'Algerien', 'Algeria', 'Algeria'),
(4, 1, 4, 'ASM', 'AS', 'American Samoa', 'Amerikanisch-Samoa', 'American Samoa', 'American Samoa'),
(5, 1, 5, 'AND', 'AD', 'Andorra', 'Andorra', 'Andorra', 'Andorra'),
(6, 1, 6, 'AGO', 'AO', 'Angola', 'Angola', 'Angola', 'Angola'),
(7, 1, 7, 'AIA', 'AI', 'Anguilla', 'Anguilla', 'Anguilla', 'Anguilla'),
(8, 1, 8, 'ATA', 'AQ', 'Antarctica', 'Antarktis', 'Antarctica', 'Antarctica'),
(9, 1, 9, 'ATG', 'AG', 'Antigua and Barbuda', 'Antigua und Barbuda', 'Antigua and Barbuda', 'Antigua and Barbuda'),
(10, 1, 10, 'ARG', 'AR', 'Argentina', 'Argentinien', 'Argentina', 'Argentina'),
(11, 1, 11, 'ARM', 'AM', 'Armenia', 'Armenien', 'Armenia', 'Armenia'),
(12, 1, 12, 'ABW', 'AW', 'Aruba', 'Aruba', 'Aruba', 'Aruba'),
(13, 1, 13, 'AUS', 'AU', 'Australia', 'Australien', 'Australia', 'Australia'),
(14, 1, 14, 'AUT', 'AT', 'Austria', 'Österreich', 'Austria', 'Austria'),
(15, 1, 15, 'AZE', 'AZ', 'Azerbaijan', 'Aserbaidschan', 'Azerbaijan', 'Azerbaijan'),
(16, 1, 16, 'BHS', 'BS', 'Bahamas', 'Bahamas', 'Bahamas', 'Bahamas'),
(17, 1, 17, 'BHR', 'BH', 'Bahrain', 'Bahrain', 'Bahrain', 'Bahrain'),
(18, 1, 18, 'BGD', 'BD', 'Bangladesh', 'Bangladesch', 'Bangladesh', 'Bangladesh'),
(19, 1, 19, 'BRB', 'BB', 'Barbados', 'Barbados', 'Barbados', 'Barbados'),
(20, 1, 20, 'BLR', 'BY', 'Belarus', 'Weissrussland', 'Belarus', 'Belarus'),
(21, 1, 21, 'BEL', 'BE', 'Belgium', 'Belgien', 'Belgium', 'Belgium'),
(22, 1, 22, 'BLZ', 'BZ', 'Belize', 'Belize', 'Belize', 'Belize'),
(23, 1, 23, 'BEN', 'BJ', 'Benin', 'Benin', 'Benin', 'Benin'),
(24, 1, 24, 'BMU', 'BM', 'Bermuda', 'Bermuda', 'Bermuda', 'Bermuda'),
(25, 1, 25, 'BTN', 'BT', 'Bhutan', 'Bhutan', 'Bhutan', 'Bhutan'),
(26, 1, 26, 'BOL', 'BO', 'Bolivia', 'Bolivien', 'Bolivia', 'Bolivia'),
(27, 1, 27, 'BIH', 'BA', 'Bosnia and Herzegowina', 'Bosnien und Herzegowina', 'Bosnia and Herzegowina', 'Bosnia and Herzegowina'),
(28, 1, 28, 'BWA', 'BW', 'Botswana', 'Botsuana', 'Botswana', 'Botswana'),
(29, 1, 29, 'BVT', 'BV', 'Bouvet Island', 'Bouvetinsel', 'Bouvet Island', 'Bouvet Island'),
(30, 1, 30, 'BRA', 'BR', 'Brazil', 'Brasilien', 'Brazil', 'Brazil'),
(31, 1, 31, 'IOT', 'IO', 'British Indian Ocean Territory', 'Britisches Territorium im Indischen Ozean', 'British Indian Ocean Territory', 'British Indian Ocean Territory'),
(32, 1, 32, 'BRN', 'BN', 'Brunei Darussalam', 'Brunei', 'Brunei Darussalam', 'Brunei Darussalam'),
(33, 1, 33, 'BGR', 'BG', 'Bulgaria', 'Bulgarien', 'Bulgaria', 'Bulgaria'),
(34, 1, 34, 'BFA', 'BF', 'Burkina Faso', 'Burkina Faso', 'Burkina Faso', 'Burkina Faso'),
(35, 1, 35, 'BDI', 'BI', 'Burundi', 'Burundi', 'Burundi', 'Burundi'),
(36, 1, 36, 'KHM', 'KH', 'Cambodia', 'Kambodscha', 'Cambodia', 'Cambodia'),
(37, 1, 37, 'CMR', 'CM', 'Cameroon', 'Kamerun', 'Cameroon', 'Cameroon'),
(38, 1, 38, 'CAN', 'CA', 'Canada', 'Kanada', 'Canada', 'Canada'),
(39, 1, 39, 'CPV', 'CV', 'Cape Verde', 'Kap Verde', 'Cape Verde', 'Cape Verde'),
(40, 1, 40, 'CYM', 'KY', 'Cayman Islands', 'Cayman-Inseln', 'Cayman Islands', 'Cayman Islands'),
(41, 1, 41, 'CAF', 'CF', 'Central African Republic', 'Zentralafrikanische Republik', 'Central African Republic', 'Central African Republic'),
(42, 1, 42, 'TCD', 'TD', 'Chad', 'Tschad', 'Chad', 'Chad'),
(43, 1, 43, 'CHL', 'CL', 'Chile', 'Chile', 'Chile', 'Chile'),
(44, 1, 44, 'CHN', 'CN', 'China', 'China', 'China', 'China'),
(45, 1, 45, 'CXR', 'CX', 'Christmas Island', 'Christmas Island', 'Christmas Island', 'Christmas Island'),
(46, 1, 46, 'CCK', 'CC', 'Cocos (Keeling) Islands', 'Kokosinseln (Keeling)', 'Cocos (Keeling) Islands', 'Cocos (Keeling) Islands'),
(47, 1, 47, 'COL', 'CO', 'Colombia', 'Kolumbien', 'Colombia', 'Colombia'),
(48, 1, 48, 'COM', 'KM', 'Comoros', 'Komoren', 'Comoros', 'Comoros'),
(49, 1, 49, 'COG', 'CG', 'Congo', 'Kongo, Republik', 'Congo', 'Congo'),
(50, 1, 50, 'COK', 'CK', 'Cook Islands', 'Cookinseln', 'Cook Islands', 'Cook Islands'),
(51, 1, 51, 'CRI', 'CR', 'Costa Rica', 'Costa Rica', 'Costa Rica', 'Costa Rica'),
(52, 1, 52, 'CIV', 'CI', 'Cote D\'Ivoire', 'Elfenbeinküste', 'Cote D\'Ivoire', 'Cote D\'Ivoire'),
(53, 1, 53, 'HRV', 'HR', 'Croatia', 'Kroatien', 'Croatia', 'Croatia'),
(54, 1, 54, 'CUB', 'CU', 'Cuba', 'Kuba', 'Cuba', 'Cuba'),
(55, 1, 55, 'CYP', 'CY', 'Cyprus', 'Zypern', 'Cyprus', 'Cyprus'),
(56, 1, 56, 'CZE', 'CZ', 'Czech Republic', 'Tschechien', 'Czech Republic', 'Czech Republic'),
(57, 1, 57, 'DNK', 'DK', 'Denmark', 'Dänemark', 'Denmark', 'Denmark'),
(58, 1, 58, 'DJI', 'DJ', 'Djibouti', 'Dschibuti', 'Djibouti', 'Djibouti'),
(59, 1, 59, 'DMA', 'DM', 'Dominica', 'Dominica', 'Dominica', 'Dominica'),
(60, 1, 60, 'DOM', 'DO', 'Dominican Republic', 'Dominikanische Republik', 'Dominican Republic', 'Dominican Republic'),
(61, 1, 61, 'TMP', 'TL', 'East Timor', 'Osttimor', 'East Timor', 'East Timor'),
(62, 1, 62, 'ECU', 'EC', 'Ecuador', 'Ecuador', 'Ecuador', 'Ecuador'),
(63, 1, 63, 'EGY', 'EG', 'Egypt', 'Ägypten', 'Egypt', 'Egypt'),
(64, 1, 64, 'SLV', 'SV', 'El Salvador', 'El Salvador', 'El Salvador', 'El Salvador'),
(65, 1, 65, 'GNQ', 'GQ', 'Equatorial Guinea', 'Äquatorial-Guinea', 'Equatorial Guinea', 'Equatorial Guinea'),
(66, 1, 66, 'ERI', 'ER', 'Eritrea', 'Eritrea', 'Eritrea', 'Eritrea'),
(67, 1, 67, 'EST', 'EE', 'Estonia', 'Estland', 'Estonia', 'Estonia'),
(68, 1, 68, 'ETH', 'ET', 'Ethiopia', 'Äthiopien', 'Ethiopia', 'Ethiopia'),
(69, 1, 69, 'FLK', 'FK', 'Falkland Islands (Malvinas)', 'Falklandinseln', 'Falkland Islands (Malvinas)', 'Falkland Islands (Malvinas)'),
(70, 1, 70, 'FRO', 'FO', 'Faroe Islands', 'Färöer', 'Faroe Islands', 'Faroe Islands'),
(71, 1, 71, 'FJI', 'FJ', 'Fiji', 'Fidschi', 'Fiji', 'Fiji'),
(72, 1, 72, 'FIN', 'FI', 'Finland', 'Finnland', 'Finland', 'Finland'),
(73, 1, 73, 'FRA', 'FR', 'France', 'Frankreich', 'France', 'France'),
(74, 1, 74, 'FXX', 'FX', 'France Metropolitan', 'Frankreich, Metropolitan', 'France Metropolitan', 'France Metropolitan'),
(75, 1, 75, 'GUF', 'GF', 'French Guiana', 'Französisch-Guyana', 'French Guiana', 'French Guiana'),
(76, 1, 76, 'PYF', 'PF', 'French Polynesia', 'Franz. Polynesien', 'French Polynesia', 'French Polynesia'),
(77, 1, 77, 'ATF', 'TF', 'French Southern Territories', 'Französiche Süd- und Antarktisgebiete', 'French Southern Territories', 'French Southern Territories'),
(78, 1, 78, 'GAB', 'GA', 'Gabon', 'Gabun', 'Gabon', 'Gabon'),
(79, 1, 79, 'GMB', 'GM', 'Gambia', 'Gambia', 'Gambia', 'Gambia'),
(80, 1, 80, 'GEO', 'GE', 'Georgia', 'Georgien', 'Georgia', 'Georgia'),
(81, 1, 81, 'DEU', 'DE', 'Germany', 'Deutschland', 'Germany', 'Germany'),
(82, 1, 82, 'GHA', 'GH', 'Ghana', 'Ghana', 'Ghana', 'Ghana'),
(83, 1, 83, 'GIB', 'GI', 'Gibraltar', 'Gibraltar', 'Gibraltar', 'Gibraltar'),
(84, 1, 84, 'GRC', 'GR', 'Greece', 'Griechenland', 'Greece', 'Greece'),
(85, 1, 85, 'GRL', 'GL', 'Greenland', 'Grönland', 'Greenland', 'Greenland'),
(86, 1, 86, 'GRD', 'GD', 'Grenada', 'Grenada', 'Grenada', 'Grenada'),
(87, 1, 87, 'GLP', 'GP', 'Guadeloupe', 'Guadeloupe', 'Guadeloupe', 'Guadeloupe'),
(88, 1, 88, 'GUM', 'GU', 'Guam', 'Guam', 'Guam', 'Guam'),
(89, 1, 89, 'GTM', 'GT', 'Guatemala', 'Guatemala', 'Guatemala', 'Guatemala'),
(90, 1, 90, 'GIN', 'GN', 'Guinea', 'Guinea', 'Guinea', 'Guinea'),
(91, 1, 91, 'GNB', 'GW', 'Guinea-bissau', 'Guinea-Bissau', 'Guinea-bissau', 'Guinea-bissau'),
(92, 1, 92, 'GUY', 'GY', 'Guyana', 'Guyana', 'Guyana', 'Guyana'),
(93, 1, 93, 'HTI', 'HT', 'Haiti', 'Haiti', 'Haiti', 'Haiti'),
(94, 1, 94, 'HMD', 'HM', 'Heard and Mc Donald Islands', 'Heard und McDonaldinseln', 'Heard and Mc Donald Islands', 'Heard and Mc Donald Islands'),
(95, 1, 95, 'HND', 'HN', 'Honduras', 'Honduras', 'Honduras', 'Honduras'),
(96, 1, 96, 'HKG', 'HK', 'Hong Kong', 'Hong Kong', 'Hong Kong', 'Hong Kong'),
(97, 1, 97, 'HUN', 'HU', 'Hungary', 'Ungarn', 'Hungary', 'Hungary'),
(98, 1, 98, 'ISL', 'IS', 'Iceland', 'Island', 'Iceland', 'Iceland'),
(99, 1, 99, 'IND', 'IN', 'India', 'Indien', 'India', 'India'),
(100, 1, 100, 'IDN', 'ID', 'Indonesia', 'Indonesien', 'Indonesia', 'Indonesia'),
(101, 1, 101, 'IRN', 'IR', 'Iran (Islamic Republic of)', 'Iran', 'Iran (Islamic Republic of)', 'Iran (Islamic Republic of)'),
(102, 1, 102, 'IRQ', 'IQ', 'Iraq', 'Irak', 'Iraq', 'Iraq'),
(103, 1, 103, 'IRL', 'IE', 'Ireland', 'Irland', 'Ireland', 'Ireland'),
(104, 1, 104, 'ISR', 'IL', 'Israel', 'Israel', 'Israel', 'Israel'),
(105, 1, 105, 'ITA', 'IT', 'Italy', 'Italien', 'Italy', 'Italy'),
(106, 1, 106, 'JAM', 'JM', 'Jamaica', 'Jamaika', 'Jamaica', 'Jamaica'),
(107, 1, 107, 'JPN', 'JP', 'Japan', 'Japan', 'Japan', 'Japan'),
(108, 1, 108, 'JOR', 'JO', 'Jordan', 'Jordanien', 'Jordan', 'Jordan'),
(109, 1, 109, 'KAZ', 'KZ', 'Kazakhstan', 'Kasachstan', 'Kazakhstan', 'Kazakhstan'),
(110, 1, 110, 'KEN', 'KE', 'Kenya', 'Kenia', 'Kenya', 'Kenya'),
(111, 1, 111, 'KIR', 'KI', 'Kiribati', 'Kiribati', 'Kiribati', 'Kiribati'),
(112, 1, 112, 'PRK', 'KP', 'Korea Democratic People\'s Republic of', 'Korea Demokratische Volksrepublik', 'Korea Democratic People\'s Republic of', 'Korea Democratic People\'s Republic of'),
(113, 1, 113, 'KOR', 'KR', 'Korea Republic of', 'Korea', 'Korea Republic of', 'Korea Republic of'),
(114, 1, 114, 'KWT', 'KW', 'Kuwait', 'Kuwait', 'Kuwait', 'Kuwait'),
(115, 1, 115, 'KGZ', 'KG', 'Kyrgyzstan', 'Kirgistan', 'Kyrgyzstan', 'Kyrgyzstan'),
(116, 1, 116, 'LAO', 'LA', 'Lao People\'s Democratic Republic', 'Laos', 'Lao People\'s Democratic Republic', 'Lao People\'s Democratic Republic'),
(117, 1, 117, 'LVA', 'LV', 'Latvia', 'Lettland', 'Latvia', 'Latvia'),
(118, 1, 118, 'LBN', 'LB', 'Lebanon', 'Libanon', 'Lebanon', 'Lebanon'),
(119, 1, 119, 'LSO', 'LS', 'Lesotho', 'Lesotho', 'Lesotho', 'Lesotho'),
(120, 1, 120, 'LBR', 'LR', 'Liberia', 'Liberia', 'Liberia', 'Liberia'),
(121, 1, 121, 'LBY', 'LY', 'Libyan Arab Jamahiriya', 'Libyen', 'Libyan Arab Jamahiriya', 'Libyan Arab Jamahiriya'),
(122, 1, 122, 'LIE', 'LI', 'Liechtenstein', 'Liechtenstein', 'Liechtenstein', 'Liechtenstein'),
(123, 1, 123, 'LTU', 'LT', 'Lithuania', 'Litauen', 'Lithuania', 'Lithuania'),
(124, 1, 124, 'LUX', 'LU', 'Luxembourg', 'Luxemburg', 'Luxembourg', 'Luxembourg'),
(125, 1, 125, 'MAC', 'MO', 'Macau', 'Makao', 'Macau', 'Macau'),
(126, 1, 126, 'MKD', 'MK', 'Macedonia The Former Yugoslav Republic of', 'Mazedonien', 'Macedonia The Former Yugoslav Republic of', 'Macedonia The Former Yugoslav Republic of'),
(127, 1, 127, 'MDG', 'MG', 'Madagascar', 'Madagaskar', 'Madagascar', 'Madagascar'),
(128, 1, 128, 'MWI', 'MW', 'Malawi', 'Malawi', 'Malawi', 'Malawi'),
(129, 1, 129, 'MYS', 'MY', 'Malaysia', 'Malaysia', 'Malaysia', 'Malaysia'),
(130, 1, 130, 'MDV', 'MV', 'Maldives', 'Malediven', 'Maldives', 'Maldives'),
(131, 1, 131, 'MLI', 'ML', 'Mali', 'Mali', 'Mali', 'Mali'),
(132, 1, 132, 'MLT', 'MT', 'Malta', 'Malta', 'Malta', 'Malta'),
(133, 1, 133, 'MHL', 'MH', 'Marshall Islands', 'Marshallinseln', 'Marshall Islands', 'Marshall Islands'),
(134, 1, 134, 'MTQ', 'MQ', 'Martinique', 'Martinique', 'Martinique', 'Martinique'),
(135, 1, 135, 'MRT', 'MR', 'Mauritania', 'Mauretanien', 'Mauritania', 'Mauritania'),
(136, 1, 136, 'MUS', 'MU', 'Mauritius', 'Mauritius', 'Mauritius', 'Mauritius'),
(137, 1, 137, 'MYT', 'YT', 'Mayotte', 'Mayott', 'Mayotte', 'Mayotte'),
(138, 1, 138, 'MEX', 'MX', 'Mexico', 'Mexiko', 'Mexico', 'Mexico'),
(139, 1, 139, 'FSM', 'FM', 'Micronesia Federated States of', 'Mikronesien', 'Micronesia Federated States of', 'Micronesia Federated States of'),
(140, 1, 140, 'MDA', 'MD', 'Moldova Republic of', 'Moldawien', 'Moldova Republic of', 'Moldova Republic of'),
(141, 1, 141, 'MCO', 'MC', 'Monaco', 'Monaco', 'Monaco', 'Monaco'),
(142, 1, 142, 'MNG', 'MN', 'Mongolia', 'Mongolei', 'Mongolia', 'Mongolia'),
(143, 1, 143, 'MSR', 'MS', 'Montserrat', 'Montserrat', 'Montserrat', 'Montserrat'),
(144, 1, 144, 'MAR', 'MA', 'Morocco', 'Marokko', 'Morocco', 'Morocco'),
(145, 1, 145, 'MOZ', 'MZ', 'Mozambique', 'Mosambik', 'Mozambique', 'Mozambique'),
(146, 1, 146, 'MMR', 'MM', 'Myanmar', 'Myanmar', 'Myanmar', 'Myanmar'),
(147, 1, 147, 'NAM', 'NA', 'Namibia', 'Namibia', 'Namibia', 'Namibia'),
(148, 1, 148, 'NRU', 'NR', 'Nauru', 'Nauru', 'Nauru', 'Nauru'),
(149, 1, 149, 'NPL', 'NP', 'Nepal', 'Nepal', 'Nepal', 'Nepal'),
(150, 1, 150, 'NLD', 'NL', 'Netherlands', 'Niederlande', 'Netherlands', 'Netherlands'),
(151, 1, 151, 'ANT', 'AN', 'Netherlands Antilles', 'Niederländisch-Antillen', 'Netherlands Antilles', 'Netherlands Antilles'),
(152, 1, 152, 'NCL', 'NC', 'New Caledonia', 'Neukaledonien', 'New Caledonia', 'New Caledonia'),
(153, 1, 153, 'NZL', 'NZ', 'New Zealand', 'Neuseeland', 'New Zealand', 'New Zealand'),
(154, 1, 154, 'NIC', 'NI', 'Nicaragua', 'Nicaragua', 'Nicaragua', 'Nicaragua'),
(155, 1, 155, 'NER', 'NE', 'Niger', 'Niger', 'Niger', 'Niger'),
(156, 1, 156, 'NGA', 'NG', 'Nigeria', 'Nigeria', 'Nigeria', 'Nigeria'),
(157, 1, 157, 'NIU', 'NU', 'Niue', 'Niue', 'Niue', 'Niue'),
(158, 1, 158, 'NFK', 'NF', 'Norfolk Island', 'Norfolkinsel', 'Norfolk Island', 'Norfolk Island'),
(159, 1, 159, 'MNP', 'MP', 'Northern Mariana Islands', 'Nördliche Marianen', 'Northern Mariana Islands', 'Northern Mariana Islands'),
(160, 1, 160, 'NOR', 'NO', 'Norway', 'Norwegen', 'Norway', 'Norway'),
(161, 1, 161, 'OMN', 'OM', 'Oman', 'Oman', 'Oman', 'Oman'),
(162, 1, 162, 'PAK', 'PK', 'Pakistan', 'Pakistan', 'Pakistan', 'Pakistan'),
(163, 1, 163, 'PLW', 'PW', 'Palau', 'Palau', 'Palau', 'Palau'),
(164, 1, 164, 'PAN', 'PA', 'Panama', 'Panama', 'Panama', 'Panama'),
(165, 1, 165, 'PNG', 'PG', 'Papua New Guinea', 'Papua-Neuguinea', 'Papua New Guinea', 'Papua New Guinea'),
(166, 1, 166, 'PRY', 'PY', 'Paraguay', 'Paraguay', 'Paraguay', 'Paraguay'),
(167, 1, 167, 'PER', 'PE', 'Peru', 'Peru', 'Peru', 'Peru'),
(168, 1, 168, 'PHL', 'PH', 'Philippines', 'Philippinen', 'Philippines', 'Philippines'),
(169, 1, 169, 'PCN', 'PN', 'Pitcairn', 'Pitcairn', 'Pitcairn', 'Pitcairn'),
(170, 1, 170, 'POL', 'PL', 'Poland', 'Polen', 'Poland', 'Poland'),
(171, 1, 171, 'PRT', 'PT', 'Portugal', 'Portugal', 'Portugal', 'Portugal'),
(172, 1, 172, 'PRI', 'PR', 'Puerto Rico', 'Puerto Rico', 'Puerto Rico', 'Puerto Rico'),
(173, 1, 173, 'QAT', 'QA', 'Qatar', 'Katar', 'Qatar', 'Qatar'),
(174, 1, 174, 'REU', 'RE', 'Reunion', 'Reunion', 'Reunion', 'Reunion'),
(175, 1, 175, 'ROM', 'RO', 'Romania', 'Rumänien', 'Romania', 'Romania'),
(176, 1, 176, 'RUS', 'RU', 'Russian Federation', 'Russische Föderation', 'Russian Federation', 'Russian Federation'),
(177, 1, 177, 'RWA', 'RW', 'Rwanda', 'Ruanda', 'Rwanda', 'Rwanda'),
(178, 1, 178, 'KNA', 'KN', 'Saint Kitts and Nevis', 'St. Kitts und Nevis', 'Saint Kitts and Nevis', 'Saint Kitts and Nevis'),
(179, 1, 179, 'LCA', 'LC', 'Saint Lucia', 'St. Lucia', 'Saint Lucia', 'Saint Lucia'),
(180, 1, 180, 'VCT', 'VC', 'Saint Vincent and the Grenadines', 'St. Vincent und die Grenadinen', 'Saint Vincent and the Grenadines', 'Saint Vincent and the Grenadines'),
(181, 1, 181, 'WSM', 'WS', 'Samoa', 'Samoa', 'Samoa', 'Samoa'),
(182, 1, 182, 'SMR', 'SM', 'San Marino', 'San Marino', 'San Marino', 'San Marino'),
(183, 1, 183, 'STP', 'ST', 'Sao Tome and Principe', 'Sao Tomé und Príncipe', 'Sao Tome and Principe', 'Sao Tome and Principe'),
(184, 1, 184, 'SAU', 'SA', 'Saudi Arabia', 'Saudi-Arabien', 'Saudi Arabia', 'Saudi Arabia'),
(185, 1, 185, 'SEN', 'SN', 'Senegal', 'Senegal', 'Senegal', 'Senegal'),
(186, 1, 186, 'SYC', 'SC', 'Seychelles', 'Seychellen', 'Seychelles', 'Seychelles'),
(187, 1, 187, 'SLE', 'SL', 'Sierra Leone', 'Sierra Leone', 'Sierra Leone', 'Sierra Leone'),
(188, 1, 188, 'SGP', 'SG', 'Singapore', 'Singapur', 'Singapore', 'Singapore'),
(189, 1, 189, 'SVK', 'SK', 'Slovakia (Slovak Republic)', 'Slowakei', 'Slovakia (Slovak Republic)', 'Slovakia (Slovak Republic)'),
(190, 1, 190, 'SVN', 'SI', 'Slovenia', 'Slowenien', 'Slovenia', 'Slovenia'),
(191, 1, 191, 'SLB', 'SB', 'Solomon Islands', 'Salomonen', 'Solomon Islands', 'Solomon Islands'),
(192, 1, 192, 'SOM', 'SO', 'Somalia', 'Somalia', 'Somalia', 'Somalia'),
(193, 1, 193, 'ZAF', 'ZA', 'South Africa', 'Republik Südafrika', 'South Africa', 'South Africa'),
(194, 1, 194, 'SGS', 'GS', 'South Georgia and the South Sandwich Islands', 'Südgeorgien und die Südlichen Sandwichinseln', 'South Georgia and the South Sandwich Islands', 'South Georgia and the South Sandwich Islands'),
(195, 1, 195, 'ESP', 'ES', 'Spain', 'Spanien', 'Spain', 'Spain'),
(196, 1, 196, 'LKA', 'LK', 'Sri Lanka', 'Sri Lanka', 'Sri Lanka', 'Sri Lanka'),
(197, 1, 197, 'SHN', 'SH', 'St. Helena', 'St. Helena', 'St. Helena', 'St. Helena'),
(198, 1, 198, 'SPM', 'PM', 'St. Pierre and Miquelon', 'St. Pierre und Miquelon', 'St. Pierre and Miquelon', 'St. Pierre and Miquelon'),
(199, 1, 199, 'SDN', 'SD', 'Sudan', 'Sudan', 'Sudan', 'Sudan'),
(200, 1, 200, 'SUR', 'SR', 'Suriname', 'Suriname', 'Suriname', 'Suriname'),
(201, 1, 201, 'SJM', 'SJ', 'Svalbard and Jan Mayen Islands', 'Svalbard und Jan Mayen', 'Svalbard and Jan Mayen Islands', 'Svalbard and Jan Mayen Islands'),
(202, 1, 202, 'SWZ', 'SZ', 'Swaziland', 'Swasiland', 'Swaziland', 'Swaziland'),
(203, 1, 203, 'SWE', 'SE', 'Sweden', 'Schweden', 'Sweden', 'Sweden'),
(204, 1, 204, 'CHE', 'CH', 'Switzerland', 'Schweiz', 'Switzerland', 'Switzerland'),
(205, 1, 205, 'SYR', 'SY', 'Syrian Arab Republic', 'Syrien', 'Syrian Arab Republic', 'Syrian Arab Republic'),
(206, 1, 206, 'TWN', 'TW', 'Taiwan', 'Taiwan', 'Taiwan', 'Taiwan'),
(207, 1, 207, 'TJK', 'TJ', 'Tajikistan', 'Tadschikistan', 'Tajikistan', 'Tajikistan'),
(208, 1, 208, 'TZA', 'TZ', 'Tanzania United Republic of', 'Tansania', 'Tanzania United Republic of', 'Tanzania United Republic of'),
(209, 1, 209, 'THA', 'TH', 'Thailand', 'Thailand', 'Thailand', 'Thailand'),
(210, 1, 210, 'TGO', 'TG', 'Togo', 'Togo', 'Togo', 'Togo'),
(211, 1, 211, 'TKL', 'TK', 'Tokelau', 'Tokelau', 'Tokelau', 'Tokelau'),
(212, 1, 212, 'TON', 'TO', 'Tonga', 'Tonga', 'Tonga', 'Tonga'),
(213, 1, 213, 'TTO', 'TT', 'Trinidad and Tobago', 'Trinidad und Tobago', 'Trinidad and Tobago', 'Trinidad and Tobago'),
(214, 1, 214, 'TUN', 'TN', 'Tunisia', 'Tunesien', 'Tunisia', 'Tunisia'),
(215, 1, 215, 'TUR', 'TR', 'Turkey', 'Türkei', 'Turkey', 'Turkey'),
(216, 1, 216, 'TKM', 'TM', 'Turkmenistan', 'Turkmenistan', 'Turkmenistan', 'Turkmenistan'),
(217, 1, 217, 'TCA', 'TC', 'Turks and Caicos Islands', 'Turks- und Caicosinseln', 'Turks and Caicos Islands', 'Turks and Caicos Islands'),
(218, 1, 218, 'TUV', 'TV', 'Tuvalu', 'Tuvalu', 'Tuvalu', 'Tuvalu'),
(219, 1, 219, 'UGA', 'UG', 'Uganda', 'Uganda', 'Uganda', 'Uganda'),
(220, 1, 220, 'UKR', 'UA', 'Ukraine', 'Ukraine', 'Ukraine', 'Ukraine'),
(221, 1, 221, 'ARE', 'AE', 'United Arab Emirates', 'Vereinigte Arabische Emirate', 'United Arab Emirates', 'United Arab Emirates'),
(222, 1, 222, 'GBR', 'GB', 'United Kingdom', 'Vereinigtes Königreich', 'United Kingdom', 'United Kingdom'),
(223, 1, 223, 'USA', 'US', 'United States', 'USA', 'United States', 'United States'),
(224, 1, 224, 'UMI', 'UM', 'United States Minor Outlying Islands', 'United States Minor Outlying Islands', 'United States Minor Outlying Islands', 'United States Minor Outlying Islands'),
(225, 1, 225, 'URY', 'UY', 'Uruguay', 'Uruguay', 'Uruguay', 'Uruguay'),
(226, 1, 226, 'UZB', 'UZ', 'Uzbekistan', 'Usbekistan', 'Uzbekistan', 'Uzbekistan'),
(227, 1, 227, 'VUT', 'VU', 'Vanuatu', 'Vanuatu', 'Vanuatu', 'Vanuatu'),
(228, 1, 228, 'VAT', 'VA', 'Vatican City State (Holy See)', 'Vatikanstadt', 'Vatican City State (Holy See)', 'Vatican City State (Holy See)'),
(229, 1, 229, 'VEN', 'VE', 'Venezuela', 'Venezuela', 'Venezuela', 'Venezuela'),
(230, 1, 230, 'VNM', 'VN', 'Viet Nam', 'Vietnam', 'Viet Nam', 'Viet Nam'),
(231, 1, 231, 'VGB', 'VG', 'Virgin Islands (British)', 'Britische Jungferninseln', 'Virgin Islands (British)', 'Virgin Islands (British)'),
(232, 1, 232, 'VIR', 'VI', 'Virgin Islands (U.S.)', 'Vereinigte Staaten von Amerika', 'Virgin Islands (U.S.)', 'Virgin Islands (U.S.)'),
(233, 1, 233, 'WLF', 'WF', 'Wallis and Futuna Islands', 'Wallis und Futuna', 'Wallis and Futuna Islands', 'Wallis and Futuna Islands'),
(234, 1, 234, 'ESH', 'EH', 'Western Sahara', 'Westsahara', 'Western Sahara', 'Western Sahara'),
(235, 1, 235, 'YEM', 'YE', 'Yemen', 'Jemen', 'Yemen', 'Yemen'),
(236, 1, 236, 'YUG', 'YU', 'Yugoslavia', 'Yugoslavia', 'Yugoslavia', 'Yugoslavia'),
(237, 1, 237, 'ZAR', 'ZR', 'Zaire', 'Zaire', 'Zaire', 'Zaire'),
(238, 1, 238, 'ZMB', 'ZM', 'Zambia', 'Sambia', 'Zambia', 'Zambia'),
(239, 1, 239, 'ZWE', 'ZW', 'Zimbabwe', 'Simbabwe', 'Zimbabwe', 'Zimbabwe');

-- --------------------------------------------------------

--
-- Структура таблицы `lsqvo_jshopping_coupons`
--

CREATE TABLE `lsqvo_jshopping_coupons` (
  `coupon_id` int(11) NOT NULL,
  `coupon_type` tinyint(4) NOT NULL DEFAULT 0 COMMENT 'value_or_percent',
  `coupon_code` varchar(100) NOT NULL DEFAULT '',
  `coupon_value` decimal(12,2) NOT NULL DEFAULT 0.00,
  `tax_id` int(11) NOT NULL DEFAULT 0,
  `used` int(11) NOT NULL DEFAULT 0,
  `for_user_id` int(11) NOT NULL DEFAULT 0,
  `coupon_start_date` date NOT NULL DEFAULT '0000-00-00',
  `coupon_expire_date` date NOT NULL DEFAULT '0000-00-00',
  `finished_after_used` int(11) NOT NULL DEFAULT 0,
  `coupon_publish` tinyint(4) NOT NULL DEFAULT 0
) ENGINE=InnoDB DEFAULT CHARSET=utf8 COLLATE=utf8_general_ci;

-- --------------------------------------------------------

--
-- Структура таблицы `lsqvo_jshopping_currencies`
--

CREATE TABLE `lsqvo_jshopping_currencies` (
  `currency_id` int(11) NOT NULL,
  `currency_name` varchar(64) NOT NULL DEFAULT '0',
  `currency_code` varchar(20) NOT NULL DEFAULT '0',
  `currency_code_iso` varchar(3) NOT NULL DEFAULT '0',
  `currency_code_num` varchar(3) NOT NULL DEFAULT '0',
  `currency_ordering` int(11) NOT NULL DEFAULT 0,
  `currency_value` decimal(14,6) NOT NULL DEFAULT 0.000000,
  `currency_publish` tinyint(1) NOT NULL DEFAULT 0
) ENGINE=InnoDB DEFAULT CHARSET=utf8 COLLATE=utf8_general_ci;

--
-- Дамп данных таблицы `lsqvo_jshopping_currencies`
--

INSERT INTO `lsqvo_jshopping_currencies` (`currency_id`, `currency_name`, `currency_code`, `currency_code_iso`, `currency_code_num`, `currency_ordering`, `currency_value`, `currency_publish`) VALUES
(1, 'Рубль', '₽', 'RUB', '643', 9, 1.000000, 1);

-- --------------------------------------------------------

--
-- Структура таблицы `lsqvo_jshopping_custom_fields`
--

CREATE TABLE `lsqvo_jshopping_custom_fields` (
  `id` int(11) UNSIGNED NOT NULL,
  `field_type` varchar(255) NOT NULL,
  `title_admin` varchar(255) NOT NULL,
  `title_site` varchar(255) NOT NULL,
  `ordering` int(11) NOT NULL DEFAULT 0,
  `values_list` text NOT NULL,
  `position_category` varchar(255) NOT NULL,
  `position_product` varchar(255) NOT NULL,
  `multilang` int(3) NOT NULL DEFAULT 0
) ENGINE=InnoDB DEFAULT CHARSET=utf8mb4 COLLATE=utf8mb4_unicode_ci;

--
-- Дамп данных таблицы `lsqvo_jshopping_custom_fields`
--

INSERT INTO `lsqvo_jshopping_custom_fields` (`id`, `field_type`, `title_admin`, `title_site`, `ordering`, `values_list`, `position_category`, `position_product`, `multilang`) VALUES
(1, 'editor', '', '', 0, '', '0', '0', 0);

-- --------------------------------------------------------

--
-- Структура таблицы `lsqvo_jshopping_custom_fields_values`
--

CREATE TABLE `lsqvo_jshopping_custom_fields_values` (
  `id` int(11) UNSIGNED NOT NULL,
  `id_product` int(11) UNSIGNED NOT NULL,
  `lang` varchar(100) NOT NULL,
  `ba_custom_field_1` text DEFAULT NULL
) ENGINE=InnoDB DEFAULT CHARSET=utf8mb4 COLLATE=utf8mb4_unicode_ci;

--
-- Дамп данных таблицы `lsqvo_jshopping_custom_fields_values`
--

INSERT INTO `lsqvo_jshopping_custom_fields_values` (`id`, `id_product`, `lang`, `ba_custom_field_1`) VALUES
(1, 1, 'ru-RU', ''),
(2, 1, 'en-GB', ''),
(3, 2, 'ru-RU', ''),
(4, 2, 'en-GB', ''),
(5, 3, 'ru-RU', ''),
(6, 3, 'en-GB', ''),
(7, 4, 'ru-RU', ''),
(8, 4, 'en-GB', ''),
(9, 5, 'ru-RU', ''),
(10, 5, 'en-GB', ''),
(11, 6, 'ru-RU', ''),
(12, 6, 'en-GB', ''),
(13, 7, 'ru-RU', ''),
(14, 7, 'en-GB', ''),
(15, 8, 'ru-RU', ''),
(16, 8, 'en-GB', ''),
(17, 9, 'ru-RU', ''),
(18, 9, 'en-GB', ''),
(19, 10, 'ru-RU', ''),
(20, 10, 'en-GB', ''),
(21, 11, 'ru-RU', ''),
(22, 11, 'en-GB', ''),
(23, 12, 'ru-RU', ''),
(24, 12, 'en-GB', ''),
(25, 1, 'zh-CN', ''),
(26, 2, 'zh-CN', ''),
(27, 3, 'zh-CN', ''),
(28, 7, 'zh-CN', ''),
(29, 9, 'zh-CN', ''),
(30, 4, 'zh-CN', ''),
(31, 5, 'zh-CN', ''),
(32, 6, 'zh-CN', ''),
(33, 8, 'zh-CN', ''),
(34, 10, 'zh-CN', ''),
(35, 12, 'zh-CN', ''),
(36, 11, 'zh-CN', ''),
(37, 13, 'ru-RU', ''),
(38, 13, 'en-GB', ''),
(39, 13, 'zh-CN', ''),
(40, 14, 'ru-RU', ''),
(41, 14, 'en-GB', ''),
(42, 14, 'zh-CN', ''),
(43, 15, 'ru-RU', ''),
(44, 15, 'en-GB', ''),
(45, 15, 'zh-CN', ''),
(46, 16, 'ru-RU', ''),
(47, 16, 'en-GB', ''),
(48, 16, 'zh-CN', ''),
(49, 17, 'ru-RU', ''),
(50, 17, 'en-GB', ''),
(51, 17, 'zh-CN', ''),
(52, 18, 'ru-RU', ''),
(53, 18, 'en-GB', ''),
(54, 18, 'zh-CN', ''),
(55, 19, 'ru-RU', ''),
(56, 19, 'en-GB', ''),
(57, 19, 'zh-CN', ''),
(58, 20, 'ru-RU', ''),
(59, 20, 'en-GB', ''),
(60, 20, 'zh-CN', ''),
(61, 21, 'ru-RU', ''),
(62, 21, 'en-GB', ''),
(63, 21, 'zh-CN', ''),
(64, 22, 'ru-RU', ''),
(65, 22, 'en-GB', ''),
(66, 22, 'zh-CN', ''),
(67, 23, 'ru-RU', ''),
(68, 23, 'en-GB', ''),
(69, 23, 'zh-CN', ''),
(70, 24, 'ru-RU', ''),
(71, 24, 'en-GB', ''),
(72, 24, 'zh-CN', ''),
(73, 25, 'ru-RU', ''),
(74, 25, 'en-GB', ''),
(75, 25, 'zh-CN', ''),
(76, 26, 'ru-RU', ''),
(77, 26, 'en-GB', ''),
(78, 26, 'zh-CN', ''),
(79, 27, 'ru-RU', ''),
(80, 27, 'en-GB', ''),
(81, 27, 'zh-CN', ''),
(82, 28, 'ru-RU', ''),
(83, 28, 'en-GB', ''),
(84, 28, 'zh-CN', ''),
(85, 29, 'ru-RU', ''),
(86, 29, 'en-GB', ''),
(87, 29, 'zh-CN', ''),
(88, 30, 'ru-RU', ''),
(89, 30, 'en-GB', ''),
(90, 30, 'zh-CN', ''),
(91, 31, 'ru-RU', ''),
(92, 31, 'en-GB', ''),
(93, 31, 'zh-CN', ''),
(94, 32, 'ru-RU', ''),
(95, 32, 'en-GB', ''),
(96, 32, 'zh-CN', ''),
(97, 33, 'ru-RU', ''),
(98, 33, 'en-GB', ''),
(99, 33, 'zh-CN', ''),
(100, 34, 'ru-RU', ''),
(101, 34, 'en-GB', ''),
(102, 34, 'zh-CN', ''),
(103, 35, 'ru-RU', ''),
(104, 35, 'en-GB', ''),
(105, 35, 'zh-CN', ''),
(106, 36, 'ru-RU', ''),
(107, 36, 'en-GB', ''),
(108, 36, 'zh-CN', ''),
(109, 37, 'ru-RU', ''),
(110, 37, 'en-GB', ''),
(111, 37, 'zh-CN', ''),
(112, 38, 'ru-RU', ''),
(113, 38, 'en-GB', ''),
(114, 38, 'zh-CN', ''),
(115, 39, 'ru-RU', ''),
(116, 39, 'en-GB', ''),
(117, 39, 'zh-CN', ''),
(118, 40, 'ru-RU', ''),
(119, 40, 'en-GB', ''),
(120, 40, 'zh-CN', ''),
(121, 41, 'ru-RU', ''),
(122, 41, 'en-GB', ''),
(123, 41, 'zh-CN', ''),
(124, 42, 'ru-RU', ''),
(125, 42, 'en-GB', ''),
(126, 42, 'zh-CN', ''),
(127, 43, 'ru-RU', ''),
(128, 43, 'en-GB', ''),
(129, 43, 'zh-CN', ''),
(130, 44, 'ru-RU', ''),
(131, 44, 'en-GB', ''),
(132, 44, 'zh-CN', ''),
(133, 45, 'ru-RU', ''),
(134, 45, 'en-GB', ''),
(135, 45, 'zh-CN', ''),
(136, 46, 'ru-RU', ''),
(137, 46, 'en-GB', ''),
(138, 46, 'zh-CN', ''),
(139, 47, 'ru-RU', ''),
(140, 47, 'en-GB', ''),
(141, 47, 'zh-CN', ''),
(142, 48, 'ru-RU', ''),
(143, 48, 'en-GB', ''),
(144, 48, 'zh-CN', ''),
(145, 49, 'ru-RU', ''),
(146, 49, 'en-GB', ''),
(147, 49, 'zh-CN', ''),
(148, 50, 'ru-RU', ''),
(149, 50, 'en-GB', ''),
(150, 50, 'zh-CN', ''),
(151, 51, 'ru-RU', ''),
(152, 51, 'en-GB', ''),
(153, 51, 'zh-CN', ''),
(154, 52, 'ru-RU', ''),
(155, 52, 'en-GB', ''),
(156, 52, 'zh-CN', ''),
(157, 53, 'ru-RU', ''),
(158, 53, 'en-GB', ''),
(159, 53, 'zh-CN', ''),
(160, 54, 'ru-RU', ''),
(161, 54, 'en-GB', ''),
(162, 54, 'zh-CN', ''),
(163, 55, 'ru-RU', ''),
(164, 55, 'en-GB', ''),
(165, 55, 'zh-CN', ''),
(166, 56, 'ru-RU', ''),
(167, 56, 'en-GB', ''),
(168, 56, 'zh-CN', ''),
(169, 57, 'ru-RU', ''),
(170, 57, 'en-GB', ''),
(171, 57, 'zh-CN', ''),
(172, 58, 'ru-RU', ''),
(173, 58, 'en-GB', ''),
(174, 58, 'zh-CN', ''),
(175, 59, 'ru-RU', ''),
(176, 59, 'en-GB', ''),
(177, 59, 'zh-CN', ''),
(178, 60, 'ru-RU', ''),
(179, 60, 'en-GB', ''),
(180, 60, 'zh-CN', ''),
(181, 61, 'ru-RU', ''),
(182, 61, 'en-GB', ''),
(183, 61, 'zh-CN', ''),
(184, 62, 'ru-RU', ''),
(185, 62, 'en-GB', ''),
(186, 62, 'zh-CN', ''),
(187, 63, 'ru-RU', ''),
(188, 63, 'en-GB', ''),
(189, 63, 'zh-CN', ''),
(190, 64, 'ru-RU', ''),
(191, 64, 'en-GB', ''),
(192, 64, 'zh-CN', ''),
(193, 65, 'ru-RU', ''),
(194, 65, 'en-GB', ''),
(195, 65, 'zh-CN', ''),
(196, 66, 'ru-RU', ''),
(197, 66, 'en-GB', ''),
(198, 66, 'zh-CN', ''),
(199, 67, 'ru-RU', ''),
(200, 67, 'en-GB', ''),
(201, 67, 'zh-CN', ''),
(202, 68, 'ru-RU', ''),
(203, 68, 'en-GB', ''),
(204, 68, 'zh-CN', ''),
(205, 69, 'ru-RU', ''),
(206, 69, 'en-GB', ''),
(207, 69, 'zh-CN', ''),
(208, 70, 'ru-RU', ''),
(209, 70, 'en-GB', ''),
(210, 70, 'zh-CN', ''),
(211, 71, 'ru-RU', ''),
(212, 71, 'en-GB', ''),
(213, 71, 'zh-CN', ''),
(214, 72, 'ru-RU', ''),
(215, 72, 'en-GB', ''),
(216, 72, 'zh-CN', ''),
(217, 73, 'ru-RU', ''),
(218, 73, 'en-GB', ''),
(219, 73, 'zh-CN', ''),
(220, 74, 'ru-RU', ''),
(221, 74, 'en-GB', ''),
(222, 74, 'zh-CN', ''),
(223, 75, 'ru-RU', ''),
(224, 75, 'en-GB', ''),
(225, 75, 'zh-CN', ''),
(226, 76, 'ru-RU', ''),
(227, 76, 'en-GB', ''),
(228, 76, 'zh-CN', ''),
(229, 77, 'ru-RU', ''),
(230, 77, 'en-GB', ''),
(231, 77, 'zh-CN', ''),
(232, 78, 'ru-RU', ''),
(233, 78, 'en-GB', ''),
(234, 78, 'zh-CN', ''),
(235, 79, 'ru-RU', ''),
(236, 79, 'en-GB', ''),
(237, 79, 'zh-CN', ''),
(238, 80, 'ru-RU', ''),
(239, 80, 'en-GB', ''),
(240, 80, 'zh-CN', ''),
(241, 81, 'ru-RU', ''),
(242, 81, 'en-GB', ''),
(243, 81, 'zh-CN', ''),
(244, 82, 'ru-RU', ''),
(245, 82, 'en-GB', ''),
(246, 82, 'zh-CN', ''),
(247, 83, 'ru-RU', ''),
(248, 83, 'en-GB', ''),
(249, 83, 'zh-CN', ''),
(250, 84, 'ru-RU', ''),
(251, 84, 'en-GB', ''),
(252, 84, 'zh-CN', ''),
(253, 85, 'ru-RU', ''),
(254, 85, 'en-GB', ''),
(255, 85, 'zh-CN', ''),
(256, 86, 'ru-RU', ''),
(257, 86, 'en-GB', ''),
(258, 86, 'zh-CN', ''),
(259, 87, 'ru-RU', ''),
(260, 87, 'en-GB', ''),
(261, 87, 'zh-CN', ''),
(262, 88, 'ru-RU', ''),
(263, 88, 'en-GB', ''),
(264, 88, 'zh-CN', ''),
(265, 89, 'ru-RU', ''),
(266, 89, 'en-GB', ''),
(267, 89, 'zh-CN', ''),
(268, 90, 'ru-RU', ''),
(269, 90, 'en-GB', ''),
(270, 90, 'zh-CN', ''),
(271, 91, 'ru-RU', ''),
(272, 91, 'en-GB', ''),
(273, 91, 'zh-CN', ''),
(274, 92, 'ru-RU', ''),
(275, 92, 'en-GB', ''),
(276, 92, 'zh-CN', '');

-- --------------------------------------------------------

--
-- Структура таблицы `lsqvo_jshopping_delivery_times`
--

CREATE TABLE `lsqvo_jshopping_delivery_times` (
  `id` int(11) NOT NULL,
  `days` decimal(8,2) NOT NULL DEFAULT 0.00,
  `name_en-GB` varchar(255) NOT NULL,
  `name_ru-RU` varchar(255) NOT NULL,
  `name_zh-CN` varchar(255) NOT NULL
) ENGINE=InnoDB DEFAULT CHARSET=utf8 COLLATE=utf8_general_ci;

-- --------------------------------------------------------

--
-- Структура таблицы `lsqvo_jshopping_free_attr`
--

CREATE TABLE `lsqvo_jshopping_free_attr` (
  `id` int(11) NOT NULL,
  `ordering` int(11) NOT NULL DEFAULT 0,
  `required` tinyint(1) NOT NULL DEFAULT 0,
  `type` tinyint(3) NOT NULL DEFAULT 0,
  `name_en-GB` varchar(255) NOT NULL,
  `description_en-GB` text NOT NULL,
  `name_ru-RU` varchar(255) NOT NULL,
  `description_ru-RU` text NOT NULL,
  `name_zh-CN` varchar(255) NOT NULL,
  `description_zh-CN` text NOT NULL
) ENGINE=InnoDB DEFAULT CHARSET=utf8 COLLATE=utf8_general_ci;

-- --------------------------------------------------------

--
-- Структура таблицы `lsqvo_jshopping_import_export`
--

CREATE TABLE `lsqvo_jshopping_import_export` (
  `id` int(11) NOT NULL,
  `name` varchar(255) NOT NULL DEFAULT '',
  `alias` varchar(255) NOT NULL DEFAULT '',
  `description` text NOT NULL,
  `params` text NOT NULL,
  `endstart` int(11) NOT NULL DEFAULT 0,
  `steptime` int(11) NOT NULL DEFAULT 0
) ENGINE=InnoDB DEFAULT CHARSET=utf8 COLLATE=utf8_general_ci;

--
-- Дамп данных таблицы `lsqvo_jshopping_import_export`
--

INSERT INTO `lsqvo_jshopping_import_export` (`id`, `name`, `alias`, `description`, `params`, `endstart`, `steptime`) VALUES
(1, 'Simple Export', 'simpleexport', 'Simple Export in CSV iso-8859-1', 'filename=export', 0, 1),
(2, 'Simple Import', 'simpleimport', 'Simple Import in CSV iso-8859-1', '', 0, 0);

-- --------------------------------------------------------

--
-- Структура таблицы `lsqvo_jshopping_languages`
--

CREATE TABLE `lsqvo_jshopping_languages` (
  `id` int(11) NOT NULL,
  `language` varchar(32) DEFAULT NULL,
  `name` varchar(255) NOT NULL DEFAULT '',
  `publish` int(11) NOT NULL DEFAULT 0,
  `ordering` int(11) NOT NULL DEFAULT 0
) ENGINE=InnoDB DEFAULT CHARSET=utf8 COLLATE=utf8_general_ci;

--
-- Дамп данных таблицы `lsqvo_jshopping_languages`
--

INSERT INTO `lsqvo_jshopping_languages` (`id`, `language`, `name`, `publish`, `ordering`) VALUES
(1, 'en-GB', 'English', 1, 1),
(2, 'ru-RU', 'Russian', 1, 1),
(3, 'zh-CN', 'Chinese Simplified', 1, 1);

-- --------------------------------------------------------

--
-- Структура таблицы `lsqvo_jshopping_manufacturers`
--

CREATE TABLE `lsqvo_jshopping_manufacturers` (
  `manufacturer_id` int(11) NOT NULL,
  `manufacturer_url` varchar(255) NOT NULL DEFAULT '',
  `manufacturer_logo` varchar(255) NOT NULL DEFAULT '',
  `manufacturer_publish` tinyint(1) NOT NULL DEFAULT 0,
  `products_page` int(11) NOT NULL DEFAULT 0,
  `products_row` int(11) NOT NULL DEFAULT 0,
  `ordering` int(6) NOT NULL DEFAULT 0,
  `img_alt` varchar(255) NOT NULL DEFAULT '',
  `img_title` varchar(255) NOT NULL DEFAULT '',
  `name_en-GB` varchar(255) NOT NULL,
  `alias_en-GB` varchar(255) NOT NULL,
  `short_description_en-GB` text NOT NULL,
  `description_en-GB` text NOT NULL,
  `meta_title_en-GB` varchar(255) NOT NULL,
  `meta_description_en-GB` text NOT NULL,
  `meta_keyword_en-GB` text NOT NULL,
  `name_ru-RU` varchar(255) NOT NULL,
  `alias_ru-RU` varchar(255) NOT NULL,
  `short_description_ru-RU` text NOT NULL,
  `description_ru-RU` text NOT NULL,
  `meta_title_ru-RU` varchar(255) NOT NULL,
  `meta_description_ru-RU` text NOT NULL,
  `meta_keyword_ru-RU` text NOT NULL,
  `name_zh-CN` varchar(255) NOT NULL,
  `alias_zh-CN` varchar(255) NOT NULL,
  `short_description_zh-CN` text NOT NULL,
  `description_zh-CN` text NOT NULL,
  `meta_title_zh-CN` varchar(255) NOT NULL,
  `meta_description_zh-CN` text NOT NULL,
  `meta_keyword_zh-CN` text NOT NULL
) ENGINE=InnoDB DEFAULT CHARSET=utf8 COLLATE=utf8_general_ci;

-- --------------------------------------------------------

--
-- Структура таблицы `lsqvo_jshopping_orders`
--

CREATE TABLE `lsqvo_jshopping_orders` (
  `order_id` int(11) NOT NULL,
  `order_number` varchar(50) NOT NULL DEFAULT '',
  `user_id` int(11) NOT NULL DEFAULT 0,
  `order_total` decimal(14,4) NOT NULL DEFAULT 0.0000,
  `order_subtotal` decimal(14,4) NOT NULL DEFAULT 0.0000,
  `order_tax` decimal(14,4) NOT NULL DEFAULT 0.0000,
  `order_tax_ext` text NOT NULL,
  `order_shipping` decimal(14,4) NOT NULL DEFAULT 0.0000,
  `order_payment` decimal(14,4) NOT NULL DEFAULT 0.0000,
  `order_discount` decimal(14,4) NOT NULL DEFAULT 0.0000,
  `shipping_tax` decimal(12,4) NOT NULL DEFAULT 0.0000,
  `shipping_tax_ext` text NOT NULL,
  `payment_tax` decimal(12,4) NOT NULL DEFAULT 0.0000,
  `payment_tax_ext` text NOT NULL,
  `order_package` decimal(12,2) NOT NULL DEFAULT 0.00,
  `package_tax_ext` text NOT NULL,
  `currency_code` varchar(20) NOT NULL DEFAULT '',
  `currency_code_iso` varchar(3) NOT NULL DEFAULT '',
  `currency_exchange` decimal(14,6) NOT NULL DEFAULT 0.000000,
  `order_status` tinyint(4) NOT NULL DEFAULT 0,
  `order_created` tinyint(1) NOT NULL DEFAULT 0,
  `order_date` datetime NOT NULL DEFAULT '0000-00-00 00:00:00',
  `invoice_date` datetime NOT NULL DEFAULT '0000-00-00 00:00:00',
  `order_m_date` datetime NOT NULL DEFAULT '0000-00-00 00:00:00',
  `shipping_method_id` int(11) NOT NULL DEFAULT 0,
  `delivery_times_id` int(11) NOT NULL DEFAULT 0,
  `payment_method_id` int(11) NOT NULL DEFAULT 0,
  `payment_params` text NOT NULL,
  `payment_params_data` text NOT NULL,
  `shipping_params` text NOT NULL,
  `shipping_params_data` text NOT NULL,
  `delivery_time` varchar(100) NOT NULL DEFAULT '',
  `delivery_date` datetime NOT NULL DEFAULT '0000-00-00 00:00:00',
  `coupon_id` int(11) NOT NULL DEFAULT 0,
  `coupon_free_discount` decimal(14,4) NOT NULL DEFAULT 0.0000,
  `ip_address` varchar(64) NOT NULL DEFAULT '0',
  `order_add_info` text NOT NULL,
  `title` tinyint(1) NOT NULL DEFAULT 0,
  `f_name` varchar(255) NOT NULL DEFAULT '',
  `l_name` varchar(255) NOT NULL DEFAULT '',
  `m_name` varchar(255) NOT NULL DEFAULT '',
  `firma_name` varchar(255) NOT NULL DEFAULT '',
  `client_type` tinyint(1) NOT NULL DEFAULT 0,
  `client_type_name` varchar(100) NOT NULL DEFAULT '',
  `firma_code` varchar(100) NOT NULL DEFAULT '',
  `tax_number` varchar(100) NOT NULL DEFAULT '',
  `email` varchar(255) NOT NULL DEFAULT '',
  `birthday` date NOT NULL DEFAULT '0000-00-00',
  `street` varchar(100) NOT NULL DEFAULT '',
  `street_nr` varchar(16) NOT NULL DEFAULT '',
  `home` varchar(20) NOT NULL DEFAULT '',
  `apartment` varchar(20) NOT NULL DEFAULT '',
  `zip` varchar(20) NOT NULL DEFAULT '',
  `city` varchar(100) NOT NULL DEFAULT '',
  `state` varchar(100) NOT NULL DEFAULT '',
  `country` int(11) NOT NULL DEFAULT 0,
  `phone` varchar(24) NOT NULL DEFAULT '',
  `mobil_phone` varchar(24) NOT NULL DEFAULT '',
  `fax` varchar(24) NOT NULL DEFAULT '',
  `ext_field_1` varchar(255) NOT NULL DEFAULT '',
  `ext_field_2` varchar(255) NOT NULL DEFAULT '',
  `ext_field_3` varchar(255) NOT NULL DEFAULT '',
  `d_title` tinyint(1) NOT NULL DEFAULT 0,
  `d_f_name` varchar(255) NOT NULL DEFAULT '',
  `d_l_name` varchar(255) NOT NULL DEFAULT '',
  `d_m_name` varchar(255) NOT NULL DEFAULT '',
  `d_firma_name` varchar(255) NOT NULL DEFAULT '',
  `d_email` varchar(255) NOT NULL DEFAULT '',
  `d_birthday` date NOT NULL DEFAULT '0000-00-00',
  `d_street` varchar(100) NOT NULL DEFAULT '',
  `d_street_nr` varchar(16) NOT NULL DEFAULT '',
  `d_home` varchar(20) NOT NULL DEFAULT '',
  `d_apartment` varchar(20) NOT NULL DEFAULT '',
  `d_zip` varchar(20) NOT NULL DEFAULT '',
  `d_city` varchar(100) NOT NULL DEFAULT '',
  `d_state` varchar(100) NOT NULL DEFAULT '',
  `d_country` int(11) NOT NULL DEFAULT 0,
  `d_phone` varchar(24) NOT NULL DEFAULT '',
  `d_mobil_phone` varchar(24) NOT NULL DEFAULT '',
  `d_fax` varchar(24) NOT NULL DEFAULT '',
  `d_ext_field_1` varchar(255) NOT NULL DEFAULT '',
  `d_ext_field_2` varchar(255) NOT NULL DEFAULT '',
  `d_ext_field_3` varchar(255) NOT NULL DEFAULT '',
  `pdf_file` varchar(50) NOT NULL DEFAULT '',
  `order_hash` varchar(32) NOT NULL DEFAULT '',
  `file_hash` varchar(64) NOT NULL DEFAULT '',
  `file_stat_downloads` text NOT NULL,
  `order_custom_info` text NOT NULL,
  `display_price` tinyint(1) NOT NULL DEFAULT 0,
  `vendor_type` tinyint(1) NOT NULL DEFAULT 0,
  `vendor_id` int(11) NOT NULL DEFAULT 0,
  `lang` varchar(16) NOT NULL DEFAULT '',
  `transaction` text NOT NULL,
  `product_stock_removed` tinyint(1) NOT NULL DEFAULT 0
) ENGINE=InnoDB DEFAULT CHARSET=utf8 COLLATE=utf8_general_ci;

-- --------------------------------------------------------

--
-- Структура таблицы `lsqvo_jshopping_order_history`
--

CREATE TABLE `lsqvo_jshopping_order_history` (
  `order_history_id` int(11) NOT NULL,
  `order_id` int(11) NOT NULL DEFAULT 0,
  `order_status_id` tinyint(1) NOT NULL DEFAULT 0,
  `status_date_added` datetime NOT NULL DEFAULT '0000-00-00 00:00:00',
  `customer_notify` int(1) NOT NULL DEFAULT 0,
  `comments` text DEFAULT NULL,
  `include_comment` tinyint(4) NOT NULL
) ENGINE=InnoDB DEFAULT CHARSET=utf8 COLLATE=utf8_general_ci;

-- --------------------------------------------------------

--
-- Структура таблицы `lsqvo_jshopping_order_item`
--

CREATE TABLE `lsqvo_jshopping_order_item` (
  `order_item_id` int(11) NOT NULL,
  `order_id` int(11) NOT NULL DEFAULT 0,
  `product_id` int(11) NOT NULL DEFAULT 0,
  `category_id` int(11) NOT NULL DEFAULT 0,
  `product_ean` varchar(32) NOT NULL DEFAULT '',
  `manufacturer_code` varchar(32) NOT NULL DEFAULT '',
  `product_name` varchar(255) NOT NULL DEFAULT '',
  `product_quantity` decimal(12,2) NOT NULL DEFAULT 0.00,
  `product_item_price` decimal(14,4) NOT NULL DEFAULT 0.0000,
  `product_tax` decimal(14,4) NOT NULL DEFAULT 0.0000,
  `product_attributes` text NOT NULL,
  `product_freeattributes` text NOT NULL,
  `attributes` text NOT NULL,
  `freeattributes` text NOT NULL,
  `extra_fields` text NOT NULL,
  `files` text NOT NULL,
  `weight` decimal(14,4) NOT NULL DEFAULT 0.0000,
  `thumb_image` varchar(255) NOT NULL DEFAULT '',
  `manufacturer` varchar(255) NOT NULL DEFAULT '',
  `delivery_times_id` int(4) NOT NULL DEFAULT 0,
  `vendor_id` int(11) NOT NULL DEFAULT 0,
  `basicprice` decimal(12,2) NOT NULL DEFAULT 0.00,
  `basicpriceunit` varchar(255) NOT NULL DEFAULT '',
  `params` text NOT NULL
) ENGINE=InnoDB DEFAULT CHARSET=utf8 COLLATE=utf8_general_ci;

-- --------------------------------------------------------

--
-- Структура таблицы `lsqvo_jshopping_order_status`
--

CREATE TABLE `lsqvo_jshopping_order_status` (
  `status_id` int(11) NOT NULL,
  `status_code` char(1) NOT NULL DEFAULT '',
  `name_en-GB` varchar(100) NOT NULL DEFAULT '',
  `name_de-DE` varchar(100) NOT NULL DEFAULT '',
  `name_ru-RU` varchar(100) NOT NULL,
  `name_zh-CN` varchar(100) NOT NULL
) ENGINE=InnoDB DEFAULT CHARSET=utf8 COLLATE=utf8_general_ci;

--
-- Дамп данных таблицы `lsqvo_jshopping_order_status`
--

INSERT INTO `lsqvo_jshopping_order_status` (`status_id`, `status_code`, `name_en-GB`, `name_de-DE`, `name_ru-RU`, `name_zh-CN`) VALUES
(1, 'P', 'Pending', 'Offen', 'Pending', 'Pending'),
(2, 'C', 'Confirmed', 'Bestätigt', 'Confirmed', 'Confirmed'),
(3, 'X', 'Cancelled', 'Abgebrochen', 'Cancelled', 'Cancelled'),
(4, 'R', 'Refunded', 'Gutschrift', 'Refunded', 'Refunded'),
(5, 'S', 'Shipped', 'Gesendet', 'Shipped', 'Shipped'),
(6, 'O', 'Paid', 'Bezahlt', 'Paid', 'Paid'),
(7, 'F', 'Complete', 'Abgeschlossen', 'Complete', 'Complete');

-- --------------------------------------------------------

--
-- Структура таблицы `lsqvo_jshopping_payment_method`
--

CREATE TABLE `lsqvo_jshopping_payment_method` (
  `payment_id` int(11) NOT NULL,
  `payment_code` varchar(32) NOT NULL DEFAULT '',
  `payment_class` varchar(100) NOT NULL DEFAULT '',
  `scriptname` varchar(100) NOT NULL DEFAULT '',
  `payment_publish` tinyint(1) NOT NULL DEFAULT 0,
  `payment_ordering` int(11) NOT NULL DEFAULT 0,
  `payment_params` text NOT NULL,
  `payment_type` tinyint(4) NOT NULL DEFAULT 0,
  `price` decimal(12,2) NOT NULL DEFAULT 0.00,
  `price_type` tinyint(1) NOT NULL DEFAULT 0,
  `tax_id` int(11) NOT NULL DEFAULT 0,
  `image` varchar(255) NOT NULL DEFAULT '',
  `show_descr_in_email` tinyint(1) NOT NULL DEFAULT 0,
  `show_bank_in_order` tinyint(1) NOT NULL DEFAULT 1,
  `order_description` text NOT NULL,
  `name_en-GB` varchar(100) NOT NULL DEFAULT '',
  `description_en-GB` text NOT NULL,
  `name_de-DE` varchar(100) NOT NULL DEFAULT '',
  `description_de-DE` text NOT NULL,
  `name_ru-RU` varchar(100) NOT NULL,
  `description_ru-RU` text NOT NULL,
  `name_zh-CN` varchar(100) NOT NULL,
  `description_zh-CN` text NOT NULL
) ENGINE=InnoDB DEFAULT CHARSET=utf8 COLLATE=utf8_general_ci;

--
-- Дамп данных таблицы `lsqvo_jshopping_payment_method`
--

INSERT INTO `lsqvo_jshopping_payment_method` (`payment_id`, `payment_code`, `payment_class`, `scriptname`, `payment_publish`, `payment_ordering`, `payment_params`, `payment_type`, `price`, `price_type`, `tax_id`, `image`, `show_descr_in_email`, `show_bank_in_order`, `order_description`, `name_en-GB`, `description_en-GB`, `name_de-DE`, `description_de-DE`, `name_ru-RU`, `description_ru-RU`, `name_zh-CN`, `description_zh-CN`) VALUES
(1, 'bank', 'pm_bank', '', 1, 1, '', 1, 4.00, 0, 1, '', 0, 1, '', 'Cash on delivery', '', 'Nachnahme', '', 'Cash on delivery', '', 'Cash on delivery', ''),
(2, 'PO', 'pm_purchase_order', '', 1, 2, '', 1, 0.00, 0, 1, '', 1, 1, '', 'Advance payment', '', 'Vorauskasse', '', 'Advance payment', '', 'Advance payment', ''),
(3, 'paypal', 'pm_paypal', 'pm_paypal', 1, 3, '{\"testmode\":1,\"email_received\":\"test@testing.com\",\"transaction_end_status\":6,\"transaction_pending_status\":1,\"transaction_failed_status\":3,\"checkdatareturn\":0}', 2, 0.00, 0, 1, '', 0, 1, '', 'PayPal', '', 'PayPal', '', 'PayPal', '', 'PayPal', ''),
(4, 'debit', 'pm_debit', 'pm_debit', 1, 4, '', 1, 0.00, 0, 1, '', 0, 1, '', 'Debit', 'Please insert your bankdata.', 'Lastschrift', 'Bitte tragen Sie hier Ihre Bankdaten fur den Abbuchungsauftrag ein.', 'Debit', 'Please insert your bankdata.', 'Debit', 'Please insert your bankdata.'),
(5, 'ST', 'pm_sofortueberweisung', 'pm_sofortueberweisung', 0, 5, '{\"user_id\":\"000000\",\"project_id\":\"000000\",\"nproject_password\":\"000000\",\"transaction_end_status\":6,\"transaction_pending_status\":1,\"transaction_failed_status\":3}', 2, 0.00, 0, 1, '', 0, 1, '', 'Sofortueberweisung', '', 'Sofortueberweisung', '', 'Sofortueberweisung', '', 'Sofortueberweisung', '');

-- --------------------------------------------------------

--
-- Структура таблицы `lsqvo_jshopping_payment_trx`
--

CREATE TABLE `lsqvo_jshopping_payment_trx` (
  `id` int(11) NOT NULL,
  `order_id` int(11) NOT NULL DEFAULT 0,
  `transaction` varchar(255) NOT NULL DEFAULT '',
  `rescode` int(11) NOT NULL DEFAULT 0,
  `status_id` int(11) NOT NULL DEFAULT 0,
  `date` datetime NOT NULL DEFAULT '0000-00-00 00:00:00'
) ENGINE=InnoDB DEFAULT CHARSET=utf8 COLLATE=utf8_general_ci;

-- --------------------------------------------------------

--
-- Структура таблицы `lsqvo_jshopping_products`
--

CREATE TABLE `lsqvo_jshopping_products` (
  `product_id` int(11) NOT NULL,
  `parent_id` int(11) NOT NULL DEFAULT 0,
  `product_ean` varchar(32) NOT NULL DEFAULT '0',
  `manufacturer_code` varchar(32) NOT NULL DEFAULT '0',
  `product_quantity` decimal(12,2) NOT NULL DEFAULT 0.00,
  `unlimited` tinyint(1) NOT NULL DEFAULT 0,
  `product_availability` varchar(1) NOT NULL DEFAULT '',
  `product_date_added` datetime NOT NULL DEFAULT '0000-00-00 00:00:00',
  `date_modify` datetime NOT NULL DEFAULT '0000-00-00 00:00:00',
  `product_publish` tinyint(1) NOT NULL DEFAULT 0,
  `product_tax_id` tinyint(3) NOT NULL DEFAULT 0,
  `currency_id` int(4) NOT NULL DEFAULT 0,
  `product_template` varchar(64) NOT NULL DEFAULT 'default',
  `product_url` varchar(128) NOT NULL DEFAULT '',
  `product_old_price` decimal(14,4) NOT NULL DEFAULT 0.0000,
  `product_buy_price` decimal(14,4) NOT NULL DEFAULT 0.0000,
  `product_price` decimal(18,6) NOT NULL DEFAULT 0.000000,
  `min_price` decimal(18,6) NOT NULL DEFAULT 0.000000,
  `different_prices` tinyint(1) NOT NULL DEFAULT 0,
  `product_weight` decimal(14,4) NOT NULL DEFAULT 0.0000,
  `image` varchar(255) NOT NULL DEFAULT '',
  `product_manufacturer_id` int(11) NOT NULL DEFAULT 0,
  `product_is_add_price` tinyint(1) NOT NULL DEFAULT 0,
  `add_price_unit_id` int(3) NOT NULL DEFAULT 0,
  `average_rating` float(4,2) NOT NULL DEFAULT 0.00,
  `reviews_count` int(11) NOT NULL DEFAULT 0,
  `delivery_times_id` int(4) NOT NULL DEFAULT 0,
  `hits` int(11) NOT NULL DEFAULT 0,
  `weight_volume_units` decimal(14,4) NOT NULL DEFAULT 0.0000,
  `basic_price_unit_id` int(3) NOT NULL DEFAULT 0,
  `label_id` int(11) NOT NULL DEFAULT 0,
  `vendor_id` int(11) NOT NULL DEFAULT 0,
  `main_category_id` int(11) NOT NULL DEFAULT 0,
  `access` int(3) NOT NULL DEFAULT 1,
  `name_en-GB` varchar(255) NOT NULL,
  `alias_en-GB` varchar(255) NOT NULL,
  `short_description_en-GB` text NOT NULL,
  `description_en-GB` text NOT NULL,
  `meta_title_en-GB` varchar(255) NOT NULL,
  `meta_description_en-GB` text NOT NULL,
  `meta_keyword_en-GB` text NOT NULL,
  `name_ru-RU` varchar(255) NOT NULL,
  `alias_ru-RU` varchar(255) NOT NULL,
  `short_description_ru-RU` text NOT NULL,
  `description_ru-RU` text NOT NULL,
  `meta_title_ru-RU` varchar(255) NOT NULL,
  `meta_description_ru-RU` text NOT NULL,
  `meta_keyword_ru-RU` text NOT NULL,
  `name_zh-CN` varchar(255) NOT NULL,
  `alias_zh-CN` varchar(255) NOT NULL,
  `short_description_zh-CN` text NOT NULL,
  `description_zh-CN` text NOT NULL,
  `meta_title_zh-CN` varchar(255) NOT NULL,
  `meta_description_zh-CN` text NOT NULL,
  `meta_keyword_zh-CN` text NOT NULL
) ENGINE=InnoDB DEFAULT CHARSET=utf8 COLLATE=utf8_general_ci;

--
-- Дамп данных таблицы `lsqvo_jshopping_products`
--

INSERT INTO `lsqvo_jshopping_products` (`product_id`, `parent_id`, `product_ean`, `manufacturer_code`, `product_quantity`, `unlimited`, `product_availability`, `product_date_added`, `date_modify`, `product_publish`, `product_tax_id`, `currency_id`, `product_template`, `product_url`, `product_old_price`, `product_buy_price`, `product_price`, `min_price`, `different_prices`, `product_weight`, `image`, `product_manufacturer_id`, `product_is_add_price`, `add_price_unit_id`, `average_rating`, `reviews_count`, `delivery_times_id`, `hits`, `weight_volume_units`, `basic_price_unit_id`, `label_id`, `vendor_id`, `main_category_id`, `access`, `name_en-GB`, `alias_en-GB`, `short_description_en-GB`, `description_en-GB`, `meta_title_en-GB`, `meta_description_en-GB`, `meta_keyword_en-GB`, `name_ru-RU`, `alias_ru-RU`, `short_description_ru-RU`, `description_ru-RU`, `meta_title_ru-RU`, `meta_description_ru-RU`, `meta_keyword_ru-RU`, `name_zh-CN`, `alias_zh-CN`, `short_description_zh-CN`, `description_zh-CN`, `meta_title_zh-CN`, `meta_description_zh-CN`, `meta_keyword_zh-CN`) VALUES
(1, 0, '', '', 0.00, 0, '', '2023-08-16 09:37:03', '2023-12-22 14:28:26', 1, 0, 1, 'default', '', 0.0000, 0.0000, 920.000000, 920.000000, 0, 0.0000, '1.jpg', 0, 0, 3, 0.00, 0, 0, 1, 0.0000, 0, 1, 0, 1, 1, 'Fish Zames with sockeye salmon', 'fish-zames-with-sockeye-salmon', '110/80/40/34g', '', '', '', '', 'Рыбный Замес с неркой', 'rybnyj-zames-s-nerkoj', '110/80/40/34г', '', '', '', '', '鱼 Zames 配红鲑鱼', 'yu-zames-pei-hong-gui-yu', '110/80/40/34克', '', '', '', ''),
(2, 0, '', '', 0.00, 0, '', '2023-08-16 09:42:58', '2023-12-22 14:27:08', 1, 0, 1, 'default', '', 0.0000, 0.0000, 570.000000, 570.000000, 0, 0.0000, '4.jpg', 0, 0, 3, 0.00, 0, 0, 0, 0.0000, 0, 0, 0, 1, 1, 'Hicken wings BBQ', 'hicken-wings-bbq', '260/25/40g', '', '', '', '', 'Куриные крылышки BBQ', 'kurinye-krylyshki-bbq', '260/25/40г', '', '', '', '', '鸡翅烧烤', 'ji-chi-shao-kao', '260/25/40克', '', '', '', ''),
(3, 0, '', '', 0.00, 0, '', '2023-08-16 09:44:27', '2023-12-22 14:31:47', 1, 0, 1, 'default', '', 0.0000, 0.0000, 650.000000, 650.000000, 0, 0.0000, '3.jpg', 0, 0, 3, 0.00, 0, 0, 0, 0.0000, 0, 1, 0, 1, 1, 'Shrimp Panko and Squid Fries', 'shrimp-panko-and-squid-fries', '180/30g', '', '', '', '', 'Креветки панко и кальмар фри', 'krevetki-panko-i-kalmar-fri', '180/30г', '', '', '', '', '虾面包粉和鱿鱼薯条', 'xia-mian-bao-fen-he-you-yu-shu-tiao', '180/30克', '', '', '', ''),
(4, 0, '', '', 0.00, 0, '', '2023-08-16 09:46:57', '2023-12-22 14:27:08', 1, 0, 1, 'default', '', 0.0000, 0.0000, 990.000000, 990.000000, 0, 0.0000, '5.jpg', 0, 0, 3, 0.00, 0, 0, 0, 0.0000, 0, 0, 0, 1, 1, 'Magadan Smoked shrimps for two', 'magadan-smoked-shrimps-for-two', '250/30/30/30克', '', '', '', '', 'Креветки магаданские копчёные на 2x', 'krevetki-magadanskie-kopchjonye-na-2x', '250/30/30/30г', '', '', '', '', '马加丹熏虾两人份', 'ma-jia-dan-xun-xia-liang-ren-fen', '160г', '', '', '', ''),
(5, 0, '', '', 0.00, 0, '', '2023-08-16 09:50:21', '2023-12-22 14:27:08', 1, 0, 1, 'default', '', 0.0000, 0.0000, 1890.000000, 1890.000000, 0, 0.0000, '5.jpg', 0, 0, 3, 0.00, 0, 0, 0, 0.0000, 0, 0, 0, 1, 1, 'Magadan smoked shrimps for four', 'magadan-smoked-shrimps-for-four', '500/30/30/30g', '', '', '', '', 'Креветки магаданские копчёные на 4x', 'krevetki-magadanskie-kopchjonye-na-4x', '500/30/30/30г', '', '', '', '', '马加丹熏虾四人份', 'ma-jia-dan-xun-xia-si-ren-fen', '500/30/30/30克', '', '', '', ''),
(6, 0, '', '', 0.00, 0, '', '2023-08-16 09:51:24', '2023-12-22 14:27:08', 1, 0, 1, 'default', '', 0.0000, 0.0000, 1350.000000, 1350.000000, 0, 0.0000, '7.jpg', 0, 0, 3, 0.00, 0, 0, 0, 0.0000, 0, 0, 0, 1, 1, 'Meze assorted snacks with crispy tortillas', 'meze-assorted-snacks-with-crispy-tortillas', '400/150g', '', '', '', '', 'Мезе ассорти закусок с хрустящими лепешками', 'meze-assorti-zakusok-s-khrustyashchimi-lepeshkami', '400/150г', '', '', '', '', 'Meze 什锦小吃配脆玉米饼', 'meze-shen-jin-xiao-chi-pei-cui-yu-mi-bing', '400/150克', '', '', '', ''),
(7, 0, '', '', 0.00, 0, '', '2023-08-16 09:52:56', '2023-12-22 14:27:08', 1, 0, 1, 'default', '', 0.0000, 0.0000, 790.000000, 790.000000, 0, 0.0000, '2.jpg', 0, 0, 3, 0.00, 0, 0, 0, 0.0000, 0, 0, 0, 1, 1, 'Bruschetta with salmon', 'bruschetta-with-salmon', '265g', '', '', '', '', 'Брускетта с лососем', 'brusketta-s-lososem', '265г', '', '', '', '', '意式烤面包配三文鱼', 'yi-shi-kao-mian-bao-pei-san-wen-yu', '265克', '', '', '', ''),
(8, 0, '', '', 0.00, 0, '', '2023-08-16 09:54:06', '2023-12-22 14:31:47', 1, 0, 1, 'default', '', 0.0000, 0.0000, 590.000000, 590.000000, 0, 0.0000, '6.jpg', 0, 0, 3, 0.00, 0, 0, 0, 0.0000, 0, 1, 0, 1, 1, 'Stracciatella with tomatoes', 'stracciatella-with-tomatoes', '160/35/2g', '', '', '', '', 'Страчателла с томатами', 'strachatella-s-tomatami', '160/35/2г', '', '', '', '', 'Stracciatella 配西红柿', 'stracciatella-pei-xi-hong-shi', '160/35/2克', '', '', '', ''),
(9, 0, '', '', 0.00, 0, '', '2023-08-16 09:55:14', '2023-12-22 14:27:08', 1, 0, 1, 'default', '', 0.0000, 0.0000, 510.000000, 510.000000, 0, 0.0000, '10.jpg', 0, 0, 3, 0.00, 0, 0, 0, 0.0000, 0, 0, 0, 1, 1, 'Beef dumplings fried in Asian sauce', 'beef-dumplings-fried-in-asian-sauce', '170g', '', '', '', '', 'Пельмени жареные в азиатском соусе', 'pelmeni-zharenye-v-aziatskom-souse', '170г', '', '', '', '', '亚洲酱牛肉饺子', 'ya-zhou-jiang-niu-rou-jiao-zi', '170克', '', '', '', ''),
(10, 0, '', '', 0.00, 0, '', '2023-08-16 09:56:17', '2023-12-22 14:27:08', 1, 0, 1, 'default', '', 0.0000, 0.0000, 370.000000, 370.000000, 0, 0.0000, '9.jpg', 0, 0, 3, 0.00, 0, 0, 0, 0.0000, 0, 0, 0, 1, 1, 'Rye garlic croutons with parmesan', 'rye-garlic-croutons-with-parmesan', '140/30g', '', '', '', '', 'Ржаные чесночные гренки с пармезаном', 'rzhanye-chesnochnye-grenki-s-parmezanom', '140/30г', '', '', '', '', '黑麦大蒜油煎面包块配帕尔马干酪', 'hei-mai-da-suan-you-jian-mian-bao-kuai-pei-pa-er-ma-gan-lao', '140/30克', '', '', '', ''),
(11, 0, '', '', 0.00, 0, '', '2023-08-16 09:57:46', '2023-12-22 14:27:08', 1, 0, 1, 'default', '', 0.0000, 0.0000, 720.000000, 720.000000, 0, 0.0000, '8.jpg', 0, 0, 3, 0.00, 0, 0, 1, 0.0000, 0, 0, 0, 1, 1, 'Branded tortillas with stewed meat and cheese', 'branded-tortillas-with-stewed-meat-and-cheese', '230/40/40/40g', '', '', '', '', 'Фирменные лепёшки с томлёным мясом и сыром', 'firmennye-lepjoshki-s-tomljonym-myasom-i-syrom', '230/40/40/40г', '', '', '', '', '品牌玉米饼配炖肉和奶酪', 'pin-pai-yu-mi-bing-pei-dun-rou-he-nai-lao', '230/40/40/40克', '', '', '', ''),
(12, 0, '', '', 0.00, 0, '', '2023-08-16 09:59:03', '2023-12-22 14:31:47', 1, 0, 1, 'default', '', 0.0000, 0.0000, 560.000000, 560.000000, 0, 0.0000, '12.jpg', 0, 0, 3, 0.00, 0, 0, 0, 0.0000, 0, 1, 0, 1, 1, 'Chicken quesadilla', 'chicken-quesadilla', '220/90g', '', '', '', '', 'Кесадилья с курицей', 'kesadilya-s-kuritsej', '220/90г', '', '', '', '', '鸡肉玉米饼', 'ji-rou-yu-mi-bing', '220/90克', '', '', '', ''),
(13, 0, '', '', 0.00, 0, '', '2023-12-22 00:59:17', '2023-12-22 14:27:08', 1, 0, 1, 'default', '', 0.0000, 0.0000, 530.000000, 530.000000, 0, 0.0000, '11.jpg', 0, 0, 3, 0.00, 0, 0, 0, 0.0000, 0, 0, 0, 1, 1, 'Salo of two types', 'salo-of-two-types', '140/60/10/40g', '', '', '', '', 'Замес с салом двух видов', 'zames-s-salom-dvukh-vidov', '140/60/10/40г ', '', '', '', '', '两种类型的萨罗', 'liang-zhong-lei-xing-de-sa-luo', '140/60/10/40克', '', '', '', ''),
(14, 0, '', '', 0.00, 0, '', '2023-12-22 01:00:56', '2023-12-22 14:27:08', 1, 0, 1, 'default', '', 0.0000, 0.0000, 690.000000, 690.000000, 0, 0.0000, '13.jpg', 0, 0, 3, 0.00, 0, 0, 0, 0.0000, 0, 0, 0, 1, 1, 'Beef tartar with parmesan cheese', 'beef-tartar-with-parmesan-cheese', '200g', '', '', '', '', 'Тар-тар из говядины с сыром пармезан', 'tar-tar-iz-govyadiny-s-syrom-parmezan', '200г', '', '', '', '', '鞑靼牛肉配帕尔马干酪', 'da-da-niu-rou-pei-pa-er-ma-gan-lao', '200克', '', '', '', ''),
(15, 0, '', '', 0.00, 0, '', '2023-12-22 01:02:20', '2023-12-22 14:27:08', 1, 0, 1, 'default', '', 0.0000, 0.0000, 450.000000, 450.000000, 0, 0.0000, '14.jpg', 0, 0, 3, 0.00, 0, 0, 0, 0.0000, 0, 0, 0, 1, 1, 'Zucchini fries', 'zucchini-fries', '130g', '', '', '', '', 'Цукини фри', 'tsukini-fri', '130г', '', '', '', '', '西葫芦薯条', 'xi-hu-lu-shu-tiao', '130克', '', '', '', ''),
(16, 0, '', '', 0.00, 0, '', '2023-12-22 01:03:51', '2023-12-22 14:27:08', 1, 0, 1, 'default', '', 0.0000, 0.0000, 490.000000, 490.000000, 0, 0.0000, '15.jpg', 0, 0, 3, 0.00, 0, 0, 0, 0.0000, 0, 0, 0, 1, 1, 'Classic fish & chips', 'classic-fish-chips', '140/60/40g', '', '', '', '', 'Классический фиш & чипс', 'klassicheskij-fish-chips', '140/60/40г', '', '', '', '', '经典炸鱼薯条', 'jing-dian-zha-yu-shu-tiao', '140/60/40克', '', '', '', ''),
(17, 0, '', '', 0.00, 0, '', '2023-12-22 01:05:37', '2023-12-22 14:27:08', 1, 0, 1, 'default', '', 0.0000, 0.0000, 480.000000, 480.000000, 0, 0.0000, '18.jpg', 0, 0, 3, 0.00, 0, 0, 0, 0.0000, 0, 0, 0, 1, 1, 'Cheese sticks', 'cheese-sticks', '170/35/5г', '', '', '', '', 'Cырные палочки', 'cyrnye-palochki', '170/35/5г', '', '', '', '', '奶酪棒', 'nai-lao-bang', '170/35/5克', '', '', '', ''),
(18, 0, '', '', 0.00, 0, '', '2023-12-22 01:07:16', '2023-12-22 14:27:08', 1, 0, 1, 'default', '', 0.0000, 0.0000, 490.000000, 490.000000, 0, 0.0000, '17.jpg', 0, 0, 3, 0.00, 0, 0, 0, 0.0000, 0, 0, 0, 1, 1, 'Atlantic herring with new potatoes', 'atlantic-herring-with-new-potatoes', '100/120/25g', '', '', '', '', 'Атлантическая сельдь с молодым картофелем', 'atlanticheskaya-seld-s-molodym-kartofelem', '100/120/25г', '', '', '', '', '大西洋鲱鱼配新土豆', 'da-xi-yang-fei-yu-pei-xin-tu-dou', '100/120/25克', '', '', '', ''),
(19, 0, '', '', 0.00, 0, '', '2023-12-22 01:09:03', '2023-12-22 14:27:08', 1, 0, 1, 'default', '', 0.0000, 0.0000, 830.000000, 830.000000, 0, 0.0000, '16.jpg', 0, 0, 3, 0.00, 0, 0, 0, 0.0000, 0, 0, 0, 1, 1, 'Prawns boiled', 'prawns-boiled', '300/50/11g', '', '', '', '', 'Креветки отварные', 'krevetki-otvarnye', '300/50/11г', '', '', '', '', '虾煮', 'xia-zhu', '300/50/11克', '', '', '', ''),
(20, 0, '', '', 0.00, 0, '', '2023-12-22 01:11:22', '2023-12-22 14:27:08', 1, 0, 1, 'default', '', 0.0000, 0.0000, 620.000000, 620.000000, 0, 0.0000, '19.jpg', 0, 0, 3, 0.00, 0, 0, 0, 0.0000, 0, 0, 0, 1, 1, 'Mussels baked', 'mussels-baked', '200g', '', '', '', '', 'Мидии запечённые', 'midii-zapechjonnye', '200г', '', '', '', '', '烤贻贝', 'kao-yi-bei', '200克', '', '', '', ''),
(21, 0, '', '', 0.00, 0, '', '2023-12-22 01:13:17', '2023-12-22 14:31:47', 1, 0, 1, 'default', '', 0.0000, 0.0000, 690.000000, 690.000000, 0, 0.0000, '21.jpg', 0, 0, 3, 0.00, 0, 0, 0, 0.0000, 0, 1, 0, 7, 1, 'Kachukko soup', 'kachukko-soup', '340/35г', '', '', '', '', 'Cуп качукко', 'cup-kachukko', '340/35г', '', '', '', '', '卡楚克汤', 'ka-chu-ke-tang', '340/35克', '', '', '', ''),
(22, 0, '', '', 0.00, 0, '', '2023-12-22 01:14:54', '2023-12-22 14:27:08', 1, 0, 1, 'default', '', 0.0000, 0.0000, 490.000000, 490.000000, 0, 0.0000, '20.jpg', 0, 0, 3, 0.00, 0, 0, 0, 0.0000, 0, 0, 0, 7, 1, 'Borscht Zames', 'borscht-zames', '350/65/30g', '', '', '', '', 'Борщ Zames', 'borshch-zames', '350/65/30г', '', '', '', '', '罗宋汤扎姆斯', 'luo-song-tang-zha-mu-si', '350/65/30克', '', '', '', ''),
(23, 0, '', '', 0.00, 0, '', '2023-12-22 01:16:14', '2023-12-22 14:27:08', 1, 0, 1, 'default', '', 0.0000, 0.0000, 690.000000, 690.000000, 0, 0.0000, '24.jpg', 0, 0, 3, 0.00, 0, 0, 0, 0.0000, 0, 0, 0, 7, 1, 'Finnish soup', 'finnish-soup', '350g', '', '', '', '', 'Уха финская', 'ukha-finskaya', '350г', '', '', '', '', '芬兰汤', 'fen-lan-tang', '350克', '', '', '', ''),
(24, 0, '', '', 0.00, 0, '', '2023-12-22 01:17:33', '2023-12-22 14:27:08', 1, 0, 1, 'default', '', 0.0000, 0.0000, 690.000000, 690.000000, 0, 0.0000, '22.jpg', 0, 0, 3, 0.00, 0, 0, 0, 0.0000, 0, 0, 0, 7, 1, 'Tomyum', 'tomyum', '350/100g', '', '', '', '', 'Том-ям Zames', 'tom-yam-zames', '350/100г', '', '', '', '', '东炎', 'dong-yan', '350/100克', '', '', '', ''),
(25, 0, '', '', 0.00, 0, '', '2023-12-22 01:19:52', '2023-12-22 14:27:08', 1, 0, 1, 'default', '', 0.0000, 0.0000, 520.000000, 520.000000, 0, 0.0000, '23.jpg', 0, 0, 3, 0.00, 0, 0, 0, 0.0000, 0, 0, 0, 7, 1, 'Branded soup with smoked rib', 'branded-soup-with-smoked-rib', '400/65g', '', '', '', '', 'Фирменный суп с копчёным ребром', 'firmennyj-sup-s-kopchjonym-rebrom', '400/65г', '', '', '', '', '品牌熏排骨汤', 'pin-pai-xun-pai-gu-tang', '400/65克', '', '', '', ''),
(26, 0, '', '', 0.00, 0, '', '2023-12-22 01:32:21', '2023-12-22 14:31:47', 1, 0, 1, 'default', '', 0.0000, 0.0000, 650.000000, 650.000000, 0, 0.0000, '25.jpg', 0, 0, 3, 0.00, 0, 0, 0, 0.0000, 0, 1, 0, 2, 1, 'Georgian eggplant salad', 'georgian-eggplant-salad', '280g', '', '', '', '', 'Cалат с баклажанами по-грузински', 'calat-s-baklazhanami-po-gruzinski', '280г', '', '', '', '', '格鲁吉亚茄子沙拉', 'ge-lu-ji-ya-jia-zi-sha-la', '280克', '', '', '', ''),
(27, 0, '', '', 0.00, 0, '', '2023-12-22 01:34:13', '2023-12-22 14:27:08', 1, 0, 1, 'default', '', 0.0000, 0.0000, 690.000000, 690.000000, 0, 0.0000, '26.jpg', 0, 0, 3, 0.00, 0, 0, 0, 0.0000, 0, 0, 0, 2, 1, 'Warm salad with seafood', 'warm-salad-with-seafood', '200g', '', '', '', '', 'Тёплый салат с морепродуктами', 'tjoplyj-salat-s-moreproduktami', '200г', '', '', '', '', '温暖的海鲜沙拉', 'wen-nuan-de-hai-xian-sha-la', '200克', '', '', '', ''),
(28, 0, '', '', 0.00, 0, '', '2023-12-22 01:35:32', '2023-12-22 14:27:08', 1, 0, 1, 'default', '', 0.0000, 0.0000, 670.000000, 670.000000, 0, 0.0000, '28.jpg', 0, 0, 3, 0.00, 0, 0, 0, 0.0000, 0, 0, 0, 2, 1, 'Salad with salmon', 'salad-with-salmon', '200g', '', '', '', '', 'Cалат с лососем', 'calat-s-lososem', '200г', '', '', '', '', '三文鱼沙拉', 'san-wen-yu-sha-la', '200克', '', '', '', ''),
(29, 0, '', '', 0.00, 0, '', '2023-12-22 01:37:27', '2023-12-22 14:27:08', 1, 0, 1, 'default', '', 0.0000, 0.0000, 560.000000, 560.000000, 0, 0.0000, '27.jpg', 0, 0, 3, 0.00, 0, 0, 0, 0.0000, 0, 0, 0, 2, 1, 'Sweet tomato salad with tarragon and fried Adyghe cheese', 'sweet-tomato-salad-with-tarragon-and-fried-adyghe-cheese', '250g', '', '', '', '', 'Cалат из сладких помидоров с тархуном и жареным адыгейским сыром', 'calat-iz-sladkikh-pomidorov-s-tarkhunom-i-zharenym-adygejskim-syrom', '250г', '', '', '', '', '甜番茄沙拉配龙蒿和炸阿迪格奶酪', 'tian-fan-jia-sha-la-pei-long-hao-he-zha-a-di-ge-nai-lao', '250克', '', '', '', ''),
(30, 0, '', '', 0.00, 0, '', '2023-12-22 01:39:14', '2023-12-22 14:27:08', 1, 0, 1, 'default', '', 0.0000, 0.0000, 680.000000, 680.000000, 0, 0.0000, '29.jpg', 0, 0, 3, 0.00, 0, 0, 0, 0.0000, 0, 0, 0, 2, 1, 'Salad with roast beef', 'salad-with-roast-beef', '225g', '', '', '', '', 'Cалат с ростбифом', 'calat-s-rostbifom', '225г', '', '', '', '', '烤牛肉沙拉', 'kao-niu-rou-sha-la', '225克', '', '', '', ''),
(31, 0, '', '', 0.00, 0, '', '2023-12-22 01:40:35', '2023-12-22 14:27:08', 1, 0, 1, 'default', '', 0.0000, 0.0000, 490.000000, 490.000000, 0, 0.0000, '30.jpg', 0, 0, 3, 0.00, 0, 0, 0, 0.0000, 0, 0, 0, 2, 1, 'Olivier with sausage', 'olivier-with-sausage', '280/55g', '', '', '', '', 'Оливье с колбасой', 'olive-s-kolbasoj', '280/55г', '', '', '', '', '奥利维尔与香肠', 'ao-li-wei-er-yu-xiang-chang', '280/55克', '', '', '', ''),
(32, 0, '', '', 0.00, 0, '', '2023-12-22 01:42:29', '2023-12-22 14:27:08', 1, 0, 1, 'default', '', 0.0000, 0.0000, 560.000000, 560.000000, 0, 0.0000, '31.jpg', 0, 0, 3, 0.00, 0, 0, 0, 0.0000, 0, 0, 0, 2, 1, 'Salad with tomatoes and crispy eggplant', 'salad-with-tomatoes-and-crispy-eggplant', '215g', '', '', '', '', 'Cалат с томатами и хрустящим баклажаном', 'calat-s-tomatami-i-khrustyashchim-baklazhanom', '215г', '', '', '', '', '西红柿和脆茄子沙拉', 'xi-hong-shi-he-cui-jia-zi-sha-la', '215克', '', '', '', ''),
(33, 0, '', '', 0.00, 0, '', '2023-12-22 01:45:17', '2023-12-22 14:27:08', 1, 0, 1, 'default', '', 0.0000, 0.0000, 510.000000, 510.000000, 0, 0.0000, '34.jpg', 0, 0, 3, 0.00, 0, 0, 0, 0.0000, 0, 0, 0, 2, 1, 'Greek salad', 'greek-salad', '220g', '', '', '', '', 'Cалат греческий', 'calat-grecheskij', '220г', '', '', '', '', '希腊式沙拉', 'xi-la-shi-sha-la', '220克', '', '', '', ''),
(34, 0, '', '', 0.00, 0, '', '2023-12-22 01:46:37', '2023-12-22 14:27:08', 1, 0, 1, 'default', '', 0.0000, 0.0000, 540.000000, 540.000000, 0, 0.0000, '32.jpg', 0, 0, 3, 0.00, 0, 0, 0, 0.0000, 0, 0, 0, 2, 1, 'Caesar with chicken', 'caesar-with-chicken', '120/80g', '', '', '', '', 'Цезарь с цыпленком', 'tsezar-s-tsyplenkom', '120/80г', '', '', '', '', '凯撒与鸡肉', 'kai-sa-yu-ji-rou', '120/80克', '', '', '', ''),
(35, 0, '', '', 0.00, 0, '', '2023-12-22 01:47:51', '2023-12-22 14:27:08', 1, 0, 1, 'default', '', 0.0000, 0.0000, 560.000000, 560.000000, 0, 0.0000, '33.jpg', 0, 0, 3, 0.00, 0, 0, 0, 0.0000, 0, 0, 0, 2, 1, 'Salad with eggplant, tomatoes and cremette cheese', 'salad-with-eggplant-tomatoes-and-cremette-cheese', '210g', '', '', '', '', 'салат с баклажанами, помидорами и сыром креметте', 'salat-s-baklazhanami-pomidorami-i-syrom-kremette', '210г', '', '', '', '', '茄子、西红柿和奶油奶酪沙拉', 'jia-zi-xi-hong-shi-he-nai-you-nai-lao-sha-la', '210克', '', '', '', ''),
(36, 0, '', '', 0.00, 0, '', '2023-12-22 01:49:43', '2023-12-22 14:27:08', 1, 0, 1, 'default', '', 0.0000, 0.0000, 780.000000, 780.000000, 0, 0.0000, '35-1.jpg', 0, 0, 3, 0.00, 0, 0, 0, 0.0000, 0, 0, 0, 3, 1, 'Frying pan with beef, potatoes and vegetables', 'frying-pan-with-beef-potatoes-and-vegetables', '400g', '', '', '', '', 'Cковорода с говядиной, картофелем и овощами', 'ckovoroda-s-govyadinoj-kartofelem-i-ovoshchami', '400г', '', '', '', '', '煎锅用牛肉、土豆和蔬菜', 'jian-guo-yong-niu-rou-tu-dou-he-shu-cai', '400克', '', '', '', ''),
(37, 0, '', '', 0.00, 0, '', '2023-12-22 01:51:34', '2023-12-22 14:27:08', 1, 0, 1, 'default', '', 0.0000, 0.0000, 760.000000, 760.000000, 0, 0.0000, '35-2.jpg', 0, 0, 3, 0.00, 0, 0, 0, 0.0000, 0, 0, 0, 3, 1, 'Frying pan with chicken and vegetables', 'frying-pan-with-chicken-and-vegetables', '400/40g', '', '', '', '', 'Cковорода с курицей и овощами в сливочном соусе', 'ckovoroda-s-kuritsej-i-ovoshchami-v-slivochnom-souse', '400/40г', '', '', '', '', '煎锅配鸡肉和蔬菜', 'jian-guo-pei-ji-rou-he-shu-cai', '400/40克', '', '', '', ''),
(38, 0, '', '', 0.00, 0, '', '2023-12-22 01:52:52', '2023-12-22 14:27:08', 1, 0, 1, 'default', '', 0.0000, 0.0000, 840.000000, 840.000000, 0, 0.0000, '37.jpg', 0, 0, 3, 0.00, 0, 0, 0, 0.0000, 0, 0, 0, 3, 1, 'Chopped steak with cheese', 'chopped-steak-with-cheese', '210/30/20g', '', '', '', '', 'Рубленый бифштекс с сыром', 'rublenyj-bifshteks-s-syrom', '210/30/20г', '', '', '', '', '切碎的牛排配奶酪', 'qie-sui-de-niu-pai-pei-nai-lao', '210/30/20克', '', '', '', ''),
(39, 0, '', '', 0.00, 0, '', '2023-12-22 01:54:34', '2023-12-22 14:27:08', 1, 0, 1, 'default', '', 0.0000, 0.0000, 760.000000, 760.000000, 0, 0.0000, '38.jpg', 0, 0, 3, 0.00, 0, 0, 0, 0.0000, 0, 0, 0, 3, 1, 'Beef cheeks with orzo', 'beef-cheeks-with-orzo', '150/100/50g', '', '', '', '', 'Говяжьи щёчки с орзо', 'govyazhi-shchjochki-s-orzo', '150/100/50г', '', '', '', '', '牛脸颊配米粒', 'niu-lian-jia-pei-mi-li', '150/100/50克', '', '', '', ''),
(40, 0, '', '', 0.00, 0, '', '2023-12-22 01:57:18', '2023-12-22 14:27:08', 1, 0, 1, 'default', '', 0.0000, 0.0000, 790.000000, 790.000000, 0, 0.0000, '36.jpg', 0, 0, 3, 0.00, 0, 0, 0, 0.0000, 0, 0, 0, 3, 1, 'Chicken on coals with baked potatoes', 'chicken-on-coals-with-baked-potatoes', '1шт/40/40/15/60g', '', '', '', '', 'Цыплёнок на углях с запечённым картофелем', 'tsypljonok-na-uglyakh-s-zapechjonnym-kartofelem', '1шт/40/40/15/60г', '', '', '', '', '煤鸡配烤土豆', 'mei-ji-pei-kao-tu-dou', '1个/40/40/15/60克', '', '', '', ''),
(41, 0, '', '', 0.00, 0, '', '2023-12-22 01:59:26', '2023-12-22 14:27:08', 1, 0, 1, 'default', '', 0.0000, 0.0000, 810.000000, 810.000000, 0, 0.0000, '41.jpg', 0, 0, 3, 0.00, 0, 0, 0, 0.0000, 0, 0, 0, 3, 1, 'Pork Smoked Ribs BBQ', 'pork-smoked-ribs-bbq', '300/57g', '', '', '', '', 'Свиные копчёные рёбра bbq', 'svinye-kopchjonye-rjobra-bbq', '300/57г', '', '', '', '', '熏排骨烧烤', 'xun-pai-gu-shao-kao', '300/57克', '', '', '', ''),
(42, 0, '', '', 0.00, 0, '', '2023-12-22 02:00:31', '2023-12-22 14:31:47', 1, 0, 1, 'default', '', 0.0000, 0.0000, 990.000000, 990.000000, 0, 0.0000, '39.jpg', 0, 0, 3, 0.00, 0, 0, 0, 0.0000, 0, 1, 0, 3, 1, 'Veal with Gorgonzola', 'veal-with-gorgonzola', '150/100g', '', '', '', '', 'Телятина с горгонзолой', 'telyatina-s-gorgonzoloj', '150/100г', '', '', '', '', '戈贡佐拉小牛肉', 'ge-gong-zuo-la-xiao-niu-rou', '150/100克', '', '', '', ''),
(43, 0, '', '', 0.00, 0, '', '2023-12-22 02:02:09', '2023-12-22 14:27:08', 1, 0, 1, 'default', '', 0.0000, 0.0000, 790.000000, 790.000000, 0, 0.0000, '40.jpg', 0, 0, 3, 0.00, 0, 0, 0, 0.0000, 0, 0, 0, 3, 1, 'Stewed beef tenderloin with vegetables and ebara sauce', 'stewed-beef-tenderloin-with-vegetables-and-ebara-sauce', '80/90/30g', '', '', '', '', 'ТОМЛЁННАЯ ГОВЯЖЬЯ ВЫРЕЗКА С ОВОЩАМИ И СОУСОМ ЭБАРА', 'tomljonnaya-govyazhya-vyrezka-s-ovoshchami-i-sousom-ebara', '80/90/30г', '', '', '', '', '蔬菜荏原酱炖牛里脊肉', 'shu-cai-ren-yuan-jiang-dun-niu-li-ji-rou', '80/90/30克', '', '', '', ''),
(44, 0, '', '', 0.00, 0, '', '2023-12-22 02:04:40', '2023-12-22 14:31:47', 1, 0, 1, 'default', '', 0.0000, 0.0000, 580.000000, 580.000000, 0, 0.0000, '42.jpg', 0, 0, 3, 0.00, 0, 0, 0, 0.0000, 0, 1, 0, 3, 1, 'Chicken schnitzel', 'chicken-schnitzel', '250/40g', '', '', '', '', 'Шницель куриный', 'shnitsel-kurinyj', '250/40г', '', '', '', '', '炸鸡排', 'zha-ji-pai', '250/40克', '', '', '', ''),
(45, 0, '', '', 0.00, 0, '', '2023-12-22 02:05:04', '2023-12-22 14:31:47', 1, 0, 1, 'default', '', 0.0000, 0.0000, 730.000000, 730.000000, 0, 0.0000, '43.jpg', 0, 0, 3, 0.00, 0, 0, 0, 0.0000, 0, 1, 0, 3, 1, 'Beef cheeks on a bed of eggplant', 'beef-cheeks-on-a-bed-of-eggplant', '350g', '', '', '', '', 'Говяжьи щеки на подушке из баклажан', 'govyazhi-shcheki-na-podushke-iz-baklazhan', '350г', '', '', '', '', '茄子床上的牛脸颊', 'jia-zi-chuang-shang-de-niu-lian-jia', '350克', '', '', '', ''),
(46, 0, '', '', 0.00, 0, '', '2023-12-22 07:10:12', '2023-12-22 14:27:08', 1, 0, 1, 'default', '', 0.0000, 0.0000, 830.000000, 830.000000, 0, 0.0000, '44.jpg', 0, 0, 3, 0.00, 0, 0, 0, 0.0000, 0, 0, 0, 3, 1, 'Tagliata Machete', 'tagliata-machete', '100/90/40/2g', '', '', '', '', 'Мачете Тальята', 'machete-talyata', '100/90/40/2г ', '', '', '', '', '塔利亚塔弯刀', 'ta-li-ya-ta-wan-dao', '100/90/40/2克', '', '', '', ''),
(47, 0, '', '', 0.00, 0, '', '2023-12-22 07:12:01', '2023-12-22 14:27:08', 1, 0, 1, 'default', '', 0.0000, 0.0000, 770.000000, 770.000000, 0, 0.0000, '46.jpg', 0, 0, 3, 0.00, 0, 0, 0, 0.0000, 0, 0, 0, 3, 1, 'Smokehouse steak brisket with potatoes and sauces', 'smokehouse-steak-brisket-with-potatoes-and-sauces', '140/60/60/55g', '', '', '', '', 'Cтейк Брискет из коптильни с молодым картофелем и соусами', 'ctejk-brisket-iz-koptilni-s-molodym-kartofelem-i-sousami', '140/60/60/55г', '', '', '', '', '烟熏牛排胸肉配土豆和酱汁', 'yan-xun-niu-pai-xiong-rou-pei-tu-dou-he-jiang-zhi', '140/60/60/55克', '', '', '', ''),
(48, 0, '', '', 0.00, 0, '', '2023-12-22 07:14:42', '2023-12-22 14:27:08', 1, 0, 1, 'default', '', 0.0000, 0.0000, 590.000000, 590.000000, 0, 0.0000, '47.jpg', 0, 0, 3, 0.00, 0, 0, 0, 0.0000, 0, 0, 0, 3, 1, 'Chicken kebab', 'chicken-kebab', '200/30/25g/1pc', '', '', '', '', 'Шашлык из курицы', 'shashlyk-iz-kuritsy', '200/30/25г/1шт', '', '', '', '', '鸡肉串', 'ji-rou-chuan', '200/30/25克/1个', '', '', '', ''),
(49, 0, '', '', 0.00, 0, '', '2023-12-22 07:16:20', '2023-12-22 14:27:08', 1, 0, 1, 'default', '', 0.0000, 0.0000, 630.000000, 630.000000, 0, 0.0000, '471.jpg', 0, 0, 3, 0.00, 0, 0, 0, 0.0000, 0, 0, 0, 3, 1, 'Pork kebab', 'pork-kebab', '200/30/25g/1pc', '', '', '', '', 'Шашлык из свинины', 'shashlyk-iz-svininy', '200/30/25г/1шт', '', '', '', '', '猪肉串', 'zhu-rou-chuan', '200/30/25克/1个', '', '', '', ''),
(50, 0, '', '', 0.00, 0, '', '2023-12-22 07:20:24', '2023-12-22 14:27:08', 1, 0, 1, 'default', '', 0.0000, 0.0000, 1990.000000, 1990.000000, 0, 0.0000, '48.jpg', 0, 0, 3, 0.00, 0, 0, 0, 0.0000, 0, 0, 0, 13, 1, 'Prime BBQ Beef Rib from our smokehouse', 'prime-bbq-beef-rib-from-our-smokehouse', '350/59g', '', '', '', '', 'говяжье ребро Прайм BBQ из нашей коптильни', 'govyazhe-rebro-prajm-bbq-iz-nashej-koptilni', '350/59г ', '', '', '', '', '我们熏制室的优质烧烤牛肋骨', 'wo-men-xun-zhi-shi-de-you-zhi-shao-kao-niu-le-gu', '350/59克', '', '', '', ''),
(51, 0, '', '', 0.00, 0, '', '2023-12-22 07:22:20', '2023-12-22 14:27:08', 1, 0, 1, 'default', '', 0.0000, 0.0000, 2190.000000, 2190.000000, 0, 0.0000, '50.jpg', 0, 0, 3, 0.00, 0, 0, 0, 0.0000, 0, 0, 0, 13, 1, 'Striploin Prime Steak', 'striploin-prime-steak', '230/40/15g', '', '', '', '', 'Cтейк Cтриплойн Прайм', 'ctejk-ctriplojn-prajm', '230/40/15г', '', '', '', '', '西冷牛排', 'xi-leng-niu-pai', '230/40/15克', '', '', '', ''),
(52, 0, '', '', 0.00, 0, '', '2023-12-22 07:24:20', '2023-12-22 14:27:08', 1, 0, 1, 'default', '', 0.0000, 0.0000, 1240.000000, 1240.000000, 0, 0.0000, '52.jpg', 0, 0, 3, 0.00, 0, 0, 0, 0.0000, 0, 0, 0, 13, 1, 'Steak Machete', 'steak-machete', '195/40/15g', '', '', '', '', 'Стейк Мачете', 'stejk-machete', '195/40/15г', '', '', '', '', '牛排砍刀', 'niu-pai-kan-dao', '195/40/15克', '', '', '', ''),
(53, 0, '', '', 0.00, 0, '', '2023-12-22 07:51:51', '2023-12-22 14:27:08', 1, 0, 1, 'default', '', 0.0000, 0.0000, 1340.000000, 1340.000000, 0, 0.0000, '51.jpg', 0, 0, 3, 0.00, 0, 0, 0, 0.0000, 0, 0, 0, 13, 1, 'Filet mignon on fire', 'filet-mignon-on-fire', '180/50/15g', '', '', '', '', 'Филе Миньон на огне', 'file-minon-na-ogne', '180/50/15г', '', '', '', '', '菲力牛排着火', 'fei-li-niu-pai-zhe-huo', '180/50/15克', '', '', '', ''),
(54, 0, '', '', 0.00, 0, '', '2023-12-22 09:00:53', '2023-12-22 14:27:08', 1, 0, 1, 'default', '', 0.0000, 0.0000, 190.000000, 190.000000, 0, 0.0000, '101.jpg', 0, 0, 3, 0.00, 0, 0, 0, 0.0000, 0, 0, 0, 8, 1, 'Mashed potatoes', 'mashed-potatoes', '180/2g', '', '', '', '', 'Картофельное пюре', 'kartofelnoe-pyure', '180/2г\r\n', '', '', '', '', '土豆泥', 'tu-dou-ni', '180/2克', '', '', '', ''),
(55, 0, '', '', 0.00, 0, '', '2023-12-22 09:01:56', '2023-12-22 14:27:08', 1, 0, 1, 'default', '', 0.0000, 0.0000, 210.000000, 210.000000, 0, 0.0000, '102.jpg', 0, 0, 3, 0.00, 0, 0, 0, 0.0000, 0, 0, 0, 8, 1, 'Fried new potatoes', 'fried-new-potatoes', '160g', '', '', '', '', 'Жареный молодой картофель', 'zharenyj-molodoj-kartofel', '160г', '', '', '', '', '炸新土豆', 'zha-xin-tu-dou', '160克', '', '', '', ''),
(56, 0, '', '', 0.00, 0, '', '2023-12-22 09:03:24', '2023-12-22 14:27:08', 1, 0, 1, 'default', '', 0.0000, 0.0000, 260.000000, 260.000000, 0, 0.0000, '103.jpg', 0, 0, 3, 0.00, 0, 0, 0, 0.0000, 0, 0, 0, 8, 1, 'French Fries', 'french-fries', '180/30g', '', '', '', '', 'Картофельные дольки', 'kartofelnye-dolki', '180/30г', '', '', '', '', '炸薯条', 'zha-shu-tiao', '180/30克', '', '', '', ''),
(57, 0, '', '', 0.00, 0, '', '2023-12-22 09:04:49', '2023-12-22 14:27:08', 1, 0, 1, 'default', '', 0.0000, 0.0000, 180.000000, 180.000000, 0, 0.0000, '141.jpg', 0, 0, 3, 0.00, 0, 0, 0, 0.0000, 0, 0, 0, 8, 1, 'French fries', 'french-fries-2', '180g', '', '', '', '', 'Картофель Фри', 'kartofel-fri-2', '180г', '', '', '', '', '炸薯条', 'zha-shu-tiao-2', '180克', '', '', '', ''),
(58, 0, '', '', 0.00, 0, '', '2023-12-22 09:06:25', '2023-12-22 14:27:08', 1, 0, 1, 'default', '', 0.0000, 0.0000, 390.000000, 390.000000, 0, 0.0000, '104.jpg', 0, 0, 3, 0.00, 0, 0, 0, 0.0000, 0, 0, 0, 8, 1, 'Grilled vegetables', 'grilled-vegetables', '250g', '', '', '', '', 'Овощи гриль', 'ovoshchi-gril', '250г', '', '', '', '', '烤蔬菜', 'kao-shu-cai', '250克', '', '', '', ''),
(59, 0, '', '', 0.00, 0, '', '2023-12-22 09:08:43', '2023-12-22 14:27:08', 1, 0, 1, 'default', '', 0.0000, 0.0000, 60.000000, 60.000000, 0, 0.0000, '201.jpg', 0, 0, 3, 0.00, 0, 0, 0, 0.0000, 0, 0, 0, 10, 1, 'Horseradish', 'horseradish', '40g', '', '', '', '', 'Хрен столовый', 'khren-stolovyj', '40г', '', '', '', '', '辣根', 'la-gen', '40克', '', '', '', ''),
(60, 0, '', '', 0.00, 0, '', '2023-12-22 09:10:27', '2023-12-22 14:27:08', 1, 0, 1, 'default', '', 0.0000, 0.0000, 60.000000, 60.000000, 0, 0.0000, '202.jpg', 0, 0, 3, 0.00, 0, 0, 0, 0.0000, 0, 0, 0, 10, 1, 'Sour cream', 'sour-cream', '40g', '', '', '', '', 'Сметана', 'smetana', '40г', '', '', '', '', '酸奶油', 'suan-nai-you', '40克', '', '', '', ''),
(61, 0, '', '', 0.00, 0, '', '2023-12-22 09:11:46', '2023-12-22 14:27:08', 1, 0, 1, 'default', '', 0.0000, 0.0000, 60.000000, 60.000000, 0, 0.0000, '203.jpg', 0, 0, 3, 0.00, 0, 0, 0, 0.0000, 0, 0, 0, 10, 1, 'Mayonnaise', 'mayonnaise', '40g', '', '', '', '', 'Майонез', 'majonez', '40г', '', '', '', '', '蛋黄酱', 'dan-huang-jiang', '40克', '', '', '', ''),
(62, 0, '', '', 0.00, 0, '', '2023-12-22 09:13:20', '2023-12-22 14:27:08', 1, 0, 1, 'default', '', 0.0000, 0.0000, 60.000000, 60.000000, 0, 0.0000, '204.jpg', 0, 0, 3, 0.00, 0, 0, 0, 0.0000, 0, 0, 0, 10, 1, 'Chili sweet', 'chili-sweet', '40g', '', '', '', '', 'Чили сладкий', 'chili-sladkij', '40г', '', '', '', '', '辣椒甜', 'la-jiao-tian', '40克', '', '', '', ''),
(63, 0, '', '', 0.00, 0, '', '2023-12-22 09:14:52', '2023-12-22 14:27:08', 1, 0, 1, 'default', '', 0.0000, 0.0000, 60.000000, 60.000000, 0, 0.0000, '205.jpg', 0, 0, 3, 0.00, 0, 0, 0, 0.0000, 0, 0, 0, 10, 1, 'Mustard', 'mustard', '40g', '', '', '', '', 'Горчица', 'gorchitsa', '40г', '', '', '', '', '芥末', 'jie-mo', '40克', '', '', '', ''),
(64, 0, '', '', 0.00, 0, '', '2023-12-22 09:16:05', '2023-12-22 14:27:08', 1, 0, 1, 'default', '', 0.0000, 0.0000, 60.000000, 60.000000, 0, 0.0000, '206.jpg', 0, 0, 3, 0.00, 0, 0, 0, 0.0000, 0, 0, 0, 10, 1, 'Sauce for fries', 'sauce-for-fries', '40g', '', '', '', '', 'Соус для фри', 'sous-dlya-fri', '40г', '', '', '', '', '薯条酱', 'shu-tiao-jiang', '40克', '', '', '', ''),
(65, 0, '', '', 0.00, 0, '', '2023-12-22 09:17:08', '2023-12-22 14:27:08', 1, 0, 1, 'default', '', 0.0000, 0.0000, 40.000000, 40.000000, 0, 0.0000, '207.jpg', 0, 0, 3, 0.00, 0, 0, 0, 0.0000, 0, 0, 0, 10, 1, 'Ketchup', 'ketchup', '40g', '', '', '', '', 'Кетчуп', 'ketchup', '40г', '', '', '', '', '番茄酱', 'fan-jia-jiang', '40克', '', '', '', ''),
(66, 0, '', '', 0.00, 0, '', '2023-12-22 09:18:23', '2023-12-22 14:27:08', 1, 0, 1, 'default', '', 0.0000, 0.0000, 90.000000, 90.000000, 0, 0.0000, '208.jpg', 0, 0, 3, 0.00, 0, 0, 0, 0.0000, 0, 0, 0, 10, 1, 'Shriracha', 'shriracha', '40g', '', '', '', '', 'Шрирача', 'shriracha', '40г', '', '', '', '', '是拉差', 'shi-la-cha', '40克', '', '', '', ''),
(67, 0, '', '', 0.00, 0, '', '2023-12-22 09:22:05', '2023-12-22 14:27:08', 1, 0, 1, 'default', '', 0.0000, 0.0000, 90.000000, 90.000000, 0, 0.0000, '209.jpg', 0, 0, 3, 0.00, 0, 0, 0, 0.0000, 0, 0, 0, 10, 1, 'BBQ sauce', 'bbq-sauce', '40g', '', '', '', '', 'Соус BBQ', 'sous-bbq', '40г', '', '', '', '', '烤肉酱', 'kao-rou-jiang', '40克', '', '', '', ''),
(68, 0, '', '', 0.00, 0, '', '2023-12-22 09:23:07', '2023-12-22 14:27:08', 1, 0, 1, 'default', '', 0.0000, 0.0000, 90.000000, 90.000000, 0, 0.0000, '210.jpg', 0, 0, 3, 0.00, 0, 0, 0, 0.0000, 0, 0, 0, 10, 1, 'Salsa', 'salsa', '40g', '', '', '', '', 'Сальса', 'salsa', '40г', '', '', '', '', '萨尔萨舞', 'sa-er-sa-wu', '40克', '', '', '', ''),
(69, 0, '', '', 0.00, 0, '', '2023-12-22 09:24:05', '2023-12-22 14:27:08', 1, 0, 1, 'default', '', 0.0000, 0.0000, 90.000000, 90.000000, 0, 0.0000, '211.jpg', 0, 0, 3, 0.00, 0, 0, 0, 0.0000, 0, 0, 0, 10, 1, 'Tartar', 'tartar', '40g', '', '', '', '', 'Тар-тар', 'tar-tar', '40г', '', '', '', '', '鞑靼', 'da-da', '40克', '', '', '', ''),
(70, 0, '', '', 0.00, 0, '', '2023-12-22 09:24:59', '2023-12-22 14:27:08', 1, 0, 1, 'default', '', 0.0000, 0.0000, 90.000000, 90.000000, 0, 0.0000, '212.jpg', 0, 0, 3, 0.00, 0, 0, 0, 0.0000, 0, 0, 0, 10, 1, 'Blue Cheese', 'blue-cheese', '40g', '', '', '', '', 'Блю Чиз', 'blyu-chiz', '40г', '', '', '', '', '蓝乳酪', 'lan-ru-lao', '40克', '', '', '', ''),
(71, 0, '', '', 0.00, 0, '', '2023-12-22 09:56:02', '2023-12-22 14:27:08', 1, 0, 1, 'default', '', 0.0000, 0.0000, 690.000000, 690.000000, 0, 0.0000, '56.jpg', 0, 0, 3, 0.00, 0, 0, 0, 0.0000, 0, 0, 0, 6, 1, 'Krajina sausages with beef & pork with cheese', 'krajina-sausages-with-beef-pork-with-cheese', '150/30/100g', '', '', '', '', 'Краинские колбасы из говядины и свинины с сыром', 'krainskie-kolbasy-iz-govyadiny-i-svininy-s-syrom', '150/30/100г ', '', '', '', '', '克拉伊纳香肠配牛肉和猪肉配奶酪', 'ke-la-yi-na-xiang-chang-pei-niu-rou-he-zhu-rou-pei-nai-lao', '150/30/100克', '', '', '', ''),
(72, 0, '', '', 0.00, 0, '', '2023-12-22 09:57:31', '2023-12-22 16:55:59', 1, 0, 1, 'default', '', 0.0000, 0.0000, 180.000000, 180.000000, 0, 0.0000, '53.jpg', 0, 0, 3, 0.00, 0, 0, 0, 0.0000, 0, 0, 0, 1, 1, 'Assorted white and rye buns with butter', 'assorted-white-and-rye-buns-with-butter', '125/140g', '', '', '', '', 'Ассорти из белой и ржаной булочексмаслом', 'assorti-iz-beloj-i-rzhanoj-bulocheksmaslom', '125/140г', '', '', '', '', '什锦白面包和黑麦面包加黄油', 'shen-jin-bai-mian-bao-he-hei-mai-mian-bao-jia-huang-you', '125/140克', '', '', '', ''),
(73, 0, '', '', 0.00, 0, '', '2023-12-22 09:59:33', '2023-12-22 14:27:08', 1, 0, 1, 'default', '', 0.0000, 0.0000, 690.000000, 690.000000, 0, 0.0000, '54.jpg', 0, 0, 3, 0.00, 0, 0, 0, 0.0000, 0, 0, 0, 6, 1, 'Sausages Carpathian beef', 'sausages-carpathian-beef', '185/100/30g', '', '', '', '', 'Колбаски карпатские из говядины', 'kolbaski-karpatskie-iz-govyadiny', '185/100/30г', '', '', '', '', '喀尔巴阡牛肉香肠', 'ka-er-ba-qian-niu-rou-xiang-chang', '185/100/30克', '', '', '', ''),
(74, 0, '', '', 0.00, 0, '', '2023-12-22 10:02:30', '2023-12-22 14:27:08', 1, 0, 1, 'default', '', 0.0000, 0.0000, 690.000000, 690.000000, 0, 0.0000, '55.jpg', 0, 0, 3, 0.00, 0, 0, 0, 0.0000, 0, 0, 0, 6, 1, 'Munich turkey sausages with dried tomatoes', 'munich-turkey-sausages-with-dried-tomatoes', '140/30/100g', '', '', '', '', 'Мюнхенские колбасы из индейки с вялеными томатами', 'myunkhenskie-kolbasy-iz-indejki-s-vyalenymi-tomatami', '140/30/100г', '', '', '', '', '慕尼黑火鸡香肠配干番茄', 'mu-ni-hei-huo-ji-xiang-chang-pei-gan-fan-jia', '140/30/100克', '', '', '', ''),
(75, 0, '', '', 0.00, 0, '', '2023-12-22 10:04:04', '2023-12-22 14:27:08', 1, 0, 1, 'default', '', 0.0000, 0.0000, 690.000000, 690.000000, 0, 0.0000, '57.jpg', 0, 0, 3, 0.00, 0, 0, 0, 0.0000, 0, 0, 0, 6, 1, 'Homemade Lamb Sausages', 'homemade-lamb-sausages', '150/100/30g', '', '', '', '', 'Колбаски домашние из баранины', 'kolbaski-domashnie-iz-baraniny', '150/100/30г ', '', '', '', '', '自制羊肉香肠', 'zi-zhi-yang-rou-xiang-chang', '150/100/30克', '', '', '', ''),
(76, 0, '', '', 0.00, 0, '', '2023-12-22 10:06:05', '2023-12-22 14:27:08', 1, 0, 1, 'default', '', 0.0000, 0.0000, 790.000000, 790.000000, 0, 0.0000, '58.jpg', 0, 0, 3, 0.00, 0, 0, 0, 0.0000, 0, 0, 0, 4, 1, 'Double Cheeseburger', 'double-cheeseburger', '400g', '', '', '', '', 'Двойной фирменный чизбургер', 'dvojnoj-firmennyj-chizburger', '400г', '', '', '', '', '双层芝士汉堡', 'shuang-ceng-zhi-shi-han-bao', '400克', '', '', '', ''),
(77, 0, '', '', 0.00, 0, '', '2023-12-22 10:07:23', '2023-12-22 14:31:47', 1, 0, 1, 'default', '', 0.0000, 0.0000, 640.000000, 640.000000, 0, 0.0000, '60.jpg', 0, 0, 3, 0.00, 0, 0, 0, 0.0000, 0, 1, 0, 4, 1, 'Burger Mexican', 'burger-mexican', '350g', '', '', '', '', 'Бургер мексиканский', 'burger-meksikanskij', '350г', '', '', '', '', '墨西哥汉堡', 'mo-xi-ge-han-bao', '350克', '', '', '', ''),
(78, 0, '', '', 0.00, 0, '', '2023-12-22 10:08:53', '2023-12-22 14:27:08', 1, 0, 1, 'default', '', 0.0000, 0.0000, 590.000000, 590.000000, 0, 0.0000, '61.jpg', 0, 0, 3, 0.00, 0, 0, 0, 0.0000, 0, 0, 0, 4, 1, 'Hamburger', 'hamburger', '260g', '', '', '', '', 'Гамбургер', 'gamburger', '260г', '', '', '', '', '汉堡包', 'han-bao-bao', '260克', '', '', '', ''),
(79, 0, '', '', 0.00, 0, '', '2023-12-22 10:10:13', '2023-12-22 14:27:08', 1, 0, 1, 'default', '', 0.0000, 0.0000, 610.000000, 610.000000, 0, 0.0000, '62.jpg', 0, 0, 3, 0.00, 0, 0, 0, 0.0000, 0, 0, 0, 4, 1, 'Сlassic cheeseburger with beef patty and cheddar', 'slassic-cheeseburger-with-beef-patty-and-cheddar', '350g', '', '', '', '', 'Чизбургер с говяжьей котлетой и сырным соусом чеддер', 'chizburger-s-govyazhej-kotletoj-i-syrnym-sousom-chedder', '350г', '', '', '', '', '经典芝士汉堡配牛肉饼和切达干酪', 'jing-dian-zhi-shi-han-bao-pei-niu-rou-bing-he-qie-da-gan-lao', '350克', '', '', '', ''),
(80, 0, '', '', 0.00, 0, '', '2023-12-22 10:12:27', '2023-12-22 14:27:08', 1, 0, 1, 'default', '', 0.0000, 0.0000, 910.000000, 910.000000, 0, 0.0000, '63.jpg', 0, 0, 3, 0.00, 0, 0, 0, 0.0000, 0, 0, 0, 5, 1, 'Frying pan with salmon, rice and vegetables', 'frying-pan-with-salmon-rice-and-vegetables', '320g', '', '', '', '', 'Cковорода с лососем, рисом и овощами', 'ckovoroda-s-lososem-risom-i-ovoshchami', '320г', '', '', '', '', '煎锅配鲑鱼、米饭和蔬菜', 'jian-guo-pei-gui-yu-mi-fan-he-shu-cai', '320克', '', '', '', ''),
(81, 0, '', '', 0.00, 0, '', '2023-12-22 10:14:42', '2023-12-22 14:31:47', 1, 0, 1, 'default', '', 0.0000, 0.0000, 920.000000, 920.000000, 0, 0.0000, '64.jpg', 0, 0, 3, 0.00, 0, 0, 0, 0.0000, 0, 1, 0, 5, 1, 'Halibut with potatoes', 'halibut-with-potatoes', '125/140g', '', '', '', '', 'Палтус с картофелем', 'paltus-s-kartofelem', '125/140г ', '', '', '', '', '大比目鱼配土豆', 'da-bi-mu-yu-pei-tu-dou', '125/140克', '', '', '', ''),
(82, 0, '', '', 0.00, 0, '', '2023-12-22 10:16:04', '2023-12-22 14:27:08', 1, 0, 1, 'default', '', 0.0000, 0.0000, 920.000000, 920.000000, 0, 0.0000, '65.jpg', 0, 0, 3, 0.00, 0, 0, 0, 0.0000, 0, 0, 0, 5, 1, 'Baked Salmon with unagi sauce', 'baked-salmon-with-unagi-sauce', '120/30g', '', '', '', '', 'Лосось запечённый под соусом унаги', 'losos-zapechjonnyj-pod-sousom-unagi', '120/30г', '', '', '', '', '烤三文鱼配鳗鱼酱', 'kao-san-wen-yu-pei-man-yu-jiang', '120/30克', '', '', '', ''),
(83, 0, '', '', 0.00, 0, '', '2023-12-22 10:21:40', '2023-12-22 14:27:08', 1, 0, 1, 'default', '', 0.0000, 0.0000, 930.000000, 930.000000, 0, 0.0000, '67.jpg', 0, 0, 3, 0.00, 0, 0, 0, 0.0000, 0, 0, 0, 5, 1, 'Dorado with grilled vegetables', 'dorado-with-grilled-vegetables', '1pc/125g', '', '', '', '', 'Дорадо с овощами гриль', 'dorado-s-ovoshchami-gril', '1шт/125г', '', '', '', '', '多拉多配烤蔬菜', 'duo-la-duo-pei-kao-shu-cai', '1个/125克', '', '', '', ''),
(84, 0, '', '', 0.00, 0, '', '2023-12-22 10:22:54', '2023-12-22 14:27:08', 1, 0, 1, 'default', '', 0.0000, 0.0000, 710.000000, 710.000000, 0, 0.0000, '68.jpg', 0, 0, 3, 0.00, 0, 0, 0, 0.0000, 0, 0, 0, 5, 1, 'Commander\'s grilled squid', 'commanders-grilled-squid', '190/40g', '', '', '', '', 'Командорский кальмар гриль', 'komandorskij-kalmar-gril', '190/40г', '', '', '', '', '指挥官的烤鱿鱼', 'zhi-hui-guan-de-kao-you-yu', '190/40克', '', '', '', ''),
(85, 0, '', '', 0.00, 0, '', '2023-12-22 10:24:21', '2023-12-22 14:27:08', 1, 0, 1, 'default', '', 0.0000, 0.0000, 740.000000, 740.000000, 0, 0.0000, '69.jpg', 0, 0, 3, 0.00, 0, 0, 0, 0.0000, 0, 0, 0, 5, 1, 'Pike perch baked on coals with broccoli and cauliflower', 'pike-perch-baked-on-coals-with-broccoli-and-cauliflower', '130/80/30g', '', '', '', '', 'Cудак запечённый на углях с брокколи и цветной капустой', 'cudak-zapechjonnyj-na-uglyakh-s-brokkoli-i-tsvetnoj-kapustoj', '130/80/30г', '', '', '', '', '炭烤派克鲈鱼配西兰花和花椰菜', 'tan-kao-pai-ke-lu-yu-pei-xi-lan-hua-he-hua-ye-cai', '130/80/30克', '', '', '', ''),
(86, 0, '', '', 0.00, 0, '', '2023-12-22 10:26:29', '2023-12-22 14:27:08', 1, 0, 1, 'default', '', 0.0000, 0.0000, 820.000000, 820.000000, 0, 0.0000, '66.jpg', 0, 0, 3, 0.00, 0, 0, 0, 0.0000, 0, 0, 0, 5, 1, 'Mussels', 'mussels', '540/55g', '', '', '', '', 'Мидии в ассортименте', 'midii', '540/55г', '', '', '', '', '青口贝', 'qing-kou-bei', '540/55克', '', '', '', ''),
(87, 0, '', '', 0.00, 0, '', '2023-12-22 10:28:25', '2023-12-22 14:27:08', 1, 0, 1, 'default', '', 0.0000, 0.0000, 510.000000, 510.000000, 0, 0.0000, '70.jpg', 0, 0, 3, 0.00, 0, 0, 0, 0.0000, 0, 0, 0, 11, 1, 'Pistachio tiramisu', 'pistachio-tiramisu', '130/10g', '', '', '', '', 'Фисташковый тирамису', 'fistashkovyj-tiramisu', '130/10г', '', '', '', '', '开心果提拉米苏', 'kai-xin-guo-ti-la-mi-su', '130/10克', '', '', '', ''),
(88, 0, '', '', 0.00, 0, '', '2023-12-22 10:29:38', '2023-12-22 14:27:08', 1, 0, 1, 'default', '', 0.0000, 0.0000, 160.000000, 160.000000, 0, 0.0000, '71.jpg', 0, 0, 3, 0.00, 0, 0, 0, 0.0000, 0, 0, 0, 11, 1, 'Italian ice cream Gelato', 'italian-ice-cream-gelato', '50g', '', '', '', '', 'Итальянское мороженое Джелато', 'italyanskoe-morozhenoe-dzhelato', '50г', '', '', '', '', '意大利冰淇淋冰淇淋', 'yi-da-li-bing-qi-lin-bing-qi-lin', '50克', '', '', '', ''),
(89, 0, '', '', 0.00, 0, '', '2023-12-22 10:31:33', '2023-12-22 14:31:48', 1, 0, 1, 'default', '', 0.0000, 0.0000, 490.000000, 490.000000, 0, 0.0000, '72.jpg', 0, 0, 3, 0.00, 0, 0, 0, 0.0000, 0, 1, 0, 11, 1, 'Chocolate dessert with cherry sauce and sorbet', 'chocolate-dessert-with-cherry-sauce-and-sorbet', '1pc/30/30g', '', '', '', '', 'Шоколадный десерт с вишневым соусом и сорбетом', 'shokoladnyj-desert-s-vishnevym-sousom-i-sorbetom', '1шт/30/30г', '', '', '', '', '巧克力甜点配樱桃酱和冰糕', 'qiao-ke-li-tian-dian-pei-ying-tao-jiang-he-bing-gao', '1个/30/30克', '', '', '', ''),
(90, 0, '', '', 0.00, 0, '', '2023-12-22 10:33:05', '2023-12-22 14:31:48', 1, 0, 1, 'default', '', 0.0000, 0.0000, 490.000000, 490.000000, 0, 0.0000, '73.jpg', 0, 0, 3, 0.00, 0, 0, 0, 0.0000, 0, 1, 0, 11, 1, 'Honey cake', 'honey-cake', '1pc/30g', '', '', '', '', 'Медовик', 'medovik', '1шт/30г', '', '', '', '', '蜂蜜蛋糕', 'feng-mi-dan-gao', '1个/30克', '', '', '', ''),
(91, 0, '', '', 0.00, 0, '', '2023-12-22 10:34:21', '2023-12-22 14:31:48', 1, 0, 1, 'default', '', 0.0000, 0.0000, 510.000000, 510.000000, 0, 0.0000, '75.jpg', 0, 0, 3, 0.00, 0, 0, 0, 0.0000, 0, 1, 0, 11, 1, 'Apple tart', 'apple-tart', '1pc/30g', '', '', '', '', 'Яблочный тарт', 'yablochnyj-tart', '1шт/30г', '', '', '', '', '苹果馅饼', 'ping-guo-xian-bing', '1个/30克', '', '', '', ''),
(92, 0, '', '', 0.00, 0, '', '2023-12-22 10:35:41', '2023-12-22 14:31:48', 1, 0, 1, 'default', '', 0.0000, 0.0000, 440.000000, 440.000000, 0, 0.0000, '74.jpg', 0, 0, 3, 0.00, 0, 0, 0, 0.0000, 0, 1, 0, 11, 1, 'Curd donuts with caramel sauce', 'curd-donuts-with-caramel-sauce', '180/40g', '', '', '', '', 'Творожные пончики с карамельным соусом', 'tvorozhnye-ponchiki-s-karamelnym-sousom', '180/40г', '', '', '', '', '焦糖酱凝乳甜甜圈', 'jiao-tang-jiang-ning-ru-tian-tian-quan', '180/40克', '', '', '', '');

-- --------------------------------------------------------

--
-- Структура таблицы `lsqvo_jshopping_products_attr`
--

CREATE TABLE `lsqvo_jshopping_products_attr` (
  `product_attr_id` int(11) NOT NULL,
  `product_id` int(11) NOT NULL DEFAULT 0,
  `buy_price` decimal(12,2) NOT NULL DEFAULT 0.00,
  `price` decimal(14,4) NOT NULL DEFAULT 0.0000,
  `old_price` decimal(14,4) NOT NULL DEFAULT 0.0000,
  `count` decimal(14,4) NOT NULL DEFAULT 0.0000,
  `ean` varchar(32) NOT NULL DEFAULT '0',
  `manufacturer_code` varchar(32) NOT NULL DEFAULT '0',
  `weight` decimal(12,4) NOT NULL DEFAULT 0.0000,
  `weight_volume_units` decimal(14,4) NOT NULL DEFAULT 0.0000,
  `ext_attribute_product_id` int(11) NOT NULL DEFAULT 0
) ENGINE=InnoDB DEFAULT CHARSET=utf8 COLLATE=utf8_general_ci;

-- --------------------------------------------------------

--
-- Структура таблицы `lsqvo_jshopping_products_attr2`
--

CREATE TABLE `lsqvo_jshopping_products_attr2` (
  `id` int(11) NOT NULL,
  `product_id` int(11) NOT NULL DEFAULT 0,
  `attr_id` int(11) NOT NULL DEFAULT 0,
  `attr_value_id` int(11) NOT NULL DEFAULT 0,
  `price_mod` char(1) NOT NULL DEFAULT '',
  `addprice` decimal(14,4) NOT NULL DEFAULT 0.0000
) ENGINE=InnoDB DEFAULT CHARSET=utf8 COLLATE=utf8_general_ci;

-- --------------------------------------------------------

--
-- Структура таблицы `lsqvo_jshopping_products_extra_fields`
--

CREATE TABLE `lsqvo_jshopping_products_extra_fields` (
  `id` int(11) NOT NULL,
  `allcats` tinyint(1) NOT NULL DEFAULT 0,
  `cats` text NOT NULL,
  `type` tinyint(1) NOT NULL DEFAULT 0,
  `multilist` tinyint(1) NOT NULL DEFAULT 0,
  `group` tinyint(4) NOT NULL DEFAULT 0,
  `ordering` int(6) NOT NULL DEFAULT 0,
  `name_en-GB` varchar(255) NOT NULL,
  `description_en-GB` text NOT NULL,
  `name_ru-RU` varchar(255) NOT NULL,
  `description_ru-RU` text NOT NULL,
  `name_zh-CN` varchar(255) NOT NULL,
  `description_zh-CN` text NOT NULL
) ENGINE=InnoDB DEFAULT CHARSET=utf8 COLLATE=utf8_general_ci;

-- --------------------------------------------------------

--
-- Структура таблицы `lsqvo_jshopping_products_extra_field_groups`
--

CREATE TABLE `lsqvo_jshopping_products_extra_field_groups` (
  `id` int(11) NOT NULL,
  `ordering` int(6) NOT NULL DEFAULT 0,
  `name_en-GB` varchar(255) NOT NULL,
  `name_ru-RU` varchar(255) NOT NULL,
  `name_zh-CN` varchar(255) NOT NULL
) ENGINE=InnoDB DEFAULT CHARSET=utf8 COLLATE=utf8_general_ci;

-- --------------------------------------------------------

--
-- Структура таблицы `lsqvo_jshopping_products_extra_field_values`
--

CREATE TABLE `lsqvo_jshopping_products_extra_field_values` (
  `id` int(11) NOT NULL,
  `field_id` int(11) NOT NULL DEFAULT 0,
  `ordering` int(6) NOT NULL DEFAULT 0,
  `name_en-GB` varchar(255) NOT NULL,
  `name_ru-RU` varchar(255) NOT NULL,
  `name_zh-CN` varchar(255) NOT NULL
) ENGINE=InnoDB DEFAULT CHARSET=utf8 COLLATE=utf8_general_ci;

-- --------------------------------------------------------

--
-- Структура таблицы `lsqvo_jshopping_products_files`
--

CREATE TABLE `lsqvo_jshopping_products_files` (
  `id` int(11) NOT NULL,
  `product_id` int(11) NOT NULL DEFAULT 0,
  `demo` varchar(255) NOT NULL DEFAULT '',
  `demo_descr` varchar(255) NOT NULL DEFAULT '',
  `file` varchar(255) NOT NULL DEFAULT '',
  `file_descr` varchar(255) NOT NULL DEFAULT '',
  `ordering` int(11) NOT NULL DEFAULT 0
) ENGINE=InnoDB DEFAULT CHARSET=utf8 COLLATE=utf8_general_ci;

-- --------------------------------------------------------

--
-- Структура таблицы `lsqvo_jshopping_products_free_attr`
--

CREATE TABLE `lsqvo_jshopping_products_free_attr` (
  `id` int(11) NOT NULL,
  `product_id` int(11) NOT NULL DEFAULT 0,
  `attr_id` int(11) NOT NULL DEFAULT 0
) ENGINE=InnoDB DEFAULT CHARSET=utf8 COLLATE=utf8_general_ci;

-- --------------------------------------------------------

--
-- Структура таблицы `lsqvo_jshopping_products_images`
--

CREATE TABLE `lsqvo_jshopping_products_images` (
  `image_id` int(11) NOT NULL,
  `product_id` int(11) NOT NULL DEFAULT 0,
  `image_name` varchar(255) NOT NULL DEFAULT '',
  `name` varchar(255) NOT NULL DEFAULT '',
  `title` varchar(255) NOT NULL DEFAULT '',
  `ordering` tinyint(4) NOT NULL DEFAULT 0
) ENGINE=InnoDB DEFAULT CHARSET=utf8 COLLATE=utf8_general_ci;

--
-- Дамп данных таблицы `lsqvo_jshopping_products_images`
--

INSERT INTO `lsqvo_jshopping_products_images` (`image_id`, `product_id`, `image_name`, `name`, `title`, `ordering`) VALUES
(5, 5, '5.jpg', '', '', 1),
(15, 1, '1.jpg', '', '', 1),
(17, 2, '4.jpg', '', '', 1),
(18, 3, '3.jpg', '', '', 1),
(19, 4, '5.jpg', '', '', 1),
(20, 6, '7.jpg', '', '', 1),
(21, 7, '2.jpg', '', '', 1),
(22, 8, '6.jpg', '', '', 1),
(23, 9, '10.jpg', '', '', 1),
(24, 10, '9.jpg', '', '', 1),
(25, 11, '8.jpg', '', '', 1),
(26, 12, '12.jpg', '', '', 1),
(27, 13, '11.jpg', '', '', 1),
(28, 14, '13.jpg', '', '', 1),
(29, 15, '14.jpg', '', '', 1),
(30, 16, '15.jpg', '', '', 1),
(31, 17, '18.jpg', '', '', 1),
(32, 18, '17.jpg', '', '', 1),
(33, 19, '16.jpg', '', '', 1),
(34, 20, '19.jpg', '', '', 1),
(35, 21, '21.jpg', '', '', 1),
(36, 22, '20.jpg', '', '', 1),
(37, 23, '24.jpg', '', '', 1),
(38, 24, '22.jpg', '', '', 1),
(39, 25, '23.jpg', '', '', 1),
(40, 26, '25.jpg', '', '', 1),
(41, 27, '26.jpg', '', '', 1),
(42, 28, '28.jpg', '', '', 1),
(43, 29, '27.jpg', '', '', 1),
(44, 30, '29.jpg', '', '', 1),
(45, 31, '30.jpg', '', '', 1),
(46, 32, '31.jpg', '', '', 1),
(47, 33, '34.jpg', '', '', 1),
(48, 34, '32.jpg', '', '', 1),
(49, 35, '33.jpg', '', '', 1),
(50, 36, '35-1.jpg', '', '', 1),
(51, 37, '35-2.jpg', '', '', 1),
(52, 38, '37.jpg', '', '', 1),
(53, 39, '38.jpg', '', '', 1),
(54, 40, '36.jpg', '', '', 1),
(55, 41, '41.jpg', '', '', 1),
(56, 42, '39.jpg', '', '', 1),
(57, 43, '40.jpg', '', '', 1),
(58, 44, '42.jpg', '', '', 1),
(59, 45, '43.jpg', '', '', 1),
(60, 46, '44.jpg', '', '', 1),
(61, 47, '46.jpg', '', '', 1),
(62, 48, '47.jpg', '', '', 1),
(63, 49, '471.jpg', '', '', 1),
(64, 50, '48.jpg', '', '', 1),
(65, 51, '50.jpg', '', '', 1),
(66, 52, '52.jpg', '', '', 1),
(67, 53, '51.jpg', '', '', 1),
(68, 54, '101.jpg', '', '', 1),
(69, 55, '102.jpg', '', '', 1),
(70, 56, '103.jpg', '', '', 1),
(71, 57, '141.jpg', '', '', 1),
(72, 58, '104.jpg', '', '', 1),
(73, 59, '201.jpg', '', '', 1),
(74, 60, '202.jpg', '', '', 1),
(75, 61, '203.jpg', '', '', 1),
(76, 62, '204.jpg', '', '', 1),
(77, 63, '205.jpg', '', '', 1),
(78, 64, '206.jpg', '', '', 1),
(79, 65, '207.jpg', '', '', 1),
(80, 66, '208.jpg', '', '', 1),
(81, 67, '209.jpg', '', '', 1),
(82, 68, '210.jpg', '', '', 1),
(83, 69, '211.jpg', '', '', 1),
(84, 70, '212.jpg', '', '', 1),
(85, 71, '56.jpg', '', '', 1),
(86, 72, '53.jpg', '', '', 1),
(87, 73, '54.jpg', '', '', 1),
(88, 74, '55.jpg', '', '', 1),
(89, 75, '57.jpg', '', '', 1),
(90, 76, '58.jpg', '', '', 1),
(91, 77, '60.jpg', '', '', 1),
(92, 78, '61.jpg', '', '', 1),
(93, 79, '62.jpg', '', '', 1),
(94, 80, '63.jpg', '', '', 1),
(95, 82, '65.jpg', '', '', 1),
(96, 81, '64.jpg', '', '', 1),
(97, 83, '67.jpg', '', '', 1),
(98, 84, '68.jpg', '', '', 1),
(99, 85, '69.jpg', '', '', 1),
(100, 86, '66.jpg', '', '', 1),
(101, 87, '70.jpg', '', '', 1),
(102, 88, '71.jpg', '', '', 1),
(103, 89, '72.jpg', '', '', 1),
(104, 90, '73.jpg', '', '', 1),
(105, 91, '75.jpg', '', '', 1),
(106, 92, '74.jpg', '', '', 1);

-- --------------------------------------------------------

--
-- Структура таблицы `lsqvo_jshopping_products_prices`
--

CREATE TABLE `lsqvo_jshopping_products_prices` (
  `price_id` int(11) NOT NULL,
  `product_id` int(11) NOT NULL DEFAULT 0,
  `discount` decimal(16,6) NOT NULL DEFAULT 0.000000,
  `product_quantity_start` int(11) NOT NULL DEFAULT 0,
  `product_quantity_finish` int(11) NOT NULL DEFAULT 0
) ENGINE=InnoDB DEFAULT CHARSET=utf8 COLLATE=utf8_general_ci;

-- --------------------------------------------------------

--
-- Структура таблицы `lsqvo_jshopping_products_relations`
--

CREATE TABLE `lsqvo_jshopping_products_relations` (
  `id` int(11) NOT NULL,
  `product_id` int(11) NOT NULL DEFAULT 0,
  `product_related_id` int(11) NOT NULL DEFAULT 0
) ENGINE=InnoDB DEFAULT CHARSET=utf8 COLLATE=utf8_general_ci;

-- --------------------------------------------------------

--
-- Структура таблицы `lsqvo_jshopping_products_reviews`
--

CREATE TABLE `lsqvo_jshopping_products_reviews` (
  `review_id` int(11) NOT NULL,
  `product_id` int(11) NOT NULL DEFAULT 0,
  `user_id` int(11) NOT NULL DEFAULT 0,
  `user_name` varchar(255) NOT NULL DEFAULT '',
  `user_email` varchar(255) NOT NULL DEFAULT '',
  `time` datetime NOT NULL DEFAULT '0000-00-00 00:00:00',
  `review` text NOT NULL,
  `mark` int(11) NOT NULL DEFAULT 0,
  `publish` tinyint(1) NOT NULL DEFAULT 0,
  `ip` varchar(20) NOT NULL DEFAULT ''
) ENGINE=InnoDB DEFAULT CHARSET=utf8 COLLATE=utf8_general_ci;

-- --------------------------------------------------------

--
-- Структура таблицы `lsqvo_jshopping_products_to_categories`
--

CREATE TABLE `lsqvo_jshopping_products_to_categories` (
  `product_id` int(11) NOT NULL DEFAULT 0,
  `category_id` int(11) NOT NULL DEFAULT 0,
  `product_ordering` int(11) NOT NULL DEFAULT 0
) ENGINE=InnoDB DEFAULT CHARSET=utf8 COLLATE=utf8_general_ci;

--
-- Дамп данных таблицы `lsqvo_jshopping_products_to_categories`
--

INSERT INTO `lsqvo_jshopping_products_to_categories` (`product_id`, `category_id`, `product_ordering`) VALUES
(1, 1, 1),
(21, 7, 1),
(26, 2, 1),
(36, 3, 1),
(50, 13, 1),
(54, 8, 1),
(59, 10, 1),
(71, 6, 1),
(76, 4, 1),
(80, 5, 1),
(87, 11, 1),
(2, 1, 2),
(22, 7, 2),
(27, 2, 2),
(37, 3, 2),
(51, 13, 2),
(55, 8, 2),
(60, 10, 2),
(73, 6, 2),
(77, 4, 2),
(81, 5, 2),
(88, 11, 2),
(3, 1, 3),
(23, 7, 3),
(28, 2, 3),
(38, 3, 3),
(52, 13, 3),
(56, 8, 3),
(61, 10, 3),
(74, 6, 3),
(78, 4, 3),
(82, 5, 3),
(89, 11, 3),
(4, 1, 4),
(24, 7, 4),
(29, 2, 4),
(39, 3, 4),
(53, 13, 4),
(57, 8, 4),
(62, 10, 4),
(75, 6, 4),
(79, 4, 4),
(83, 5, 4),
(90, 11, 4),
(5, 1, 5),
(25, 7, 5),
(30, 2, 5),
(40, 3, 5),
(58, 8, 5),
(63, 10, 5),
(84, 5, 5),
(91, 11, 5),
(6, 1, 6),
(31, 2, 6),
(41, 3, 6),
(64, 10, 6),
(85, 5, 6),
(92, 11, 6),
(7, 1, 7),
(32, 2, 7),
(42, 3, 7),
(65, 10, 7),
(86, 5, 7),
(8, 1, 8),
(33, 2, 8),
(43, 3, 8),
(66, 10, 8),
(9, 1, 9),
(34, 2, 9),
(44, 3, 9),
(67, 10, 9),
(10, 1, 10),
(35, 2, 10),
(45, 3, 10),
(68, 10, 10),
(11, 1, 11),
(46, 3, 11),
(69, 10, 11),
(12, 1, 12),
(47, 3, 12),
(70, 10, 12),
(13, 1, 13),
(48, 3, 13),
(14, 1, 14),
(49, 3, 14),
(15, 1, 15),
(16, 1, 16),
(17, 1, 17),
(18, 1, 18),
(19, 1, 19),
(20, 1, 20),
(72, 1, 21);

-- --------------------------------------------------------

--
-- Структура таблицы `lsqvo_jshopping_products_to_extra_fields`
--

CREATE TABLE `lsqvo_jshopping_products_to_extra_fields` (
  `product_id` int(11) NOT NULL
) ENGINE=InnoDB DEFAULT CHARSET=utf8 COLLATE=utf8_general_ci;

--
-- Дамп данных таблицы `lsqvo_jshopping_products_to_extra_fields`
--

INSERT INTO `lsqvo_jshopping_products_to_extra_fields` (`product_id`) VALUES
(1),
(2),
(3),
(4),
(5),
(6),
(7),
(8),
(9),
(10),
(11),
(12),
(13),
(14),
(15),
(16),
(17),
(18),
(19),
(20),
(21),
(22),
(23),
(24),
(25),
(26),
(27),
(28),
(29),
(30),
(31),
(32),
(33),
(34),
(35),
(36),
(37),
(38),
(39),
(40),
(41),
(42),
(43),
(44),
(45),
(46),
(47),
(48),
(49),
(50),
(51),
(52),
(53),
(54),
(55),
(56),
(57),
(58),
(59),
(60),
(61),
(62),
(63),
(64),
(65),
(66),
(67),
(68),
(69),
(70),
(71),
(72),
(73),
(74),
(75),
(76),
(77),
(78),
(79),
(80),
(81),
(82),
(83),
(84),
(85),
(86),
(87),
(88),
(89),
(90),
(91),
(92);

-- --------------------------------------------------------

--
-- Структура таблицы `lsqvo_jshopping_products_videos`
--

CREATE TABLE `lsqvo_jshopping_products_videos` (
  `video_id` int(11) NOT NULL,
  `product_id` int(11) NOT NULL DEFAULT 0,
  `video_name` varchar(255) NOT NULL DEFAULT '',
  `video_code` text NOT NULL,
  `video_preview` varchar(255) NOT NULL DEFAULT ''
) ENGINE=InnoDB DEFAULT CHARSET=utf8 COLLATE=utf8_general_ci;

-- --------------------------------------------------------

--
-- Структура таблицы `lsqvo_jshopping_product_labels`
--

CREATE TABLE `lsqvo_jshopping_product_labels` (
  `id` int(11) NOT NULL,
  `name` varchar(255) NOT NULL DEFAULT '',
  `name_en-GB` varchar(255) NOT NULL DEFAULT '',
  `name_de-DE` varchar(255) NOT NULL DEFAULT '',
  `image` varchar(255) NOT NULL DEFAULT '',
  `name_ru-RU` varchar(255) NOT NULL,
  `name_zh-CN` varchar(255) NOT NULL
) ENGINE=InnoDB DEFAULT CHARSET=utf8 COLLATE=utf8_general_ci;

--
-- Дамп данных таблицы `lsqvo_jshopping_product_labels`
--

INSERT INTO `lsqvo_jshopping_product_labels` (`id`, `name`, `name_en-GB`, `name_de-DE`, `image`, `name_ru-RU`, `name_zh-CN`) VALUES
(1, 'New', 'New', 'New', 'new2.png', 'New', 'New'),
(2, 'Sale', 'Sale', 'Sale', 'sale.png', 'Sale', 'Sale'),
(3, 'Популярное блюдо', 'Popular dish', '', '', 'Популярное блюдо', 'Популярное блюдо');

-- --------------------------------------------------------

--
-- Структура таблицы `lsqvo_jshopping_shipping_ext_calc`
--

CREATE TABLE `lsqvo_jshopping_shipping_ext_calc` (
  `id` int(11) NOT NULL,
  `name` varchar(100) NOT NULL DEFAULT '',
  `alias` varchar(100) NOT NULL DEFAULT '',
  `description` text NOT NULL,
  `params` longtext NOT NULL,
  `shipping_method` text NOT NULL,
  `published` tinyint(1) NOT NULL DEFAULT 0,
  `ordering` int(6) NOT NULL DEFAULT 0
) ENGINE=InnoDB DEFAULT CHARSET=utf8 COLLATE=utf8_general_ci;

--
-- Дамп данных таблицы `lsqvo_jshopping_shipping_ext_calc`
--

INSERT INTO `lsqvo_jshopping_shipping_ext_calc` (`id`, `name`, `alias`, `description`, `params`, `shipping_method`, `published`, `ordering`) VALUES
(1, 'StandartWeight', 'sm_standart_weight', 'StandartWeight', '', '', 1, 1);

-- --------------------------------------------------------

--
-- Структура таблицы `lsqvo_jshopping_shipping_method`
--

CREATE TABLE `lsqvo_jshopping_shipping_method` (
  `shipping_id` int(11) NOT NULL,
  `alias` varchar(100) NOT NULL DEFAULT '',
  `name_en-GB` varchar(100) NOT NULL DEFAULT '',
  `description_en-GB` text NOT NULL,
  `name_de-DE` varchar(100) NOT NULL DEFAULT '',
  `description_de-DE` text NOT NULL,
  `published` tinyint(1) NOT NULL DEFAULT 0,
  `payments` varchar(255) NOT NULL DEFAULT '',
  `image` varchar(255) NOT NULL DEFAULT '',
  `ordering` int(6) NOT NULL DEFAULT 0,
  `params` longtext NOT NULL,
  `name_ru-RU` varchar(100) NOT NULL,
  `description_ru-RU` text NOT NULL,
  `name_zh-CN` varchar(100) NOT NULL,
  `description_zh-CN` text NOT NULL
) ENGINE=InnoDB DEFAULT CHARSET=utf8 COLLATE=utf8_general_ci;

--
-- Дамп данных таблицы `lsqvo_jshopping_shipping_method`
--

INSERT INTO `lsqvo_jshopping_shipping_method` (`shipping_id`, `alias`, `name_en-GB`, `description_en-GB`, `name_de-DE`, `description_de-DE`, `published`, `payments`, `image`, `ordering`, `params`, `name_ru-RU`, `description_ru-RU`, `name_zh-CN`, `description_zh-CN`) VALUES
(1, '', 'Standard', '', 'Standardversand', '', 1, '', '', 1, '', 'Standard', '', 'Standard', ''),
(2, '', 'Express', '', 'Express', '', 1, '', '', 2, '', 'Express', '', 'Express', '');

-- --------------------------------------------------------

--
-- Структура таблицы `lsqvo_jshopping_shipping_method_price`
--

CREATE TABLE `lsqvo_jshopping_shipping_method_price` (
  `sh_pr_method_id` int(11) NOT NULL,
  `shipping_method_id` int(11) NOT NULL DEFAULT 0,
  `shipping_tax_id` int(11) NOT NULL DEFAULT 0,
  `shipping_stand_price` decimal(14,4) NOT NULL DEFAULT 0.0000,
  `package_tax_id` int(11) NOT NULL DEFAULT 0,
  `package_stand_price` decimal(14,4) NOT NULL DEFAULT 0.0000,
  `delivery_times_id` int(11) NOT NULL DEFAULT 0,
  `params` longtext NOT NULL
) ENGINE=InnoDB DEFAULT CHARSET=utf8 COLLATE=utf8_general_ci;

--
-- Дамп данных таблицы `lsqvo_jshopping_shipping_method_price`
--

INSERT INTO `lsqvo_jshopping_shipping_method_price` (`sh_pr_method_id`, `shipping_method_id`, `shipping_tax_id`, `shipping_stand_price`, `package_tax_id`, `package_stand_price`, `delivery_times_id`, `params`) VALUES
(1, 1, 1, 10.0000, 1, 0.0000, 0, ''),
(2, 2, 1, 25.0000, 1, 0.0000, 0, '');

-- --------------------------------------------------------

--
-- Структура таблицы `lsqvo_jshopping_shipping_method_price_countries`
--

CREATE TABLE `lsqvo_jshopping_shipping_method_price_countries` (
  `sh_method_country_id` int(11) NOT NULL,
  `country_id` int(11) NOT NULL DEFAULT 0,
  `sh_pr_method_id` int(11) NOT NULL DEFAULT 0
) ENGINE=InnoDB DEFAULT CHARSET=utf8 COLLATE=utf8_general_ci;

--
-- Дамп данных таблицы `lsqvo_jshopping_shipping_method_price_countries`
--

INSERT INTO `lsqvo_jshopping_shipping_method_price_countries` (`sh_method_country_id`, `country_id`, `sh_pr_method_id`) VALUES
(239, 1, 1),
(478, 1, 2),
(238, 2, 1),
(477, 2, 2),
(237, 3, 1),
(476, 3, 2),
(236, 4, 1),
(475, 4, 2),
(235, 5, 1),
(474, 5, 2),
(234, 6, 1),
(473, 6, 2),
(233, 7, 1),
(472, 7, 2),
(232, 8, 1),
(471, 8, 2),
(231, 9, 1),
(470, 9, 2),
(230, 10, 1),
(469, 10, 2),
(229, 11, 1),
(468, 11, 2),
(228, 12, 1),
(467, 12, 2),
(227, 13, 1),
(466, 13, 2),
(226, 14, 1),
(465, 14, 2),
(225, 15, 1),
(464, 15, 2),
(224, 16, 1),
(463, 16, 2),
(223, 17, 1),
(462, 17, 2),
(222, 18, 1),
(461, 18, 2),
(221, 19, 1),
(460, 19, 2),
(220, 20, 1),
(459, 20, 2),
(219, 21, 1),
(458, 21, 2),
(218, 22, 1),
(457, 22, 2),
(217, 23, 1),
(456, 23, 2),
(216, 24, 1),
(455, 24, 2),
(215, 25, 1),
(454, 25, 2),
(214, 26, 1),
(453, 26, 2),
(213, 27, 1),
(452, 27, 2),
(212, 28, 1),
(451, 28, 2),
(211, 29, 1),
(450, 29, 2),
(210, 30, 1),
(449, 30, 2),
(209, 31, 1),
(448, 31, 2),
(208, 32, 1),
(447, 32, 2),
(207, 33, 1),
(446, 33, 2),
(206, 34, 1),
(445, 34, 2),
(205, 35, 1),
(444, 35, 2),
(204, 36, 1),
(443, 36, 2),
(203, 37, 1),
(442, 37, 2),
(202, 38, 1),
(441, 38, 2),
(201, 39, 1),
(440, 39, 2),
(200, 40, 1),
(439, 40, 2),
(199, 41, 1),
(438, 41, 2),
(198, 42, 1),
(437, 42, 2),
(197, 43, 1),
(436, 43, 2),
(196, 44, 1),
(435, 44, 2),
(195, 45, 1),
(434, 45, 2),
(194, 46, 1),
(433, 46, 2),
(193, 47, 1),
(432, 47, 2),
(192, 48, 1),
(431, 48, 2),
(191, 49, 1),
(430, 49, 2),
(190, 50, 1),
(429, 50, 2),
(189, 51, 1),
(428, 51, 2),
(188, 52, 1),
(427, 52, 2),
(187, 53, 1),
(426, 53, 2),
(186, 54, 1),
(425, 54, 2),
(185, 55, 1),
(424, 55, 2),
(184, 56, 1),
(423, 56, 2),
(183, 57, 1),
(422, 57, 2),
(182, 58, 1),
(421, 58, 2),
(181, 59, 1),
(420, 59, 2),
(180, 60, 1),
(419, 60, 2),
(179, 61, 1),
(418, 61, 2),
(178, 62, 1),
(417, 62, 2),
(177, 63, 1),
(416, 63, 2),
(176, 64, 1),
(415, 64, 2),
(175, 65, 1),
(414, 65, 2),
(174, 66, 1),
(413, 66, 2),
(173, 67, 1),
(412, 67, 2),
(172, 68, 1),
(411, 68, 2),
(171, 69, 1),
(410, 69, 2),
(170, 70, 1),
(409, 70, 2),
(169, 71, 1),
(408, 71, 2),
(168, 72, 1),
(407, 72, 2),
(167, 73, 1),
(406, 73, 2),
(166, 74, 1),
(405, 74, 2),
(165, 75, 1),
(404, 75, 2),
(164, 76, 1),
(403, 76, 2),
(163, 77, 1),
(402, 77, 2),
(162, 78, 1),
(401, 78, 2),
(161, 79, 1),
(400, 79, 2),
(160, 80, 1),
(399, 80, 2),
(159, 81, 1),
(398, 81, 2),
(158, 82, 1),
(397, 82, 2),
(157, 83, 1),
(396, 83, 2),
(156, 84, 1),
(395, 84, 2),
(155, 85, 1),
(394, 85, 2),
(154, 86, 1),
(393, 86, 2),
(153, 87, 1),
(392, 87, 2),
(152, 88, 1),
(391, 88, 2),
(151, 89, 1),
(390, 89, 2),
(150, 90, 1),
(389, 90, 2),
(149, 91, 1),
(388, 91, 2),
(148, 92, 1),
(387, 92, 2),
(147, 93, 1),
(386, 93, 2),
(146, 94, 1),
(385, 94, 2),
(145, 95, 1),
(384, 95, 2),
(144, 96, 1),
(383, 96, 2),
(143, 97, 1),
(382, 97, 2),
(142, 98, 1),
(381, 98, 2),
(141, 99, 1),
(380, 99, 2),
(140, 100, 1),
(379, 100, 2),
(139, 101, 1),
(378, 101, 2),
(138, 102, 1),
(377, 102, 2),
(137, 103, 1),
(376, 103, 2),
(136, 104, 1),
(375, 104, 2),
(135, 105, 1),
(374, 105, 2),
(134, 106, 1),
(373, 106, 2),
(133, 107, 1),
(372, 107, 2),
(132, 108, 1),
(371, 108, 2),
(131, 109, 1),
(370, 109, 2),
(130, 110, 1),
(369, 110, 2),
(129, 111, 1),
(368, 111, 2),
(128, 112, 1),
(367, 112, 2),
(127, 113, 1),
(366, 113, 2),
(126, 114, 1),
(365, 114, 2),
(125, 115, 1),
(364, 115, 2),
(124, 116, 1),
(363, 116, 2),
(123, 117, 1),
(362, 117, 2),
(122, 118, 1),
(361, 118, 2),
(121, 119, 1),
(360, 119, 2),
(120, 120, 1),
(359, 120, 2),
(119, 121, 1),
(358, 121, 2),
(118, 122, 1),
(357, 122, 2),
(117, 123, 1),
(356, 123, 2),
(116, 124, 1),
(355, 124, 2),
(115, 125, 1),
(354, 125, 2),
(114, 126, 1),
(353, 126, 2),
(113, 127, 1),
(352, 127, 2),
(112, 128, 1),
(351, 128, 2),
(111, 129, 1),
(350, 129, 2),
(110, 130, 1),
(349, 130, 2),
(109, 131, 1),
(348, 131, 2),
(108, 132, 1),
(347, 132, 2),
(107, 133, 1),
(346, 133, 2),
(106, 134, 1),
(345, 134, 2),
(105, 135, 1),
(344, 135, 2),
(104, 136, 1),
(343, 136, 2),
(103, 137, 1),
(342, 137, 2),
(102, 138, 1),
(341, 138, 2),
(101, 139, 1),
(340, 139, 2),
(100, 140, 1),
(339, 140, 2),
(99, 141, 1),
(338, 141, 2),
(98, 142, 1),
(337, 142, 2),
(97, 143, 1),
(336, 143, 2),
(96, 144, 1),
(335, 144, 2),
(95, 145, 1),
(334, 145, 2),
(94, 146, 1),
(333, 146, 2),
(93, 147, 1),
(332, 147, 2),
(92, 148, 1),
(331, 148, 2),
(91, 149, 1),
(330, 149, 2),
(90, 150, 1),
(329, 150, 2),
(89, 151, 1),
(328, 151, 2),
(88, 152, 1),
(327, 152, 2),
(87, 153, 1),
(326, 153, 2),
(86, 154, 1),
(325, 154, 2),
(85, 155, 1),
(324, 155, 2),
(84, 156, 1),
(323, 156, 2),
(83, 157, 1),
(322, 157, 2),
(82, 158, 1),
(321, 158, 2),
(81, 159, 1),
(320, 159, 2),
(80, 160, 1),
(319, 160, 2),
(79, 161, 1),
(318, 161, 2),
(78, 162, 1),
(317, 162, 2),
(77, 163, 1),
(316, 163, 2),
(76, 164, 1),
(315, 164, 2),
(75, 165, 1),
(314, 165, 2),
(74, 166, 1),
(313, 166, 2),
(73, 167, 1),
(312, 167, 2),
(72, 168, 1),
(311, 168, 2),
(71, 169, 1),
(310, 169, 2),
(70, 170, 1),
(309, 170, 2),
(69, 171, 1),
(308, 171, 2),
(68, 172, 1),
(307, 172, 2),
(67, 173, 1),
(306, 173, 2),
(66, 174, 1),
(305, 174, 2),
(65, 175, 1),
(304, 175, 2),
(64, 176, 1),
(303, 176, 2),
(63, 177, 1),
(302, 177, 2),
(62, 178, 1),
(301, 178, 2),
(61, 179, 1),
(300, 179, 2),
(60, 180, 1),
(299, 180, 2),
(59, 181, 1),
(298, 181, 2),
(58, 182, 1),
(297, 182, 2),
(57, 183, 1),
(296, 183, 2),
(56, 184, 1),
(295, 184, 2),
(55, 185, 1),
(294, 185, 2),
(54, 186, 1),
(293, 186, 2),
(53, 187, 1),
(292, 187, 2),
(52, 188, 1),
(291, 188, 2),
(51, 189, 1),
(290, 189, 2),
(50, 190, 1),
(289, 190, 2),
(49, 191, 1),
(288, 191, 2),
(48, 192, 1),
(287, 192, 2),
(47, 193, 1),
(286, 193, 2),
(46, 194, 1),
(285, 194, 2),
(45, 195, 1),
(284, 195, 2),
(44, 196, 1),
(283, 196, 2),
(43, 197, 1),
(282, 197, 2),
(42, 198, 1),
(281, 198, 2),
(41, 199, 1),
(280, 199, 2),
(40, 200, 1),
(279, 200, 2),
(39, 201, 1),
(278, 201, 2),
(38, 202, 1),
(277, 202, 2),
(37, 203, 1),
(276, 203, 2),
(36, 204, 1),
(275, 204, 2),
(35, 205, 1),
(274, 205, 2),
(34, 206, 1),
(273, 206, 2),
(33, 207, 1),
(272, 207, 2),
(32, 208, 1),
(271, 208, 2),
(31, 209, 1),
(270, 209, 2),
(30, 210, 1),
(269, 210, 2),
(29, 211, 1),
(268, 211, 2),
(28, 212, 1),
(267, 212, 2),
(27, 213, 1),
(266, 213, 2),
(26, 214, 1),
(265, 214, 2),
(25, 215, 1),
(264, 215, 2),
(24, 216, 1),
(263, 216, 2),
(23, 217, 1),
(262, 217, 2),
(22, 218, 1),
(261, 218, 2),
(21, 219, 1),
(260, 219, 2),
(20, 220, 1),
(259, 220, 2),
(19, 221, 1),
(258, 221, 2),
(18, 222, 1),
(257, 222, 2),
(17, 223, 1),
(256, 223, 2),
(16, 224, 1),
(255, 224, 2),
(15, 225, 1),
(254, 225, 2),
(14, 226, 1),
(253, 226, 2),
(13, 227, 1),
(252, 227, 2),
(12, 228, 1),
(251, 228, 2),
(11, 229, 1),
(250, 229, 2),
(10, 230, 1),
(249, 230, 2),
(9, 231, 1),
(248, 231, 2),
(8, 232, 1),
(247, 232, 2),
(7, 233, 1),
(246, 233, 2),
(6, 234, 1),
(245, 234, 2),
(5, 235, 1),
(244, 235, 2),
(4, 236, 1),
(243, 236, 2),
(3, 237, 1),
(242, 237, 2),
(2, 238, 1),
(241, 238, 2),
(1, 239, 1),
(240, 239, 2);

-- --------------------------------------------------------

--
-- Структура таблицы `lsqvo_jshopping_shipping_method_price_weight`
--

CREATE TABLE `lsqvo_jshopping_shipping_method_price_weight` (
  `sh_pr_weight_id` int(11) NOT NULL,
  `sh_pr_method_id` int(11) NOT NULL DEFAULT 0,
  `shipping_price` decimal(12,2) NOT NULL DEFAULT 0.00,
  `shipping_weight_from` decimal(14,4) NOT NULL DEFAULT 0.0000,
  `shipping_weight_to` decimal(14,4) NOT NULL DEFAULT 0.0000,
  `shipping_package_price` decimal(14,4) NOT NULL DEFAULT 0.0000
) ENGINE=InnoDB DEFAULT CHARSET=utf8 COLLATE=utf8_general_ci;

-- --------------------------------------------------------

--
-- Структура таблицы `lsqvo_jshopping_taxes`
--

CREATE TABLE `lsqvo_jshopping_taxes` (
  `tax_id` int(11) NOT NULL,
  `tax_name` varchar(50) NOT NULL DEFAULT '',
  `tax_value` decimal(12,2) NOT NULL DEFAULT 0.00
) ENGINE=InnoDB DEFAULT CHARSET=utf8 COLLATE=utf8_general_ci;

--
-- Дамп данных таблицы `lsqvo_jshopping_taxes`
--

INSERT INTO `lsqvo_jshopping_taxes` (`tax_id`, `tax_name`, `tax_value`) VALUES
(1, 'Normal', 19.00);

-- --------------------------------------------------------

--
-- Структура таблицы `lsqvo_jshopping_taxes_ext`
--

CREATE TABLE `lsqvo_jshopping_taxes_ext` (
  `id` int(11) NOT NULL,
  `tax_id` int(11) NOT NULL DEFAULT 0,
  `zones` text NOT NULL,
  `tax` decimal(12,2) NOT NULL DEFAULT 0.00,
  `firma_tax` decimal(12,2) NOT NULL DEFAULT 0.00
) ENGINE=InnoDB DEFAULT CHARSET=utf8 COLLATE=utf8_general_ci;

-- --------------------------------------------------------

--
-- Структура таблицы `lsqvo_jshopping_unit`
--

CREATE TABLE `lsqvo_jshopping_unit` (
  `id` int(11) NOT NULL,
  `qty` int(11) NOT NULL DEFAULT 1,
  `name_de-DE` varchar(255) NOT NULL DEFAULT '',
  `name_en-GB` varchar(255) NOT NULL DEFAULT '',
  `name_ru-RU` varchar(255) NOT NULL,
  `name_zh-CN` varchar(255) NOT NULL
) ENGINE=InnoDB DEFAULT CHARSET=utf8 COLLATE=utf8_general_ci;

--
-- Дамп данных таблицы `lsqvo_jshopping_unit`
--

INSERT INTO `lsqvo_jshopping_unit` (`id`, `qty`, `name_de-DE`, `name_en-GB`, `name_ru-RU`, `name_zh-CN`) VALUES
(1, 1, 'Kg', 'Kg', 'Kg', 'Kg'),
(2, 1, 'Liter', 'Liter', 'Liter', 'Liter'),
(3, 1, 'St.', 'pcs.', 'pcs.', 'pcs.');

-- --------------------------------------------------------

--
-- Структура таблицы `lsqvo_jshopping_usergroups`
--

CREATE TABLE `lsqvo_jshopping_usergroups` (
  `usergroup_id` int(11) NOT NULL,
  `usergroup_name` varchar(64) NOT NULL DEFAULT '',
  `usergroup_discount` decimal(12,2) NOT NULL DEFAULT 0.00,
  `usergroup_description` text NOT NULL,
  `usergroup_is_default` tinyint(1) NOT NULL DEFAULT 0,
  `name_en-GB` varchar(255) NOT NULL DEFAULT '',
  `name_de-DE` varchar(255) NOT NULL DEFAULT '',
  `description_en-GB` text NOT NULL,
  `name_ru-RU` varchar(255) NOT NULL,
  `description_ru-RU` text NOT NULL,
  `name_zh-CN` varchar(255) NOT NULL,
  `description_zh-CN` text NOT NULL
) ENGINE=InnoDB DEFAULT CHARSET=utf8 COLLATE=utf8_general_ci;

--
-- Дамп данных таблицы `lsqvo_jshopping_usergroups`
--

INSERT INTO `lsqvo_jshopping_usergroups` (`usergroup_id`, `usergroup_name`, `usergroup_discount`, `usergroup_description`, `usergroup_is_default`, `name_en-GB`, `name_de-DE`, `description_en-GB`, `name_ru-RU`, `description_ru-RU`, `name_zh-CN`, `description_zh-CN`) VALUES
(1, 'Default', 0.00, 'Default', 1, 'Default', 'Default', '', 'Default', '', 'Default', '');

-- --------------------------------------------------------

--
-- Структура таблицы `lsqvo_jshopping_users`
--

CREATE TABLE `lsqvo_jshopping_users` (
  `user_id` int(11) NOT NULL DEFAULT 0,
  `usergroup_id` int(11) NOT NULL DEFAULT 0,
  `payment_id` int(11) NOT NULL DEFAULT 0,
  `shipping_id` int(11) NOT NULL DEFAULT 0,
  `u_name` varchar(150) NOT NULL DEFAULT '',
  `number` varchar(32) NOT NULL DEFAULT '0',
  `title` tinyint(1) NOT NULL DEFAULT 0,
  `f_name` varchar(255) NOT NULL DEFAULT '',
  `l_name` varchar(255) NOT NULL DEFAULT '',
  `m_name` varchar(255) NOT NULL DEFAULT '',
  `firma_name` varchar(100) NOT NULL DEFAULT '',
  `client_type` tinyint(1) NOT NULL DEFAULT 0,
  `firma_code` varchar(100) NOT NULL DEFAULT '',
  `tax_number` varchar(100) NOT NULL DEFAULT '',
  `email` varchar(255) NOT NULL DEFAULT '',
  `birthday` date NOT NULL DEFAULT '0000-00-00',
  `street` varchar(255) NOT NULL DEFAULT '',
  `street_nr` varchar(16) NOT NULL DEFAULT '',
  `home` varchar(20) NOT NULL DEFAULT '',
  `apartment` varchar(20) NOT NULL DEFAULT '',
  `zip` varchar(20) NOT NULL DEFAULT '',
  `city` varchar(100) NOT NULL DEFAULT '',
  `state` varchar(100) NOT NULL DEFAULT '',
  `country` int(11) DEFAULT NULL,
  `phone` varchar(24) NOT NULL DEFAULT '',
  `mobil_phone` varchar(24) NOT NULL DEFAULT '',
  `fax` varchar(24) NOT NULL DEFAULT '',
  `ext_field_1` varchar(255) NOT NULL DEFAULT '',
  `ext_field_2` varchar(255) NOT NULL DEFAULT '',
  `ext_field_3` varchar(255) NOT NULL DEFAULT '',
  `delivery_adress` tinyint(1) NOT NULL,
  `d_title` tinyint(1) NOT NULL DEFAULT 0,
  `d_f_name` varchar(255) NOT NULL DEFAULT '',
  `d_l_name` varchar(255) NOT NULL DEFAULT '',
  `d_m_name` varchar(255) NOT NULL DEFAULT '',
  `d_firma_name` varchar(100) NOT NULL DEFAULT '',
  `d_email` varchar(255) NOT NULL DEFAULT '',
  `d_birthday` date NOT NULL DEFAULT '0000-00-00',
  `d_street` varchar(255) NOT NULL DEFAULT '',
  `d_street_nr` varchar(16) NOT NULL DEFAULT '',
  `d_home` varchar(20) NOT NULL DEFAULT '',
  `d_apartment` varchar(20) NOT NULL DEFAULT '',
  `d_zip` varchar(20) NOT NULL DEFAULT '',
  `d_city` varchar(100) NOT NULL DEFAULT '',
  `d_state` varchar(100) NOT NULL DEFAULT '',
  `d_country` int(11) NOT NULL DEFAULT 0,
  `d_phone` varchar(24) NOT NULL DEFAULT '',
  `d_mobil_phone` varchar(24) NOT NULL DEFAULT '',
  `d_fax` varchar(24) NOT NULL DEFAULT '',
  `d_ext_field_1` varchar(255) NOT NULL DEFAULT '',
  `d_ext_field_2` varchar(255) NOT NULL DEFAULT '',
  `d_ext_field_3` varchar(255) NOT NULL DEFAULT '',
  `lang` varchar(5) NOT NULL DEFAULT ''
) ENGINE=InnoDB DEFAULT CHARSET=utf8 COLLATE=utf8_general_ci;

-- --------------------------------------------------------

--
-- Структура таблицы `lsqvo_languages`
--

CREATE TABLE `lsqvo_languages` (
  `lang_id` int(10) UNSIGNED NOT NULL,
  `asset_id` int(10) UNSIGNED NOT NULL DEFAULT 0,
  `lang_code` char(7) CHARACTER SET utf8mb4 COLLATE utf8mb4_bin NOT NULL,
  `title` varchar(50) NOT NULL,
  `title_native` varchar(50) NOT NULL,
  `sef` varchar(50) NOT NULL,
  `image` varchar(50) NOT NULL,
  `description` varchar(512) NOT NULL,
  `metakey` text DEFAULT NULL,
  `metadesc` text NOT NULL,
  `sitename` varchar(1024) NOT NULL DEFAULT '',
  `published` int(11) NOT NULL DEFAULT 0,
  `access` int(10) UNSIGNED NOT NULL DEFAULT 0,
  `ordering` int(11) NOT NULL DEFAULT 0
) ENGINE=InnoDB DEFAULT CHARSET=utf8mb4 COLLATE=utf8mb4_unicode_ci;

--
-- Дамп данных таблицы `lsqvo_languages`
--

INSERT INTO `lsqvo_languages` (`lang_id`, `asset_id`, `lang_code`, `title`, `title_native`, `sef`, `image`, `description`, `metakey`, `metadesc`, `sitename`, `published`, `access`, `ordering`) VALUES
(1, 12, 'en-GB', 'English (en-GB)', 'English (United Kingdom)', 'en', 'en_gb', '', '', '', '', 1, 1, 2),
(2, 97, 'ru-RU', 'Russian (ru-RU)', 'Русский (Россия)', 'ru', 'ru_ru', '', NULL, '', '', 1, 1, 1),
(3, 211, 'zh-CN', 'Chinese Simplified (China)', '简体中文 (中国)', 'cn', 'zh_cn', '', NULL, '', '', 1, 1, 3);

-- --------------------------------------------------------

--
-- Структура таблицы `lsqvo_mail_templates`
--

CREATE TABLE `lsqvo_mail_templates` (
  `template_id` varchar(127) NOT NULL DEFAULT '',
  `extension` varchar(127) NOT NULL DEFAULT '',
  `language` char(7) NOT NULL DEFAULT '',
  `subject` varchar(255) NOT NULL DEFAULT '',
  `body` text NOT NULL,
  `htmlbody` mediumtext NOT NULL,
  `attachments` text NOT NULL,
  `params` text NOT NULL
) ENGINE=InnoDB DEFAULT CHARSET=utf8mb4 COLLATE=utf8mb4_unicode_ci;

--
-- Дамп данных таблицы `lsqvo_mail_templates`
--

INSERT INTO `lsqvo_mail_templates` (`template_id`, `extension`, `language`, `subject`, `body`, `htmlbody`, `attachments`, `params`) VALUES
('com_actionlogs.notification', 'com_actionlogs', '', 'COM_ACTIONLOGS_EMAIL_SUBJECT', 'COM_ACTIONLOGS_EMAIL_BODY', 'COM_ACTIONLOGS_EMAIL_HTMLBODY', '', '{\"tags\":[\"message\",\"date\",\"extension\",\"username\"]}'),
('com_config.test_mail', 'com_config', '', 'COM_CONFIG_SENDMAIL_SUBJECT', 'COM_CONFIG_SENDMAIL_BODY', '', '', '{\"tags\":[\"sitename\",\"method\"]}'),
('com_contact.mail', 'com_contact', '', 'COM_CONTACT_ENQUIRY_SUBJECT', 'COM_CONTACT_ENQUIRY_TEXT', '', '', '{\"tags\":[\"sitename\",\"name\",\"email\",\"subject\",\"body\",\"url\",\"customfields\"]}'),
('com_contact.mail.copy', 'com_contact', '', 'COM_CONTACT_COPYSUBJECT_OF', 'COM_CONTACT_COPYTEXT_OF', '', '', '{\"tags\":[\"sitename\",\"name\",\"email\",\"subject\",\"body\",\"url\",\"customfields\",\"contactname\"]}'),
('com_messages.new_message', 'com_messages', '', 'COM_MESSAGES_NEW_MESSAGE', 'COM_MESSAGES_NEW_MESSAGE_BODY', '', '', '{\"tags\":[\"subject\",\"message\",\"fromname\",\"sitename\",\"siteurl\",\"fromemail\",\"toname\",\"toemail\"]}'),
('com_privacy.notification.admin.export', 'com_privacy', '', 'COM_PRIVACY_EMAIL_ADMIN_REQUEST_SUBJECT_EXPORT_REQUEST', 'COM_PRIVACY_EMAIL_ADMIN_REQUEST_BODY_EXPORT_REQUEST', '', '', '{\"tags\":[\"sitename\",\"url\",\"tokenurl\",\"formurl\",\"token\"]}'),
('com_privacy.notification.admin.remove', 'com_privacy', '', 'COM_PRIVACY_EMAIL_ADMIN_REQUEST_SUBJECT_REMOVE_REQUEST', 'COM_PRIVACY_EMAIL_ADMIN_REQUEST_BODY_REMOVE_REQUEST', '', '', '{\"tags\":[\"sitename\",\"url\",\"tokenurl\",\"formurl\",\"token\"]}'),
('com_privacy.notification.export', 'com_privacy', '', 'COM_PRIVACY_EMAIL_REQUEST_SUBJECT_EXPORT_REQUEST', 'COM_PRIVACY_EMAIL_REQUEST_BODY_EXPORT_REQUEST', '', '', '{\"tags\":[\"sitename\",\"url\",\"tokenurl\",\"formurl\",\"token\"]}'),
('com_privacy.notification.remove', 'com_privacy', '', 'COM_PRIVACY_EMAIL_REQUEST_SUBJECT_REMOVE_REQUEST', 'COM_PRIVACY_EMAIL_REQUEST_BODY_REMOVE_REQUEST', '', '', '{\"tags\":[\"sitename\",\"url\",\"tokenurl\",\"formurl\",\"token\"]}'),
('com_privacy.userdataexport', 'com_privacy', '', 'COM_PRIVACY_EMAIL_DATA_EXPORT_COMPLETED_SUBJECT', 'COM_PRIVACY_EMAIL_DATA_EXPORT_COMPLETED_BODY', '', '', '{\"tags\":[\"sitename\",\"url\"]}'),
('com_users.massmail.mail', 'com_users', '', 'COM_USERS_MASSMAIL_MAIL_SUBJECT', 'COM_USERS_MASSMAIL_MAIL_BODY', '', '', '{\"tags\":[\"subject\",\"body\",\"subjectprefix\",\"bodysuffix\"]}'),
('com_users.password_reset', 'com_users', '', 'COM_USERS_EMAIL_PASSWORD_RESET_SUBJECT', 'COM_USERS_EMAIL_PASSWORD_RESET_BODY', '', '', '{\"tags\":[\"name\",\"email\",\"sitename\",\"link_text\",\"link_html\",\"token\"]}'),
('com_users.registration.admin.new_notification', 'com_users', '', 'COM_USERS_EMAIL_ACCOUNT_DETAILS', 'COM_USERS_EMAIL_REGISTERED_NOTIFICATION_TO_ADMIN_BODY', '', '', '{\"tags\":[\"name\",\"sitename\",\"siteurl\",\"username\"]}'),
('com_users.registration.admin.verification_request', 'com_users', '', 'COM_USERS_EMAIL_ACTIVATE_WITH_ADMIN_ACTIVATION_SUBJECT', 'COM_USERS_EMAIL_ACTIVATE_WITH_ADMIN_ACTIVATION_BODY', '', '', '{\"tags\":[\"name\",\"sitename\",\"email\",\"username\",\"activate\"]}'),
('com_users.registration.user.admin_activated', 'com_users', '', 'COM_USERS_EMAIL_ACTIVATED_BY_ADMIN_ACTIVATION_SUBJECT', 'COM_USERS_EMAIL_ACTIVATED_BY_ADMIN_ACTIVATION_BODY', '', '', '{\"tags\":[\"name\",\"sitename\",\"siteurl\",\"username\"]}'),
('com_users.registration.user.admin_activation', 'com_users', '', 'COM_USERS_EMAIL_ACCOUNT_DETAILS', 'COM_USERS_EMAIL_REGISTERED_WITH_ADMIN_ACTIVATION_BODY_NOPW', '', '', '{\"tags\":[\"name\",\"sitename\",\"activate\",\"siteurl\",\"username\"]}'),
('com_users.registration.user.admin_activation_w_pw', 'com_users', '', 'COM_USERS_EMAIL_ACCOUNT_DETAILS', 'COM_USERS_EMAIL_REGISTERED_WITH_ADMIN_ACTIVATION_BODY', '', '', '{\"tags\":[\"name\",\"sitename\",\"activate\",\"siteurl\",\"username\",\"password_clear\"]}'),
('com_users.registration.user.registration_mail', 'com_users', '', 'COM_USERS_EMAIL_ACCOUNT_DETAILS', 'COM_USERS_EMAIL_REGISTERED_BODY_NOPW', '', '', '{\"tags\":[\"name\",\"sitename\",\"siteurl\",\"username\"]}'),
('com_users.registration.user.registration_mail_w_pw', 'com_users', '', 'COM_USERS_EMAIL_ACCOUNT_DETAILS', 'COM_USERS_EMAIL_REGISTERED_BODY', '', '', '{\"tags\":[\"name\",\"sitename\",\"siteurl\",\"username\",\"password_clear\"]}'),
('com_users.registration.user.self_activation', 'com_users', '', 'COM_USERS_EMAIL_ACCOUNT_DETAILS', 'COM_USERS_EMAIL_REGISTERED_WITH_ACTIVATION_BODY_NOPW', '', '', '{\"tags\":[\"name\",\"sitename\",\"activate\",\"siteurl\",\"username\"]}'),
('com_users.registration.user.self_activation_w_pw', 'com_users', '', 'COM_USERS_EMAIL_ACCOUNT_DETAILS', 'COM_USERS_EMAIL_REGISTERED_WITH_ACTIVATION_BODY', '', '', '{\"tags\":[\"name\",\"sitename\",\"activate\",\"siteurl\",\"username\",\"password_clear\"]}'),
('com_users.reminder', 'com_users', '', 'COM_USERS_EMAIL_USERNAME_REMINDER_SUBJECT', 'COM_USERS_EMAIL_USERNAME_REMINDER_BODY', '', '', '{\"tags\":[\"name\",\"username\",\"sitename\",\"email\",\"link_text\",\"link_html\"]}'),
('plg_multifactorauth_email.mail', 'plg_multifactorauth_email', '', 'PLG_MULTIFACTORAUTH_EMAIL_EMAIL_SUBJECT', 'PLG_MULTIFACTORAUTH_EMAIL_EMAIL_BODY', '', '', '{\"tags\":[\"code\",\"sitename\",\"siteurl\",\"username\",\"email\",\"fullname\"]}'),
('plg_system_privacyconsent.request.reminder', 'plg_system_privacyconsent', '', 'PLG_SYSTEM_PRIVACYCONSENT_EMAIL_REMIND_SUBJECT', 'PLG_SYSTEM_PRIVACYCONSENT_EMAIL_REMIND_BODY', '', '', '{\"tags\":[\"sitename\",\"url\",\"tokenurl\",\"formurl\",\"token\"]}'),
('plg_system_tasknotification.failure_mail', 'plg_system_tasknotification', '', 'PLG_SYSTEM_TASK_NOTIFICATION_FAILURE_MAIL_SUBJECT', 'PLG_SYSTEM_TASK_NOTIFICATION_FAILURE_MAIL_BODY', '', '', '{\"tags\": [\"task_id\", \"task_title\", \"exit_code\", \"exec_data_time\", \"task_output\"]}'),
('plg_system_tasknotification.fatal_recovery_mail', 'plg_system_tasknotification', '', 'PLG_SYSTEM_TASK_NOTIFICATION_FATAL_MAIL_SUBJECT', 'PLG_SYSTEM_TASK_NOTIFICATION_FATAL_MAIL_BODY', '', '', '{\"tags\": [\"task_id\", \"task_title\"]}'),
('plg_system_tasknotification.orphan_mail', 'plg_system_tasknotification', '', 'PLG_SYSTEM_TASK_NOTIFICATION_ORPHAN_MAIL_SUBJECT', 'PLG_SYSTEM_TASK_NOTIFICATION_ORPHAN_MAIL_BODY', '', '', '{\"tags\": [\"task_id\", \"task_title\"]}'),
('plg_system_tasknotification.success_mail', 'plg_system_tasknotification', '', 'PLG_SYSTEM_TASK_NOTIFICATION_SUCCESS_MAIL_SUBJECT', 'PLG_SYSTEM_TASK_NOTIFICATION_SUCCESS_MAIL_BODY', '', '', '{\"tags\":[\"task_id\", \"task_title\", \"exec_data_time\", \"task_output\"]}'),
('plg_system_updatenotification.mail', 'plg_system_updatenotification', '', 'PLG_SYSTEM_UPDATENOTIFICATION_EMAIL_SUBJECT', 'PLG_SYSTEM_UPDATENOTIFICATION_EMAIL_BODY', '', '', '{\"tags\":[\"newversion\",\"curversion\",\"sitename\",\"url\",\"link\",\"releasenews\"]}'),
('plg_user_joomla.mail', 'plg_user_joomla', '', 'PLG_USER_JOOMLA_NEW_USER_EMAIL_SUBJECT', 'PLG_USER_JOOMLA_NEW_USER_EMAIL_BODY', '', '', '{\"tags\":[\"name\",\"sitename\",\"url\",\"username\",\"password\",\"email\"]}');

-- --------------------------------------------------------

--
-- Структура таблицы `lsqvo_menu`
--

CREATE TABLE `lsqvo_menu` (
  `id` int(11) NOT NULL,
  `menutype` varchar(24) NOT NULL COMMENT 'The type of menu this item belongs to. FK to #__menu_types.menutype',
  `title` varchar(255) NOT NULL COMMENT 'The display title of the menu item.',
  `alias` varchar(400) CHARACTER SET utf8mb4 COLLATE utf8mb4_bin NOT NULL COMMENT 'The SEF alias of the menu item.',
  `note` varchar(255) NOT NULL DEFAULT '',
  `path` varchar(1024) NOT NULL COMMENT 'The computed path of the menu item based on the alias field.',
  `link` varchar(1024) NOT NULL COMMENT 'The actually link the menu item refers to.',
  `type` varchar(16) NOT NULL COMMENT 'The type of link: Component, URL, Alias, Separator',
  `published` tinyint(4) NOT NULL DEFAULT 0 COMMENT 'The published state of the menu link.',
  `parent_id` int(10) UNSIGNED NOT NULL DEFAULT 1 COMMENT 'The parent menu item in the menu tree.',
  `level` int(10) UNSIGNED NOT NULL DEFAULT 0 COMMENT 'The relative level in the tree.',
  `component_id` int(10) UNSIGNED NOT NULL DEFAULT 0 COMMENT 'FK to #__extensions.id',
  `checked_out` int(10) UNSIGNED DEFAULT NULL COMMENT 'FK to #__users.id',
  `checked_out_time` datetime DEFAULT NULL COMMENT 'The time the menu item was checked out.',
  `browserNav` tinyint(4) NOT NULL DEFAULT 0 COMMENT 'The click behaviour of the link.',
  `access` int(10) UNSIGNED NOT NULL DEFAULT 0 COMMENT 'The access level required to view the menu item.',
  `img` varchar(255) NOT NULL COMMENT 'The image of the menu item.',
  `template_style_id` int(10) UNSIGNED NOT NULL DEFAULT 0,
  `params` text NOT NULL COMMENT 'JSON encoded data for the menu item.',
  `lft` int(11) NOT NULL DEFAULT 0 COMMENT 'Nested set lft.',
  `rgt` int(11) NOT NULL DEFAULT 0 COMMENT 'Nested set rgt.',
  `home` tinyint(3) UNSIGNED NOT NULL DEFAULT 0 COMMENT 'Indicates if this menu item is the home or default page.',
  `language` char(7) NOT NULL DEFAULT '',
  `client_id` tinyint(4) NOT NULL DEFAULT 0,
  `publish_up` datetime DEFAULT NULL,
  `publish_down` datetime DEFAULT NULL
) ENGINE=InnoDB DEFAULT CHARSET=utf8mb4 COLLATE=utf8mb4_unicode_ci;

--
-- Дамп данных таблицы `lsqvo_menu`
--

INSERT INTO `lsqvo_menu` (`id`, `menutype`, `title`, `alias`, `note`, `path`, `link`, `type`, `published`, `parent_id`, `level`, `component_id`, `checked_out`, `checked_out_time`, `browserNav`, `access`, `img`, `template_style_id`, `params`, `lft`, `rgt`, `home`, `language`, `client_id`, `publish_up`, `publish_down`) VALUES
(1, '', 'Menu_Item_Root', 'root', '', '', '', '', 1, 0, 0, 0, NULL, NULL, 0, 0, '', 0, '', 0, 133, 0, '*', 0, NULL, NULL),
(2, 'main', 'com_banners', 'Banners', '', 'Banners', 'index.php?option=com_banners', 'component', 1, 1, 1, 3, NULL, NULL, 0, 0, 'class:bookmark', 0, '', 1, 10, 0, '*', 1, NULL, NULL),
(3, 'main', 'com_banners', 'Banners', '', 'Banners/Banners', 'index.php?option=com_banners&view=banners', 'component', 1, 2, 2, 3, NULL, NULL, 0, 0, 'class:banners', 0, '', 2, 3, 0, '*', 1, NULL, NULL),
(4, 'main', 'com_banners_categories', 'Categories', '', 'Banners/Categories', 'index.php?option=com_categories&view=categories&extension=com_banners', 'component', 1, 2, 2, 5, NULL, NULL, 0, 0, 'class:banners-cat', 0, '', 4, 5, 0, '*', 1, NULL, NULL),
(5, 'main', 'com_banners_clients', 'Clients', '', 'Banners/Clients', 'index.php?option=com_banners&view=clients', 'component', 1, 2, 2, 3, NULL, NULL, 0, 0, 'class:banners-clients', 0, '', 6, 7, 0, '*', 1, NULL, NULL),
(6, 'main', 'com_banners_tracks', 'Tracks', '', 'Banners/Tracks', 'index.php?option=com_banners&view=tracks', 'component', 1, 2, 2, 3, NULL, NULL, 0, 0, 'class:banners-tracks', 0, '', 8, 9, 0, '*', 1, NULL, NULL),
(7, 'main', 'com_contact', 'Contacts', '', 'Contacts', 'index.php?option=com_contact', 'component', 1, 1, 1, 7, NULL, NULL, 0, 0, 'class:address-book', 0, '', 47, 56, 0, '*', 1, NULL, NULL),
(8, 'main', 'com_contact_contacts', 'Contacts', '', 'Contacts/Contacts', 'index.php?option=com_contact&view=contacts', 'component', 1, 7, 2, 7, NULL, NULL, 0, 0, 'class:contact', 0, '', 48, 49, 0, '*', 1, NULL, NULL),
(9, 'main', 'com_contact_categories', 'Categories', '', 'Contacts/Categories', 'index.php?option=com_categories&view=categories&extension=com_contact', 'component', 1, 7, 2, 5, NULL, NULL, 0, 0, 'class:contact-cat', 0, '', 50, 51, 0, '*', 1, NULL, NULL),
(10, 'main', 'com_newsfeeds', 'News Feeds', '', 'News Feeds', 'index.php?option=com_newsfeeds', 'component', 1, 1, 1, 16, NULL, NULL, 0, 0, 'class:rss', 0, '', 59, 64, 0, '*', 1, NULL, NULL),
(11, 'main', 'com_newsfeeds_feeds', 'Feeds', '', 'News Feeds/Feeds', 'index.php?option=com_newsfeeds&view=newsfeeds', 'component', 1, 10, 2, 16, NULL, NULL, 0, 0, 'class:newsfeeds', 0, '', 60, 61, 0, '*', 1, NULL, NULL),
(12, 'main', 'com_newsfeeds_categories', 'Categories', '', 'News Feeds/Categories', 'index.php?option=com_categories&view=categories&extension=com_newsfeeds', 'component', 1, 10, 2, 5, NULL, NULL, 0, 0, 'class:newsfeeds-cat', 0, '', 62, 63, 0, '*', 1, NULL, NULL),
(13, 'main', 'com_finder', 'Smart Search', '', 'Smart Search', 'index.php?option=com_finder', 'component', 1, 1, 1, 23, NULL, NULL, 0, 0, 'class:search-plus', 0, '', 65, 74, 0, '*', 1, NULL, NULL),
(14, 'main', 'com_tags', 'Tags', '', 'Tags', 'index.php?option=com_tags&view=tags', 'component', 1, 1, 1, 25, NULL, NULL, 0, 1, 'class:tags', 0, '', 75, 76, 0, '', 1, NULL, NULL),
(15, 'main', 'com_associations', 'Multilingual Associations', '', 'Multilingual Associations', 'index.php?option=com_associations&view=associations', 'component', 1, 1, 1, 30, NULL, NULL, 0, 0, 'class:language', 0, '', 57, 58, 0, '*', 1, NULL, NULL),
(16, 'main', 'mod_menu_fields', 'Contact Custom Fields', '', 'Contacts/Contact Custom Fields', 'index.php?option=com_fields&context=com_contact.contact', 'component', 1, 7, 2, 29, NULL, NULL, 0, 0, 'class:messages-add', 0, '', 52, 53, 0, '*', 1, NULL, NULL),
(17, 'main', 'mod_menu_fields_group', 'Contact Custom Fields Group', '', 'Contacts/Contact Custom Fields Group', 'index.php?option=com_fields&view=groups&context=com_contact.contact', 'component', 1, 7, 2, 29, NULL, NULL, 0, 0, 'class:messages-add', 0, '', 54, 55, 0, '*', 1, NULL, NULL),
(18, 'main', 'com_finder_index', 'Smart-Search-Index', '', 'Smart Search/Smart-Search-Index', 'index.php?option=com_finder&view=index', 'component', 1, 13, 2, 23, NULL, NULL, 0, 0, 'class:finder', 0, '', 66, 67, 0, '*', 1, NULL, NULL),
(19, 'main', 'com_finder_maps', 'Smart-Search-Maps', '', 'Smart Search/Smart-Search-Maps', 'index.php?option=com_finder&view=maps', 'component', 1, 13, 2, 23, NULL, NULL, 0, 0, 'class:finder-maps', 0, '', 68, 69, 0, '*', 1, NULL, NULL),
(20, 'main', 'com_finder_filters', 'Smart-Search-Filters', '', 'Smart Search/Smart-Search-Filters', 'index.php?option=com_finder&view=filters', 'component', 1, 13, 2, 23, NULL, NULL, 0, 0, 'class:finder-filters', 0, '', 70, 71, 0, '*', 1, NULL, NULL),
(21, 'main', 'com_finder_searches', 'Smart-Search-Searches', '', 'Smart Search/Smart-Search-Searches', 'index.php?option=com_finder&view=searches', 'component', 1, 13, 2, 23, NULL, NULL, 0, 0, 'class:finder-searches', 0, '', 72, 73, 0, '*', 1, NULL, NULL),
(101, 'mainmenu', 'Home', 'home', '', 'home', 'index.php?option=com_content&view=featured', 'component', 1, 1, 1, 19, NULL, NULL, 0, 1, ' ', 0, '{\"featured_categories\":[\"\"],\"layout_type\":\"blog\",\"num_leading_articles\":\"\",\"blog_class_leading\":\"\",\"num_intro_articles\":\"\",\"blog_class\":\"\",\"num_columns\":\"\",\"multi_column_order\":\"\",\"num_links\":\"\",\"link_intro_image\":\"\",\"orderby_pri\":\"\",\"orderby_sec\":\"\",\"order_date\":\"\",\"show_pagination\":\"\",\"show_pagination_results\":\"\",\"show_title\":\"\",\"link_titles\":\"\",\"show_intro\":\"\",\"info_block_position\":\"\",\"info_block_show_title\":\"\",\"show_category\":\"\",\"link_category\":\"\",\"show_parent_category\":\"\",\"link_parent_category\":\"\",\"show_associations\":\"\",\"show_author\":\"\",\"link_author\":\"\",\"show_create_date\":\"\",\"show_modify_date\":\"\",\"show_publish_date\":\"\",\"show_item_navigation\":\"\",\"show_readmore\":\"\",\"show_readmore_title\":\"\",\"show_hits\":\"\",\"show_tags\":\"\",\"show_noauth\":\"\",\"show_feed_link\":\"\",\"feed_summary\":\"\",\"menu-anchor_title\":\"\",\"menu-anchor_css\":\"\",\"menu_icon_css\":\"\",\"menu_image\":\"\",\"menu_image_css\":\"\",\"menu_text\":1,\"menu_show\":1,\"page_title\":\"\",\"show_page_heading\":\"1\",\"page_heading\":\"\",\"pageclass_sfx\":\"\",\"menu-meta_description\":\"\",\"robots\":\"\"}', 77, 78, 1, '*', 0, NULL, NULL),
(102, 'main', 'JoomShopping', 'joomshopping', '', 'joomshopping', 'index.php?option=com_jshopping', 'component', 1, 1, 1, 236, NULL, NULL, 0, 1, 'class:component', 0, '{}', 79, 96, 0, '', 1, NULL, NULL),
(103, 'main', 'categories', 'categories', '', 'joomshopping/categories', 'index.php?option=com_jshopping&controller=categories&catid=0', 'component', 1, 102, 2, 236, NULL, NULL, 0, 1, 'class:component', 0, '{}', 80, 81, 0, '', 1, NULL, NULL),
(104, 'main', 'products', 'products', '', 'joomshopping/products', 'index.php?option=com_jshopping&controller=products&category_id=0', 'component', 1, 102, 2, 236, NULL, NULL, 0, 1, 'class:component', 0, '{}', 82, 83, 0, '', 1, NULL, NULL),
(105, 'main', 'orders', 'orders', '', 'joomshopping/orders', 'index.php?option=com_jshopping&controller=orders', 'component', 1, 102, 2, 236, NULL, NULL, 0, 1, 'class:component', 0, '{}', 84, 85, 0, '', 1, NULL, NULL),
(106, 'main', 'clients', 'clients', '', 'joomshopping/clients', 'index.php?option=com_jshopping&controller=users', 'component', 1, 102, 2, 236, NULL, NULL, 0, 1, 'class:component', 0, '{}', 86, 87, 0, '', 1, NULL, NULL),
(107, 'main', 'options', 'options', '', 'joomshopping/options', 'index.php?option=com_jshopping&controller=other', 'component', 1, 102, 2, 236, NULL, NULL, 0, 1, 'class:component', 0, '{}', 88, 89, 0, '', 1, NULL, NULL),
(108, 'main', 'configuration', 'configuration', '', 'joomshopping/configuration', 'index.php?option=com_jshopping&controller=config', 'component', 1, 102, 2, 236, NULL, NULL, 0, 1, 'class:component', 0, '{}', 90, 91, 0, '', 1, NULL, NULL),
(109, 'main', 'install-and-update', 'install-and-update', '', 'joomshopping/install-and-update', 'index.php?option=com_jshopping&controller=update', 'component', 1, 102, 2, 236, NULL, NULL, 0, 1, 'class:component', 0, '{}', 92, 93, 0, '', 1, NULL, NULL),
(110, 'main', 'about-as', 'about-as', '', 'joomshopping/about-as', 'index.php?option=com_jshopping&controller=info', 'component', 1, 102, 2, 236, NULL, NULL, 0, 1, 'class:component', 0, '{}', 94, 95, 0, '', 1, NULL, NULL),
(111, 'top-menu-ru', 'Главная', 'glavnaya', '', 'glavnaya', 'index.php?option=com_content&view=article&id=5', 'component', 1, 1, 1, 19, NULL, NULL, 0, 1, ' ', 0, '{\"show_title\":\"0\",\"link_titles\":\"\",\"show_intro\":\"\",\"info_block_position\":\"\",\"info_block_show_title\":\"\",\"show_category\":\"\",\"link_category\":\"\",\"show_parent_category\":\"\",\"link_parent_category\":\"\",\"show_associations\":\"\",\"show_author\":\"\",\"link_author\":\"\",\"show_create_date\":\"\",\"show_modify_date\":\"\",\"show_publish_date\":\"\",\"show_item_navigation\":\"\",\"show_hits\":\"\",\"show_tags\":\"\",\"show_noauth\":\"\",\"urls_position\":\"\",\"menu-anchor_title\":\"\",\"menu-anchor_css\":\"\",\"menu_icon_css\":\"\",\"menu_image\":\"\",\"menu_image_css\":\"\",\"menu_text\":1,\"menu_show\":0,\"page_title\":\"ZAMES \\u2013 \\u0441\\u0435\\u0442\\u044c \\u0440\\u0435\\u0441\\u0442\\u043e\\u0440\\u0430\\u043d\\u043e\\u0432 \\u0438 \\u0431\\u0430\\u0440\\u043e\\u0432.\",\"show_page_heading\":\"0\",\"page_heading\":\"\",\"pageclass_sfx\":\"main-page\",\"menu-meta_description\":\"\",\"robots\":\"\"}', 97, 98, 1, 'ru-RU', 0, NULL, NULL),
(112, 'top-menu-en', 'Номе', 'nome', '', 'nome', 'index.php?option=com_content&view=article&id=6', 'component', 1, 1, 1, 19, NULL, NULL, 0, 1, ' ', 0, '{\"show_title\":\"0\",\"link_titles\":\"\",\"show_intro\":\"\",\"info_block_position\":\"\",\"info_block_show_title\":\"\",\"show_category\":\"\",\"link_category\":\"\",\"show_parent_category\":\"\",\"link_parent_category\":\"\",\"show_associations\":\"\",\"show_author\":\"\",\"link_author\":\"\",\"show_create_date\":\"\",\"show_modify_date\":\"\",\"show_publish_date\":\"\",\"show_item_navigation\":\"\",\"show_hits\":\"\",\"show_tags\":\"\",\"show_noauth\":\"\",\"urls_position\":\"\",\"menu-anchor_title\":\"\",\"menu-anchor_css\":\"\",\"menu_icon_css\":\"\",\"menu_image\":\"\",\"menu_image_css\":\"\",\"menu_text\":1,\"menu_show\":0,\"page_title\":\"ZAMES \\u2013 beer & grill.\",\"show_page_heading\":\"0\",\"page_heading\":\"\",\"pageclass_sfx\":\"main-page\",\"menu-meta_description\":\"\",\"robots\":\"\"}', 11, 12, 1, 'en-GB', 0, NULL, NULL),
(114, 'main', 'COM_CONVERTFORMS', 'com-convertforms', '', 'com-convertforms', 'index.php?option=com_convertforms', 'component', 1, 1, 1, 278, NULL, NULL, 0, 1, 'class:banners', 0, '{}', 99, 110, 0, '', 1, NULL, NULL),
(115, 'main', 'NR_DASHBOARD', 'nr-dashboard', '', 'com-convertforms/nr-dashboard', 'index.php?option=com_convertforms&view=convertforms', 'component', 1, 114, 2, 278, NULL, NULL, 0, 1, 'class:forms', 0, '{}', 100, 101, 0, '', 1, NULL, NULL),
(116, 'main', 'COM_CONVERTFORMS_FORMS', 'com-convertforms-forms', '', 'com-convertforms/com-convertforms-forms', 'index.php?option=com_convertforms&view=forms', 'component', 1, 114, 2, 278, NULL, NULL, 0, 1, 'class:forms', 0, '{}', 102, 103, 0, '', 1, NULL, NULL),
(117, 'main', 'COM_CONVERTFORMS_CAMPAIGNS', 'com-convertforms-campaigns', '', 'com-convertforms/com-convertforms-campaigns', 'index.php?option=com_convertforms&view=campaigns', 'component', 1, 114, 2, 278, NULL, NULL, 0, 1, 'class:campaigns', 0, '{}', 104, 105, 0, '', 1, NULL, NULL),
(118, 'main', 'COM_CONVERTFORMS_SUBMISSIONS', 'com-convertforms-submissions', '', 'com-convertforms/com-convertforms-submissions', 'index.php?option=com_convertforms&view=conversions', 'component', 1, 114, 2, 278, NULL, NULL, 0, 1, 'class:conversions', 0, '{}', 106, 107, 0, '', 1, NULL, NULL),
(119, 'main', 'COM_CONVERTFORMS_ADDONS', 'com-convertforms-addons', '', 'com-convertforms/com-convertforms-addons', 'index.php?option=com_convertforms&view=addons', 'component', 1, 114, 2, 278, NULL, NULL, 0, 1, 'class:addons', 0, '{}', 108, 109, 0, '', 1, NULL, NULL),
(120, 'top-menu-ru', 'Меню', 'menu', '', 'menu', 'index.php?option=com_jshopping&view=category', 'component', 1, 1, 1, 236, NULL, NULL, 0, 1, ' ', 0, '{\"menu-anchor_title\":\"\",\"menu-anchor_css\":\"\",\"menu_icon_css\":\"\",\"menu_image\":\"\",\"menu_image_css\":\"\",\"menu_text\":1,\"menu_show\":1,\"page_title\":\"\",\"show_page_heading\":\"1\",\"page_heading\":\"\\u041c\\u0435\\u043d\\u044e\",\"pageclass_sfx\":\"\",\"menu-meta_description\":\"\",\"robots\":\"\"}', 111, 112, 0, 'ru-RU', 0, NULL, NULL),
(121, 'top-menu-en', 'Menu', 'menu', '', 'menu', 'index.php?option=com_jshopping&view=category', 'component', 1, 1, 1, 236, NULL, NULL, 0, 1, ' ', 0, '{\"menu-anchor_title\":\"\",\"menu-anchor_css\":\"\",\"menu_icon_css\":\"\",\"menu_image\":\"\",\"menu_image_css\":\"\",\"menu_text\":1,\"menu_show\":1,\"page_title\":\"\",\"show_page_heading\":\"1\",\"page_heading\":\"Menu\",\"pageclass_sfx\":\"\",\"menu-meta_description\":\"\",\"robots\":\"\"}', 13, 14, 0, 'en-GB', 0, NULL, NULL),
(122, 'top-menu-ru', 'Доставка', 'dostavka', '', 'dostavka', 'https://delivery.zamesbar.ru', 'url', 1, 1, 1, 0, NULL, NULL, 1, 1, ' ', 0, '{\"menu-anchor_title\":\"\",\"menu-anchor_css\":\"\",\"menu_icon_css\":\"\",\"menu-anchor_rel\":\"\",\"menu_image\":\"\",\"menu_image_css\":\"\",\"menu_text\":1,\"menu_show\":1}', 113, 114, 0, 'ru-RU', 0, NULL, NULL),
(123, 'top-menu-en', 'Delivery', 'delivery', '', 'delivery', 'https://delivery.zamesbar.ru', 'url', 1, 1, 1, 0, NULL, NULL, 1, 1, ' ', 0, '{\"menu-anchor_title\":\"\",\"menu-anchor_css\":\"\",\"menu_icon_css\":\"\",\"menu-anchor_rel\":\"\",\"menu_image\":\"\",\"menu_image_css\":\"\",\"menu_text\":1,\"menu_show\":1}', 15, 16, 0, 'en-GB', 0, NULL, NULL),
(124, 'top-menu-ru', 'Акции', 'aktsii', '', 'aktsii', 'index.php?option=com_content&view=category&layout=cassiopeia:news&id=8', 'component', 1, 1, 1, 19, NULL, NULL, 0, 1, ' ', 0, '{\"layout_type\":\"blog\",\"show_category_title\":\"\",\"show_description\":\"\",\"show_description_image\":\"\",\"maxLevel\":\"\",\"show_empty_categories\":\"\",\"show_no_articles\":\"\",\"show_category_heading_title_text\":\"\",\"show_subcat_desc\":\"\",\"show_cat_num_articles\":\"\",\"show_cat_tags\":\"\",\"num_leading_articles\":0,\"blog_class_leading\":\"\",\"num_intro_articles\":\"\",\"blog_class\":\"\",\"num_columns\":3,\"multi_column_order\":\"\",\"num_links\":0,\"show_featured\":\"\",\"link_intro_image\":\"\",\"show_subcategory_content\":\"\",\"orderby_pri\":\"\",\"orderby_sec\":\"\",\"order_date\":\"\",\"show_pagination\":\"\",\"show_pagination_results\":\"\",\"article_layout\":\"_:default\",\"show_title\":\"\",\"link_titles\":\"\",\"show_intro\":\"0\",\"info_block_position\":\"\",\"info_block_show_title\":\"\",\"show_category\":\"\",\"link_category\":\"\",\"show_parent_category\":\"\",\"link_parent_category\":\"\",\"show_associations\":\"\",\"show_author\":\"\",\"link_author\":\"\",\"show_create_date\":\"1\",\"show_modify_date\":\"\",\"show_publish_date\":\"\",\"show_item_navigation\":\"\",\"show_readmore\":\"\",\"show_readmore_title\":\"\",\"show_hits\":\"\",\"show_tags\":\"\",\"show_noauth\":\"\",\"show_feed_link\":\"\",\"feed_summary\":\"\",\"menu-anchor_title\":\"\",\"menu-anchor_css\":\"\",\"menu_icon_css\":\"\",\"menu_image\":\"\",\"menu_image_css\":\"\",\"menu_text\":1,\"menu_show\":1,\"page_title\":\"\",\"show_page_heading\":\"\",\"page_heading\":\"\",\"pageclass_sfx\":\"\",\"menu-meta_description\":\"\",\"robots\":\"\"}', 115, 116, 0, 'ru-RU', 0, NULL, NULL),
(125, 'top-menu-en', 'News', 'news', '', 'news', 'index.php?option=com_content&view=category&layout=cassiopeia:news&id=9', 'component', 0, 1, 1, 19, NULL, NULL, 0, 1, ' ', 0, '{\"layout_type\":\"blog\",\"show_category_title\":\"\",\"show_description\":\"\",\"show_description_image\":\"\",\"maxLevel\":\"\",\"show_empty_categories\":\"\",\"show_no_articles\":\"\",\"show_category_heading_title_text\":\"\",\"show_subcat_desc\":\"\",\"show_cat_num_articles\":\"\",\"show_cat_tags\":\"\",\"num_leading_articles\":0,\"blog_class_leading\":\"\",\"num_intro_articles\":\"\",\"blog_class\":\"\",\"num_columns\":3,\"multi_column_order\":\"\",\"num_links\":0,\"show_featured\":\"\",\"link_intro_image\":\"\",\"show_subcategory_content\":\"\",\"orderby_pri\":\"\",\"orderby_sec\":\"\",\"order_date\":\"\",\"show_pagination\":\"\",\"show_pagination_results\":\"\",\"article_layout\":\"_:default\",\"show_title\":\"\",\"link_titles\":\"\",\"show_intro\":\"0\",\"info_block_position\":\"\",\"info_block_show_title\":\"\",\"show_category\":\"\",\"link_category\":\"\",\"show_parent_category\":\"\",\"link_parent_category\":\"\",\"show_associations\":\"\",\"show_author\":\"\",\"link_author\":\"\",\"show_create_date\":\"1\",\"show_modify_date\":\"\",\"show_publish_date\":\"\",\"show_item_navigation\":\"\",\"show_readmore\":\"\",\"show_readmore_title\":\"\",\"show_hits\":\"\",\"show_tags\":\"\",\"show_noauth\":\"\",\"show_feed_link\":\"\",\"feed_summary\":\"\",\"menu-anchor_title\":\"\",\"menu-anchor_css\":\"\",\"menu_icon_css\":\"\",\"menu_image\":\"\",\"menu_image_css\":\"\",\"menu_text\":1,\"menu_show\":1,\"page_title\":\"\",\"show_page_heading\":\"\",\"page_heading\":\"\",\"pageclass_sfx\":\"\",\"menu-meta_description\":\"\",\"robots\":\"\"}', 17, 18, 0, 'en-GB', 0, NULL, NULL),
(126, 'top-menu-ru', 'Рестораны', 'restorany', '', 'restorany', 'index.php?option=com_content&view=category&layout=cassiopeia:restoran&id=10', 'component', 1, 1, 1, 19, NULL, NULL, 0, 1, ' ', 0, '{\"layout_type\":\"blog\",\"show_category_title\":\"\",\"show_description\":\"\",\"show_description_image\":\"\",\"maxLevel\":\"\",\"show_empty_categories\":\"\",\"show_no_articles\":\"\",\"show_category_heading_title_text\":\"\",\"show_subcat_desc\":\"\",\"show_cat_num_articles\":\"\",\"show_cat_tags\":\"\",\"num_leading_articles\":0,\"blog_class_leading\":\"\",\"num_intro_articles\":\"\",\"blog_class\":\"\",\"num_columns\":2,\"multi_column_order\":\"\",\"num_links\":0,\"show_featured\":\"\",\"link_intro_image\":\"\",\"show_subcategory_content\":\"\",\"orderby_pri\":\"\",\"orderby_sec\":\"\",\"order_date\":\"\",\"show_pagination\":\"\",\"show_pagination_results\":\"\",\"article_layout\":\"_:default\",\"show_title\":\"\",\"link_titles\":\"\",\"show_intro\":\"0\",\"info_block_position\":\"\",\"info_block_show_title\":\"\",\"show_category\":\"\",\"link_category\":\"\",\"show_parent_category\":\"\",\"link_parent_category\":\"\",\"show_associations\":\"\",\"show_author\":\"\",\"link_author\":\"\",\"show_create_date\":\"\",\"show_modify_date\":\"\",\"show_publish_date\":\"\",\"show_item_navigation\":\"\",\"show_readmore\":\"\",\"show_readmore_title\":\"\",\"show_hits\":\"\",\"show_tags\":\"\",\"show_noauth\":\"\",\"show_feed_link\":\"\",\"feed_summary\":\"\",\"menu-anchor_title\":\"\",\"menu-anchor_css\":\"\",\"menu_icon_css\":\"\",\"menu_image\":\"\",\"menu_image_css\":\"\",\"menu_text\":1,\"menu_show\":1,\"page_title\":\"\",\"show_page_heading\":\"\",\"page_heading\":\"\",\"pageclass_sfx\":\"restoran-page\",\"menu-meta_description\":\"\",\"robots\":\"\"}', 117, 118, 0, 'ru-RU', 0, NULL, NULL),
(127, 'top-menu-en', 'Restaurants', 'restaurants', '', 'restaurants', 'index.php?option=com_content&view=category&layout=cassiopeia:restoran&id=11', 'component', 1, 1, 1, 19, NULL, NULL, 0, 1, ' ', 0, '{\"layout_type\":\"blog\",\"show_category_title\":\"\",\"show_description\":\"\",\"show_description_image\":\"\",\"maxLevel\":\"\",\"show_empty_categories\":\"\",\"show_no_articles\":\"\",\"show_category_heading_title_text\":\"\",\"show_subcat_desc\":\"\",\"show_cat_num_articles\":\"\",\"show_cat_tags\":\"\",\"num_leading_articles\":0,\"blog_class_leading\":\"\",\"num_intro_articles\":\"\",\"blog_class\":\"\",\"num_columns\":2,\"multi_column_order\":\"\",\"num_links\":0,\"show_featured\":\"\",\"link_intro_image\":\"\",\"show_subcategory_content\":\"\",\"orderby_pri\":\"\",\"orderby_sec\":\"\",\"order_date\":\"\",\"show_pagination\":\"\",\"show_pagination_results\":\"\",\"article_layout\":\"_:default\",\"show_title\":\"1\",\"link_titles\":\"\",\"show_intro\":\"0\",\"info_block_position\":\"\",\"info_block_show_title\":\"\",\"show_category\":\"\",\"link_category\":\"\",\"show_parent_category\":\"\",\"link_parent_category\":\"\",\"show_associations\":\"\",\"show_author\":\"\",\"link_author\":\"\",\"show_create_date\":\"\",\"show_modify_date\":\"\",\"show_publish_date\":\"\",\"show_item_navigation\":\"\",\"show_readmore\":\"\",\"show_readmore_title\":\"\",\"show_hits\":\"\",\"show_tags\":\"\",\"show_noauth\":\"\",\"show_feed_link\":\"\",\"feed_summary\":\"\",\"menu-anchor_title\":\"\",\"menu-anchor_css\":\"\",\"menu_icon_css\":\"\",\"menu_image\":\"\",\"menu_image_css\":\"\",\"menu_text\":1,\"menu_show\":1,\"page_title\":\"\",\"show_page_heading\":\"\",\"page_heading\":\"\",\"pageclass_sfx\":\"restoran-page\",\"menu-meta_description\":\"\",\"robots\":\"\"}', 19, 20, 0, 'en-GB', 0, NULL, NULL),
(128, 'top-menu-ru', 'Контакты', 'kontakty', '', 'kontakty', 'index.php?option=com_content&view=article&id=43', 'component', 1, 1, 1, 19, NULL, NULL, 0, 1, ' ', 0, '{\"show_title\":\"\",\"link_titles\":\"\",\"show_intro\":\"\",\"info_block_position\":\"\",\"info_block_show_title\":\"\",\"show_category\":\"\",\"link_category\":\"\",\"show_parent_category\":\"\",\"link_parent_category\":\"\",\"show_associations\":\"\",\"show_author\":\"\",\"link_author\":\"\",\"show_create_date\":\"\",\"show_modify_date\":\"\",\"show_publish_date\":\"\",\"show_item_navigation\":\"\",\"show_hits\":\"\",\"show_tags\":\"\",\"show_noauth\":\"\",\"urls_position\":\"\",\"menu-anchor_title\":\"\",\"menu-anchor_css\":\"last\",\"menu_icon_css\":\"\",\"menu_image\":\"\",\"menu_image_css\":\"\",\"menu_text\":1,\"menu_show\":1,\"page_title\":\"\",\"show_page_heading\":\"\",\"page_heading\":\"\",\"pageclass_sfx\":\"contact\",\"menu-meta_description\":\"\",\"robots\":\"\"}', 119, 120, 0, 'ru-RU', 0, NULL, NULL),
(129, 'top-menu-en', 'Contacts', 'contacts', '', 'contacts', 'index.php?option=com_content&view=article&id=42', 'component', 1, 1, 1, 19, NULL, NULL, 0, 1, ' ', 0, '{\"show_title\":\"\",\"link_titles\":\"\",\"show_intro\":\"\",\"info_block_position\":\"\",\"info_block_show_title\":\"\",\"show_category\":\"\",\"link_category\":\"\",\"show_parent_category\":\"\",\"link_parent_category\":\"\",\"show_associations\":\"\",\"show_author\":\"\",\"link_author\":\"\",\"show_create_date\":\"\",\"show_modify_date\":\"\",\"show_publish_date\":\"\",\"show_item_navigation\":\"\",\"show_hits\":\"\",\"show_tags\":\"\",\"show_noauth\":\"\",\"urls_position\":\"\",\"menu-anchor_title\":\"\",\"menu-anchor_css\":\"\",\"menu_icon_css\":\"\",\"menu_image\":\"\",\"menu_image_css\":\"\",\"menu_text\":1,\"menu_show\":1,\"page_title\":\"\",\"show_page_heading\":\"\",\"page_heading\":\"\",\"pageclass_sfx\":\"contact\",\"menu-meta_description\":\"\",\"robots\":\"\"}', 23, 24, 0, 'en-GB', 0, NULL, NULL),
(130, 'top-menu-ru', 'Лояльность', 'loyalnost', '', 'loyalnost', 'index.php?option=com_content&view=article&id=33', 'component', 1, 1, 1, 19, NULL, NULL, 0, 1, ' ', 0, '{\"show_title\":\"0\",\"link_titles\":\"\",\"show_intro\":\"\",\"info_block_position\":\"\",\"info_block_show_title\":\"\",\"show_category\":\"\",\"link_category\":\"\",\"show_parent_category\":\"\",\"link_parent_category\":\"\",\"show_associations\":\"\",\"show_author\":\"\",\"link_author\":\"\",\"show_create_date\":\"\",\"show_modify_date\":\"\",\"show_publish_date\":\"\",\"show_item_navigation\":\"\",\"show_hits\":\"\",\"show_tags\":\"\",\"show_noauth\":\"\",\"urls_position\":\"\",\"menu-anchor_title\":\"\",\"menu-anchor_css\":\"li-inline\",\"menu_icon_css\":\"\",\"menu_image\":\"\",\"menu_image_css\":\"\",\"menu_text\":1,\"menu_show\":1,\"page_title\":\"\",\"show_page_heading\":\"0\",\"page_heading\":\"\",\"pageclass_sfx\":\"\",\"menu-meta_description\":\"\",\"robots\":\"\"}', 121, 122, 0, 'ru-RU', 0, NULL, NULL),
(131, 'top-menu-en', 'Loyalty', 'loyalty', '', 'loyalty', 'index.php?option=com_content&view=article&id=34', 'component', 1, 1, 1, 19, NULL, NULL, 0, 1, ' ', 0, '{\"show_title\":\"0\",\"link_titles\":\"\",\"show_intro\":\"\",\"info_block_position\":\"\",\"info_block_show_title\":\"\",\"show_category\":\"\",\"link_category\":\"\",\"show_parent_category\":\"\",\"link_parent_category\":\"\",\"show_associations\":\"\",\"show_author\":\"\",\"link_author\":\"\",\"show_create_date\":\"\",\"show_modify_date\":\"\",\"show_publish_date\":\"\",\"show_item_navigation\":\"\",\"show_hits\":\"\",\"show_tags\":\"\",\"show_noauth\":\"\",\"urls_position\":\"\",\"menu-anchor_title\":\"\",\"menu-anchor_css\":\"\",\"menu_icon_css\":\"\",\"menu_image\":\"\",\"menu_image_css\":\"\",\"menu_text\":1,\"menu_show\":1,\"page_title\":\"\",\"show_page_heading\":\"0\",\"page_heading\":\"\",\"pageclass_sfx\":\"\",\"menu-meta_description\":\"\",\"robots\":\"\"}', 21, 22, 0, 'en-GB', 0, NULL, NULL),
(132, 'top-menu-ru', 'Вакансии', 'vakansii', '', 'vakansii', 'index.php?option=com_content&view=category&layout=cassiopeia:jobs&id=12', 'component', 1, 1, 1, 19, NULL, NULL, 0, 1, ' ', 0, '{\"layout_type\":\"blog\",\"show_category_title\":\"\",\"show_description\":\"\",\"show_description_image\":\"\",\"maxLevel\":\"\",\"show_empty_categories\":\"\",\"show_no_articles\":\"\",\"show_category_heading_title_text\":\"\",\"show_subcat_desc\":\"\",\"show_cat_num_articles\":\"\",\"show_cat_tags\":\"\",\"num_leading_articles\":0,\"blog_class_leading\":\"\",\"num_intro_articles\":\"\",\"blog_class\":\"\",\"num_columns\":1,\"multi_column_order\":\"\",\"num_links\":0,\"show_featured\":\"\",\"link_intro_image\":\"\",\"show_subcategory_content\":\"\",\"orderby_pri\":\"\",\"orderby_sec\":\"\",\"order_date\":\"\",\"show_pagination\":\"\",\"show_pagination_results\":\"\",\"article_layout\":\"_:default\",\"show_title\":\"\",\"link_titles\":\"\",\"show_intro\":\"\",\"info_block_position\":\"\",\"info_block_show_title\":\"\",\"show_category\":\"\",\"link_category\":\"\",\"show_parent_category\":\"\",\"link_parent_category\":\"\",\"show_associations\":\"\",\"show_author\":\"\",\"link_author\":\"\",\"show_create_date\":\"\",\"show_modify_date\":\"\",\"show_publish_date\":\"\",\"show_item_navigation\":\"\",\"show_readmore\":\"\",\"show_readmore_title\":\"\",\"show_hits\":\"\",\"show_tags\":\"\",\"show_noauth\":\"\",\"show_feed_link\":\"\",\"feed_summary\":\"\",\"menu-anchor_title\":\"\",\"menu-anchor_css\":\"li-inline\",\"menu_icon_css\":\"\",\"menu_image\":\"\",\"menu_image_css\":\"\",\"menu_text\":1,\"menu_show\":1,\"page_title\":\"\",\"show_page_heading\":\"\",\"page_heading\":\"\",\"pageclass_sfx\":\"\",\"menu-meta_description\":\"\",\"robots\":\"\"}', 123, 124, 0, 'ru-RU', 0, NULL, NULL),
(133, 'top-menu-en', 'Jobs', 'jobs', '', 'jobs', 'index.php?option=com_content&view=category&layout=cassiopeia:jobs&id=13', 'component', 0, 1, 1, 19, NULL, NULL, 0, 1, ' ', 0, '{\"layout_type\":\"blog\",\"show_category_title\":\"\",\"show_description\":\"\",\"show_description_image\":\"\",\"maxLevel\":\"\",\"show_empty_categories\":\"\",\"show_no_articles\":\"\",\"show_category_heading_title_text\":\"\",\"show_subcat_desc\":\"\",\"show_cat_num_articles\":\"\",\"show_cat_tags\":\"\",\"num_leading_articles\":0,\"blog_class_leading\":\"\",\"num_intro_articles\":\"\",\"blog_class\":\"\",\"num_columns\":1,\"multi_column_order\":\"\",\"num_links\":0,\"show_featured\":\"\",\"link_intro_image\":\"\",\"show_subcategory_content\":\"\",\"orderby_pri\":\"\",\"orderby_sec\":\"\",\"order_date\":\"\",\"show_pagination\":\"\",\"show_pagination_results\":\"\",\"article_layout\":\"_:default\",\"show_title\":\"\",\"link_titles\":\"\",\"show_intro\":\"\",\"info_block_position\":\"\",\"info_block_show_title\":\"\",\"show_category\":\"\",\"link_category\":\"\",\"show_parent_category\":\"\",\"link_parent_category\":\"\",\"show_associations\":\"\",\"show_author\":\"\",\"link_author\":\"\",\"show_create_date\":\"\",\"show_modify_date\":\"\",\"show_publish_date\":\"\",\"show_item_navigation\":\"\",\"show_readmore\":\"\",\"show_readmore_title\":\"\",\"show_hits\":\"\",\"show_tags\":\"\",\"show_noauth\":\"\",\"show_feed_link\":\"\",\"feed_summary\":\"\",\"menu-anchor_title\":\"\",\"menu-anchor_css\":\"li-inline\",\"menu_icon_css\":\"\",\"menu_image\":\"\",\"menu_image_css\":\"\",\"menu_text\":1,\"menu_show\":1,\"page_title\":\"\",\"show_page_heading\":\"\",\"page_heading\":\"\",\"pageclass_sfx\":\"\",\"menu-meta_description\":\"\",\"robots\":\"\"}', 25, 26, 0, 'en-GB', 0, NULL, NULL),
(134, 'top-menu-ru', 'Франшиза', 'franshiza', '', 'franshiza', 'index.php?option=com_content&view=article&id=31', 'component', 1, 1, 1, 19, NULL, NULL, 0, 1, ' ', 0, '{\"show_title\":\"0\",\"link_titles\":\"\",\"show_intro\":\"\",\"info_block_position\":\"\",\"info_block_show_title\":\"\",\"show_category\":\"\",\"link_category\":\"\",\"show_parent_category\":\"\",\"link_parent_category\":\"\",\"show_associations\":\"\",\"show_author\":\"\",\"link_author\":\"\",\"show_create_date\":\"\",\"show_modify_date\":\"\",\"show_publish_date\":\"\",\"show_item_navigation\":\"\",\"show_hits\":\"\",\"show_tags\":\"\",\"show_noauth\":\"\",\"urls_position\":\"\",\"menu-anchor_title\":\"\",\"menu-anchor_css\":\"li-inline\",\"menu_icon_css\":\"\",\"menu_image\":\"\",\"menu_image_css\":\"\",\"menu_text\":1,\"menu_show\":1,\"page_title\":\"\",\"show_page_heading\":\"0\",\"page_heading\":\"\",\"pageclass_sfx\":\"franshise-page\",\"menu-meta_description\":\"\",\"robots\":\"\"}', 125, 126, 0, 'ru-RU', 0, NULL, NULL),
(135, 'top-menu-en', 'Franchise', 'franchise', '', 'franchise', 'index.php?option=com_content&view=article&id=32', 'component', 0, 1, 1, 19, NULL, NULL, 0, 1, ' ', 0, '{\"show_title\":\"0\",\"link_titles\":\"\",\"show_intro\":\"\",\"info_block_position\":\"\",\"info_block_show_title\":\"\",\"show_category\":\"\",\"link_category\":\"\",\"show_parent_category\":\"\",\"link_parent_category\":\"\",\"show_associations\":\"\",\"show_author\":\"\",\"link_author\":\"\",\"show_create_date\":\"\",\"show_modify_date\":\"\",\"show_publish_date\":\"\",\"show_item_navigation\":\"\",\"show_hits\":\"\",\"show_tags\":\"\",\"show_noauth\":\"\",\"urls_position\":\"\",\"menu-anchor_title\":\"\",\"menu-anchor_css\":\"li-inline\",\"menu_icon_css\":\"\",\"menu_image\":\"\",\"menu_image_css\":\"\",\"menu_text\":1,\"menu_show\":1,\"page_title\":\"\",\"show_page_heading\":\"0\",\"page_heading\":\"\",\"pageclass_sfx\":\"franshise-page\",\"menu-meta_description\":\"\",\"robots\":\"\"}', 27, 28, 0, 'en-GB', 0, NULL, NULL),
(136, 'top-menu-ru', 'Перейти в меню', 'perejti-v-menyu', '', 'perejti-v-menyu', 'index.php?Itemid=', 'alias', -2, 1, 1, 0, NULL, NULL, 0, 1, ' ', 0, '{\"aliasoptions\":\"120\",\"alias_redirect\":0,\"menu-anchor_title\":\"\",\"menu-anchor_css\":\"\",\"menu_icon_css\":\"\",\"menu_image\":\"\",\"menu_image_css\":\"\",\"menu_text\":1,\"menu_show\":0}', 127, 128, 0, 'ru-RU', 0, NULL, NULL),
(137, 'top-menu-en', 'Go to menu', 'go-to-menu', '', 'go-to-menu', 'index.php?Itemid=', 'alias', -2, 1, 1, 0, NULL, NULL, 0, 1, ' ', 0, '{\"aliasoptions\":\"121\",\"alias_redirect\":0,\"menu-anchor_title\":\"\",\"menu-anchor_css\":\"\",\"menu_icon_css\":\"\",\"menu_image\":\"\",\"menu_image_css\":\"\",\"menu_text\":1,\"menu_show\":0}', 129, 130, 0, 'en-GB', 0, NULL, NULL),
(138, 'top-menu-ru', 'Политика конфиденциальности', 'privacy-policy', '', 'privacy-policy', 'index.php?option=com_content&view=article&id=44', 'component', 1, 1, 1, 19, NULL, NULL, 0, 1, ' ', 0, '{\"show_title\":\"\",\"link_titles\":\"\",\"show_intro\":\"\",\"info_block_position\":\"\",\"info_block_show_title\":\"\",\"show_category\":\"\",\"link_category\":\"\",\"show_parent_category\":\"\",\"link_parent_category\":\"\",\"show_associations\":\"\",\"show_author\":\"\",\"link_author\":\"\",\"show_create_date\":\"\",\"show_modify_date\":\"\",\"show_publish_date\":\"\",\"show_item_navigation\":\"\",\"show_hits\":\"\",\"show_tags\":\"\",\"show_noauth\":\"\",\"urls_position\":\"\",\"menu-anchor_title\":\"\",\"menu-anchor_css\":\"\",\"menu_icon_css\":\"\",\"menu_image\":\"\",\"menu_image_css\":\"\",\"menu_text\":1,\"menu_show\":0,\"page_title\":\"\",\"show_page_heading\":\"\",\"page_heading\":\"\",\"pageclass_sfx\":\"\",\"menu-meta_description\":\"\",\"robots\":\"\"}', 131, 132, 0, 'ru-RU', 0, NULL, NULL),
(139, 'top-menu-en', 'Privacy Policy', 'privacy-policy', '', 'privacy-policy', 'index.php?option=com_content&view=article&id=45', 'component', 1, 1, 1, 19, NULL, NULL, 0, 1, ' ', 0, '{\"show_title\":\"\",\"link_titles\":\"\",\"show_intro\":\"\",\"info_block_position\":\"\",\"info_block_show_title\":\"\",\"show_category\":\"\",\"link_category\":\"\",\"show_parent_category\":\"\",\"link_parent_category\":\"\",\"show_associations\":\"\",\"show_author\":\"\",\"link_author\":\"\",\"show_create_date\":\"\",\"show_modify_date\":\"\",\"show_publish_date\":\"\",\"show_item_navigation\":\"\",\"show_hits\":\"\",\"show_tags\":\"\",\"show_noauth\":\"\",\"urls_position\":\"\",\"menu-anchor_title\":\"\",\"menu-anchor_css\":\"\",\"menu_icon_css\":\"\",\"menu_image\":\"\",\"menu_image_css\":\"\",\"menu_text\":1,\"menu_show\":0,\"page_title\":\"\",\"show_page_heading\":\"\",\"page_heading\":\"\",\"pageclass_sfx\":\"\",\"menu-meta_description\":\"\",\"robots\":\"\"}', 29, 30, 0, 'en-GB', 0, NULL, NULL),
(140, 'top-menu-cn', 'Номе', 'nome', '', 'nome', 'index.php?option=com_content&view=article&id=46', 'component', 1, 1, 1, 19, NULL, NULL, 0, 1, ' ', 0, '{\"show_title\":\"0\",\"link_titles\":\"\",\"show_intro\":\"\",\"info_block_position\":\"\",\"info_block_show_title\":\"\",\"show_category\":\"\",\"link_category\":\"\",\"show_parent_category\":\"\",\"link_parent_category\":\"\",\"show_associations\":\"\",\"show_author\":\"\",\"link_author\":\"\",\"show_create_date\":\"\",\"show_modify_date\":\"\",\"show_publish_date\":\"\",\"show_item_navigation\":\"\",\"show_hits\":\"\",\"show_tags\":\"\",\"show_noauth\":\"\",\"urls_position\":\"\",\"menu-anchor_title\":\"\",\"menu-anchor_css\":\"\",\"menu_icon_css\":\"\",\"menu_image\":\"\",\"menu_image_css\":\"\",\"menu_text\":1,\"menu_show\":0,\"page_title\":\"ZAMES \\u2013 beer & grill\",\"show_page_heading\":\"0\",\"page_heading\":\"\",\"pageclass_sfx\":\"main-page\",\"menu-meta_description\":\"\",\"robots\":\"\"}', 31, 32, 1, 'zh-CN', 0, NULL, NULL),
(141, 'top-menu-cn', '菜单', 'menu', '', 'menu', 'index.php?option=com_jshopping&view=category', 'component', 1, 1, 1, 236, NULL, NULL, 0, 1, ' ', 0, '{\"menu-anchor_title\":\"\",\"menu-anchor_css\":\"\",\"menu_icon_css\":\"\",\"menu_image\":\"\",\"menu_image_css\":\"\",\"menu_text\":1,\"menu_show\":1,\"page_title\":\"\",\"show_page_heading\":\"1\",\"page_heading\":\"\\u83dc\\u5355\",\"pageclass_sfx\":\"\",\"menu-meta_description\":\"\",\"robots\":\"\"}', 33, 34, 0, 'zh-CN', 0, NULL, NULL),
(142, 'top-menu-cn', '送货', 'delivery-2', '', 'delivery-2', 'https://delivery.zamesbar.ru', 'url', 1, 1, 1, 0, NULL, NULL, 1, 1, ' ', 0, '{\"menu-anchor_title\":\"\",\"menu-anchor_css\":\"\",\"menu_icon_css\":\"\",\"menu-anchor_rel\":\"\",\"menu_image\":\"\",\"menu_image_css\":\"\",\"menu_text\":1,\"menu_show\":1}', 35, 36, 0, 'zh-CN', 0, NULL, NULL),
(143, 'top-menu-cn', '库存', 'ku-cun', '', 'ku-cun', 'index.php?option=com_content&view=category&layout=cassiopeia:news&id=21', 'component', 0, 1, 1, 19, NULL, NULL, 0, 1, ' ', 0, '{\"layout_type\":\"blog\",\"show_category_title\":\"\",\"show_description\":\"\",\"show_description_image\":\"\",\"maxLevel\":\"\",\"show_empty_categories\":\"\",\"show_no_articles\":\"\",\"show_category_heading_title_text\":\"\",\"show_subcat_desc\":\"\",\"show_cat_num_articles\":\"\",\"show_cat_tags\":\"\",\"num_leading_articles\":0,\"blog_class_leading\":\"\",\"num_intro_articles\":\"\",\"blog_class\":\"\",\"num_columns\":3,\"multi_column_order\":\"\",\"num_links\":0,\"show_featured\":\"\",\"link_intro_image\":\"\",\"show_subcategory_content\":\"\",\"orderby_pri\":\"\",\"orderby_sec\":\"\",\"order_date\":\"\",\"show_pagination\":\"\",\"show_pagination_results\":\"\",\"article_layout\":\"_:default\",\"show_title\":\"\",\"link_titles\":\"\",\"show_intro\":\"0\",\"info_block_position\":\"\",\"info_block_show_title\":\"\",\"show_category\":\"\",\"link_category\":\"\",\"show_parent_category\":\"\",\"link_parent_category\":\"\",\"show_associations\":\"\",\"show_author\":\"\",\"link_author\":\"\",\"show_create_date\":\"1\",\"show_modify_date\":\"\",\"show_publish_date\":\"\",\"show_item_navigation\":\"\",\"show_readmore\":\"\",\"show_readmore_title\":\"\",\"show_hits\":\"\",\"show_tags\":\"\",\"show_noauth\":\"\",\"show_feed_link\":\"\",\"feed_summary\":\"\",\"menu-anchor_title\":\"\",\"menu-anchor_css\":\"\",\"menu_icon_css\":\"\",\"menu_image\":\"\",\"menu_image_css\":\"\",\"menu_text\":1,\"menu_show\":1,\"page_title\":\"\",\"show_page_heading\":\"\",\"page_heading\":\"\",\"pageclass_sfx\":\"\",\"menu-meta_description\":\"\",\"robots\":\"\"}', 37, 38, 0, 'zh-CN', 0, NULL, NULL),
(144, 'top-menu-cn', '餐厅', 'restaurants', '', 'restaurants', 'index.php?option=com_content&view=category&layout=cassiopeia:restoran&id=22', 'component', 1, 1, 1, 19, NULL, NULL, 0, 1, ' ', 0, '{\"layout_type\":\"blog\",\"show_category_title\":\"\",\"show_description\":\"\",\"show_description_image\":\"\",\"maxLevel\":\"\",\"show_empty_categories\":\"\",\"show_no_articles\":\"\",\"show_category_heading_title_text\":\"\",\"show_subcat_desc\":\"\",\"show_cat_num_articles\":\"\",\"show_cat_tags\":\"\",\"num_leading_articles\":0,\"blog_class_leading\":\"\",\"num_intro_articles\":\"\",\"blog_class\":\"\",\"num_columns\":2,\"multi_column_order\":\"\",\"num_links\":0,\"show_featured\":\"\",\"link_intro_image\":\"\",\"show_subcategory_content\":\"\",\"orderby_pri\":\"\",\"orderby_sec\":\"\",\"order_date\":\"\",\"show_pagination\":\"\",\"show_pagination_results\":\"\",\"article_layout\":\"_:default\",\"show_title\":\"\",\"link_titles\":\"\",\"show_intro\":\"0\",\"info_block_position\":\"\",\"info_block_show_title\":\"\",\"show_category\":\"\",\"link_category\":\"\",\"show_parent_category\":\"\",\"link_parent_category\":\"\",\"show_associations\":\"\",\"show_author\":\"\",\"link_author\":\"\",\"show_create_date\":\"\",\"show_modify_date\":\"\",\"show_publish_date\":\"\",\"show_item_navigation\":\"\",\"show_readmore\":\"\",\"show_readmore_title\":\"\",\"show_hits\":\"\",\"show_tags\":\"\",\"show_noauth\":\"\",\"show_feed_link\":\"\",\"feed_summary\":\"\",\"menu-anchor_title\":\"\",\"menu-anchor_css\":\"\",\"menu_icon_css\":\"\",\"menu_image\":\"\",\"menu_image_css\":\"\",\"menu_text\":1,\"menu_show\":1,\"page_title\":\"\",\"show_page_heading\":\"\",\"page_heading\":\"\",\"pageclass_sfx\":\"restoran-page\",\"menu-meta_description\":\"\",\"robots\":\"\"}', 39, 40, 0, 'zh-CN', 0, NULL, NULL),
(145, 'top-menu-cn', '忠诚', 'loyalty', '', 'loyalty', 'index.php?option=com_content&view=article&id=47', 'component', 1, 1, 1, 19, NULL, NULL, 0, 1, ' ', 0, '{\"show_title\":\"0\",\"link_titles\":\"\",\"show_intro\":\"\",\"info_block_position\":\"\",\"info_block_show_title\":\"\",\"show_category\":\"\",\"link_category\":\"\",\"show_parent_category\":\"\",\"link_parent_category\":\"\",\"show_associations\":\"\",\"show_author\":\"\",\"link_author\":\"\",\"show_create_date\":\"\",\"show_modify_date\":\"\",\"show_publish_date\":\"\",\"show_item_navigation\":\"\",\"show_hits\":\"\",\"show_tags\":\"\",\"show_noauth\":\"\",\"urls_position\":\"\",\"menu-anchor_title\":\"\",\"menu-anchor_css\":\"\",\"menu_icon_css\":\"\",\"menu_image\":\"\",\"menu_image_css\":\"\",\"menu_text\":1,\"menu_show\":1,\"page_title\":\"\",\"show_page_heading\":\"0\",\"page_heading\":\"\",\"pageclass_sfx\":\"\",\"menu-meta_description\":\"\",\"robots\":\"\"}', 41, 42, 0, 'zh-CN', 0, NULL, NULL),
(146, 'top-menu-cn', 'Политика конфиденциальности CN', 'privacy-policy', '', 'privacy-policy', 'index.php?option=com_content&view=article&id=48', 'component', 1, 1, 1, 19, NULL, NULL, 0, 1, ' ', 0, '{\"show_title\":\"\",\"link_titles\":\"\",\"show_intro\":\"\",\"info_block_position\":\"\",\"info_block_show_title\":\"\",\"show_category\":\"\",\"link_category\":\"\",\"show_parent_category\":\"\",\"link_parent_category\":\"\",\"show_associations\":\"\",\"show_author\":\"\",\"link_author\":\"\",\"show_create_date\":\"\",\"show_modify_date\":\"\",\"show_publish_date\":\"\",\"show_item_navigation\":\"\",\"show_hits\":\"\",\"show_tags\":\"\",\"show_noauth\":\"\",\"urls_position\":\"\",\"menu-anchor_title\":\"\",\"menu-anchor_css\":\"\",\"menu_icon_css\":\"\",\"menu_image\":\"\",\"menu_image_css\":\"\",\"menu_text\":1,\"menu_show\":0,\"page_title\":\"\\u9690\\u79c1\\u653f\\u7b56\",\"show_page_heading\":\"\",\"page_heading\":\"\",\"pageclass_sfx\":\"\",\"menu-meta_description\":\"\",\"robots\":\"\"}', 45, 46, 0, 'zh-CN', 0, NULL, NULL),
(147, 'top-menu-cn', '联系人', 'contacts', 'Контакты', 'contacts', 'index.php?option=com_content&view=article&id=55', 'component', 1, 1, 1, 19, NULL, NULL, 0, 1, ' ', 0, '{\"show_title\":\"\",\"link_titles\":\"\",\"show_intro\":\"\",\"info_block_position\":\"\",\"info_block_show_title\":\"\",\"show_category\":\"\",\"link_category\":\"\",\"show_parent_category\":\"\",\"link_parent_category\":\"\",\"show_associations\":\"\",\"show_author\":\"\",\"link_author\":\"\",\"show_create_date\":\"\",\"show_modify_date\":\"\",\"show_publish_date\":\"\",\"show_item_navigation\":\"\",\"show_hits\":\"\",\"show_tags\":\"\",\"show_noauth\":\"\",\"urls_position\":\"\",\"menu-anchor_title\":\"\",\"menu-anchor_css\":\"\",\"menu_icon_css\":\"\",\"menu_image\":\"\",\"menu_image_css\":\"\",\"menu_text\":1,\"menu_show\":1,\"page_title\":\"\\u8054\\u7cfb\\u4eba\",\"show_page_heading\":\"\",\"page_heading\":\"\\u8054\\u7cfb\\u4eba\",\"pageclass_sfx\":\"contact\",\"menu-meta_description\":\"\",\"robots\":\"\"}', 43, 44, 0, 'zh-CN', 0, NULL, NULL);

-- --------------------------------------------------------

--
-- Структура таблицы `lsqvo_menu_types`
--

CREATE TABLE `lsqvo_menu_types` (
  `id` int(10) UNSIGNED NOT NULL,
  `asset_id` int(10) UNSIGNED NOT NULL DEFAULT 0,
  `menutype` varchar(24) NOT NULL,
  `title` varchar(48) NOT NULL,
  `description` varchar(255) NOT NULL DEFAULT '',
  `client_id` int(11) NOT NULL DEFAULT 0
) ENGINE=InnoDB DEFAULT CHARSET=utf8mb4 COLLATE=utf8mb4_unicode_ci;

--
-- Дамп данных таблицы `lsqvo_menu_types`
--

INSERT INTO `lsqvo_menu_types` (`id`, `asset_id`, `menutype`, `title`, `description`, `client_id`) VALUES
(1, 0, 'mainmenu', 'Main Menu', 'The main menu for the site', 0),
(2, 107, 'top-menu-ru', 'Верхнее меню(RU)', '', 0),
(3, 109, 'top-menu-en', 'Верхнее меню(EN)', '', 0),
(8, 212, 'top-menu-cn', 'Верхнее меню(CN)', '', 0);

-- --------------------------------------------------------

--
-- Структура таблицы `lsqvo_messages`
--

CREATE TABLE `lsqvo_messages` (
  `message_id` int(10) UNSIGNED NOT NULL,
  `user_id_from` int(10) UNSIGNED NOT NULL DEFAULT 0,
  `user_id_to` int(10) UNSIGNED NOT NULL DEFAULT 0,
  `folder_id` tinyint(3) UNSIGNED NOT NULL DEFAULT 0,
  `date_time` datetime NOT NULL,
  `state` tinyint(4) NOT NULL DEFAULT 0,
  `priority` tinyint(3) UNSIGNED NOT NULL DEFAULT 0,
  `subject` varchar(255) NOT NULL DEFAULT '',
  `message` text NOT NULL
) ENGINE=InnoDB DEFAULT CHARSET=utf8mb4 COLLATE=utf8mb4_unicode_ci;

-- --------------------------------------------------------

--
-- Структура таблицы `lsqvo_messages_cfg`
--

CREATE TABLE `lsqvo_messages_cfg` (
  `user_id` int(10) UNSIGNED NOT NULL DEFAULT 0,
  `cfg_name` varchar(100) NOT NULL DEFAULT '',
  `cfg_value` varchar(255) NOT NULL DEFAULT ''
) ENGINE=InnoDB DEFAULT CHARSET=utf8mb4 COLLATE=utf8mb4_unicode_ci;

-- --------------------------------------------------------

--
-- Структура таблицы `lsqvo_modules`
--

CREATE TABLE `lsqvo_modules` (
  `id` int(11) NOT NULL,
  `asset_id` int(10) UNSIGNED NOT NULL DEFAULT 0 COMMENT 'FK to the #__assets table.',
  `title` varchar(100) NOT NULL DEFAULT '',
  `note` varchar(255) NOT NULL DEFAULT '',
  `content` text DEFAULT NULL,
  `ordering` int(11) NOT NULL DEFAULT 0,
  `position` varchar(50) NOT NULL DEFAULT '',
  `checked_out` int(10) UNSIGNED DEFAULT NULL,
  `checked_out_time` datetime DEFAULT NULL,
  `publish_up` datetime DEFAULT NULL,
  `publish_down` datetime DEFAULT NULL,
  `published` tinyint(4) NOT NULL DEFAULT 0,
  `module` varchar(50) DEFAULT NULL,
  `access` int(10) UNSIGNED NOT NULL DEFAULT 0,
  `showtitle` tinyint(3) UNSIGNED NOT NULL DEFAULT 1,
  `params` text NOT NULL,
  `client_id` tinyint(4) NOT NULL DEFAULT 0,
  `language` char(7) NOT NULL
) ENGINE=InnoDB DEFAULT CHARSET=utf8mb4 COLLATE=utf8mb4_unicode_ci;

--
-- Дамп данных таблицы `lsqvo_modules`
--

INSERT INTO `lsqvo_modules` (`id`, `asset_id`, `title`, `note`, `content`, `ordering`, `position`, `checked_out`, `checked_out_time`, `publish_up`, `publish_down`, `published`, `module`, `access`, `showtitle`, `params`, `client_id`, `language`) VALUES
(1, 39, 'Main Menu', '', '', 1, 'sidebar-right', NULL, NULL, '2023-08-12 17:51:02', NULL, -2, 'mod_menu', 1, 1, '{\"menutype\":\"mainmenu\",\"startLevel\":\"0\",\"endLevel\":\"0\",\"showAllChildren\":\"1\",\"tag_id\":\"\",\"class_sfx\":\"\",\"window_open\":\"\",\"layout\":\"_:default\",\"moduleclass_sfx\":\"\",\"cache\":\"1\",\"cache_time\":\"900\",\"cachemode\":\"itemid\"}', 0, '*'),
(2, 40, 'Login', '', '', 1, 'login', NULL, NULL, NULL, NULL, 1, 'mod_login', 1, 1, '', 1, '*'),
(3, 41, 'Popular Articles', '', '', 6, 'cpanel', NULL, NULL, NULL, NULL, 1, 'mod_popular', 3, 1, '{\"count\":\"5\",\"catid\":\"\",\"user_id\":\"0\",\"layout\":\"_:default\",\"moduleclass_sfx\":\"\",\"cache\":\"0\", \"bootstrap_size\": \"12\",\"header_tag\":\"h2\"}', 1, '*'),
(4, 42, 'Recently Added Articles', '', '', 4, 'cpanel', NULL, NULL, NULL, NULL, 1, 'mod_latest', 3, 1, '{\"count\":\"5\",\"ordering\":\"c_dsc\",\"catid\":\"\",\"user_id\":\"0\",\"layout\":\"_:default\",\"moduleclass_sfx\":\"\",\"cache\":\"0\", \"bootstrap_size\": \"12\",\"header_tag\":\"h2\"}', 1, '*'),
(8, 43, 'Toolbar', '', '', 1, 'toolbar', NULL, NULL, NULL, NULL, 1, 'mod_toolbar', 3, 1, '', 1, '*'),
(9, 44, 'Notifications', '', '', 3, 'icon', NULL, NULL, NULL, NULL, 0, 'mod_quickicon', 3, 1, '{\"context\":\"update_quickicon\",\"header_icon\":\"icon-sync\",\"show_jupdate\":\"1\",\"show_eupdate\":\"1\",\"show_oupdate\":\"1\",\"show_privacy\":\"1\",\"layout\":\"_:default\",\"moduleclass_sfx\":\"\",\"cache\":1,\"cache_time\":900,\"style\":\"0\",\"module_tag\":\"div\",\"bootstrap_size\":\"12\",\"header_tag\":\"h2\",\"header_class\":\"\"}', 1, '*'),
(10, 45, 'Logged-in Users', '', '', 2, 'cpanel', NULL, NULL, NULL, NULL, 1, 'mod_logged', 3, 1, '{\"count\":\"5\",\"name\":\"1\",\"layout\":\"_:default\",\"moduleclass_sfx\":\"\",\"cache\":\"0\", \"bootstrap_size\": \"12\",\"header_tag\":\"h2\"}', 1, '*'),
(12, 46, 'Admin Menu', '', '', 1, 'menu', NULL, NULL, NULL, NULL, 1, 'mod_menu', 3, 1, '{\"layout\":\"\",\"moduleclass_sfx\":\"\",\"shownew\":\"1\",\"showhelp\":\"1\",\"cache\":\"0\"}', 1, '*'),
(15, 49, 'Title', '', '', 1, 'title', NULL, NULL, NULL, NULL, 1, 'mod_title', 3, 1, '', 1, '*'),
(16, 50, 'Login Form', '', '', 7, 'sidebar-right', NULL, NULL, '2023-08-12 17:51:02', NULL, -2, 'mod_login', 1, 1, '{\"greeting\":\"1\",\"name\":\"0\"}', 0, '*'),
(17, 51, 'Хлебные крошки', '', '', 1, 'breadcrumbs', NULL, NULL, '2023-08-15 18:29:21', NULL, -2, 'mod_breadcrumbs', 1, 1, '{\"showHere\":0,\"showHome\":1,\"homeText\":\"\",\"showLast\":1,\"layout\":\"_:default\",\"moduleclass_sfx\":\"\",\"cache\":0,\"cache_time\":0,\"cachemode\":\"itemid\",\"module_tag\":\"div\",\"bootstrap_size\":\"0\",\"header_tag\":\"h3\",\"header_class\":\"\",\"style\":\"0\"}', 0, '*'),
(79, 52, 'Multilanguage status', '', '', 2, 'status', NULL, NULL, NULL, NULL, 1, 'mod_multilangstatus', 3, 1, '{\"layout\":\"_:default\",\"moduleclass_sfx\":\"\",\"cache\":\"0\"}', 1, '*'),
(86, 53, 'Joomla Version', '', '', 1, 'status', NULL, NULL, NULL, NULL, 1, 'mod_version', 3, 1, '{\"layout\":\"_:default\",\"moduleclass_sfx\":\"\",\"cache\":\"0\"}', 1, '*'),
(87, 55, 'Sample Data', '', '', 1, 'cpanel', NULL, NULL, NULL, NULL, 1, 'mod_sampledata', 6, 1, '{\"bootstrap_size\": \"12\",\"header_tag\":\"h2\"}', 1, '*'),
(88, 67, 'Latest Actions', '', '', 3, 'cpanel', NULL, NULL, NULL, NULL, 1, 'mod_latestactions', 6, 1, '{\"bootstrap_size\": \"12\",\"header_tag\":\"h2\"}', 1, '*'),
(89, 68, 'Privacy Dashboard', '', '', 5, 'cpanel', NULL, NULL, NULL, NULL, 1, 'mod_privacy_dashboard', 6, 1, '{\"bootstrap_size\": \"12\",\"header_tag\":\"h2\"}', 1, '*'),
(90, 89, 'Login Support', '', '', 1, 'sidebar', NULL, NULL, NULL, NULL, 1, 'mod_loginsupport', 1, 1, '{\"forum_url\":\"https://forum.joomla.org/\",\"documentation_url\":\"https://docs.joomla.org/\",\"news_url\":\"https://www.joomla.org/announcements.html\",\"automatic_title\":1,\"prepare_content\":1,\"layout\":\"_:default\",\"moduleclass_sfx\":\"\",\"cache\":1,\"cache_time\":900,\"module_tag\":\"div\",\"bootstrap_size\":\"0\",\"header_tag\":\"h3\",\"header_class\":\"\",\"style\":\"0\"}', 1, '*'),
(91, 72, 'System Dashboard', '', '', 1, 'cpanel-system', NULL, NULL, '2023-08-13 16:41:36', NULL, 1, 'mod_submenu', 1, 0, '{\"menutype\":\"*\",\"preset\":\"system\",\"layout\":\"_:default\",\"moduleclass_sfx\":\"\",\"module_tag\":\"div\",\"bootstrap_size\":\"12\",\"header_tag\":\"h2\",\"header_class\":\"\",\"style\":\"System-none\"}', 1, '*'),
(92, 73, 'Content Dashboard', '', '', 1, 'cpanel-content', NULL, NULL, NULL, NULL, 1, 'mod_submenu', 1, 0, '{\"menutype\":\"*\",\"preset\":\"content\",\"layout\":\"_:default\",\"moduleclass_sfx\":\"\",\"module_tag\":\"div\",\"bootstrap_size\":\"12\",\"header_tag\":\"h2\",\"header_class\":\"\",\"style\":\"System-none\"}', 1, '*'),
(93, 74, 'Menus Dashboard', '', '', 1, 'cpanel-menus', NULL, NULL, NULL, NULL, 1, 'mod_submenu', 1, 0, '{\"menutype\":\"*\",\"preset\":\"menus\",\"layout\":\"_:default\",\"moduleclass_sfx\":\"\",\"module_tag\":\"div\",\"bootstrap_size\":\"12\",\"header_tag\":\"h2\",\"header_class\":\"\",\"style\":\"System-none\"}', 1, '*'),
(94, 75, 'Components Dashboard', '', '', 1, 'cpanel-components', NULL, NULL, NULL, NULL, 1, 'mod_submenu', 1, 0, '{\"menutype\":\"*\",\"preset\":\"components\",\"layout\":\"_:default\",\"moduleclass_sfx\":\"\",\"module_tag\":\"div\",\"bootstrap_size\":\"12\",\"header_tag\":\"h2\",\"header_class\":\"\",\"style\":\"System-none\"}', 1, '*'),
(95, 76, 'Users Dashboard', '', '', 1, 'cpanel-users', NULL, NULL, NULL, NULL, 1, 'mod_submenu', 1, 0, '{\"menutype\":\"*\",\"preset\":\"users\",\"layout\":\"_:default\",\"moduleclass_sfx\":\"\",\"module_tag\":\"div\",\"bootstrap_size\":\"12\",\"header_tag\":\"h2\",\"header_class\":\"\",\"style\":\"System-none\"}', 1, '*'),
(96, 86, 'Popular Articles', '', '', 3, 'cpanel-content', NULL, NULL, NULL, NULL, 1, 'mod_popular', 3, 1, '{\"count\":\"5\",\"catid\":\"\",\"user_id\":\"0\",\"layout\":\"_:default\",\"moduleclass_sfx\":\"\",\"cache\":\"0\", \"bootstrap_size\": \"12\",\"header_tag\":\"h2\"}', 1, '*'),
(97, 87, 'Recently Added Articles', '', '', 4, 'cpanel-content', NULL, NULL, NULL, NULL, 1, 'mod_latest', 3, 1, '{\"count\":\"5\",\"ordering\":\"c_dsc\",\"catid\":\"\",\"user_id\":\"0\",\"layout\":\"_:default\",\"moduleclass_sfx\":\"\",\"cache\":\"0\", \"bootstrap_size\": \"12\",\"header_tag\":\"h2\"}', 1, '*'),
(98, 88, 'Logged-in Users', '', '', 2, 'cpanel-users', NULL, NULL, NULL, NULL, 1, 'mod_logged', 3, 1, '{\"count\":\"5\",\"name\":\"1\",\"layout\":\"_:default\",\"moduleclass_sfx\":\"\",\"cache\":\"0\", \"bootstrap_size\": \"12\",\"header_tag\":\"h2\"}', 1, '*'),
(99, 77, 'Frontend Link', '', '', 5, 'status', NULL, NULL, NULL, NULL, 1, 'mod_frontend', 1, 1, '', 1, '*'),
(100, 78, 'Messages', '', '', 4, 'status', NULL, NULL, NULL, NULL, 1, 'mod_messages', 3, 1, '', 1, '*'),
(101, 79, 'Post Install Messages', '', '', 3, 'status', NULL, NULL, NULL, NULL, 1, 'mod_post_installation_messages', 3, 1, '', 1, '*'),
(102, 80, 'User Status', '', '', 6, 'status', NULL, NULL, NULL, NULL, 1, 'mod_user', 3, 1, '', 1, '*'),
(103, 70, 'Site', '', '', 1, 'icon', NULL, NULL, NULL, NULL, 1, 'mod_quickicon', 1, 1, '{\"context\":\"site_quickicon\",\"header_icon\":\"icon-desktop\",\"show_users\":\"1\",\"show_articles\":\"1\",\"show_categories\":\"1\",\"show_media\":\"1\",\"show_menuItems\":\"1\",\"show_modules\":\"1\",\"show_plugins\":\"1\",\"show_templates\":\"1\",\"layout\":\"_:default\",\"moduleclass_sfx\":\"\",\"cache\":1,\"cache_time\":900,\"style\":\"0\",\"module_tag\":\"div\",\"bootstrap_size\":\"12\",\"header_tag\":\"h2\",\"header_class\":\"\"}', 1, '*'),
(104, 71, 'System', '', '', 2, 'icon', NULL, NULL, NULL, NULL, 1, 'mod_quickicon', 1, 1, '{\"context\":\"system_quickicon\",\"header_icon\":\"icon-wrench\",\"show_global\":\"1\",\"show_checkin\":\"1\",\"show_cache\":\"1\",\"layout\":\"_:default\",\"moduleclass_sfx\":\"\",\"cache\":1,\"cache_time\":900,\"style\":\"0\",\"module_tag\":\"div\",\"bootstrap_size\":\"12\",\"header_tag\":\"h2\",\"header_class\":\"\"}', 1, '*'),
(105, 82, '3rd Party', '', '', 4, 'icon', NULL, NULL, NULL, NULL, 1, 'mod_quickicon', 1, 1, '{\"context\":\"mod_quickicon\",\"header_icon\":\"icon-boxes\",\"load_plugins\":\"1\",\"layout\":\"_:default\",\"moduleclass_sfx\":\"\",\"cache\":1,\"cache_time\":900,\"style\":\"0\",\"module_tag\":\"div\",\"bootstrap_size\":\"12\",\"header_tag\":\"h2\",\"header_class\":\"\"}', 1, '*'),
(106, 83, 'Help Dashboard', '', '', 1, 'cpanel-help', NULL, NULL, NULL, NULL, 1, 'mod_submenu', 1, 0, '{\"menutype\":\"*\",\"preset\":\"help\",\"layout\":\"_:default\",\"moduleclass_sfx\":\"\",\"style\":\"System-none\",\"module_tag\":\"div\",\"bootstrap_size\":\"12\",\"header_tag\":\"h2\",\"header_class\":\"\"}', 1, '*'),
(107, 84, 'Privacy Requests', '', '', 1, 'cpanel-privacy', NULL, NULL, NULL, NULL, 1, 'mod_privacy_dashboard', 1, 1, '{\"layout\":\"_:default\",\"moduleclass_sfx\":\"\",\"cache\":1,\"cache_time\":900,\"cachemode\":\"static\",\"style\":\"0\",\"module_tag\":\"div\",\"bootstrap_size\":\"12\",\"header_tag\":\"h2\",\"header_class\":\"\"}', 1, '*'),
(108, 85, 'Privacy Status', '', '', 1, 'cpanel-privacy', NULL, NULL, NULL, NULL, 1, 'mod_privacy_status', 1, 1, '{\"layout\":\"_:default\",\"moduleclass_sfx\":\"\",\"cache\":1,\"cache_time\":900,\"cachemode\":\"static\",\"style\":\"0\",\"module_tag\":\"div\",\"bootstrap_size\":\"12\",\"header_tag\":\"h2\",\"header_class\":\"\"}', 1, '*'),
(109, 96, 'Guided Tours', '', '', 1, 'status', NULL, NULL, NULL, NULL, 1, 'mod_guidedtours', 1, 1, '', 1, '*'),
(110, 108, 'Верхнее меню(RU)', '', NULL, 1, 'topbar', NULL, NULL, NULL, NULL, 1, 'mod_menu', 1, 1, '{\"menutype\":\"top-menu-ru\",\"base\":\"\",\"startLevel\":1,\"endLevel\":10,\"showAllChildren\":0,\"tag_id\":\"\",\"class_sfx\":\"\",\"window_open\":\"\",\"layout\":\"cassiopeia:main\",\"moduleclass_sfx\":\"\",\"cache\":1,\"cache_time\":900,\"cachemode\":\"itemid\",\"module_tag\":\"div\",\"bootstrap_size\":\"0\",\"header_tag\":\"h3\",\"header_class\":\"\",\"style\":\"0\"}', 0, 'ru-RU'),
(111, 110, 'Верхнее меню(EN)', '', NULL, 1, 'topbar', NULL, NULL, NULL, NULL, 1, 'mod_menu', 1, 1, '{\"menutype\":\"top-menu-en\",\"base\":\"\",\"startLevel\":1,\"endLevel\":0,\"showAllChildren\":0,\"tag_id\":\"\",\"class_sfx\":\"\",\"window_open\":\"\",\"layout\":\"cassiopeia:main\",\"moduleclass_sfx\":\"\",\"cache\":1,\"cache_time\":900,\"cachemode\":\"itemid\",\"module_tag\":\"div\",\"bootstrap_size\":\"0\",\"header_tag\":\"h3\",\"header_class\":\"\",\"style\":\"0\"}', 0, 'en-GB'),
(112, 111, 'Переключение языков', '', NULL, 1, 'language', NULL, NULL, NULL, NULL, 1, 'mod_languages', 1, 1, '{\"header_text\":\"\",\"footer_text\":\"\",\"dropdown\":1,\"dropdownimage\":0,\"image\":0,\"full_name\":0,\"show_active\":1,\"inline\":1,\"layout\":\"_:default\",\"moduleclass_sfx\":\"\",\"module_tag\":\"div\",\"bootstrap_size\":\"0\",\"header_tag\":\"h3\",\"header_class\":\"\",\"style\":\"0\"}', 0, '*'),
(113, 114, 'Convert Forms', '', '', 1, '', NULL, NULL, '2023-12-22 13:08:01', NULL, -2, 'mod_convertforms', 1, 1, '', 0, '*'),
(114, 117, 'ТЕСТ', '', NULL, 1, 'cpanel-system', NULL, NULL, NULL, NULL, -2, 'mod_quickicon', 1, 1, '{\"context\":\"mod_quickicon\",\"header_icon\":\"\",\"show_global\":\"0\",\"show_checkin\":\"0\",\"show_cache\":\"0\",\"show_users\":\"0\",\"show_articles\":\"0\",\"show_featured\":\"0\",\"show_menuitems\":\"0\",\"show_workflow\":\"0\",\"show_banners\":\"0\",\"show_finder\":\"0\",\"show_newsfeeds\":\"0\",\"show_tags\":\"0\",\"show_redirect\":\"0\",\"show_associations\":\"0\",\"show_languages\":\"0\",\"show_modules\":\"0\",\"show_contact\":\"0\",\"show_categories\":\"0\",\"show_media\":\"0\",\"show_plugins\":\"0\",\"show_template_styles\":\"0\",\"show_template_code\":\"0\",\"layout\":\"_:default\",\"moduleclass_sfx\":\"\",\"cache\":0,\"cache_time\":900,\"module_tag\":\"div\",\"bootstrap_size\":\"0\",\"header_tag\":\"h3\",\"header_class\":\"\",\"style\":\"0\"}', 1, '*'),
(115, 118, 'Забронировать столик', '', '', 1, 'rezerv', 113, '2023-12-25 16:13:40', NULL, NULL, 1, 'mod_simpleform2', 1, 0, '{\"domainKey\":\"\",\"sfMailSubj\":\"\\u0411\\u0440\\u043e\\u043d\\u044c \\u0441\\u0442\\u043e\\u043b\\u0430\",\"sfMailTo\":\"9307080416@mail.ru\",\"sfMailReply\":\"info@zamesbar.ru\",\"simpleCode\":\"{form title=\\\"\\u0420\\u0435\\u0437\\u0435\\u0440\\u0432\\\" description=\\\"\\u041c\\u044b \\u0441\\u0432\\u044f\\u0436\\u0435\\u043c\\u0441\\u044f \\u0441 \\u0412\\u0430\\u043c\\u0438 \\u0432 \\u0442\\u0435\\u0447\\u0435\\u043d\\u0438\\u0435 10 \\u043c\\u0438\\u043d\\u0443\\u0442 \\u0434\\u043b\\u044f \\u043f\\u043e\\u0434\\u0442\\u0432\\u0435\\u0440\\u0436\\u0434\\u0435\\u043d\\u0438\\u044f \\u0431\\u0440\\u043e\\u043d\\u0438\\u0440\\u043e\\u0432\\u0430\\u043d\\u0438\\u044f.\\\" type=\\\"popup\\\"}\\r\\n\\t<div class=\\\"form-body\\\">\\r\\n\\t\\t<div class=\\\"sf2-form-group sf2-form-name\\\">\\r\\n\\t\\t\\t{element label=\\\"\\u0418\\u043c\\u044f\\\" placeholder=\\\"\\u0418\\u043c\\u044f\\\" type=\\\"text\\\" required=\\\"required\\\" error=\\\"\\u0412\\u0432\\u0435\\u0434\\u0438\\u0442\\u0435 \\u043f\\u043e\\u0436\\u0430\\u043b\\u0443\\u0439\\u0441\\u0442\\u0430 \\u0432\\u0430\\u0448\\u0435 \\u0438\\u043c\\u044f\\\"\\/}\\r\\n\\t\\t<\\/div>\\r\\n\\t\\t<div class=\\\"sf2-form-group sf2-form-phone\\\">\\r\\n\\t\\t\\t{element label=\\\"\\u0422\\u0435\\u043b\\u0435\\u0444\\u043e\\u043d\\\" placeholder=\\\"\\u0422\\u0435\\u043b\\u0435\\u0444\\u043e\\u043d\\\" type=\\\"tel\\\" required=\\\"required\\\" error=\\\"\\u0412\\u0432\\u0435\\u0434\\u0438\\u0442\\u0435 \\u043f\\u043e\\u0436\\u0430\\u043b\\u0443\\u0439\\u0441\\u0442\\u0430 \\u0432\\u0430\\u0448 \\u0442\\u0435\\u043b\\u0435\\u0444\\u043e\\u043d\\\"\\/}\\r\\n\\t\\t<\\/div>\\r\\n\\t\\t<div class=\\\"row\\\">\\r\\n\\t\\t\\t<div class=\\\"sf2-form-group col-12 col-md-6\\\">\\r\\n\\t\\t\\t\\t{element  label=\\\"\\u0420\\u0435\\u0441\\u0442\\u043e\\u0440\\u0430\\u043d\\\" type=\\\"select\\\" required=\\\"required\\\" error=\\\"\\u0412\\u044b\\u0431\\u0435\\u0440\\u0438\\u0442\\u0435 \\u043f\\u043e\\u0436\\u0430\\u043b\\u0443\\u0439\\u0441\\u0442\\u0430 \\u0440\\u0435\\u0441\\u0442\\u043e\\u0440\\u0430\\u043d\\\"}\\r\\n\\t\\t\\t\\t\\t{option label=\\\"\\u0412\\u044b\\u0431\\u0435\\u0440\\u0438\\u0442\\u0435 \\u0440\\u0435\\u0441\\u0442\\u043e\\u0440\\u0430\\u043d\\\" value=\\\"ok\\\"\\/}\\r\\n\\t\\t\\t\\t\\t{option label=\\\"\\u041c\\u0418\\u0422\\u0418\\u041d\\u041e\\\" value=\\\"booking_mitino\\\" \\/}\\r\\n\\t\\t\\t\\t\\t{option label=\\\"\\u0422\\u0420\\u0426 \\u00ab\\u041a\\u0410\\u0428\\u0418\\u0420\\u0421\\u041a\\u0410\\u042f \\u041f\\u041b\\u0410\\u0417\\u0410\\u00bb\\\" value=\\\"booking_kashirka\\\" \\/}\\r\\n\\t\\t\\t\\t\\t{option label=\\\"\\u0422\\u0420\\u0426 \\u00ab\\u0410\\u0424\\u0418\\u041c\\u041e\\u041b\\u041b \\u0421\\u0418\\u0422\\u0418\\u00bb\\\" value=\\\"booking_afimall\\\" \\/}\\r\\n\\t\\t\\t\\t\\t{option label=\\\"\\u0422\\u0420\\u0426 \\u00ab\\u041a\\u0423\\u041d\\u0426\\u0415\\u0412\\u041e \\u041f\\u041b\\u0410\\u0417\\u0410\\u00bb\\\" value=\\\"booking_kuntsevo\\\" \\/}\\r\\n\\t\\t\\t\\t\\t{option label=\\\"\\u0422\\u0420\\u0426 \\u00ab\\u0425\\u041e\\u0420\\u041e\\u0428\\u041e\\u00bb\\\" value=\\\"booking_horosho\\\" \\/}\\r\\n\\t\\t\\t\\t\\t{option label=\\\"\\u0411\\u0423\\u0422\\u041e\\u0412\\u041e\\\" value=\\\"booking_butovo\\\" \\/}\\r\\n\\t\\t\\t\\t{\\/element}\\r\\n\\t\\t\\t<\\/div>\\r\\n\\t\\t\\t<div class=\\\"sf2-form-group col-12 col-md-6\\\">\\r\\n\\t\\t\\t\\t{element  label=\\\"\\u0413\\u043e\\u0441\\u0442\\u0438\\\" type=\\\"select\\\"}\\r\\n\\t\\t\\t\\t\\t{option label=\\\"\\u041a\\u043e\\u043b\\u0438\\u0447\\u0435\\u0441\\u0442\\u0432\\u043e \\u0433\\u043e\\u0441\\u0442\\u0435\\u0439\\\" value=\\\"ok\\\"\\/}\\r\\n\\t\\t\\t\\t\\t{option label=\\\"1\\\" value=\\\"1\\\"\\/}\\r\\n\\t\\t\\t\\t\\t{option label=\\\"2\\\" value=\\\"2\\\"\\/}\\r\\n\\t\\t\\t\\t\\t{option label=\\\"3\\\" value=\\\"3\\\"\\/}\\r\\n\\t\\t\\t\\t\\t{option label=\\\"4\\\" value=\\\"4\\\"\\/}\\r\\n\\t\\t\\t\\t\\t{option label=\\\"4+\\\" value=\\\"4+\\\"\\/}\\r\\n\\t\\t\\t\\t{\\/element}\\r\\n\\t\\t\\t<\\/div>\\r\\n\\t\\t\\t<div class=\\\"sf2-form-group sf2-form-time col-6 col-md-6\\\">\\r\\n\\t\\t\\t\\t{element label=\\\"\\u0412\\u0440\\u0435\\u043c\\u044f\\\" placeholder=\\\"\\u0412\\u0440\\u0435\\u043c\\u044f\\\" type=\\\"text\\\"\\/}\\r\\n\\t\\t\\t<\\/div>\\r\\n\\t\\t\\t<div class=\\\"sf2-form-group sf2-form-data col-6 col-md-6\\\">\\r\\n\\t\\t\\t\\t{element label=\\\"\\u0414\\u0430\\u0442\\u0430\\\" class=\\\"input-data\\\" placeholder=\\\"\\u0414\\u0430\\u0442\\u0430\\\" type=\\\"date\\\"\\/}\\r\\n\\t\\t\\t<\\/div>\\r\\n\\t\\t<\\/div>\\r\\n\\t\\t<div class=\\\"sf2-form-groups f2-form-comment\\\">\\r\\n\\t\\t\\t{element label=\\\"\\u041a\\u043e\\u043c\\u043c\\u0435\\u043d\\u0442\\u0430\\u0440\\u0438\\u0439\\\" placeholder=\\\"\\u041a\\u043e\\u043c\\u043c\\u0435\\u043d\\u0442\\u0430\\u0440\\u0438\\u0439 \\u043a \\u0431\\u0440\\u043e\\u043d\\u0438\\u0440\\u043e\\u0432\\u0430\\u043d\\u0438\\u044e\\\" type=\\\"textarea\\\"\\/}\\r\\n\\t\\t<\\/div>\\r\\n\\t\\t<div class=\\\"row row-last\\\">\\r\\n\\t\\t\\t<div class=\\\"sf2-form-group col-12 col-md-6 sf2-form-check\\\">\\r\\n\\t\\t\\t\\t{element type=\\\"checkbox\\\" required=\\\"required\\\" error=\\\"\\u0414\\u043b\\u044f \\u043e\\u0442\\u043f\\u0440\\u0430\\u0432\\u043a\\u0438 \\u0434\\u0430\\u043d\\u043d\\u044b\\u0445 \\u0432\\u044b \\u0434\\u043e\\u043b\\u0436\\u043d\\u044b \\u0434\\u0430\\u0442\\u044c \\u0441\\u043e\\u0433\\u043b\\u0430\\u0441\\u0438\\u0435 \\u043d\\u0430 \\u0438\\u0445 \\u043e\\u0431\\u0440\\u0430\\u0431\\u043e\\u0442\\u043a\\u0443\\\" send-in-email=\\\"no\\\"}\\r\\n\\t\\t\\t\\t\\t{option label=\\\"\\u0414\\u0430\\u044e \\u0441\\u043e\\u0433\\u043b\\u0430\\u0441\\u0438\\u0435 \\u043d\\u0430 \\u043e\\u0431\\u0440\\u0430\\u0431\\u043e\\u0442\\u043a\\u0443 \\u043f\\u0435\\u0440\\u0441\\u043e\\u043d\\u0430\\u043b\\u044c\\u043d\\u044b\\u0445 \\u0434\\u0430\\u043d\\u043d\\u044b\\u0445\\\" value=\\\"ok\\\"  \\/}\\r\\n\\t\\t\\t\\t{\\/element}\\r\\n\\t\\t\\t<\\/div>\\r\\n\\t\\t\\t<div class=\\\"sf2-form-group col-12 col-md-6 sf2-form-submit\\\">\\r\\n\\t\\t\\t\\t{element type=\\\"submit\\\" value=\\\"\\u0417\\u0430\\u0431\\u0440\\u043e\\u043d\\u0438\\u0440\\u043e\\u0432\\u0430\\u0442\\u044c \\u0441\\u0442\\u043e\\u043b\\u0438\\u043a\\\"\\/}\\r\\n\\t\\t\\t<\\/div>\\r\\n\\t\\t<\\/div>\\r\\n\\t<\\/div>\\r\\n{\\/form}\\r\\n{caller}\\u0420\\u0435\\u0437\\u0435\\u0440\\u0432{\\/caller}\",\"sfLayout\":\"blocks\",\"sfStyle\":\"default\",\"sfLayoutMode\":\"full-width\",\"okText\":\"<div class=\\\"row\\\">\\r\\n\\t<div class=\\\"col-12 col-md-6 d-flex align-items-center\\\">\\r\\n\\t\\t<img src=\\\"\\/images\\/message-logo.png\\\" \\/>\\r\\n\\t<\\/div>\\r\\n\\t<div class=\\\"col-12 col-md-6\\\">\\r\\n\\t\\t<div class=\\\"page-header mdl-header\\\">\\u0421\\u0442\\u043e\\u043b\\u0438\\u043a \\u0443\\u0441\\u043f\\u0435\\u0448\\u043d\\u043e \\u0437\\u0430\\u0431\\u0440\\u043e\\u043d\\u0438\\u0440\\u043e\\u0432\\u0430\\u043d<\\/div>\\r\\n\\t\\t<div class=\\\"description\\\">\\u041d\\u0430\\u0448 \\u043c\\u0435\\u043d\\u0435\\u0434\\u0436\\u0435\\u0440 \\u0441\\u043a\\u043e\\u0440\\u043e \\u0441\\u0432\\u044f\\u0436\\u0435\\u0442\\u0441\\u044f \\u0441 \\u0412\\u0430\\u043c\\u0438 \\u0434\\u043b\\u044f \\u0443\\u0442\\u043e\\u0447\\u043d\\u0435\\u043d\\u0438\\u044f \\u0438\\u043d\\u0444\\u043e\\u0440\\u043c\\u0430\\u0446\\u0438\\u0438. \\u0421\\u043f\\u0430\\u0441\\u0438\\u0431\\u043e, \\u0447\\u0442\\u043e \\u043e\\u0431\\u0440\\u0430\\u0442\\u0438\\u043b\\u0438\\u0441\\u044c \\u0432 <span>ZAMES!<\\/span><\\/div>\\r\\n\\t<\\/div>\\r\\n<\\/div>\",\"moduleclass_sfx\":\" reserv\",\"loadScriptsMode\":\"body\",\"userCheckFunc\":\"\",\"userResultFunc\":\"\",\"layout\":\"_:default\",\"cache\":\"0\",\"cache_time\":\"900\",\"cachemode\":\"itemid\",\"ip_detect_method\":\"REMOTE_ADDR\",\"recordForms\":\"0\",\"module_tag\":\"div\",\"bootstrap_size\":\"0\",\"header_tag\":\"h3\",\"header_class\":\"\",\"style\":\"0\"}', 0, 'ru-RU'),
(116, 137, 'Новости', '', NULL, 1, 'news', NULL, NULL, NULL, NULL, 1, 'mod_articles_news', 1, 1, '{\"catid\":[8],\"image\":1,\"img_intro_full\":\"intro\",\"item_title\":1,\"link_titles\":1,\"item_heading\":\"h2\",\"triggerevents\":1,\"showLastSeparator\":1,\"show_introtext\":0,\"readmore\":0,\"count\":5,\"show_featured\":\"\",\"exclude_current\":1,\"ordering\":\"a.publish_up\",\"direction\":1,\"layout\":\"cassiopeia:carousel\",\"moduleclass_sfx\":\"\",\"cache\":1,\"cache_time\":900,\"cachemode\":\"itemid\",\"module_tag\":\"div\",\"bootstrap_size\":\"0\",\"header_tag\":\"h3\",\"header_class\":\"\",\"style\":\"0\"}', 0, 'ru-RU'),
(117, 138, 'News', '', NULL, 1, 'news', NULL, NULL, NULL, NULL, 0, 'mod_articles_news', 1, 1, '{\"catid\":[9],\"image\":1,\"img_intro_full\":\"intro\",\"item_title\":1,\"link_titles\":1,\"item_heading\":\"h2\",\"triggerevents\":1,\"showLastSeparator\":1,\"show_introtext\":0,\"readmore\":0,\"count\":5,\"show_featured\":\"\",\"exclude_current\":1,\"ordering\":\"a.publish_up\",\"direction\":1,\"layout\":\"cassiopeia:carousel\",\"moduleclass_sfx\":\"\",\"cache\":1,\"cache_time\":900,\"cachemode\":\"itemid\",\"module_tag\":\"div\",\"bootstrap_size\":\"0\",\"header_tag\":\"h3\",\"header_class\":\"\",\"style\":\"0\"}', 0, 'en-GB'),
(118, 139, 'Новости (2)', '', NULL, 1, 'news', NULL, NULL, '2023-12-22 13:07:53', NULL, -2, 'mod_articles_news', 1, 1, '{\"catid\":[8],\"image\":1,\"img_intro_full\":\"intro\",\"item_title\":1,\"link_titles\":1,\"item_heading\":\"h2\",\"triggerevents\":1,\"showLastSeparator\":1,\"show_introtext\":0,\"readmore\":0,\"count\":5,\"show_featured\":\"\",\"exclude_current\":1,\"ordering\":\"a.publish_up\",\"direction\":1,\"layout\":\"cassiopeia:carousel\",\"moduleclass_sfx\":\"\",\"cache\":1,\"cache_time\":900,\"cachemode\":\"itemid\",\"module_tag\":\"div\",\"bootstrap_size\":\"0\",\"header_tag\":\"h3\",\"header_class\":\"\",\"style\":\"0\"}', 0, 'ru-RU'),
(119, 140, 'Меню', '', '', 1, 'zmenu', NULL, NULL, NULL, NULL, 1, 'mod_jshopping_categories', 1, 1, '{\"show_image\":\"0\",\"sort\":\"order\",\"ordering\":\"asc\",\"moduleclass_sfx\":\"\",\"module_tag\":\"div\",\"bootstrap_size\":\"0\",\"header_tag\":\"h3\",\"header_class\":\"\",\"style\":\"0\"}', 0, 'ru-RU'),
(120, 141, 'Новые блюда', '', '', 1, 'popular', NULL, NULL, NULL, NULL, 1, 'mod_jshopping_label_products', 1, 1, '{\"count_products\":\"20\",\"label_id\":\"1\",\"enable_addon\":\"1\",\"show_image\":\"1\",\"show_image_label\":\"0\",\"allow_review\":\"0\",\"short_description\":\"1\",\"manufacturer_name\":\"0\",\"product_quantity\":\"0\",\"product_old_price\":\"0\",\"product_price_default\":\"0\",\"display_price\":\"1\",\"show_tax_product\":\"0\",\"show_plus_shipping_in_product\":\"0\",\"basic_price_info\":\"0\",\"product_weight\":\"0\",\"delivery_time\":\"0\",\"extra_field\":\"0\",\"vendor\":\"0\",\"product_list_qty_stock\":\"0\",\"show_button\":\"0\",\"show_button_buy\":\"0\",\"show_button_detal\":\"0\",\"layout\":\"_:default\",\"moduleclass_sfx\":\"popular-label  page-sect sect-xs-3 sect-md-5 sect-xl-7\",\"cache\":\"1\",\"cache_time\":\"900\",\"cachemode\":\"itemid\",\"module_tag\":\"div\",\"bootstrap_size\":\"0\",\"header_tag\":\"h3\",\"header_class\":\"\",\"style\":\"0\"}', 0, 'ru-RU'),
(121, 142, 'Menu', '', NULL, 1, 'zmenu', NULL, NULL, NULL, NULL, 1, 'mod_jshopping_categories', 1, 1, '{\"show_image\":\"0\",\"sort\":\"order\",\"ordering\":\"asc\",\"moduleclass_sfx\":\"\",\"module_tag\":\"div\",\"bootstrap_size\":\"0\",\"header_tag\":\"h3\",\"header_class\":\"\",\"style\":\"0\"}', 0, 'en-GB'),
(122, 143, 'New dishes', '', NULL, 1, 'popular', NULL, NULL, NULL, NULL, 1, 'mod_jshopping_label_products', 1, 1, '{\"count_products\":\"5\",\"label_id\":\"1\",\"enable_addon\":\"1\",\"show_image\":\"1\",\"show_image_label\":\"0\",\"allow_review\":\"0\",\"short_description\":\"1\",\"manufacturer_name\":\"0\",\"product_quantity\":\"0\",\"product_old_price\":\"0\",\"product_price_default\":\"0\",\"display_price\":\"1\",\"show_tax_product\":\"0\",\"show_plus_shipping_in_product\":\"0\",\"basic_price_info\":\"0\",\"product_weight\":\"0\",\"delivery_time\":\"0\",\"extra_field\":\"0\",\"vendor\":\"0\",\"product_list_qty_stock\":\"0\",\"show_button\":\"0\",\"show_button_buy\":\"0\",\"show_button_detal\":\"0\",\"layout\":\"_:default\",\"moduleclass_sfx\":\"  page-sect sect-xs-3 sect-md-5 sect-xl-7\",\"cache\":\"1\",\"cache_time\":\"900\",\"cachemode\":\"itemid\",\"module_tag\":\"div\",\"bootstrap_size\":\"0\",\"header_tag\":\"h3\",\"header_class\":\"\",\"style\":\"0\"}', 0, 'en-GB'),
(125, 161, 'Программа Лояльности', '', '<div class=\"title d-block d-md-none tac\">Программа <span>Лояльности</span></div>\r\n<div class=\"row\">\r\n	<div class=\"col-8 col-md-4\">\r\n		<div class=\"inner\">\r\n			<div class=\"title d-none d-md-block\">Программа <span>Лояльности</span></div>\r\n			<ul>\r\n				<li>Заполните анкету</li>\r\n				<li>Скачайте электронную карту</li>\r\n				<li>Получите персональную скидку</li>\r\n			</ul>\r\n			<a class=\"d-none d-md-inline-block\" href=\"https://form.p-h.app/fa024b25efa1722baca489052d3005a8\" target=\"_blank\">Получить карту</a>\r\n		</div>\r\n	</div>\r\n	<div class=\"col-4\">\r\n		<img src=\"images/iphone.png\" class=\"no-lazy\" alt=\"Iphone\" />\r\n	</div>\r\n	<div class=\"col-12 col-md-4\">\r\n		<div class=\"d-none d-md-flex flex-column align-items-center justify-content-center\">\r\n			<img src=\"images/QR.svg\" alt=\"QR-code\" />\r\n			<p>Отсканируйте QR код <span>камерой вашего телефона</span></p>\r\n		</div>\r\n		<a class=\"d-block d-md-none\" href=\"https://form.p-h.app/fa024b25efa1722baca489052d3005a8\" target=\"_blank\">Получить карту</a>\r\n	</div>\r\n</div>', 1, 'loyalty', NULL, NULL, NULL, NULL, 1, 'mod_custom', 1, 1, '{\"prepare_content\":0,\"backgroundimage\":\"\",\"layout\":\"cassiopeia:loyalty\",\"moduleclass_sfx\":\"\",\"cache\":1,\"cache_time\":900,\"cachemode\":\"static\",\"module_tag\":\"div\",\"bootstrap_size\":\"0\",\"header_tag\":\"h3\",\"header_class\":\"\",\"style\":\"0\"}', 0, 'ru-RU'),
(126, 162, 'Loyalty Program', '', '<div class=\"title d-block d-md-none tac\">Loyalty <span>Program</span></div>\r\n<div class=\"row\">\r\n	<div class=\"col-8 col-md-4\">\r\n		<div class=\"inner\">\r\n			<div class=\"title d-none d-md-block\">Loyalty <span>Program</span></div>\r\n			<ul>\r\n				<li>Fill in the form</li>\r\n				<li>Download the e-map</li>\r\n				<li>Get a personal discount</li>\r\n			</ul>\r\n			<a class=\"d-none d-md-inline-block\" href=\"https://form.p-h.app/fa024b25efa1722baca489052d3005a8\" target=\"_blank\">Get a card</a>\r\n		</div>\r\n	</div>\r\n	<div class=\"col-4\">\r\n		<img src=\"images/iphone.png\" class=\"no-lazy\" alt=\"Iphone\" />\r\n	</div>\r\n	<div class=\"col-12 col-md-4\">\r\n		<div class=\"d-none d-md-flex flex-column align-items-center justify-content-center\">\r\n			<img src=\"images/QR.svg\" alt=\"QR-code\" />\r\n			<p>Scan the QR code <span>your phone\'s camera</span></p>\r\n		</div>\r\n		<a class=\"d-block d-md-none\" href=\"https://form.p-h.app/fa024b25efa1722baca489052d3005a8\" target=\"_blank\">Get a card</a>\r\n	</div>\r\n</div>', 1, 'loyalty', NULL, NULL, NULL, NULL, 1, 'mod_custom', 1, 1, '{\"prepare_content\":0,\"backgroundimage\":\"\",\"layout\":\"cassiopeia:loyalty\",\"moduleclass_sfx\":\"\",\"cache\":1,\"cache_time\":900,\"cachemode\":\"static\",\"module_tag\":\"div\",\"bootstrap_size\":\"0\",\"header_tag\":\"h3\",\"header_class\":\"\",\"style\":\"0\"}', 0, 'en-GB'),
(127, 174, 'Рестораны', '', NULL, 1, 'restorans', NULL, NULL, NULL, NULL, 1, 'mod_articles_news', 1, 1, '{\"catid\":[10],\"image\":0,\"img_intro_full\":\"intro\",\"item_title\":1,\"link_titles\":1,\"item_heading\":\"h2\",\"triggerevents\":1,\"showLastSeparator\":1,\"show_introtext\":0,\"readmore\":0,\"count\":6,\"show_featured\":\"\",\"exclude_current\":1,\"ordering\":\"a.publish_up\",\"direction\":1,\"layout\":\"cassiopeia:restoran\",\"moduleclass_sfx\":\"\",\"cache\":1,\"cache_time\":900,\"cachemode\":\"itemid\",\"module_tag\":\"div\",\"bootstrap_size\":\"0\",\"header_tag\":\"h3\",\"header_class\":\"\",\"style\":\"0\"}', 0, 'ru-RU'),
(128, 175, 'Restaurants', '', NULL, 1, 'restorans', NULL, NULL, NULL, NULL, 1, 'mod_articles_news', 1, 1, '{\"catid\":[11],\"image\":0,\"img_intro_full\":\"intro\",\"item_title\":1,\"link_titles\":1,\"item_heading\":\"h2\",\"triggerevents\":1,\"showLastSeparator\":1,\"show_introtext\":0,\"readmore\":0,\"count\":6,\"show_featured\":\"\",\"exclude_current\":1,\"ordering\":\"a.publish_up\",\"direction\":1,\"layout\":\"cassiopeia:restoran\",\"moduleclass_sfx\":\"\",\"cache\":1,\"cache_time\":900,\"cachemode\":\"itemid\",\"module_tag\":\"div\",\"bootstrap_size\":\"0\",\"header_tag\":\"h3\",\"header_class\":\"\",\"style\":\"0\"}', 0, 'en-GB'),
(129, 176, 'Меню в подвале(RU)', '', NULL, 1, 'fmenu', NULL, NULL, NULL, NULL, 1, 'mod_menu', 1, 1, '{\"menutype\":\"top-menu-ru\",\"base\":\"\",\"startLevel\":1,\"endLevel\":10,\"showAllChildren\":0,\"tag_id\":\"\",\"class_sfx\":\"\",\"window_open\":\"\",\"layout\":\"cassiopeia:fmenu\",\"moduleclass_sfx\":\"\",\"cache\":1,\"cache_time\":900,\"cachemode\":\"itemid\",\"module_tag\":\"div\",\"bootstrap_size\":\"0\",\"header_tag\":\"h3\",\"header_class\":\"\",\"style\":\"0\"}', 0, 'ru-RU'),
(130, 177, 'Меню в подвале(EN)', '', NULL, 1, 'fmenu', NULL, NULL, NULL, NULL, 1, 'mod_menu', 1, 1, '{\"menutype\":\"top-menu-en\",\"base\":\"\",\"startLevel\":1,\"endLevel\":0,\"showAllChildren\":0,\"tag_id\":\"\",\"class_sfx\":\"\",\"window_open\":\"\",\"layout\":\"cassiopeia:fmenu\",\"moduleclass_sfx\":\"\",\"cache\":1,\"cache_time\":900,\"cachemode\":\"itemid\",\"module_tag\":\"div\",\"bootstrap_size\":\"0\",\"header_tag\":\"h3\",\"header_class\":\"\",\"style\":\"0\"}', 0, 'en-GB'),
(131, 203, 'Reserve a table', '', NULL, 1, 'rezerv', NULL, NULL, NULL, NULL, 1, 'mod_simpleform2', 1, 0, '{\"domainKey\":\"\",\"sfMailSubj\":\"\\u0411\\u0440\\u043e\\u043d\\u044c \\u0441\\u0442\\u043e\\u043b\\u0430\",\"sfMailTo\":\"9307080416@mail.ru\",\"sfMailReply\":\"info@zamesbar.ru\",\"simpleCode\":\"{form title=\\\"Reserve\\\" description=\\\"We will contact you within 10 minutes to confirm your reservation.\\\" type=\\\"popup\\\"}\\r\\n\\t<div class=\\\"form-body en\\\">\\r\\n\\t\\t<div class=\\\"sf2-form-group sf2-form-name\\\">\\r\\n\\t\\t\\t{element label=\\\"\\u0418\\u043c\\u044f\\\" placeholder=\\\"Name\\\" type=\\\"text\\\" required=\\\"required\\\" error=\\\"Please enter your name\\\"\\/}\\r\\n\\t\\t<\\/div>\\r\\n\\t\\t<div class=\\\"sf2-form-group sf2-form-phone\\\">\\r\\n\\t\\t\\t{element label=\\\"\\u0422\\u0435\\u043b\\u0435\\u0444\\u043e\\u043d\\\" placeholder=\\\"Phone\\\" type=\\\"tel\\\" required=\\\"required\\\" error=\\\"Please enter your phone number\\\"\\/}\\r\\n\\t\\t<\\/div>\\r\\n\\t\\t<div class=\\\"row\\\">\\r\\n\\t\\t\\t<div class=\\\"sf2-form-group col-12 col-md-6\\\">\\r\\n\\t\\t\\t\\t{element  label=\\\"\\u0420\\u0435\\u0441\\u0442\\u043e\\u0440\\u0430\\u043d\\\" type=\\\"select\\\" required=\\\"required\\\" error=\\\"Please select a restaurant\\\"}\\r\\n\\t\\t\\t\\t\\t{option label=\\\"Select a restaurant\\\" value=\\\"ok\\\"\\/}\\r\\n\\t\\t\\t\\t\\t{option label=\\\"MITINO\\\" value=\\\"booking_mitino\\\" \\/}\\r\\n\\t\\t\\t\\t\\t{option label=\\\"KASHIRSKAYA PLAZA\\\" value=\\\"booking_kashirka\\\" \\/}\\r\\n\\t\\t\\t\\t\\t{option label=\\\"AFIMALL CITY\\\" value=\\\"booking_afimall\\\" \\/}\\r\\n\\t\\t\\t\\t\\t{option label=\\\"KUNTSEVO PLAZA\\\" value=\\\"booking_kuntsevo\\\" \\/}\\r\\n\\t\\t\\t\\t\\t{option label=\\\"HOROSHO\\\" value=\\\"booking_horosho\\\" \\/}\\r\\n\\t\\t\\t\\t\\t{option label=\\\"BUTOVO\\\" value=\\\"booking_butovo\\\" \\/}\\r\\n\\t\\t\\t\\t{\\/element}\\r\\n\\t\\t\\t<\\/div>\\r\\n\\t\\t\\t<div class=\\\"sf2-form-group col-12 col-md-6\\\">\\r\\n\\t\\t\\t\\t{element  label=\\\"\\u0413\\u043e\\u0441\\u0442\\u0438\\\" type=\\\"select\\\"}\\r\\n\\t\\t\\t\\t\\t{option label=\\\"Number of guests\\\" value=\\\"ok\\\"\\/}\\r\\n\\t\\t\\t\\t\\t{option label=\\\"1\\\" value=\\\"1\\\"\\/}\\r\\n\\t\\t\\t\\t\\t{option label=\\\"2\\\" value=\\\"2\\\"\\/}\\r\\n\\t\\t\\t\\t\\t{option label=\\\"3\\\" value=\\\"3\\\"\\/}\\r\\n\\t\\t\\t\\t\\t{option label=\\\"4\\\" value=\\\"4\\\"\\/}\\r\\n\\t\\t\\t\\t\\t{option label=\\\"4+\\\" value=\\\"4+\\\"\\/}\\r\\n\\t\\t\\t\\t{\\/element}\\r\\n\\t\\t\\t<\\/div>\\r\\n\\t\\t\\t<div class=\\\"sf2-form-group sf2-form-time col-6 col-md-6\\\">\\r\\n\\t\\t\\t\\t{element label=\\\"\\u0412\\u0440\\u0435\\u043c\\u044f\\\" placeholder=\\\"Time\\\" type=\\\"text\\\"\\/}\\r\\n\\t\\t\\t<\\/div>\\r\\n\\t\\t\\t<div class=\\\"sf2-form-group sf2-form-data col-6 col-md-6\\\">\\r\\n\\t\\t\\t\\t{element label=\\\"\\u0414\\u0430\\u0442\\u0430\\\" class=\\\"input-data\\\" placeholder=\\\"Data\\\" type=\\\"date\\\"\\/}\\r\\n\\t\\t\\t<\\/div>\\r\\n\\t\\t<\\/div>\\r\\n\\t\\t<div class=\\\"sf2-form-groups f2-form-comment\\\">\\r\\n\\t\\t\\t{element label=\\\"\\u041a\\u043e\\u043c\\u043c\\u0435\\u043d\\u0442\\u0430\\u0440\\u0438\\u0439\\\" placeholder=\\\"Comments on booking\\\" type=\\\"textarea\\\" \\/}\\r\\n\\t\\t<\\/div>\\r\\n\\t\\t<div class=\\\"row row-last\\\">\\r\\n\\t\\t\\t<div class=\\\"sf2-form-group col-12 col-md-6 sf2-form-check\\\">\\r\\n\\t\\t\\t\\t{element type=\\\"checkbox\\\" required=\\\"required\\\" error=\\\"To submit data you must consent to its processing\\\" send-in-email=\\\"no\\\"}\\r\\n\\t\\t\\t\\t\\t{option label=\\\"I agree to the processing of personal data\\\" value=\\\"ok\\\"  \\/}\\r\\n\\t\\t\\t\\t{\\/element}\\r\\n\\t\\t\\t<\\/div>\\r\\n\\t\\t\\t<div class=\\\"sf2-form-group col-12 col-md-6 sf2-form-submit\\\">\\r\\n\\t\\t\\t\\t{element type=\\\"submit\\\" value=\\\"Reserve a table\\\"\\/}\\r\\n\\t\\t\\t<\\/div>\\r\\n\\t\\t<\\/div>\\r\\n\\t<\\/div>\\r\\n{\\/form}\\r\\n{caller}Reserve{\\/caller}\",\"sfLayout\":\"blocks\",\"sfStyle\":\"default\",\"sfLayoutMode\":\"full-width\",\"okText\":\"<div class=\\\"row\\\">\\r\\n\\t<div class=\\\"col-12 col-md-6 d-flex align-items-center\\\">\\r\\n\\t\\t<img src=\\\"\\/images\\/message-logo.png\\\" \\/>\\r\\n\\t<\\/div>\\r\\n\\t<div class=\\\"col-12 col-md-6\\\">\\r\\n\\t\\t<div class=\\\"page-header mdl-header\\\">Table successfully booked<\\/div>\\r\\n\\t\\t<div class=\\\"description\\\">Our manager will contact you soon to clarify the information. Thank you for contacting <span>ZAMES!<\\/span><\\/div>\\r\\n\\t<\\/div>\\r\\n<\\/div>\",\"moduleclass_sfx\":\" reserve-en\",\"loadScriptsMode\":\"body\",\"userCheckFunc\":\"\",\"userResultFunc\":\"\",\"layout\":\"_:default\",\"cache\":\"0\",\"cache_time\":\"900\",\"cachemode\":\"itemid\",\"ip_detect_method\":\"REMOTE_ADDR\",\"recordForms\":\"0\",\"module_tag\":\"div\",\"bootstrap_size\":\"0\",\"header_tag\":\"h3\",\"header_class\":\"\",\"style\":\"0\"}', 0, 'en-GB'),
(134, 210, 'Контакты в меню', '', '<div class=\"contact-phone page-sect sect-pb-xs-3 sect-pb-md-5\"><a href=\"tel:+74957392347\">+7 (495) 739 23 47</a></div>\r\n<div class=\"contact-reviews page-sect sect-pb-xs-3 sect-pb-md-5\">\r\n	<div class=\"contact-title contact-width-1 page-sect sect-pb-xs-2\">Отзывы и <span>предложения</span></div>\r\n	<div class=\"contact-mail contact-width-1\"><a href=\"mailto:mes@zms-msk.ru\">mes@zms-msk.ru</a></div>\r\n</div>\r\n<div class=\"contact-resume page-sect sect-pb-xs-3 sect-pb-md-5\">\r\n	<div class=\"contact-title contact-width-2 page-sect sect-pb-xs-2\">Резюме</div>\r\n	<div class=\"contact-mail contact-width-2\"><a href=\"mailto:job@zms-msk.ru\">job@zms-msk.ru</a></div>\r\n</div>\r\n<div class=\"contact-soc d-flex align-items-center\">\r\n	<div class=\"contact-soc-inner\">\r\n		<div class=\"d-flex align-items-center justify-content-end\">\r\n			<a href=\"https://vk.com/zamesbarmoscow\" target=\"_blank\"><img class=\"no-lazy\" src=\"images/soc/1.svg\" /></a>\r\n			<a href=\"https://t.me/zamesbar\" target=\"_blank\"><img class=\"no-lazy\" src=\"images/soc/2.svg\" /></a>\r\n			<a href=\"https://www.instagram.com/zamesbar\" target=\"_blank\" ><img class=\"no-lazy\" src=\"images/soc/3.svg\" /></a>\r\n		</div>\r\n		<div class=\"instagram-box d-flex align-items-center justify-content-end\">\r\n			<div>Instagram запрещен <span>на территории РФ</span>\r\n		</div>\r\n		</div>\r\n	</div>\r\n</div>', 1, 'menu-contact', NULL, NULL, NULL, NULL, 1, 'mod_custom', 1, 1, '{\"prepare_content\":0,\"backgroundimage\":\"\",\"layout\":\"_:default\",\"moduleclass_sfx\":\"\",\"cache\":1,\"cache_time\":900,\"cachemode\":\"static\",\"module_tag\":\"div\",\"bootstrap_size\":\"0\",\"header_tag\":\"h3\",\"header_class\":\"\",\"style\":\"0\"}', 0, 'ru-RU'),
(135, 215, 'Получить презентацию', '', NULL, 1, 'debug', 113, '2023-12-24 10:49:24', NULL, NULL, 1, 'mod_simpleform2', 1, 0, '{\"domainKey\":\"\",\"sfMailSubj\":\"\\u0417\\u0430\\u044f\\u0432\\u043a\\u0430 \\u043d\\u0430 \\u0444\\u0440\\u0430\\u043d\\u0448\\u0438\\u0437\\u0443\",\"sfMailTo\":\"franchise@zms-msk.ru\",\"sfMailReply\":\"info@zamesbar.ru\",\"simpleCode\":\"{form title=\\\"\\u041f\\u043e\\u043b\\u0443\\u0447\\u0438\\u0442\\u044c \\u043f\\u0440\\u0435\\u0437\\u0435\\u043d\\u0442\\u0430\\u0446\\u0438\\u044e\\\" description=\\\"\\u0414\\u043b\\u044f \\u043f\\u043e\\u043b\\u0443\\u0447\\u0435\\u043d\\u0438\\u044f \\u043f\\u043e\\u0434\\u0440\\u043e\\u0431\\u043d\\u043e\\u0439 \\u0438\\u043d\\u0444\\u043e\\u0440\\u043c\\u0430\\u0446\\u0438\\u0438 \\u043f\\u0440\\u043e\\u0441\\u0438\\u043c \\u0437\\u0430\\u043f\\u043e\\u043b\\u043d\\u0438\\u0442\\u044c \\u0444\\u043e\\u0440\\u043c\\u0443 \\u043d\\u0438\\u0436\\u0435.\\\" type=\\\"popup\\\"}\\r\\n\\t<div class=\\\"form-body\\\">\\r\\n\\t\\t<div class=\\\"sf2-form-group sf2-form-name\\\">\\r\\n\\t\\t\\t{element label=\\\"\\u0418\\u043c\\u044f\\\" placeholder=\\\"\\u0418\\u043c\\u044f\\\" type=\\\"text\\\" required=\\\"required\\\" error=\\\"\\u0412\\u0432\\u0435\\u0434\\u0438\\u0442\\u0435 \\u043f\\u043e\\u0436\\u0430\\u043b\\u0443\\u0439\\u0441\\u0442\\u0430 \\u0432\\u0430\\u0448\\u0435 \\u0438\\u043c\\u044f\\\"\\/}\\r\\n\\t\\t<\\/div>\\r\\n\\t\\t<div class=\\\"sf2-form-group sf2-form-phone\\\">\\r\\n\\t\\t\\t{element label=\\\"\\u0422\\u0435\\u043b\\u0435\\u0444\\u043e\\u043d\\\" placeholder=\\\"\\u0422\\u0435\\u043b\\u0435\\u0444\\u043e\\u043d\\\" type=\\\"tel\\\" required=\\\"required\\\" error=\\\"\\u0412\\u0432\\u0435\\u0434\\u0438\\u0442\\u0435 \\u043f\\u043e\\u0436\\u0430\\u043b\\u0443\\u0439\\u0441\\u0442\\u0430 \\u0432\\u0430\\u0448 \\u0442\\u0435\\u043b\\u0435\\u0444\\u043e\\u043d\\\"\\/}\\r\\n\\t\\t<\\/div>\\r\\n\\t\\t<div class=\\\"sf2-form-group sf2-form-name\\\">\\r\\n\\t\\t\\t{element label=\\\"\\u041f\\u043e\\u0447\\u0442\\u0430\\\" placeholder=\\\"E-mail\\\" type=\\\"email\\\" required=\\\"required\\\" error=\\\"\\u0412\\u0432\\u0435\\u0434\\u0438\\u0442\\u0435 \\u043f\\u043e\\u0436\\u0430\\u043b\\u0443\\u0439\\u0441\\u0442\\u0430 \\u0432\\u0430\\u0448\\u0443 \\u043f\\u043e\\u0447\\u0442\\u0443\\\"\\/}\\r\\n\\t\\t<\\/div>\\r\\n\\t\\t<div class=\\\"row row-last\\\">\\r\\n\\t\\t\\t<div class=\\\"sf2-form-group col-12 col-md-6 sf2-form-check\\\">\\r\\n\\t\\t\\t\\t{element type=\\\"checkbox\\\" required=\\\"required\\\" error=\\\"\\u0414\\u043b\\u044f \\u043e\\u0442\\u043f\\u0440\\u0430\\u0432\\u043a\\u0438 \\u0434\\u0430\\u043d\\u043d\\u044b\\u0445 \\u0432\\u044b \\u0434\\u043e\\u043b\\u0436\\u043d\\u044b \\u0434\\u0430\\u0442\\u044c \\u0441\\u043e\\u0433\\u043b\\u0430\\u0441\\u0438\\u0435 \\u043d\\u0430 \\u0438\\u0445 \\u043e\\u0431\\u0440\\u0430\\u0431\\u043e\\u0442\\u043a\\u0443\\\" send-in-email=\\\"no\\\"}\\r\\n\\t\\t\\t\\t\\t{option label=\\\"\\u0414\\u0430\\u044e \\u0441\\u043e\\u0433\\u043b\\u0430\\u0441\\u0438\\u0435 \\u043d\\u0430 \\u043e\\u0431\\u0440\\u0430\\u0431\\u043e\\u0442\\u043a\\u0443 \\u043f\\u0435\\u0440\\u0441\\u043e\\u043d\\u0430\\u043b\\u044c\\u043d\\u044b\\u0445 \\u0434\\u0430\\u043d\\u043d\\u044b\\u0445\\\" value=\\\"ok\\\" \\/}\\r\\n\\t\\t\\t\\t{\\/element}\\r\\n\\t\\t\\t<\\/div>\\r\\n\\t\\t\\t<div class=\\\"sf2-form-group col-12 col-md-6 sf2-form-submit\\\">\\r\\n\\t\\t\\t\\t{element type=\\\"submit\\\" value=\\\"\\u041e\\u0442\\u043f\\u0440\\u0430\\u0432\\u0438\\u0442\\u044c\\\"\\/}\\r\\n\\t\\t\\t<\\/div>\\r\\n\\t\\t<\\/div>\\r\\n\\t<\\/div>\\r\\n{\\/form}\\r\\n{caller}\\u041f\\u043e\\u043b\\u0443\\u0447\\u0438\\u0442\\u044c \\u043f\\u0440\\u0435\\u0437\\u0435\\u043d\\u0442\\u0430\\u0446\\u0438\\u044e{\\/caller}\",\"sfLayout\":\"blocks\",\"sfStyle\":\"default\",\"sfLayoutMode\":\"full-width\",\"okText\":\"<div class=\\\"row\\\">\\r\\n\\t<div class=\\\"col-12 col-md-6 d-flex align-items-center\\\">\\r\\n\\t\\t<img src=\\\"\\/images\\/message-logo.png\\\" \\/>\\r\\n\\t<\\/div>\\r\\n\\t<div class=\\\"col-12 col-md-6\\\">\\r\\n\\t\\t<div class=\\\"page-header mdl-header\\\">\\u0421\\u0442\\u043e\\u043b\\u0438\\u043a \\u0443\\u0441\\u043f\\u0435\\u0448\\u043d\\u043e \\u0437\\u0430\\u0431\\u0440\\u043e\\u043d\\u0438\\u0440\\u043e\\u0432\\u0430\\u043d<\\/div>\\r\\n\\t\\t<div class=\\\"description\\\">\\u041d\\u0430\\u0448 \\u043c\\u0435\\u043d\\u0435\\u0434\\u0436\\u0435\\u0440 \\u0441\\u043a\\u043e\\u0440\\u043e \\u0441\\u0432\\u044f\\u0436\\u0435\\u0442\\u0441\\u044f \\u0441 \\u0412\\u0430\\u043c\\u0438 \\u0434\\u043b\\u044f \\u0443\\u0442\\u043e\\u0447\\u043d\\u0435\\u043d\\u0438\\u044f \\u0438\\u043d\\u0444\\u043e\\u0440\\u043c\\u0430\\u0446\\u0438\\u0438. \\u0421\\u043f\\u0430\\u0441\\u0438\\u0431\\u043e, \\u0447\\u0442\\u043e \\u043e\\u0431\\u0440\\u0430\\u0442\\u0438\\u043b\\u0438\\u0441\\u044c \\u0432 <span>ZAMES!<\\/span><\\/div>\\r\\n\\t<\\/div>\\r\\n<\\/div>\",\"moduleclass_sfx\":\"\",\"loadScriptsMode\":\"body\",\"userCheckFunc\":\"\",\"userResultFunc\":\"\",\"layout\":\"_:default\",\"cache\":\"0\",\"cache_time\":\"900\",\"cachemode\":\"itemid\",\"ip_detect_method\":\"REMOTE_ADDR\",\"recordForms\":\"0\",\"module_tag\":\"div\",\"bootstrap_size\":\"0\",\"header_tag\":\"h3\",\"header_class\":\"\",\"style\":\"0\"}', 0, 'ru-RU'),
(136, 216, 'Заполнить анкету', '', NULL, 1, 'debug', 113, '2023-12-24 10:49:22', NULL, NULL, 1, 'mod_simpleform2', 1, 0, '{\"domainKey\":\"\",\"sfMailSubj\":\"\\u0417\\u0430\\u044f\\u0432\\u043a\\u0430 \\u043d\\u0430 \\u0432\\u0430\\u043a\\u0430\\u043d\\u0441\\u0438\\u044e\",\"sfMailTo\":\"job@zms-msk.ru\",\"sfMailReply\":\"info@zamesbar.ru\",\"simpleCode\":\"{form title=\\\"\\u0417\\u0430\\u043f\\u043e\\u043b\\u043d\\u0438\\u0442\\u044c \\u0430\\u043d\\u043a\\u0435\\u0442\\u0443\\\" description=\\\"\\u0415\\u0441\\u043b\\u0438 \\u0432\\u0430\\u0441 \\u0437\\u0430\\u0438\\u043d\\u0442\\u0435\\u0440\\u0435\\u0441\\u043e\\u0432\\u0430\\u043b\\u0438 \\u043d\\u0430\\u0448\\u0438 \\u0432\\u0430\\u043a\\u0430\\u043d\\u0441\\u0438\\u0438, \\u0437\\u0430\\u043f\\u043e\\u043b\\u043d\\u0438\\u0442\\u0435 \\u0444\\u043e\\u0440\\u043c\\u0443 \\u043d\\u0438\\u0436\\u0435 \\u0438 \\u043c\\u044b \\u0441\\u0432\\u044f\\u0436\\u0435\\u043c\\u0441\\u044f \\u0441 \\u0432\\u0430\\u043c\\u0438!\\\" type=\\\"popup\\\"}\\r\\n\\t\\t<div class=\\\"sf2-form-group sf2-form-name\\\">\\r\\n\\t\\t\\t{element label=\\\"\\u0418\\u043c\\u044f\\\" placeholder=\\\"\\u0418\\u043c\\u044f\\\" type=\\\"text\\\" required=\\\"required\\\" error=\\\"\\u0412\\u0432\\u0435\\u0434\\u0438\\u0442\\u0435 \\u043f\\u043e\\u0436\\u0430\\u043b\\u0443\\u0439\\u0441\\u0442\\u0430 \\u0432\\u0430\\u0448\\u0435 \\u0438\\u043c\\u044f\\\"\\/}\\r\\n\\t\\t<\\/div>\\r\\n\\t\\t<div class=\\\"sf2-form-group sf2-form-phone\\\">\\r\\n\\t\\t\\t{element label=\\\"\\u0422\\u0435\\u043b\\u0435\\u0444\\u043e\\u043d\\\" placeholder=\\\"\\u0422\\u0435\\u043b\\u0435\\u0444\\u043e\\u043d\\\" type=\\\"tel\\\" required=\\\"required\\\" error=\\\"\\u0412\\u0432\\u0435\\u0434\\u0438\\u0442\\u0435 \\u043f\\u043e\\u0436\\u0430\\u043b\\u0443\\u0439\\u0441\\u0442\\u0430 \\u0432\\u0430\\u0448 \\u0442\\u0435\\u043b\\u0435\\u0444\\u043e\\u043d\\\"\\/}\\r\\n\\t\\t<\\/div>\\r\\n\\t\\t<div class=\\\"sf2-form-group sf2-form-name\\\">\\r\\n\\t\\t\\t{element label=\\\"\\u0412\\u043e\\u0437\\u0440\\u0430\\u0441\\u0442\\\" placeholder=\\\"\\u0412\\u043e\\u0437\\u0440\\u0430\\u0441\\u0442\\\" type=\\\"text\\\" required=\\\"required\\\" error=\\\"\\u0412\\u0432\\u0435\\u0434\\u0438\\u0442\\u0435 \\u043f\\u043e\\u0436\\u0430\\u043b\\u0443\\u0439\\u0441\\u0442\\u0430 \\u0432\\u0430\\u0448 \\u0432\\u043e\\u0437\\u0440\\u0430\\u0441\\u0442\\\"\\/}\\r\\n\\t\\t<\\/div>\\r\\n\\t\\t<div class=\\\"sf2-form-group sf2-form-name\\\">\\r\\n\\t\\t\\t{element label=\\\"\\u0414\\u043e\\u043b\\u0436\\u043d\\u043e\\u0441\\u0442\\u044c\\\" placeholder=\\\"\\u0416\\u0435\\u043b\\u0430\\u0435\\u043c\\u0430\\u044f \\u0434\\u043e\\u043b\\u0436\\u043d\\u043e\\u0441\\u0442\\u044c\\\" type=\\\"text\\\" required=\\\"required\\\" error=\\\"\\u0412\\u0432\\u0435\\u0434\\u0438\\u0442\\u0435 \\u043f\\u043e\\u0436\\u0430\\u043b\\u0443\\u0439\\u0441\\u0442\\u0430 \\u0436\\u0435\\u043b\\u0430\\u0435\\u043c\\u0443\\u044e \\u0434\\u043e\\u043b\\u0436\\u043d\\u043e\\u0441\\u0442\\u044c\\\"\\/}\\r\\n\\t\\t<\\/div>\\r\\n\\t\\t<div class=\\\"row row-last\\\">\\r\\n\\t\\t\\t<div class=\\\"sf2-form-group col-12 col-md-6 sf2-form-check\\\">\\r\\n\\t\\t\\t\\t{element type=\\\"checkbox\\\" required=\\\"required\\\" error=\\\"\\u0414\\u043b\\u044f \\u043e\\u0442\\u043f\\u0440\\u0430\\u0432\\u043a\\u0438 \\u0434\\u0430\\u043d\\u043d\\u044b\\u0445 \\u0432\\u044b \\u0434\\u043e\\u043b\\u0436\\u043d\\u044b \\u0434\\u0430\\u0442\\u044c \\u0441\\u043e\\u0433\\u043b\\u0430\\u0441\\u0438\\u0435 \\u043d\\u0430 \\u0438\\u0445 \\u043e\\u0431\\u0440\\u0430\\u0431\\u043e\\u0442\\u043a\\u0443\\\" send-in-email=\\\"no\\\"}\\r\\n\\t\\t\\t\\t\\t{option label=\\\"\\u0414\\u0430\\u044e \\u0441\\u043e\\u0433\\u043b\\u0430\\u0441\\u0438\\u0435 \\u043d\\u0430 \\u043e\\u0431\\u0440\\u0430\\u0431\\u043e\\u0442\\u043a\\u0443 \\u043f\\u0435\\u0440\\u0441\\u043e\\u043d\\u0430\\u043b\\u044c\\u043d\\u044b\\u0445 \\u0434\\u0430\\u043d\\u043d\\u044b\\u0445\\\" value=\\\"ok\\\" \\/}\\r\\n\\t\\t\\t\\t{\\/element}\\r\\n\\t\\t\\t<\\/div>\\r\\n\\t\\t\\t<div class=\\\"sf2-form-group col-12 col-md-6 sf2-form-submit\\\">\\r\\n\\t\\t\\t\\t{element type=\\\"submit\\\" value=\\\"\\u041e\\u0442\\u043f\\u0440\\u0430\\u0432\\u0438\\u0442\\u044c\\\"\\/}\\r\\n\\t\\t\\t<\\/div>\\r\\n\\t\\t<\\/div>\\r\\n\\t<\\/div>\\r\\n{\\/form}\\r\\n{caller}\\u0417\\u0430\\u043f\\u043e\\u043b\\u043d\\u0438\\u0442\\u044c \\u0430\\u043d\\u043a\\u0435\\u0442\\u0443{\\/caller}\",\"sfLayout\":\"blocks\",\"sfStyle\":\"default\",\"sfLayoutMode\":\"full-width\",\"okText\":\"<div class=\\\"row\\\">\\r\\n\\t<div class=\\\"col-12 col-md-6 d-flex align-items-center\\\">\\r\\n\\t\\t<img src=\\\"\\/images\\/message-logo.png\\\" \\/>\\r\\n\\t<\\/div>\\r\\n\\t<div class=\\\"col-12 col-md-6\\\">\\r\\n\\t\\t<div class=\\\"page-header mdl-header\\\">\\u0421\\u043e\\u043e\\u0431\\u0449\\u0435\\u043d\\u0438\\u0435 \\u043e\\u0442\\u043f\\u0440\\u0430\\u0432\\u043b\\u0435\\u043d\\u043e!<\\/div>\\r\\n\\t\\t<div class=\\\"description\\\">\\u041d\\u0430\\u0448 \\u0441\\u043e\\u0442\\u0440\\u0443\\u0434\\u043d\\u0438\\u043a \\u0441\\u043a\\u043e\\u0440\\u043e \\u0441\\u0432\\u044f\\u0436\\u0435\\u0442\\u0441\\u044f \\u0441 \\u0412\\u0430\\u043c\\u0438 \\u0434\\u043b\\u044f \\u0443\\u0442\\u043e\\u0447\\u043d\\u0435\\u043d\\u0438\\u044f \\u0438\\u043d\\u0444\\u043e\\u0440\\u043c\\u0430\\u0446\\u0438\\u0438. \\u0421\\u043f\\u0430\\u0441\\u0438\\u0431\\u043e, \\u0447\\u0442\\u043e \\u043e\\u0431\\u0440\\u0430\\u0442\\u0438\\u043b\\u0438\\u0441\\u044c \\u0432 <span>ZAMES!<\\/span><\\/div>\\r\\n\\t<\\/div>\\r\\n<\\/div>\",\"moduleclass_sfx\":\"\",\"loadScriptsMode\":\"body\",\"userCheckFunc\":\"\",\"userResultFunc\":\"\",\"layout\":\"_:default\",\"cache\":\"0\",\"cache_time\":\"900\",\"cachemode\":\"itemid\",\"ip_detect_method\":\"REMOTE_ADDR\",\"recordForms\":\"0\",\"module_tag\":\"div\",\"bootstrap_size\":\"0\",\"header_tag\":\"h3\",\"header_class\":\"\",\"style\":\"0\"}', 0, 'ru-RU'),
(137, 223, '菜单', '', NULL, 1, 'zmenu', NULL, NULL, NULL, NULL, 1, 'mod_jshopping_categories', 1, 1, '{\"show_image\":\"0\",\"sort\":\"order\",\"ordering\":\"asc\",\"moduleclass_sfx\":\"\",\"module_tag\":\"div\",\"bootstrap_size\":\"0\",\"header_tag\":\"h3\",\"header_class\":\"\",\"style\":\"0\"}', 0, 'zh-CN'),
(138, 224, 'Верхнее меню(CN)', '', NULL, 1, 'topbar', NULL, NULL, NULL, NULL, 1, 'mod_menu', 1, 1, '{\"menutype\":\"top-menu-cn\",\"base\":\"\",\"startLevel\":1,\"endLevel\":10,\"showAllChildren\":0,\"tag_id\":\"\",\"class_sfx\":\"\",\"window_open\":\"\",\"layout\":\"cassiopeia:main\",\"moduleclass_sfx\":\"\",\"cache\":1,\"cache_time\":900,\"cachemode\":\"itemid\",\"module_tag\":\"div\",\"bootstrap_size\":\"0\",\"header_tag\":\"h3\",\"header_class\":\"\",\"style\":\"0\"}', 0, 'zh-CN');
INSERT INTO `lsqvo_modules` (`id`, `asset_id`, `title`, `note`, `content`, `ordering`, `position`, `checked_out`, `checked_out_time`, `publish_up`, `publish_down`, `published`, `module`, `access`, `showtitle`, `params`, `client_id`, `language`) VALUES
(139, 225, 'Забронировать столик (CN)', '', NULL, 1, 'rezerv', 113, '2023-12-25 16:13:39', NULL, NULL, 1, 'mod_simpleform2', 1, 0, '{\"domainKey\":\"\",\"sfMailSubj\":\"\\u0411\\u0440\\u043e\\u043d\\u044c \\u0441\\u0442\\u043e\\u043b\\u0430\",\"sfMailTo\":\"9307080416@mail.ru\",\"sfMailReply\":\"info@zamesbar.ru\",\"simpleCode\":\"{form title=\\\"\\u9884\\u8ba2\\\" description=\\\"\\u6211\\u4eec\\u5c06\\u5728 10 \\u5206\\u949f\\u5185\\u4e0e\\u60a8\\u8054\\u7cfb\\u4ee5\\u786e\\u8ba4\\u60a8\\u7684\\u9884\\u8ba2\\\" type=\\\"popup\\\"}\\r\\n\\t<div class=\\\"form-body\\\">\\r\\n\\t\\t<div class=\\\"sf2-form-group sf2-form-name\\\">\\r\\n\\t\\t\\t{element label=\\\"\\u0418\\u043c\\u044f\\\" placeholder=\\\"\\u59d3\\u540d\\\" type=\\\"text\\\" required=\\\"required\\\" error=\\\"\\u8bf7\\u8f93\\u5165\\u60a8\\u7684\\u59d3\\u540d\\\"\\/}\\r\\n\\t\\t<\\/div>\\r\\n\\t\\t<div class=\\\"sf2-form-group sf2-form-phone\\\">\\r\\n\\t\\t\\t{element label=\\\"\\u0422\\u0435\\u043b\\u0435\\u0444\\u043e\\u043d\\\" placeholder=\\\"\\u7535\\u8bdd\\\" type=\\\"tel\\\" required=\\\"required\\\" error=\\\"\\u8bf7\\u8f93\\u5165\\u60a8\\u7684\\u7535\\u8bdd\\u53f7\\u7801\\\"\\/}\\r\\n\\t\\t<\\/div>\\r\\n\\t\\t<div class=\\\"row\\\">\\r\\n\\t\\t\\t<div class=\\\"sf2-form-group col-12 col-md-6\\\">\\r\\n\\t\\t\\t\\t{element  label=\\\"\\u0420\\u0435\\u0441\\u0442\\u043e\\u0440\\u0430\\u043d\\\" type=\\\"select\\\" required=\\\"required\\\" error=\\\"\\u8bf7\\u9009\\u62e9\\u9910\\u5385\\\"}\\r\\n\\t\\t\\t\\t\\t{option label=\\\"\\u9009\\u62e9\\u9910\\u5385\\\" value=\\\"ok\\\"\\/}\\r\\n\\t\\t\\t\\t\\t{option label=\\\"MITINO\\\" value=\\\"booking_mitino\\\" \\/}\\r\\n\\t\\t\\t\\t\\t{option label=\\\"KASHIRSKAYA PLAZA\\\" value=\\\"booking_kashirka\\\" \\/}\\r\\n\\t\\t\\t\\t\\t{option label=\\\"AFIMALL CITY\\\" value=\\\"booking_afimall\\\" \\/}\\r\\n\\t\\t\\t\\t\\t{option label=\\\"KUNTSEVO PLAZA\\\" value=\\\"booking_kuntsevo\\\" \\/}\\r\\n\\t\\t\\t\\t\\t{option label=\\\"HOROSHO\\\" value=\\\"booking_horosho\\\" \\/}\\r\\n\\t\\t\\t\\t\\t{option label=\\\"BUTOVO\\\" value=\\\"booking_butovo\\\" \\/}\\r\\n\\t\\t\\t\\t{\\/element}\\r\\n\\t\\t\\t<\\/div>\\r\\n\\t\\t\\t<div class=\\\"sf2-form-group col-12 col-md-6\\\">\\r\\n\\t\\t\\t\\t{element  label=\\\"\\u0413\\u043e\\u0441\\u0442\\u0438\\\" type=\\\"select\\\"}\\r\\n\\t\\t\\t\\t\\t{option label=\\\"\\u5165\\u4f4f\\u4eba\\u6570\\\" value=\\\"ok\\\"\\/}\\r\\n\\t\\t\\t\\t\\t{option label=\\\"1\\\" value=\\\"1\\\"\\/}\\r\\n\\t\\t\\t\\t\\t{option label=\\\"2\\\" value=\\\"2\\\"\\/}\\r\\n\\t\\t\\t\\t\\t{option label=\\\"3\\\" value=\\\"3\\\"\\/}\\r\\n\\t\\t\\t\\t\\t{option label=\\\"4\\\" value=\\\"4\\\"\\/}\\r\\n\\t\\t\\t\\t\\t{option label=\\\"4+\\\" value=\\\"4+\\\"\\/}\\r\\n\\t\\t\\t\\t{\\/element}\\r\\n\\t\\t\\t<\\/div>\\r\\n\\t\\t\\t<div class=\\\"sf2-form-group sf2-form-time col-6 col-md-6\\\">\\r\\n\\t\\t\\t\\t{element label=\\\"\\u0412\\u0440\\u0435\\u043c\\u044f\\\" placeholder=\\\"\\u65f6\\u95f4\\\" type=\\\"text\\\"\\/}\\r\\n\\t\\t\\t<\\/div>\\r\\n\\t\\t\\t<div class=\\\"sf2-form-group sf2-form-data col-6 col-md-6\\\">\\r\\n\\t\\t\\t\\t{element label=\\\"\\u0414\\u0430\\u0442\\u0430\\\" class=\\\"input-data\\\" placeholder=\\\"\\u65e5\\u671f\\\" type=\\\"date\\\"\\/}\\r\\n\\t\\t\\t<\\/div>\\r\\n\\t\\t<\\/div>\\r\\n\\t\\t<div class=\\\"sf2-form-groups f2-form-comment\\\">\\r\\n\\t\\t\\t{element label=\\\"\\u041a\\u043e\\u043c\\u043c\\u0435\\u043d\\u0442\\u0430\\u0440\\u0438\\u0439\\\" placeholder=\\\"\\u9884\\u8ba2\\u8bc4\\u8bba\\\" type=\\\"textarea\\\" \\/}\\r\\n\\t\\t<\\/div>\\r\\n\\t\\t<div class=\\\"row row-last\\\">\\r\\n\\t\\t\\t<div class=\\\"sf2-form-group col-12 col-md-6 sf2-form-check\\\">\\r\\n\\t\\t\\t\\t{element type=\\\"checkbox\\\" required=\\\"required\\\" error=\\\"\\u8981\\u63d0\\u4ea4\\u6570\\u636e\\uff0c\\u60a8\\u5fc5\\u987b\\u540c\\u610f\\u5176\\u5904\\u7406\\\" send-in-email=\\\"no\\\"}\\r\\n\\t\\t\\t\\t\\t{option label=\\\"\\u6211\\u540c\\u610f\\u5904\\u7406\\u4e2a\\u4eba\\u6570\\u636e\\\" value=\\\"ok\\\"  \\/}\\r\\n\\t\\t\\t\\t{\\/element}\\r\\n\\t\\t\\t<\\/div>\\r\\n\\t\\t\\t<div class=\\\"sf2-form-group col-12 col-md-6 sf2-form-submit\\\">\\r\\n\\t\\t\\t\\t{element type=\\\"submit\\\" value=\\\"\\u9884\\u8ba2\\u9910\\u684c\\\"\\/}\\r\\n\\t\\t\\t<\\/div>\\r\\n\\t\\t<\\/div>\\r\\n\\t<\\/div>\\r\\n{\\/form}\\r\\n{caller}\\u9884\\u8ba2{\\/caller}\",\"sfLayout\":\"blocks\",\"sfStyle\":\"default\",\"sfLayoutMode\":\"full-width\",\"okText\":\"<div class=\\\"row\\\">\\r\\n\\t<div class=\\\"col-12 col-md-6 d-flex align-items-center\\\">\\r\\n\\t\\t<img src=\\\"\\/images\\/message-logo.png\\\" \\/>\\r\\n\\t<\\/div>\\r\\n\\t<div class=\\\"col-12 col-md-6\\\">\\r\\n\\t\\t<div class=\\\"page-header mdl-header\\\">\\u8ba2\\u684c\\u6210\\u529f<\\/div>\\r\\n\\t\\t<div class=\\\"description\\\">\\u6211\\u4eec\\u7684\\u7ecf\\u7406\\u5c06\\u5c3d\\u5feb\\u4e0e\\u60a8\\u8054\\u7cfb\\u4ee5\\u6f84\\u6e05\\u4fe1\\u606f\\u3002 \\u611f\\u8c22\\u60a8\\u8054\\u7cfb<span>ZAMES!<\\/span><\\/div>\\r\\n\\t<\\/div>\\r\\n<\\/div>\",\"moduleclass_sfx\":\" reserv\",\"loadScriptsMode\":\"body\",\"userCheckFunc\":\"\",\"userResultFunc\":\"\",\"layout\":\"_:default\",\"cache\":\"0\",\"cache_time\":\"900\",\"cachemode\":\"itemid\",\"ip_detect_method\":\"REMOTE_ADDR\",\"recordForms\":\"0\",\"module_tag\":\"div\",\"bootstrap_size\":\"0\",\"header_tag\":\"h3\",\"header_class\":\"\",\"style\":\"0\"}', 0, 'zh-CN'),
(140, 226, '餐厅', 'Рестораны', NULL, 1, 'restorans', NULL, NULL, NULL, NULL, 1, 'mod_articles_news', 1, 1, '{\"catid\":[22],\"image\":0,\"img_intro_full\":\"intro\",\"item_title\":1,\"link_titles\":1,\"item_heading\":\"h2\",\"triggerevents\":1,\"showLastSeparator\":1,\"show_introtext\":0,\"readmore\":0,\"count\":6,\"show_featured\":\"\",\"exclude_current\":1,\"ordering\":\"a.publish_up\",\"direction\":1,\"layout\":\"cassiopeia:restoran\",\"moduleclass_sfx\":\"\",\"cache\":1,\"cache_time\":900,\"cachemode\":\"itemid\",\"module_tag\":\"div\",\"bootstrap_size\":\"0\",\"header_tag\":\"h3\",\"header_class\":\"\",\"style\":\"0\"}', 0, 'zh-CN'),
(141, 227, '新菜品', 'Новые блюда', NULL, 1, 'popular', NULL, NULL, NULL, NULL, 1, 'mod_jshopping_label_products', 1, 1, '{\"count_products\":\"20\",\"label_id\":\"1\",\"enable_addon\":\"1\",\"show_image\":\"1\",\"show_image_label\":\"0\",\"allow_review\":\"0\",\"short_description\":\"1\",\"manufacturer_name\":\"0\",\"product_quantity\":\"0\",\"product_old_price\":\"0\",\"product_price_default\":\"0\",\"display_price\":\"1\",\"show_tax_product\":\"0\",\"show_plus_shipping_in_product\":\"0\",\"basic_price_info\":\"0\",\"product_weight\":\"0\",\"delivery_time\":\"0\",\"extra_field\":\"0\",\"vendor\":\"0\",\"product_list_qty_stock\":\"0\",\"show_button\":\"0\",\"show_button_buy\":\"0\",\"show_button_detal\":\"0\",\"layout\":\"_:default\",\"moduleclass_sfx\":\"popular-label  page-sect sect-xs-3 sect-md-5 sect-xl-7\",\"cache\":\"1\",\"cache_time\":\"900\",\"cachemode\":\"itemid\",\"module_tag\":\"div\",\"bootstrap_size\":\"0\",\"header_tag\":\"h3\",\"header_class\":\"\",\"style\":\"0\"}', 0, 'zh-CN'),
(142, 228, '库存', 'Акции', NULL, 1, 'news', NULL, NULL, NULL, NULL, 0, 'mod_articles_news', 1, 1, '{\"catid\":[21],\"image\":1,\"img_intro_full\":\"intro\",\"item_title\":1,\"link_titles\":1,\"item_heading\":\"h2\",\"triggerevents\":1,\"showLastSeparator\":1,\"show_introtext\":0,\"readmore\":0,\"count\":5,\"show_featured\":\"\",\"exclude_current\":1,\"ordering\":\"a.publish_up\",\"direction\":1,\"layout\":\"cassiopeia:carousel\",\"moduleclass_sfx\":\"\",\"cache\":1,\"cache_time\":900,\"cachemode\":\"itemid\",\"module_tag\":\"div\",\"bootstrap_size\":\"0\",\"header_tag\":\"h3\",\"header_class\":\"\",\"style\":\"0\"}', 0, 'zh-CN'),
(143, 229, 'Контакты в меню (CN)', '', '<div class=\"contact-phone page-sect sect-pb-xs-3 sect-pb-md-5\"><a href=\"tel:+74957392347\">+7 (495) 739 23 47</a></div>\r\n<div class=\"contact-reviews page-sect sect-pb-xs-3 sect-pb-md-5\">\r\n	<div class=\"contact-title contact-width-1 page-sect sect-pb-xs-2\">评论和<span>建议</span></div>\r\n	<div class=\"contact-mail contact-width-1\"><a href=\"mailto:mes@zms-msk.ru\">mes@zms-msk.ru</a></div>\r\n</div>\r\n<div class=\"contact-soc d-flex align-items-center\">\r\n	<div class=\"contact-soc-inner\">\r\n		<div class=\"d-flex align-items-center justify-content-end\">\r\n			<a href=\"https://vk.com/zamesbarmoscow\" target=\"_blank\"><img class=\"no-lazy\" src=\"images/soc/1.svg\" /></a>\r\n			<a href=\"https://t.me/zamesbar\" target=\"_blank\"><img class=\"no-lazy\" src=\"images/soc/2.svg\" /></a>\r\n			<a href=\"https://www.instagram.com/zamesbar\" target=\"_blank\" ><img class=\"no-lazy\" src=\"images/soc/3.svg\" /></a>\r\n		</div>\r\n		<div class=\"instagram-box d-flex align-items-center justify-content-end\">\r\n			<div>Instagram <span>在俄罗斯联邦被禁止</span>\r\n		</div>\r\n		</div>\r\n	</div>\r\n</div>', 1, 'menu-contact', NULL, NULL, NULL, NULL, 1, 'mod_custom', 1, 1, '{\"prepare_content\":0,\"backgroundimage\":\"\",\"layout\":\"_:default\",\"moduleclass_sfx\":\"\",\"cache\":1,\"cache_time\":900,\"cachemode\":\"static\",\"module_tag\":\"div\",\"bootstrap_size\":\"0\",\"header_tag\":\"h3\",\"header_class\":\"\",\"style\":\"0\"}', 0, 'zh-CN'),
(144, 230, 'Программа Лояльности (CN)', '', '<div class=\"title d-block d-md-none tac\">计划<span>忠诚度</span></div>\r\n<div class=\"row\">\r\n	<div class=\"col-8 col-md-4\">\r\n		<div class=\"inner\">\r\n			<div class=\"title d-none d-md-block\"><span>忠诚度计划</span></div>\r\n			<ul>\r\n				<li>填写表格</li>\r\n				<li>下载电子地图</li>\r\n				<li>获得个人折扣</li>\r\n			</ul>\r\n			<a class=\"d-none d-md-inline-block\" href=\"https://form.p-h.app/fa024b25efa1722baca489052d3005a8\" target=\"_blank\">获得一张卡</a>\r\n		</div>\r\n	</div>\r\n	<div class=\"col-4\">\r\n		<img src=\"images/iphone.png\" class=\"no-lazy\" alt=\"Iphone\" />\r\n	</div>\r\n	<div class=\"col-12 col-md-4\">\r\n		<div class=\"d-none d-md-flex flex-column align-items-center justify-content-center\">\r\n			<img src=\"images/QR.svg\" alt=\"QR-code\" />\r\n			<p>使用手机摄像头扫描二维码</p>\r\n		</div>\r\n		<a class=\"d-block d-md-none\" href=\"https://form.p-h.app/fa024b25efa1722baca489052d3005a8\" target=\"_blank\">获得一张卡</a>\r\n	</div>\r\n</div>', 1, 'loyalty', NULL, NULL, NULL, NULL, 1, 'mod_custom', 1, 1, '{\"prepare_content\":0,\"backgroundimage\":\"\",\"layout\":\"cassiopeia:loyalty\",\"moduleclass_sfx\":\"\",\"cache\":1,\"cache_time\":900,\"cachemode\":\"static\",\"module_tag\":\"div\",\"bootstrap_size\":\"0\",\"header_tag\":\"h3\",\"header_class\":\"\",\"style\":\"0\"}', 0, 'zh-CN'),
(145, 231, 'Меню в подвале(CN)', '', NULL, 1, 'fmenu', NULL, NULL, NULL, NULL, 1, 'mod_menu', 1, 1, '{\"menutype\":\"top-menu-cn\",\"base\":\"\",\"startLevel\":1,\"endLevel\":10,\"showAllChildren\":0,\"tag_id\":\"\",\"class_sfx\":\"\",\"window_open\":\"\",\"layout\":\"cassiopeia:fmenu\",\"moduleclass_sfx\":\"\",\"cache\":1,\"cache_time\":900,\"cachemode\":\"itemid\",\"module_tag\":\"div\",\"bootstrap_size\":\"0\",\"header_tag\":\"h3\",\"header_class\":\"\",\"style\":\"0\"}', 0, 'zh-CN'),
(146, 232, 'Контакты в меню (EN)', '', '<div class=\"contact-phone page-sect sect-pb-xs-3 sect-pb-md-5\"><a href=\"tel:+74957392347\">+7 (495) 739 23 47</a> </div>\r\n<div class=\"contact-reviews page-sect sect-pb-xs-3 sect-pb-md-5\">\r\n    <div class=\"contact-title contact-width-1 page-sect sect-pb-xs-2\">Reviews and <span>suggestions</span></div>\r\n    <div class=\"contact-mail contact-width-1\"><a href=\"mailto:mes@zms-msk.ru\">mes@zms-msk.ru</a></div>\r\n</div>\r\n<div class=\"contact-soc d-flex align-items-center\">\r\n    <div class=\"contact-soc-inner\">\r\n        <div class=\"d-flex align-items-center justify-content-end\">\r\n            <a href=\"https://vk.com/zamesbarmoscow\" target=\"_blank\"><img class=\"no-lazy\" src=\"images/soc/1.svg\" />\r\n            </a>\r\n            <a href=\"https://t.me/zamesbar\" target=\"_blank\"><img class=\"no-lazy\" src=\"images/soc/2.svg\" />\r\n            </a>\r\n            <a href=\"https://www.instagram.com/zamesbar\" target=\"_blank\"><img class=\"no-lazy\" src=\"images/soc/3.svg\" />\r\n            </a>\r\n        </div>\r\n        <div class=\"instagram-box d-flex align-items-center justify-content-end\">\r\n            <div>Instagram is prohibited <span>in the Russian Federation</span>\r\n            </div>\r\n        </div>\r\n    </div>\r\n</div>', 1, 'menu-contact', NULL, NULL, NULL, NULL, 1, 'mod_custom', 1, 1, '{\"prepare_content\":0,\"backgroundimage\":\"\",\"layout\":\"_:default\",\"moduleclass_sfx\":\"\",\"cache\":1,\"cache_time\":900,\"cachemode\":\"static\",\"module_tag\":\"div\",\"bootstrap_size\":\"0\",\"header_tag\":\"h3\",\"header_class\":\"\",\"style\":\"0\"}', 0, 'en-GB');

-- --------------------------------------------------------

--
-- Структура таблицы `lsqvo_modules_menu`
--

CREATE TABLE `lsqvo_modules_menu` (
  `moduleid` int(11) NOT NULL DEFAULT 0,
  `menuid` int(11) NOT NULL DEFAULT 0
) ENGINE=InnoDB DEFAULT CHARSET=utf8mb4 COLLATE=utf8mb4_unicode_ci;

--
-- Дамп данных таблицы `lsqvo_modules_menu`
--

INSERT INTO `lsqvo_modules_menu` (`moduleid`, `menuid`) VALUES
(1, 0),
(2, 0),
(3, 0),
(4, 0),
(6, 0),
(7, 0),
(8, 0),
(9, 0),
(10, 0),
(12, 0),
(14, 0),
(15, 0),
(16, 0),
(17, -112),
(17, -111),
(17, -101),
(79, 0),
(86, 0),
(87, 0),
(88, 0),
(89, 0),
(90, 0),
(91, 0),
(92, 0),
(93, 0),
(94, 0),
(95, 0),
(96, 0),
(97, 0),
(98, 0),
(99, 0),
(100, 0),
(101, 0),
(102, 0),
(103, 0),
(104, 0),
(105, 0),
(106, 0),
(107, 0),
(108, 0),
(109, 0),
(110, 0),
(111, 0),
(112, 0),
(114, 0),
(115, 0),
(116, 111),
(116, 124),
(117, 112),
(117, 125),
(118, 111),
(118, 124),
(119, 0),
(120, 0),
(121, 0),
(122, 0),
(123, 0),
(124, 0),
(125, 0),
(126, 0),
(127, 0),
(128, 0),
(129, 0),
(130, 0),
(131, 0),
(132, 0),
(133, 0),
(134, 0),
(135, 0),
(136, 0),
(137, 0),
(138, 0),
(139, 0),
(140, 0),
(141, 0),
(142, 111),
(142, 124),
(143, 0),
(144, 0),
(145, 0),
(146, 0);

-- --------------------------------------------------------

--
-- Структура таблицы `lsqvo_newsfeeds`
--

CREATE TABLE `lsqvo_newsfeeds` (
  `catid` int(11) NOT NULL DEFAULT 0,
  `id` int(10) UNSIGNED NOT NULL,
  `name` varchar(100) NOT NULL DEFAULT '',
  `alias` varchar(400) CHARACTER SET utf8mb4 COLLATE utf8mb4_bin NOT NULL DEFAULT '',
  `link` varchar(2048) NOT NULL DEFAULT '',
  `published` tinyint(4) NOT NULL DEFAULT 0,
  `numarticles` int(10) UNSIGNED NOT NULL DEFAULT 1,
  `cache_time` int(10) UNSIGNED NOT NULL DEFAULT 3600,
  `checked_out` int(10) UNSIGNED DEFAULT NULL,
  `checked_out_time` datetime DEFAULT NULL,
  `ordering` int(11) NOT NULL DEFAULT 0,
  `rtl` tinyint(4) NOT NULL DEFAULT 0,
  `access` int(10) UNSIGNED NOT NULL DEFAULT 0,
  `language` char(7) NOT NULL DEFAULT '',
  `params` text NOT NULL,
  `created` datetime NOT NULL,
  `created_by` int(10) UNSIGNED NOT NULL DEFAULT 0,
  `created_by_alias` varchar(255) NOT NULL DEFAULT '',
  `modified` datetime NOT NULL,
  `modified_by` int(10) UNSIGNED NOT NULL DEFAULT 0,
  `metakey` text DEFAULT NULL,
  `metadesc` text NOT NULL,
  `metadata` text NOT NULL,
  `publish_up` datetime DEFAULT NULL,
  `publish_down` datetime DEFAULT NULL,
  `description` text NOT NULL,
  `version` int(10) UNSIGNED NOT NULL DEFAULT 1,
  `hits` int(10) UNSIGNED NOT NULL DEFAULT 0,
  `images` text NOT NULL
) ENGINE=InnoDB DEFAULT CHARSET=utf8mb4 COLLATE=utf8mb4_unicode_ci;

-- --------------------------------------------------------

--
-- Структура таблицы `lsqvo_overrider`
--

CREATE TABLE `lsqvo_overrider` (
  `id` int(11) NOT NULL COMMENT 'Primary Key',
  `constant` varchar(255) NOT NULL,
  `string` text NOT NULL,
  `file` varchar(255) NOT NULL
) ENGINE=InnoDB DEFAULT CHARSET=utf8mb4 COLLATE=utf8mb4_unicode_ci;

-- --------------------------------------------------------

--
-- Структура таблицы `lsqvo_postinstall_messages`
--

CREATE TABLE `lsqvo_postinstall_messages` (
  `postinstall_message_id` bigint(20) UNSIGNED NOT NULL,
  `extension_id` bigint(20) NOT NULL DEFAULT 700 COMMENT 'FK to #__extensions',
  `title_key` varchar(255) NOT NULL DEFAULT '' COMMENT 'Lang key for the title',
  `description_key` varchar(255) NOT NULL DEFAULT '' COMMENT 'Lang key for description',
  `action_key` varchar(255) NOT NULL DEFAULT '',
  `language_extension` varchar(255) NOT NULL DEFAULT 'com_postinstall' COMMENT 'Extension holding lang keys',
  `language_client_id` tinyint(4) NOT NULL DEFAULT 1,
  `type` varchar(10) NOT NULL DEFAULT 'link' COMMENT 'Message type - message, link, action',
  `action_file` varchar(255) DEFAULT '' COMMENT 'RAD URI to the PHP file containing action method',
  `action` varchar(255) DEFAULT '' COMMENT 'Action method name or URL',
  `condition_file` varchar(255) DEFAULT NULL COMMENT 'RAD URI to file holding display condition method',
  `condition_method` varchar(255) DEFAULT NULL COMMENT 'Display condition method, must return boolean',
  `version_introduced` varchar(50) NOT NULL DEFAULT '3.2.0' COMMENT 'Version when this message was introduced',
  `enabled` tinyint(4) NOT NULL DEFAULT 1
) ENGINE=InnoDB DEFAULT CHARSET=utf8mb4 COLLATE=utf8mb4_unicode_ci;

--
-- Дамп данных таблицы `lsqvo_postinstall_messages`
--

INSERT INTO `lsqvo_postinstall_messages` (`postinstall_message_id`, `extension_id`, `title_key`, `description_key`, `action_key`, `language_extension`, `language_client_id`, `type`, `action_file`, `action`, `condition_file`, `condition_method`, `version_introduced`, `enabled`) VALUES
(1, 227, 'COM_CPANEL_WELCOME_BEGINNERS_TITLE', 'COM_CPANEL_WELCOME_BEGINNERS_MESSAGE', '', 'com_cpanel', 1, 'message', '', '', '', '', '3.2.0', 1),
(2, 227, 'COM_CPANEL_MSG_STATS_COLLECTION_TITLE', 'COM_CPANEL_MSG_STATS_COLLECTION_BODY', '', 'com_cpanel', 1, 'message', '', '', 'admin://components/com_admin/postinstall/statscollection.php', 'admin_postinstall_statscollection_condition', '3.5.0', 1),
(3, 227, 'PLG_SYSTEM_UPDATENOTIFICATION_POSTINSTALL_UPDATECACHETIME', 'PLG_SYSTEM_UPDATENOTIFICATION_POSTINSTALL_UPDATECACHETIME_BODY', 'PLG_SYSTEM_UPDATENOTIFICATION_POSTINSTALL_UPDATECACHETIME_ACTION', 'plg_system_updatenotification', 1, 'action', 'site://plugins/system/updatenotification/postinstall/updatecachetime.php', 'updatecachetime_postinstall_action', 'site://plugins/system/updatenotification/postinstall/updatecachetime.php', 'updatecachetime_postinstall_condition', '3.6.3', 1),
(4, 227, 'PLG_SYSTEM_HTTPHEADERS_POSTINSTALL_INTRODUCTION_TITLE', 'PLG_SYSTEM_HTTPHEADERS_POSTINSTALL_INTRODUCTION_BODY', 'PLG_SYSTEM_HTTPHEADERS_POSTINSTALL_INTRODUCTION_ACTION', 'plg_system_httpheaders', 1, 'action', 'site://plugins/system/httpheaders/postinstall/introduction.php', 'httpheaders_postinstall_action', 'site://plugins/system/httpheaders/postinstall/introduction.php', 'httpheaders_postinstall_condition', '4.0.0', 1),
(5, 227, 'COM_USERS_POSTINSTALL_MULTIFACTORAUTH_TITLE', 'COM_USERS_POSTINSTALL_MULTIFACTORAUTH_BODY', 'COM_USERS_POSTINSTALL_MULTIFACTORAUTH_ACTION', 'com_users', 1, 'action', 'admin://components/com_users/postinstall/multifactorauth.php', 'com_users_postinstall_mfa_action', 'admin://components/com_users/postinstall/multifactorauth.php', 'com_users_postinstall_mfa_condition', '4.2.0', 1);

-- --------------------------------------------------------

--
-- Структура таблицы `lsqvo_redirect_links`
--

CREATE TABLE `lsqvo_redirect_links` (
  `id` int(10) UNSIGNED NOT NULL,
  `old_url` varchar(2048) NOT NULL,
  `new_url` varchar(2048) DEFAULT NULL,
  `referer` varchar(2048) NOT NULL,
  `comment` varchar(255) NOT NULL DEFAULT '',
  `hits` int(10) UNSIGNED NOT NULL DEFAULT 0,
  `published` tinyint(4) NOT NULL,
  `created_date` datetime NOT NULL,
  `modified_date` datetime NOT NULL,
  `header` smallint(6) NOT NULL DEFAULT 301
) ENGINE=InnoDB DEFAULT CHARSET=utf8mb4 COLLATE=utf8mb4_unicode_ci;

-- --------------------------------------------------------

--
-- Структура таблицы `lsqvo_scheduler_tasks`
--

CREATE TABLE `lsqvo_scheduler_tasks` (
  `id` int(10) UNSIGNED NOT NULL,
  `asset_id` int(10) UNSIGNED NOT NULL DEFAULT 0 COMMENT 'FK to the #__assets table.',
  `title` varchar(255) NOT NULL DEFAULT '',
  `type` varchar(128) NOT NULL COMMENT 'unique identifier for job defined by plugin',
  `execution_rules` text DEFAULT NULL COMMENT 'Execution Rules, Unprocessed',
  `cron_rules` text DEFAULT NULL COMMENT 'Processed execution rules, crontab-like JSON form',
  `state` tinyint(4) NOT NULL DEFAULT 0,
  `last_exit_code` int(11) NOT NULL DEFAULT 0 COMMENT 'Exit code when job was last run',
  `last_execution` datetime DEFAULT NULL COMMENT 'Timestamp of last run',
  `next_execution` datetime DEFAULT NULL COMMENT 'Timestamp of next (planned) run, referred for execution on trigger',
  `times_executed` int(11) DEFAULT 0 COMMENT 'Count of successful triggers',
  `times_failed` int(11) DEFAULT 0 COMMENT 'Count of failures',
  `locked` datetime DEFAULT NULL,
  `priority` smallint(6) NOT NULL DEFAULT 0,
  `ordering` int(11) NOT NULL DEFAULT 0 COMMENT 'Configurable list ordering',
  `cli_exclusive` smallint(6) NOT NULL DEFAULT 0 COMMENT 'If 1, the task is only accessible via CLI',
  `params` text NOT NULL,
  `note` text DEFAULT NULL,
  `created` datetime NOT NULL,
  `created_by` int(10) UNSIGNED NOT NULL DEFAULT 0,
  `checked_out` int(10) UNSIGNED DEFAULT NULL,
  `checked_out_time` datetime DEFAULT NULL
) ENGINE=InnoDB DEFAULT CHARSET=utf8mb4 COLLATE=utf8mb4_unicode_ci;

-- --------------------------------------------------------

--
-- Структура таблицы `lsqvo_schemas`
--

CREATE TABLE `lsqvo_schemas` (
  `extension_id` int(11) NOT NULL,
  `version_id` varchar(20) NOT NULL
) ENGINE=InnoDB DEFAULT CHARSET=utf8mb4 COLLATE=utf8mb4_unicode_ci;

--
-- Дамп данных таблицы `lsqvo_schemas`
--

INSERT INTO `lsqvo_schemas` (`extension_id`, `version_id`) VALUES
(227, '4.3.2-2023-05-20'),
(236, '5.1.3'),
(278, '4.0.2');

-- --------------------------------------------------------

--
-- Структура таблицы `lsqvo_tags`
--

CREATE TABLE `lsqvo_tags` (
  `id` int(10) UNSIGNED NOT NULL,
  `parent_id` int(10) UNSIGNED NOT NULL DEFAULT 0,
  `lft` int(11) NOT NULL DEFAULT 0,
  `rgt` int(11) NOT NULL DEFAULT 0,
  `level` int(10) UNSIGNED NOT NULL DEFAULT 0,
  `path` varchar(400) NOT NULL DEFAULT '',
  `title` varchar(255) NOT NULL,
  `alias` varchar(400) CHARACTER SET utf8mb4 COLLATE utf8mb4_bin NOT NULL DEFAULT '',
  `note` varchar(255) NOT NULL DEFAULT '',
  `description` mediumtext NOT NULL,
  `published` tinyint(4) NOT NULL DEFAULT 0,
  `checked_out` int(10) UNSIGNED DEFAULT NULL,
  `checked_out_time` datetime DEFAULT NULL,
  `access` int(10) UNSIGNED NOT NULL DEFAULT 0,
  `params` text NOT NULL,
  `metadesc` varchar(1024) NOT NULL COMMENT 'The meta description for the page.',
  `metakey` varchar(1024) NOT NULL DEFAULT '' COMMENT 'The keywords for the page.',
  `metadata` varchar(2048) NOT NULL COMMENT 'JSON encoded metadata properties.',
  `created_user_id` int(10) UNSIGNED NOT NULL DEFAULT 0,
  `created_time` datetime NOT NULL,
  `created_by_alias` varchar(255) NOT NULL DEFAULT '',
  `modified_user_id` int(10) UNSIGNED NOT NULL DEFAULT 0,
  `modified_time` datetime NOT NULL,
  `images` text NOT NULL,
  `urls` text NOT NULL,
  `hits` int(10) UNSIGNED NOT NULL DEFAULT 0,
  `language` char(7) NOT NULL,
  `version` int(10) UNSIGNED NOT NULL DEFAULT 1,
  `publish_up` datetime DEFAULT NULL,
  `publish_down` datetime DEFAULT NULL
) ENGINE=InnoDB DEFAULT CHARSET=utf8mb4 COLLATE=utf8mb4_unicode_ci;

--
-- Дамп данных таблицы `lsqvo_tags`
--

INSERT INTO `lsqvo_tags` (`id`, `parent_id`, `lft`, `rgt`, `level`, `path`, `title`, `alias`, `note`, `description`, `published`, `checked_out`, `checked_out_time`, `access`, `params`, `metadesc`, `metakey`, `metadata`, `created_user_id`, `created_time`, `created_by_alias`, `modified_user_id`, `modified_time`, `images`, `urls`, `hits`, `language`, `version`, `publish_up`, `publish_down`) VALUES
(1, 0, 0, 1, 0, '', 'ROOT', 'root', '', '', 1, NULL, NULL, 1, '', '', '', '', 113, '2023-08-09 22:27:16', '', 113, '2023-08-09 22:27:16', '', '', 0, '*', 1, NULL, NULL);

-- --------------------------------------------------------

--
-- Структура таблицы `lsqvo_template_overrides`
--

CREATE TABLE `lsqvo_template_overrides` (
  `id` int(10) UNSIGNED NOT NULL,
  `template` varchar(50) NOT NULL DEFAULT '',
  `hash_id` varchar(255) NOT NULL DEFAULT '',
  `extension_id` int(11) DEFAULT 0,
  `state` tinyint(4) NOT NULL DEFAULT 0,
  `action` varchar(50) NOT NULL DEFAULT '',
  `client_id` tinyint(3) UNSIGNED NOT NULL DEFAULT 0,
  `created_date` datetime NOT NULL,
  `modified_date` datetime DEFAULT NULL
) ENGINE=InnoDB DEFAULT CHARSET=utf8mb4 COLLATE=utf8mb4_unicode_ci;

-- --------------------------------------------------------

--
-- Структура таблицы `lsqvo_template_styles`
--

CREATE TABLE `lsqvo_template_styles` (
  `id` int(10) UNSIGNED NOT NULL,
  `template` varchar(50) NOT NULL DEFAULT '',
  `client_id` tinyint(3) UNSIGNED NOT NULL DEFAULT 0,
  `home` char(7) NOT NULL DEFAULT '0',
  `title` varchar(255) NOT NULL DEFAULT '',
  `inheritable` tinyint(4) NOT NULL DEFAULT 0,
  `parent` varchar(50) DEFAULT '',
  `params` text NOT NULL
) ENGINE=InnoDB DEFAULT CHARSET=utf8mb4 COLLATE=utf8mb4_unicode_ci;

--
-- Дамп данных таблицы `lsqvo_template_styles`
--

INSERT INTO `lsqvo_template_styles` (`id`, `template`, `client_id`, `home`, `title`, `inheritable`, `parent`, `params`) VALUES
(10, 'atum', 1, '1', 'Atum - Default', 1, '', '{\"hue\":\"hsl(214, 63%, 20%)\",\"bg-light\":\"#f0f4fb\",\"text-dark\":\"#495057\",\"text-light\":\"#ffffff\",\"link-color\":\"#2a69b8\",\"special-color\":\"#001b4c\",\"monochrome\":\"0\",\"loginLogo\":\"\",\"loginLogoAlt\":\"\",\"logoBrandLarge\":\"\",\"logoBrandLargeAlt\":\"\",\"logoBrandSmall\":\"\",\"logoBrandSmallAlt\":\"\"}'),
(11, 'cassiopeia', 0, '1', 'Cassiopeia - Default', 1, '', '{\"brand\":true,\"logoFile\":\"images\\/logo.png#joomlaImage:\\/\\/local-images\\/logo.png?width=125&height=50\",\"siteTitle\":\"Zames. Beer & Grill\",\"siteDescription\":\"\",\"useFontScheme\":\"0\",\"colorName\":\"colors_standard\",\"fluidContainer\":\"1\",\"stickyHeader\":0,\"backTop\":1}');

-- --------------------------------------------------------

--
-- Структура таблицы `lsqvo_ucm_base`
--

CREATE TABLE `lsqvo_ucm_base` (
  `ucm_id` int(10) UNSIGNED NOT NULL,
  `ucm_item_id` int(11) NOT NULL,
  `ucm_type_id` int(11) NOT NULL,
  `ucm_language_id` int(11) NOT NULL
) ENGINE=InnoDB DEFAULT CHARSET=utf8mb4 COLLATE=utf8mb4_unicode_ci;

-- --------------------------------------------------------

--
-- Структура таблицы `lsqvo_ucm_content`
--

CREATE TABLE `lsqvo_ucm_content` (
  `core_content_id` int(10) UNSIGNED NOT NULL,
  `core_type_alias` varchar(400) NOT NULL DEFAULT '' COMMENT 'FK to the content types table',
  `core_title` varchar(400) NOT NULL DEFAULT '',
  `core_alias` varchar(400) CHARACTER SET utf8mb4 COLLATE utf8mb4_bin NOT NULL DEFAULT '',
  `core_body` mediumtext DEFAULT NULL,
  `core_state` tinyint(4) NOT NULL DEFAULT 0,
  `core_checked_out_time` datetime DEFAULT NULL,
  `core_checked_out_user_id` int(10) UNSIGNED DEFAULT NULL,
  `core_access` int(10) UNSIGNED NOT NULL DEFAULT 0,
  `core_params` text DEFAULT NULL,
  `core_featured` tinyint(3) UNSIGNED NOT NULL DEFAULT 0,
  `core_metadata` varchar(2048) NOT NULL DEFAULT '' COMMENT 'JSON encoded metadata properties.',
  `core_created_user_id` int(10) UNSIGNED NOT NULL DEFAULT 0,
  `core_created_by_alias` varchar(255) NOT NULL DEFAULT '',
  `core_created_time` datetime NOT NULL,
  `core_modified_user_id` int(10) UNSIGNED NOT NULL DEFAULT 0 COMMENT 'Most recent user that modified',
  `core_modified_time` datetime NOT NULL,
  `core_language` char(7) NOT NULL DEFAULT '',
  `core_publish_up` datetime DEFAULT NULL,
  `core_publish_down` datetime DEFAULT NULL,
  `core_content_item_id` int(10) UNSIGNED NOT NULL DEFAULT 0 COMMENT 'ID from the individual type table',
  `asset_id` int(10) UNSIGNED NOT NULL DEFAULT 0 COMMENT 'FK to the #__assets table.',
  `core_images` text DEFAULT NULL,
  `core_urls` text DEFAULT NULL,
  `core_hits` int(10) UNSIGNED NOT NULL DEFAULT 0,
  `core_version` int(10) UNSIGNED NOT NULL DEFAULT 1,
  `core_ordering` int(11) NOT NULL DEFAULT 0,
  `core_metakey` text DEFAULT NULL,
  `core_metadesc` text DEFAULT NULL,
  `core_catid` int(10) UNSIGNED NOT NULL DEFAULT 0,
  `core_type_id` int(10) UNSIGNED NOT NULL DEFAULT 0
) ENGINE=InnoDB DEFAULT CHARSET=utf8mb4 COLLATE=utf8mb4_unicode_ci COMMENT='Contains core content data in name spaced fields';

-- --------------------------------------------------------

--
-- Структура таблицы `lsqvo_updates`
--

CREATE TABLE `lsqvo_updates` (
  `update_id` int(11) NOT NULL,
  `update_site_id` int(11) DEFAULT 0,
  `extension_id` int(11) DEFAULT 0,
  `name` varchar(100) DEFAULT '',
  `description` text NOT NULL,
  `element` varchar(100) DEFAULT '',
  `type` varchar(20) DEFAULT '',
  `folder` varchar(20) DEFAULT '',
  `client_id` tinyint(4) DEFAULT 0,
  `version` varchar(32) DEFAULT '',
  `data` text NOT NULL,
  `detailsurl` text NOT NULL,
  `infourl` text NOT NULL,
  `changelogurl` text DEFAULT NULL,
  `extra_query` varchar(1000) DEFAULT ''
) ENGINE=InnoDB DEFAULT CHARSET=utf8mb4 COLLATE=utf8mb4_unicode_ci COMMENT='Available Updates';

--
-- Дамп данных таблицы `lsqvo_updates`
--

INSERT INTO `lsqvo_updates` (`update_id`, `update_site_id`, `extension_id`, `name`, `description`, `element`, `type`, `folder`, `client_id`, `version`, `data`, `detailsurl`, `infourl`, `changelogurl`, `extra_query`) VALUES
(594, 2, 0, 'Afrikaans', '', 'pkg_af-ZA', 'package', '', 0, '4.3.2.1', '', 'https://update.joomla.org/language/details4/af-ZA_details.xml', '', '', ''),
(595, 2, 0, 'Arabic Unitag', '', 'pkg_ar-AA', 'package', '', 0, '4.0.2.1', '', 'https://update.joomla.org/language/details4/ar-AA_details.xml', '', '', ''),
(596, 2, 0, 'Bulgarian', '', 'pkg_bg-BG', 'package', '', 0, '4.3.3.1', '', 'https://update.joomla.org/language/details4/bg-BG_details.xml', '', '', ''),
(597, 2, 0, 'Catalan', '', 'pkg_ca-ES', 'package', '', 0, '4.0.4.2', '', 'https://update.joomla.org/language/details4/ca-ES_details.xml', '', '', ''),
(599, 2, 0, 'Chinese, Traditional', '', 'pkg_zh-TW', 'package', '', 0, '4.2.3.1', '', 'https://update.joomla.org/language/details4/zh-TW_details.xml', '', '', ''),
(600, 2, 0, 'Croatian', '', 'pkg_hr-HR', 'package', '', 0, '4.3.1.1', '', 'https://update.joomla.org/language/details4/hr-HR_details.xml', '', '', ''),
(601, 2, 0, 'Czech', '', 'pkg_cs-CZ', 'package', '', 0, '4.3.1.2', '', 'https://update.joomla.org/language/details4/cs-CZ_details.xml', '', '', ''),
(602, 2, 0, 'Danish', '', 'pkg_da-DK', 'package', '', 0, '4.3.3.1', '', 'https://update.joomla.org/language/details4/da-DK_details.xml', '', '', ''),
(603, 2, 0, 'Dutch', '', 'pkg_nl-NL', 'package', '', 0, '4.3.4.1', '', 'https://update.joomla.org/language/details4/nl-NL_details.xml', '', '', ''),
(604, 2, 0, 'English, Australia', '', 'pkg_en-AU', 'package', '', 0, '4.3.1.1', '', 'https://update.joomla.org/language/details4/en-AU_details.xml', '', '', ''),
(605, 2, 0, 'English, Canada', '', 'pkg_en-CA', 'package', '', 0, '4.3.1.1', '', 'https://update.joomla.org/language/details4/en-CA_details.xml', '', '', ''),
(606, 2, 0, 'English, New Zealand', '', 'pkg_en-NZ', 'package', '', 0, '4.3.1.1', '', 'https://update.joomla.org/language/details4/en-NZ_details.xml', '', '', ''),
(607, 2, 0, 'English, USA', '', 'pkg_en-US', 'package', '', 0, '4.3.1.1', '', 'https://update.joomla.org/language/details4/en-US_details.xml', '', '', ''),
(608, 2, 0, 'Estonian', '', 'pkg_et-EE', 'package', '', 0, '4.3.0.1', '', 'https://update.joomla.org/language/details4/et-EE_details.xml', '', '', ''),
(609, 2, 0, 'Finnish', '', 'pkg_fi-FI', 'package', '', 0, '4.1.1.2', '', 'https://update.joomla.org/language/details4/fi-FI_details.xml', '', '', ''),
(610, 2, 0, 'Flemish', '', 'pkg_nl-BE', 'package', '', 0, '4.3.3.1', '', 'https://update.joomla.org/language/details4/nl-BE_details.xml', '', '', ''),
(611, 2, 0, 'French', '', 'pkg_fr-FR', 'package', '', 0, '4.3.4.1', '', 'https://update.joomla.org/language/details4/fr-FR_details.xml', '', '', ''),
(612, 2, 0, 'Georgian', '', 'pkg_ka-GE', 'package', '', 0, '4.3.4.1', '', 'https://update.joomla.org/language/details4/ka-GE_details.xml', '', '', ''),
(613, 2, 0, 'German', '', 'pkg_de-DE', 'package', '', 0, '4.3.4.1', '', 'https://update.joomla.org/language/details4/de-DE_details.xml', '', '', ''),
(614, 2, 0, 'German, Austria', '', 'pkg_de-AT', 'package', '', 0, '4.3.4.1', '', 'https://update.joomla.org/language/details4/de-AT_details.xml', '', '', ''),
(615, 2, 0, 'German, Liechtenstein', '', 'pkg_de-LI', 'package', '', 0, '4.3.4.1', '', 'https://update.joomla.org/language/details4/de-LI_details.xml', '', '', ''),
(616, 2, 0, 'German, Luxembourg', '', 'pkg_de-LU', 'package', '', 0, '4.3.4.1', '', 'https://update.joomla.org/language/details4/de-LU_details.xml', '', '', ''),
(617, 2, 0, 'German, Switzerland', '', 'pkg_de-CH', 'package', '', 0, '4.3.4.1', '', 'https://update.joomla.org/language/details4/de-CH_details.xml', '', '', ''),
(618, 2, 0, 'Greek', '', 'pkg_el-GR', 'package', '', 0, '4.3.4.1', '', 'https://update.joomla.org/language/details4/el-GR_details.xml', '', '', ''),
(619, 2, 0, 'Hungarian', '', 'pkg_hu-HU', 'package', '', 0, '4.3.3.1', '', 'https://update.joomla.org/language/details4/hu-HU_details.xml', '', '', ''),
(620, 2, 0, 'Irish', '', 'pkg_ga-IE', 'package', '', 0, '4.2.8.1', '', 'https://update.joomla.org/language/details4/ga-IE_details.xml', '', '', ''),
(621, 2, 0, 'Italian', '', 'pkg_it-IT', 'package', '', 0, '4.3.4.1', '', 'https://update.joomla.org/language/details4/it-IT_details.xml', '', '', ''),
(622, 2, 0, 'Japanese', '', 'pkg_ja-JP', 'package', '', 0, '4.3.4.1', '', 'https://update.joomla.org/language/details4/ja-JP_details.xml', '', '', ''),
(623, 2, 0, 'Kazakh', '', 'pkg_kk-KZ', 'package', '', 0, '4.1.2.2', '', 'https://update.joomla.org/language/details4/kk-KZ_details.xml', '', '', ''),
(624, 2, 0, 'Latvian', '', 'pkg_lv-LV', 'package', '', 0, '4.3.1.1', '', 'https://update.joomla.org/language/details4/lv-LV_details.xml', '', '', ''),
(625, 2, 0, 'Lithuanian', '', 'pkg_lt-LT', 'package', '', 0, '4.3.4.1', '', 'https://update.joomla.org/language/details4/lt-LT_details.xml', '', '', ''),
(626, 2, 0, 'Macedonian', '', 'pkg_mk-MK', 'package', '', 0, '4.2.4.1', '', 'https://update.joomla.org/language/details4/mk-MK_details.xml', '', '', ''),
(627, 2, 0, 'Norwegian Bokmål', '', 'pkg_nb-NO', 'package', '', 0, '4.0.1.1', '', 'https://update.joomla.org/language/details4/nb-NO_details.xml', '', '', ''),
(628, 2, 0, 'Pashto Afghanistan', '', 'pkg_ps-AF', 'package', '', 0, '4.3.2.1', '', 'https://update.joomla.org/language/details4/ps-AF_details.xml', '', '', ''),
(629, 2, 0, 'Persian Farsi', '', 'pkg_fa-IR', 'package', '', 0, '4.3.4.1', '', 'https://update.joomla.org/language/details4/fa-IR_details.xml', '', '', ''),
(630, 2, 0, 'Polish', '', 'pkg_pl-PL', 'package', '', 0, '4.2.8.2', '', 'https://update.joomla.org/language/details4/pl-PL_details.xml', '', '', ''),
(631, 2, 0, 'Portuguese, Brazil', '', 'pkg_pt-BR', 'package', '', 0, '4.0.3.1', '', 'https://update.joomla.org/language/details4/pt-BR_details.xml', '', '', ''),
(632, 2, 0, 'Portuguese, Portugal', '', 'pkg_pt-PT', 'package', '', 0, '4.0.0-rc4.2', '', 'https://update.joomla.org/language/details4/pt-PT_details.xml', '', '', ''),
(633, 2, 0, 'Romanian', '', 'pkg_ro-RO', 'package', '', 0, '4.3.1.1', '', 'https://update.joomla.org/language/details4/ro-RO_details.xml', '', '', ''),
(634, 2, 235, 'Russian', '', 'pkg_ru-RU', 'package', '', 0, '4.3.4.1', '', 'https://update.joomla.org/language/details4/ru-RU_details.xml', '', '', ''),
(635, 2, 0, 'Serbian, Cyrillic', '', 'pkg_sr-RS', 'package', '', 0, '4.3.2.1', '', 'https://update.joomla.org/language/details4/sr-RS_details.xml', '', '', ''),
(636, 2, 0, 'Serbian, Latin', '', 'pkg_sr-YU', 'package', '', 0, '4.3.2.2', '', 'https://update.joomla.org/language/details4/sr-YU_details.xml', '', '', ''),
(637, 2, 0, 'Slovak', '', 'pkg_sk-SK', 'package', '', 0, '4.3.3.1', '', 'https://update.joomla.org/language/details4/sk-SK_details.xml', '', '', ''),
(638, 2, 0, 'Slovenian', '', 'pkg_sl-SI', 'package', '', 0, '4.3.4.1', '', 'https://update.joomla.org/language/details4/sl-SI_details.xml', '', '', ''),
(639, 2, 0, 'Spanish', '', 'pkg_es-ES', 'package', '', 0, '4.2.3.1', '', 'https://update.joomla.org/language/details4/es-ES_details.xml', '', '', ''),
(640, 2, 0, 'Swedish', '', 'pkg_sv-SE', 'package', '', 0, '4.3.4.1', '', 'https://update.joomla.org/language/details4/sv-SE_details.xml', '', '', ''),
(641, 2, 0, 'Tamil, India', '', 'pkg_ta-IN', 'package', '', 0, '4.3.4.1', '', 'https://update.joomla.org/language/details4/ta-IN_details.xml', '', '', ''),
(642, 2, 0, 'Thai', '', 'pkg_th-TH', 'package', '', 0, '4.3.4.1', '', 'https://update.joomla.org/language/details4/th-TH_details.xml', '', '', ''),
(643, 2, 0, 'Turkish', '', 'pkg_tr-TR', 'package', '', 0, '4.3.4.1', '', 'https://update.joomla.org/language/details4/tr-TR_details.xml', '', '', ''),
(644, 2, 0, 'Ukrainian', '', 'pkg_uk-UA', 'package', '', 0, '4.3.2.1', '', 'https://update.joomla.org/language/details4/uk-UA_details.xml', '', '', ''),
(645, 2, 0, 'Vietnamese', '', 'pkg_vi-VN', 'package', '', 0, '4.2.2.1', '', 'https://update.joomla.org/language/details4/vi-VN_details.xml', '', '', ''),
(646, 2, 0, 'Welsh', '', 'pkg_cy-GB', 'package', '', 0, '4.3.4.1', '', 'https://update.joomla.org/language/details4/cy-GB_details.xml', '', '', ''),
(2353, 1, 227, 'Joomla', '', 'joomla', 'file', '', 0, '4.4.14', '', 'https://update.joomla.org/core/j4/default.xml', '', '', '');

-- --------------------------------------------------------

--
-- Структура таблицы `lsqvo_update_sites`
--

CREATE TABLE `lsqvo_update_sites` (
  `update_site_id` int(11) NOT NULL,
  `name` varchar(100) DEFAULT '',
  `type` varchar(20) DEFAULT '',
  `location` text NOT NULL,
  `enabled` int(11) DEFAULT 0,
  `last_check_timestamp` bigint(20) DEFAULT 0,
  `extra_query` varchar(1000) DEFAULT '',
  `checked_out` int(10) UNSIGNED DEFAULT NULL,
  `checked_out_time` datetime DEFAULT NULL
) ENGINE=InnoDB DEFAULT CHARSET=utf8mb4 COLLATE=utf8mb4_unicode_ci COMMENT='Update Sites';

--
-- Дамп данных таблицы `lsqvo_update_sites`
--

INSERT INTO `lsqvo_update_sites` (`update_site_id`, `name`, `type`, `location`, `enabled`, `last_check_timestamp`, `extra_query`, `checked_out`, `checked_out_time`) VALUES
(1, 'Joomla! Core', 'collection', 'https://update.joomla.org/core/list.xml', 1, 1779148499, '', NULL, NULL),
(2, 'Accredited Joomla! Translations', 'collection', 'https://update.joomla.org/language/translationlist_4.xml', 1, 1693209753, '', NULL, NULL),
(3, 'Joomla! Update Component', 'extension', 'https://update.joomla.org/core/extensions/com_joomlaupdate.xml', 1, 1693209753, '', NULL, NULL),
(4, 'JoomShopping', 'extension', 'https://www.webdesigner-profi.de/joomla-webdesign/update/shop.xml', 1, 1693209754, '', NULL, NULL),
(5, 'Advanced Custom Fields', 'extension', 'https://www.tassos.gr/updates/advanced-custom-fields-free.xml', 1, 1693209755, '', NULL, NULL),
(7, 'Convert Forms', 'extension', 'https://www.tassos.gr/updates/convert-forms-free.xml', 1, 1693209755, '', NULL, NULL),
(8, 'Radical MultiField', 'extension', 'https://hika.su/update/free/plg_radicalmultifield.xml', 1, 1693209755, '', NULL, NULL),
(9, 'SimpleForm2', 'extension', 'http://update.allforjoomla.com/mod_simpleform2.xml', 1, 1693209755, '', NULL, NULL),
(10, 'JSLazyLoading update server', 'extension', 'http://addondev.com/support/updates/jslazyloading.xml?5e2999059bc629408e8ac7nfeb4f1080_zames.zbull2.ru', 1, 0, '', NULL, NULL);

-- --------------------------------------------------------

--
-- Структура таблицы `lsqvo_update_sites_extensions`
--

CREATE TABLE `lsqvo_update_sites_extensions` (
  `update_site_id` int(11) NOT NULL DEFAULT 0,
  `extension_id` int(11) NOT NULL DEFAULT 0
) ENGINE=InnoDB DEFAULT CHARSET=utf8mb4 COLLATE=utf8mb4_unicode_ci COMMENT='Links extensions to update sites';

--
-- Дамп данных таблицы `lsqvo_update_sites_extensions`
--

INSERT INTO `lsqvo_update_sites_extensions` (`update_site_id`, `extension_id`) VALUES
(1, 227),
(2, 228),
(2, 235),
(2, 302),
(3, 24),
(4, 236),
(5, 269),
(7, 278),
(8, 293),
(9, 296),
(10, 303);

-- --------------------------------------------------------

--
-- Структура таблицы `lsqvo_usergroups`
--

CREATE TABLE `lsqvo_usergroups` (
  `id` int(10) UNSIGNED NOT NULL COMMENT 'Primary Key',
  `parent_id` int(10) UNSIGNED NOT NULL DEFAULT 0 COMMENT 'Adjacency List Reference Id',
  `lft` int(11) NOT NULL DEFAULT 0 COMMENT 'Nested set lft.',
  `rgt` int(11) NOT NULL DEFAULT 0 COMMENT 'Nested set rgt.',
  `title` varchar(100) NOT NULL DEFAULT ''
) ENGINE=InnoDB DEFAULT CHARSET=utf8mb4 COLLATE=utf8mb4_unicode_ci;

--
-- Дамп данных таблицы `lsqvo_usergroups`
--

INSERT INTO `lsqvo_usergroups` (`id`, `parent_id`, `lft`, `rgt`, `title`) VALUES
(1, 0, 1, 18, 'Public'),
(2, 1, 8, 15, 'Registered'),
(3, 2, 9, 14, 'Author'),
(4, 3, 10, 13, 'Editor'),
(5, 4, 11, 12, 'Publisher'),
(6, 1, 4, 7, 'Manager'),
(7, 6, 5, 6, 'Administrator'),
(8, 1, 16, 17, 'Super Users'),
(9, 1, 2, 3, 'Guest');

-- --------------------------------------------------------

--
-- Структура таблицы `lsqvo_user_mfa`
--

CREATE TABLE `lsqvo_user_mfa` (
  `id` int(11) NOT NULL,
  `user_id` int(10) UNSIGNED NOT NULL,
  `title` varchar(255) NOT NULL DEFAULT '',
  `method` varchar(100) NOT NULL,
  `default` tinyint(4) NOT NULL DEFAULT 0,
  `options` mediumtext NOT NULL,
  `created_on` datetime NOT NULL,
  `last_used` datetime DEFAULT NULL,
  `tries` int(11) NOT NULL DEFAULT 0,
  `last_try` datetime DEFAULT NULL
) ENGINE=InnoDB DEFAULT CHARSET=utf8mb4 COLLATE=utf8mb4_unicode_ci COMMENT='Multi-factor Authentication settings';

-- --------------------------------------------------------

--
-- Структура таблицы `lsqvo_user_notes`
--

CREATE TABLE `lsqvo_user_notes` (
  `id` int(10) UNSIGNED NOT NULL,
  `user_id` int(10) UNSIGNED NOT NULL DEFAULT 0,
  `catid` int(10) UNSIGNED NOT NULL DEFAULT 0,
  `subject` varchar(100) NOT NULL DEFAULT '',
  `body` text NOT NULL,
  `state` tinyint(4) NOT NULL DEFAULT 0,
  `checked_out` int(10) UNSIGNED DEFAULT NULL,
  `checked_out_time` datetime DEFAULT NULL,
  `created_user_id` int(10) UNSIGNED NOT NULL DEFAULT 0,
  `created_time` datetime NOT NULL,
  `modified_user_id` int(10) UNSIGNED NOT NULL DEFAULT 0,
  `modified_time` datetime NOT NULL,
  `review_time` datetime DEFAULT NULL,
  `publish_up` datetime DEFAULT NULL,
  `publish_down` datetime DEFAULT NULL
) ENGINE=InnoDB DEFAULT CHARSET=utf8mb4 COLLATE=utf8mb4_unicode_ci;

-- --------------------------------------------------------

--
-- Структура таблицы `lsqvo_user_profiles`
--

CREATE TABLE `lsqvo_user_profiles` (
  `user_id` int(11) NOT NULL,
  `profile_key` varchar(100) NOT NULL,
  `profile_value` text NOT NULL,
  `ordering` int(11) NOT NULL DEFAULT 0
) ENGINE=InnoDB DEFAULT CHARSET=utf8mb4 COLLATE=utf8mb4_unicode_ci COMMENT='Simple user profile storage table';

-- --------------------------------------------------------

--
-- Структура таблицы `lsqvo_user_usergroup_map`
--

CREATE TABLE `lsqvo_user_usergroup_map` (
  `user_id` int(10) UNSIGNED NOT NULL DEFAULT 0 COMMENT 'Foreign Key to #__users.id',
  `group_id` int(10) UNSIGNED NOT NULL DEFAULT 0 COMMENT 'Foreign Key to #__usergroups.id'
) ENGINE=InnoDB DEFAULT CHARSET=utf8mb4 COLLATE=utf8mb4_unicode_ci;

--
-- Дамп данных таблицы `lsqvo_user_usergroup_map`
--

INSERT INTO `lsqvo_user_usergroup_map` (`user_id`, `group_id`) VALUES
(113, 8);

-- --------------------------------------------------------

--
-- Структура таблицы `lsqvo_viewlevels`
--

CREATE TABLE `lsqvo_viewlevels` (
  `id` int(10) UNSIGNED NOT NULL COMMENT 'Primary Key',
  `title` varchar(100) NOT NULL DEFAULT '',
  `ordering` int(11) NOT NULL DEFAULT 0,
  `rules` varchar(5120) NOT NULL COMMENT 'JSON encoded access control.'
) ENGINE=InnoDB DEFAULT CHARSET=utf8mb4 COLLATE=utf8mb4_unicode_ci;

--
-- Дамп данных таблицы `lsqvo_viewlevels`
--

INSERT INTO `lsqvo_viewlevels` (`id`, `title`, `ordering`, `rules`) VALUES
(1, 'Public', 0, '[1]'),
(2, 'Registered', 2, '[6,2,8]'),
(3, 'Special', 3, '[6,3,8]'),
(5, 'Guest', 1, '[9]'),
(6, 'Super Users', 4, '[8]');

-- --------------------------------------------------------

--
-- Структура таблицы `lsqvo_workflows`
--

CREATE TABLE `lsqvo_workflows` (
  `id` int(11) NOT NULL,
  `asset_id` int(11) DEFAULT 0,
  `published` tinyint(4) NOT NULL DEFAULT 0,
  `title` varchar(255) NOT NULL,
  `description` text NOT NULL,
  `extension` varchar(50) NOT NULL,
  `default` tinyint(4) NOT NULL DEFAULT 0,
  `ordering` int(11) NOT NULL DEFAULT 0,
  `created` datetime NOT NULL,
  `created_by` int(11) NOT NULL DEFAULT 0,
  `modified` datetime NOT NULL,
  `modified_by` int(11) NOT NULL DEFAULT 0,
  `checked_out_time` datetime DEFAULT NULL,
  `checked_out` int(10) UNSIGNED DEFAULT NULL
) ENGINE=InnoDB DEFAULT CHARSET=utf8mb4 COLLATE=utf8mb4_unicode_ci;

--
-- Дамп данных таблицы `lsqvo_workflows`
--

INSERT INTO `lsqvo_workflows` (`id`, `asset_id`, `published`, `title`, `description`, `extension`, `default`, `ordering`, `created`, `created_by`, `modified`, `modified_by`, `checked_out_time`, `checked_out`) VALUES
(1, 56, 1, 'COM_WORKFLOW_BASIC_WORKFLOW', '', 'com_content.article', 1, 1, '2023-08-09 22:27:16', 113, '2023-08-09 22:27:16', 113, NULL, NULL);

-- --------------------------------------------------------

--
-- Структура таблицы `lsqvo_workflow_associations`
--

CREATE TABLE `lsqvo_workflow_associations` (
  `item_id` int(11) NOT NULL DEFAULT 0 COMMENT 'Extension table id value',
  `stage_id` int(11) NOT NULL COMMENT 'Foreign Key to #__workflow_stages.id',
  `extension` varchar(50) NOT NULL
) ENGINE=InnoDB DEFAULT CHARSET=utf8mb4 COLLATE=utf8mb4_unicode_ci;

--
-- Дамп данных таблицы `lsqvo_workflow_associations`
--

INSERT INTO `lsqvo_workflow_associations` (`item_id`, `stage_id`, `extension`) VALUES
(1, 1, 'com_content.article'),
(2, 1, 'com_content.article'),
(3, 1, 'com_content.article'),
(4, 1, 'com_content.article'),
(5, 1, 'com_content.article'),
(6, 1, 'com_content.article'),
(7, 1, 'com_content.article'),
(9, 1, 'com_content.article'),
(11, 1, 'com_content.article'),
(13, 1, 'com_content.article'),
(14, 1, 'com_content.article'),
(15, 1, 'com_content.article'),
(19, 1, 'com_content.article'),
(21, 1, 'com_content.article'),
(23, 1, 'com_content.article'),
(25, 1, 'com_content.article'),
(27, 1, 'com_content.article'),
(29, 1, 'com_content.article'),
(31, 1, 'com_content.article'),
(32, 1, 'com_content.article'),
(33, 1, 'com_content.article'),
(34, 1, 'com_content.article'),
(35, 1, 'com_content.article'),
(36, 1, 'com_content.article'),
(37, 1, 'com_content.article'),
(38, 1, 'com_content.article'),
(39, 1, 'com_content.article'),
(40, 1, 'com_content.article'),
(42, 1, 'com_content.article'),
(43, 1, 'com_content.article'),
(44, 1, 'com_content.article'),
(45, 1, 'com_content.article'),
(46, 1, 'com_content.article'),
(47, 1, 'com_content.article'),
(48, 1, 'com_content.article'),
(49, 1, 'com_content.article'),
(50, 1, 'com_content.article'),
(51, 1, 'com_content.article'),
(52, 1, 'com_content.article'),
(53, 1, 'com_content.article'),
(54, 1, 'com_content.article'),
(55, 1, 'com_content.article'),
(56, 1, 'com_content.article'),
(57, 1, 'com_content.article'),
(58, 1, 'com_content.article'),
(59, 1, 'com_content.article'),
(60, 1, 'com_content.article'),
(61, 1, 'com_content.article');

-- --------------------------------------------------------

--
-- Структура таблицы `lsqvo_workflow_stages`
--

CREATE TABLE `lsqvo_workflow_stages` (
  `id` int(11) NOT NULL,
  `asset_id` int(11) DEFAULT 0,
  `ordering` int(11) NOT NULL DEFAULT 0,
  `workflow_id` int(11) NOT NULL,
  `published` tinyint(4) NOT NULL DEFAULT 0,
  `title` varchar(255) NOT NULL,
  `description` text NOT NULL,
  `default` tinyint(4) NOT NULL DEFAULT 0,
  `checked_out_time` datetime DEFAULT NULL,
  `checked_out` int(10) UNSIGNED DEFAULT NULL
) ENGINE=InnoDB DEFAULT CHARSET=utf8mb4 COLLATE=utf8mb4_unicode_ci;

--
-- Дамп данных таблицы `lsqvo_workflow_stages`
--

INSERT INTO `lsqvo_workflow_stages` (`id`, `asset_id`, `ordering`, `workflow_id`, `published`, `title`, `description`, `default`, `checked_out_time`, `checked_out`) VALUES
(1, 57, 1, 1, 1, 'COM_WORKFLOW_BASIC_STAGE', '', 1, NULL, NULL);

-- --------------------------------------------------------

--
-- Структура таблицы `lsqvo_workflow_transitions`
--

CREATE TABLE `lsqvo_workflow_transitions` (
  `id` int(11) NOT NULL,
  `asset_id` int(11) DEFAULT 0,
  `ordering` int(11) NOT NULL DEFAULT 0,
  `workflow_id` int(11) NOT NULL,
  `published` tinyint(4) NOT NULL DEFAULT 0,
  `title` varchar(255) NOT NULL,
  `description` text NOT NULL,
  `from_stage_id` int(11) NOT NULL,
  `to_stage_id` int(11) NOT NULL,
  `options` text NOT NULL,
  `checked_out_time` datetime DEFAULT NULL,
  `checked_out` int(10) UNSIGNED DEFAULT NULL
) ENGINE=InnoDB DEFAULT CHARSET=utf8mb4 COLLATE=utf8mb4_unicode_ci;

--
-- Дамп данных таблицы `lsqvo_workflow_transitions`
--

INSERT INTO `lsqvo_workflow_transitions` (`id`, `asset_id`, `ordering`, `workflow_id`, `published`, `title`, `description`, `from_stage_id`, `to_stage_id`, `options`, `checked_out_time`, `checked_out`) VALUES
(1, 58, 1, 1, 1, 'UNPUBLISH', '', -1, 1, '{\"publishing\":\"0\"}', NULL, NULL),
(2, 59, 2, 1, 1, 'PUBLISH', '', -1, 1, '{\"publishing\":\"1\"}', NULL, NULL),
(3, 60, 3, 1, 1, 'TRASH', '', -1, 1, '{\"publishing\":\"-2\"}', NULL, NULL),
(4, 61, 4, 1, 1, 'ARCHIVE', '', -1, 1, '{\"publishing\":\"2\"}', NULL, NULL),
(5, 62, 5, 1, 1, 'FEATURE', '', -1, 1, '{\"featuring\":\"1\"}', NULL, NULL),
(6, 63, 6, 1, 1, 'UNFEATURE', '', -1, 1, '{\"featuring\":\"0\"}', NULL, NULL),
(7, 64, 7, 1, 1, 'PUBLISH_AND_FEATURE', '', -1, 1, '{\"publishing\":\"1\",\"featuring\":\"1\"}', NULL, NULL);

--
-- Индексы сохранённых таблиц
--

--
-- Индексы таблицы `lsqvo_action_logs`
--
ALTER TABLE `lsqvo_action_logs`
  ADD PRIMARY KEY (`id`),
  ADD KEY `idx_user_id` (`user_id`),
  ADD KEY `idx_user_id_logdate` (`user_id`,`log_date`),
  ADD KEY `idx_user_id_extension` (`user_id`,`extension`),
  ADD KEY `idx_extension_item_id` (`extension`,`item_id`);

--
-- Индексы таблицы `lsqvo_action_logs_extensions`
--
ALTER TABLE `lsqvo_action_logs_extensions`
  ADD PRIMARY KEY (`id`);

--
-- Индексы таблицы `lsqvo_action_logs_users`
--
ALTER TABLE `lsqvo_action_logs_users`
  ADD PRIMARY KEY (`user_id`),
  ADD KEY `idx_notify` (`notify`);

--
-- Индексы таблицы `lsqvo_action_log_config`
--
ALTER TABLE `lsqvo_action_log_config`
  ADD PRIMARY KEY (`id`);

--
-- Индексы таблицы `lsqvo_assets`
--
ALTER TABLE `lsqvo_assets`
  ADD PRIMARY KEY (`id`),
  ADD UNIQUE KEY `idx_asset_name` (`name`),
  ADD KEY `idx_lft_rgt` (`lft`,`rgt`),
  ADD KEY `idx_parent_id` (`parent_id`);

--
-- Индексы таблицы `lsqvo_banners`
--
ALTER TABLE `lsqvo_banners`
  ADD PRIMARY KEY (`id`),
  ADD KEY `idx_state` (`state`),
  ADD KEY `idx_own_prefix` (`own_prefix`),
  ADD KEY `idx_metakey_prefix` (`metakey_prefix`(100)),
  ADD KEY `idx_banner_catid` (`catid`),
  ADD KEY `idx_language` (`language`);

--
-- Индексы таблицы `lsqvo_banner_clients`
--
ALTER TABLE `lsqvo_banner_clients`
  ADD PRIMARY KEY (`id`),
  ADD KEY `idx_own_prefix` (`own_prefix`),
  ADD KEY `idx_metakey_prefix` (`metakey_prefix`(100));

--
-- Индексы таблицы `lsqvo_banner_tracks`
--
ALTER TABLE `lsqvo_banner_tracks`
  ADD PRIMARY KEY (`track_date`,`track_type`,`banner_id`),
  ADD KEY `idx_track_date` (`track_date`),
  ADD KEY `idx_track_type` (`track_type`),
  ADD KEY `idx_banner_id` (`banner_id`);

--
-- Индексы таблицы `lsqvo_categories`
--
ALTER TABLE `lsqvo_categories`
  ADD PRIMARY KEY (`id`),
  ADD KEY `cat_idx` (`extension`,`published`,`access`),
  ADD KEY `idx_access` (`access`),
  ADD KEY `idx_checkout` (`checked_out`),
  ADD KEY `idx_path` (`path`(100)),
  ADD KEY `idx_left_right` (`lft`,`rgt`),
  ADD KEY `idx_alias` (`alias`(100)),
  ADD KEY `idx_language` (`language`);

--
-- Индексы таблицы `lsqvo_contact_details`
--
ALTER TABLE `lsqvo_contact_details`
  ADD PRIMARY KEY (`id`),
  ADD KEY `idx_access` (`access`),
  ADD KEY `idx_checkout` (`checked_out`),
  ADD KEY `idx_state` (`published`),
  ADD KEY `idx_catid` (`catid`),
  ADD KEY `idx_createdby` (`created_by`),
  ADD KEY `idx_featured_catid` (`featured`,`catid`),
  ADD KEY `idx_language` (`language`);

--
-- Индексы таблицы `lsqvo_content`
--
ALTER TABLE `lsqvo_content`
  ADD PRIMARY KEY (`id`),
  ADD KEY `idx_access` (`access`),
  ADD KEY `idx_checkout` (`checked_out`),
  ADD KEY `idx_state` (`state`),
  ADD KEY `idx_catid` (`catid`),
  ADD KEY `idx_createdby` (`created_by`),
  ADD KEY `idx_featured_catid` (`featured`,`catid`),
  ADD KEY `idx_language` (`language`),
  ADD KEY `idx_alias` (`alias`(191));

--
-- Индексы таблицы `lsqvo_contentitem_tag_map`
--
ALTER TABLE `lsqvo_contentitem_tag_map`
  ADD UNIQUE KEY `uc_ItemnameTagid` (`type_id`,`content_item_id`,`tag_id`),
  ADD KEY `idx_tag_type` (`tag_id`,`type_id`),
  ADD KEY `idx_date_id` (`tag_date`,`tag_id`),
  ADD KEY `idx_core_content_id` (`core_content_id`);

--
-- Индексы таблицы `lsqvo_content_frontpage`
--
ALTER TABLE `lsqvo_content_frontpage`
  ADD PRIMARY KEY (`content_id`);

--
-- Индексы таблицы `lsqvo_content_rating`
--
ALTER TABLE `lsqvo_content_rating`
  ADD PRIMARY KEY (`content_id`);

--
-- Индексы таблицы `lsqvo_content_types`
--
ALTER TABLE `lsqvo_content_types`
  ADD PRIMARY KEY (`type_id`),
  ADD KEY `idx_alias` (`type_alias`(100));

--
-- Индексы таблицы `lsqvo_convertforms`
--
ALTER TABLE `lsqvo_convertforms`
  ADD PRIMARY KEY (`id`);

--
-- Индексы таблицы `lsqvo_convertforms_campaigns`
--
ALTER TABLE `lsqvo_convertforms_campaigns`
  ADD PRIMARY KEY (`id`);

--
-- Индексы таблицы `lsqvo_convertforms_connections`
--
ALTER TABLE `lsqvo_convertforms_connections`
  ADD PRIMARY KEY (`id`);

--
-- Индексы таблицы `lsqvo_convertforms_conversions`
--
ALTER TABLE `lsqvo_convertforms_conversions`
  ADD PRIMARY KEY (`id`),
  ADD KEY `state` (`state`),
  ADD KEY `created` (`created`),
  ADD KEY `form_id` (`form_id`),
  ADD KEY `campaign_id` (`campaign_id`),
  ADD KEY `user_id` (`user_id`),
  ADD KEY `state_created` (`state`,`created`);

--
-- Индексы таблицы `lsqvo_convertforms_submission_meta`
--
ALTER TABLE `lsqvo_convertforms_submission_meta`
  ADD PRIMARY KEY (`id`),
  ADD KEY `date_created` (`date_created`),
  ADD KEY `submission_id` (`submission_id`);

--
-- Индексы таблицы `lsqvo_convertforms_tasks`
--
ALTER TABLE `lsqvo_convertforms_tasks`
  ADD PRIMARY KEY (`id`);

--
-- Индексы таблицы `lsqvo_convertforms_tasks_history`
--
ALTER TABLE `lsqvo_convertforms_tasks_history`
  ADD PRIMARY KEY (`id`);

--
-- Индексы таблицы `lsqvo_extensions`
--
ALTER TABLE `lsqvo_extensions`
  ADD PRIMARY KEY (`extension_id`),
  ADD KEY `element_clientid` (`element`,`client_id`),
  ADD KEY `element_folder_clientid` (`element`,`folder`,`client_id`),
  ADD KEY `extension` (`type`,`element`,`folder`,`client_id`);

--
-- Индексы таблицы `lsqvo_fields`
--
ALTER TABLE `lsqvo_fields`
  ADD PRIMARY KEY (`id`),
  ADD KEY `idx_checkout` (`checked_out`),
  ADD KEY `idx_state` (`state`),
  ADD KEY `idx_created_user_id` (`created_user_id`),
  ADD KEY `idx_access` (`access`),
  ADD KEY `idx_context` (`context`(191)),
  ADD KEY `idx_language` (`language`);

--
-- Индексы таблицы `lsqvo_fields_categories`
--
ALTER TABLE `lsqvo_fields_categories`
  ADD PRIMARY KEY (`field_id`,`category_id`);

--
-- Индексы таблицы `lsqvo_fields_groups`
--
ALTER TABLE `lsqvo_fields_groups`
  ADD PRIMARY KEY (`id`),
  ADD KEY `idx_checkout` (`checked_out`),
  ADD KEY `idx_state` (`state`),
  ADD KEY `idx_created_by` (`created_by`),
  ADD KEY `idx_access` (`access`),
  ADD KEY `idx_context` (`context`(191)),
  ADD KEY `idx_language` (`language`);

--
-- Индексы таблицы `lsqvo_fields_values`
--
ALTER TABLE `lsqvo_fields_values`
  ADD KEY `idx_field_id` (`field_id`),
  ADD KEY `idx_item_id` (`item_id`(191));

--
-- Индексы таблицы `lsqvo_finder_filters`
--
ALTER TABLE `lsqvo_finder_filters`
  ADD PRIMARY KEY (`filter_id`);

--
-- Индексы таблицы `lsqvo_finder_links`
--
ALTER TABLE `lsqvo_finder_links`
  ADD PRIMARY KEY (`link_id`),
  ADD KEY `idx_type` (`type_id`),
  ADD KEY `idx_title` (`title`(100)),
  ADD KEY `idx_md5` (`md5sum`),
  ADD KEY `idx_url` (`url`(75)),
  ADD KEY `idx_language` (`language`),
  ADD KEY `idx_published_list` (`published`,`state`,`access`,`publish_start_date`,`publish_end_date`,`list_price`),
  ADD KEY `idx_published_sale` (`published`,`state`,`access`,`publish_start_date`,`publish_end_date`,`sale_price`);

--
-- Индексы таблицы `lsqvo_finder_links_terms`
--
ALTER TABLE `lsqvo_finder_links_terms`
  ADD PRIMARY KEY (`link_id`,`term_id`),
  ADD KEY `idx_term_weight` (`term_id`,`weight`),
  ADD KEY `idx_link_term_weight` (`link_id`,`term_id`,`weight`);

--
-- Индексы таблицы `lsqvo_finder_logging`
--
ALTER TABLE `lsqvo_finder_logging`
  ADD PRIMARY KEY (`md5sum`),
  ADD KEY `searchterm` (`searchterm`(191));

--
-- Индексы таблицы `lsqvo_finder_taxonomy`
--
ALTER TABLE `lsqvo_finder_taxonomy`
  ADD PRIMARY KEY (`id`),
  ADD KEY `idx_state` (`state`),
  ADD KEY `idx_access` (`access`),
  ADD KEY `idx_path` (`path`(100)),
  ADD KEY `idx_level` (`level`),
  ADD KEY `idx_left_right` (`lft`,`rgt`),
  ADD KEY `idx_alias` (`alias`(100)),
  ADD KEY `idx_language` (`language`),
  ADD KEY `idx_parent_published` (`parent_id`,`state`,`access`);

--
-- Индексы таблицы `lsqvo_finder_taxonomy_map`
--
ALTER TABLE `lsqvo_finder_taxonomy_map`
  ADD PRIMARY KEY (`link_id`,`node_id`),
  ADD KEY `link_id` (`link_id`),
  ADD KEY `node_id` (`node_id`);

--
-- Индексы таблицы `lsqvo_finder_terms`
--
ALTER TABLE `lsqvo_finder_terms`
  ADD PRIMARY KEY (`term_id`),
  ADD UNIQUE KEY `idx_term_language` (`term`,`language`),
  ADD KEY `idx_stem` (`stem`),
  ADD KEY `idx_term_phrase` (`term`,`phrase`),
  ADD KEY `idx_stem_phrase` (`stem`,`phrase`),
  ADD KEY `idx_soundex_phrase` (`soundex`,`phrase`),
  ADD KEY `idx_language` (`language`);

--
-- Индексы таблицы `lsqvo_finder_terms_common`
--
ALTER TABLE `lsqvo_finder_terms_common`
  ADD UNIQUE KEY `idx_term_language` (`term`,`language`),
  ADD KEY `idx_lang` (`language`);

--
-- Индексы таблицы `lsqvo_finder_tokens`
--
ALTER TABLE `lsqvo_finder_tokens`
  ADD KEY `idx_word` (`term`),
  ADD KEY `idx_stem` (`stem`),
  ADD KEY `idx_context` (`context`),
  ADD KEY `idx_language` (`language`);

--
-- Индексы таблицы `lsqvo_finder_tokens_aggregate`
--
ALTER TABLE `lsqvo_finder_tokens_aggregate`
  ADD KEY `token` (`term`),
  ADD KEY `keyword_id` (`term_id`);

--
-- Индексы таблицы `lsqvo_finder_types`
--
ALTER TABLE `lsqvo_finder_types`
  ADD PRIMARY KEY (`id`),
  ADD UNIQUE KEY `title` (`title`);

--
-- Индексы таблицы `lsqvo_guidedtours`
--
ALTER TABLE `lsqvo_guidedtours`
  ADD PRIMARY KEY (`id`),
  ADD KEY `idx_access` (`access`),
  ADD KEY `idx_state` (`published`),
  ADD KEY `idx_language` (`language`);

--
-- Индексы таблицы `lsqvo_guidedtour_steps`
--
ALTER TABLE `lsqvo_guidedtour_steps`
  ADD PRIMARY KEY (`id`),
  ADD KEY `idx_tour` (`tour_id`),
  ADD KEY `idx_state` (`published`),
  ADD KEY `idx_language` (`language`);

--
-- Индексы таблицы `lsqvo_history`
--
ALTER TABLE `lsqvo_history`
  ADD PRIMARY KEY (`version_id`),
  ADD KEY `idx_ucm_item_id` (`item_id`),
  ADD KEY `idx_save_date` (`save_date`);

--
-- Индексы таблицы `lsqvo_jshopping_attr`
--
ALTER TABLE `lsqvo_jshopping_attr`
  ADD PRIMARY KEY (`attr_id`),
  ADD KEY `group` (`group`),
  ADD KEY `attr_ordering` (`attr_ordering`),
  ADD KEY `attr_type` (`attr_type`),
  ADD KEY `independent` (`independent`),
  ADD KEY `allcats` (`allcats`);

--
-- Индексы таблицы `lsqvo_jshopping_attr_groups`
--
ALTER TABLE `lsqvo_jshopping_attr_groups`
  ADD PRIMARY KEY (`id`);

--
-- Индексы таблицы `lsqvo_jshopping_attr_values`
--
ALTER TABLE `lsqvo_jshopping_attr_values`
  ADD PRIMARY KEY (`value_id`),
  ADD KEY `attr_id` (`attr_id`),
  ADD KEY `value_ordering` (`value_ordering`);

--
-- Индексы таблицы `lsqvo_jshopping_categories`
--
ALTER TABLE `lsqvo_jshopping_categories`
  ADD PRIMARY KEY (`category_id`),
  ADD KEY `sort_add_date` (`category_add_date`),
  ADD KEY `category_parent_id` (`category_parent_id`),
  ADD KEY `category_publish` (`category_publish`),
  ADD KEY `category_template` (`category_template`),
  ADD KEY `ordering` (`ordering`),
  ADD KEY `category_add_date` (`category_add_date`),
  ADD KEY `products_page` (`products_page`),
  ADD KEY `products_row` (`products_row`),
  ADD KEY `access` (`access`),
  ADD KEY `category_publish_2` (`category_publish`,`access`);

--
-- Индексы таблицы `lsqvo_jshopping_config_display_prices`
--
ALTER TABLE `lsqvo_jshopping_config_display_prices`
  ADD PRIMARY KEY (`id`),
  ADD KEY `display_price` (`display_price`),
  ADD KEY `display_price_firma` (`display_price_firma`);

--
-- Индексы таблицы `lsqvo_jshopping_config_seo`
--
ALTER TABLE `lsqvo_jshopping_config_seo`
  ADD PRIMARY KEY (`id`),
  ADD KEY `alias` (`alias`),
  ADD KEY `ordering` (`ordering`);

--
-- Индексы таблицы `lsqvo_jshopping_config_statictext`
--
ALTER TABLE `lsqvo_jshopping_config_statictext`
  ADD PRIMARY KEY (`id`),
  ADD KEY `alias` (`alias`),
  ADD KEY `use_for_return_policy` (`use_for_return_policy`);

--
-- Индексы таблицы `lsqvo_jshopping_countries`
--
ALTER TABLE `lsqvo_jshopping_countries`
  ADD PRIMARY KEY (`country_id`),
  ADD KEY `country_publish` (`country_publish`),
  ADD KEY `ordering` (`ordering`),
  ADD KEY `country_code` (`country_code`),
  ADD KEY `country_code_2` (`country_code_2`);

--
-- Индексы таблицы `lsqvo_jshopping_coupons`
--
ALTER TABLE `lsqvo_jshopping_coupons`
  ADD PRIMARY KEY (`coupon_id`),
  ADD KEY `coupon_type` (`coupon_type`),
  ADD KEY `coupon_code` (`coupon_code`),
  ADD KEY `tax_id` (`tax_id`),
  ADD KEY `used` (`used`),
  ADD KEY `for_user_id` (`for_user_id`),
  ADD KEY `coupon_publish` (`coupon_publish`),
  ADD KEY `coupon_start_date` (`coupon_start_date`),
  ADD KEY `coupon_expire_date` (`coupon_expire_date`),
  ADD KEY `finished_after_used` (`finished_after_used`);

--
-- Индексы таблицы `lsqvo_jshopping_currencies`
--
ALTER TABLE `lsqvo_jshopping_currencies`
  ADD PRIMARY KEY (`currency_id`),
  ADD KEY `currency_code_iso` (`currency_code_iso`),
  ADD KEY `currency_code_num` (`currency_code_num`),
  ADD KEY `currency_ordering` (`currency_ordering`),
  ADD KEY `currency_publish` (`currency_publish`);

--
-- Индексы таблицы `lsqvo_jshopping_custom_fields`
--
ALTER TABLE `lsqvo_jshopping_custom_fields`
  ADD PRIMARY KEY (`id`);

--
-- Индексы таблицы `lsqvo_jshopping_custom_fields_values`
--
ALTER TABLE `lsqvo_jshopping_custom_fields_values`
  ADD PRIMARY KEY (`id`);

--
-- Индексы таблицы `lsqvo_jshopping_delivery_times`
--
ALTER TABLE `lsqvo_jshopping_delivery_times`
  ADD PRIMARY KEY (`id`);

--
-- Индексы таблицы `lsqvo_jshopping_free_attr`
--
ALTER TABLE `lsqvo_jshopping_free_attr`
  ADD PRIMARY KEY (`id`);

--
-- Индексы таблицы `lsqvo_jshopping_import_export`
--
ALTER TABLE `lsqvo_jshopping_import_export`
  ADD PRIMARY KEY (`id`);

--
-- Индексы таблицы `lsqvo_jshopping_languages`
--
ALTER TABLE `lsqvo_jshopping_languages`
  ADD PRIMARY KEY (`id`),
  ADD KEY `publish` (`publish`),
  ADD KEY `ordering` (`ordering`);

--
-- Индексы таблицы `lsqvo_jshopping_manufacturers`
--
ALTER TABLE `lsqvo_jshopping_manufacturers`
  ADD PRIMARY KEY (`manufacturer_id`),
  ADD KEY `manufacturer_publish` (`manufacturer_publish`),
  ADD KEY `products_page` (`products_page`),
  ADD KEY `products_row` (`products_row`),
  ADD KEY `ordering` (`ordering`);

--
-- Индексы таблицы `lsqvo_jshopping_orders`
--
ALTER TABLE `lsqvo_jshopping_orders`
  ADD PRIMARY KEY (`order_id`),
  ADD KEY `order_number` (`order_number`),
  ADD KEY `user_id` (`user_id`),
  ADD KEY `currency_code_iso` (`currency_code_iso`),
  ADD KEY `order_status` (`order_status`),
  ADD KEY `order_created` (`order_created`),
  ADD KEY `shipping_method_id` (`shipping_method_id`),
  ADD KEY `delivery_times_id` (`delivery_times_id`),
  ADD KEY `payment_method_id` (`payment_method_id`),
  ADD KEY `coupon_id` (`coupon_id`),
  ADD KEY `client_type` (`client_type`),
  ADD KEY `country` (`country`),
  ADD KEY `phone` (`phone`),
  ADD KEY `d_title` (`d_title`),
  ADD KEY `d_country` (`d_country`),
  ADD KEY `display_price` (`display_price`),
  ADD KEY `vendor_type` (`vendor_type`),
  ADD KEY `vendor_id` (`vendor_id`),
  ADD KEY `lang` (`lang`);

--
-- Индексы таблицы `lsqvo_jshopping_order_history`
--
ALTER TABLE `lsqvo_jshopping_order_history`
  ADD PRIMARY KEY (`order_history_id`),
  ADD KEY `order_id` (`order_id`),
  ADD KEY `order_status_id` (`order_status_id`),
  ADD KEY `status_date_added` (`status_date_added`),
  ADD KEY `customer_notify` (`customer_notify`);

--
-- Индексы таблицы `lsqvo_jshopping_order_item`
--
ALTER TABLE `lsqvo_jshopping_order_item`
  ADD PRIMARY KEY (`order_item_id`),
  ADD KEY `order_id` (`order_id`),
  ADD KEY `product_id` (`product_id`),
  ADD KEY `delivery_times_id` (`delivery_times_id`),
  ADD KEY `vendor_id` (`vendor_id`);

--
-- Индексы таблицы `lsqvo_jshopping_order_status`
--
ALTER TABLE `lsqvo_jshopping_order_status`
  ADD PRIMARY KEY (`status_id`),
  ADD KEY `status_code` (`status_code`);

--
-- Индексы таблицы `lsqvo_jshopping_payment_method`
--
ALTER TABLE `lsqvo_jshopping_payment_method`
  ADD PRIMARY KEY (`payment_id`),
  ADD KEY `payment_code` (`payment_code`),
  ADD KEY `payment_publish` (`payment_publish`),
  ADD KEY `payment_ordering` (`payment_ordering`),
  ADD KEY `payment_type` (`payment_type`),
  ADD KEY `price_type` (`price_type`),
  ADD KEY `tax_id` (`tax_id`);

--
-- Индексы таблицы `lsqvo_jshopping_payment_trx`
--
ALTER TABLE `lsqvo_jshopping_payment_trx`
  ADD PRIMARY KEY (`id`),
  ADD KEY `order_id` (`order_id`),
  ADD KEY `transaction` (`transaction`),
  ADD KEY `rescode` (`rescode`),
  ADD KEY `status_id` (`status_id`);

--
-- Индексы таблицы `lsqvo_jshopping_products`
--
ALTER TABLE `lsqvo_jshopping_products`
  ADD PRIMARY KEY (`product_id`),
  ADD KEY `product_manufacturer_id` (`product_manufacturer_id`),
  ADD KEY `parent_id` (`parent_id`),
  ADD KEY `product_ean` (`product_ean`),
  ADD KEY `unlimited` (`unlimited`),
  ADD KEY `product_publish` (`product_publish`),
  ADD KEY `product_tax_id` (`product_tax_id`),
  ADD KEY `currency_id` (`currency_id`),
  ADD KEY `product_price` (`product_price`),
  ADD KEY `min_price` (`min_price`),
  ADD KEY `add_price_unit_id` (`add_price_unit_id`),
  ADD KEY `average_rating` (`average_rating`),
  ADD KEY `reviews_count` (`reviews_count`),
  ADD KEY `delivery_times_id` (`delivery_times_id`),
  ADD KEY `hits` (`hits`),
  ADD KEY `basic_price_unit_id` (`basic_price_unit_id`),
  ADD KEY `label_id` (`label_id`),
  ADD KEY `vendor_id` (`vendor_id`),
  ADD KEY `access` (`access`);

--
-- Индексы таблицы `lsqvo_jshopping_products_attr`
--
ALTER TABLE `lsqvo_jshopping_products_attr`
  ADD PRIMARY KEY (`product_attr_id`),
  ADD KEY `product_id` (`product_id`),
  ADD KEY `ext_attribute_product_id` (`ext_attribute_product_id`);

--
-- Индексы таблицы `lsqvo_jshopping_products_attr2`
--
ALTER TABLE `lsqvo_jshopping_products_attr2`
  ADD PRIMARY KEY (`id`),
  ADD KEY `product_id` (`product_id`),
  ADD KEY `attr_id` (`attr_id`),
  ADD KEY `attr_value_id` (`attr_value_id`),
  ADD KEY `price_mod` (`price_mod`);

--
-- Индексы таблицы `lsqvo_jshopping_products_extra_fields`
--
ALTER TABLE `lsqvo_jshopping_products_extra_fields`
  ADD PRIMARY KEY (`id`),
  ADD KEY `group` (`group`),
  ADD KEY `allcats` (`allcats`),
  ADD KEY `type` (`type`),
  ADD KEY `multilist` (`multilist`),
  ADD KEY `group_2` (`group`),
  ADD KEY `ordering` (`ordering`);

--
-- Индексы таблицы `lsqvo_jshopping_products_extra_field_groups`
--
ALTER TABLE `lsqvo_jshopping_products_extra_field_groups`
  ADD PRIMARY KEY (`id`),
  ADD KEY `ordering` (`ordering`);

--
-- Индексы таблицы `lsqvo_jshopping_products_extra_field_values`
--
ALTER TABLE `lsqvo_jshopping_products_extra_field_values`
  ADD PRIMARY KEY (`id`),
  ADD KEY `field_id` (`field_id`),
  ADD KEY `ordering` (`ordering`);

--
-- Индексы таблицы `lsqvo_jshopping_products_files`
--
ALTER TABLE `lsqvo_jshopping_products_files`
  ADD PRIMARY KEY (`id`),
  ADD KEY `product_id` (`product_id`),
  ADD KEY `ordering` (`ordering`);

--
-- Индексы таблицы `lsqvo_jshopping_products_free_attr`
--
ALTER TABLE `lsqvo_jshopping_products_free_attr`
  ADD PRIMARY KEY (`id`),
  ADD KEY `product_id` (`product_id`),
  ADD KEY `attr_id` (`attr_id`);

--
-- Индексы таблицы `lsqvo_jshopping_products_images`
--
ALTER TABLE `lsqvo_jshopping_products_images`
  ADD PRIMARY KEY (`image_id`),
  ADD KEY `product_id` (`product_id`),
  ADD KEY `ordering` (`ordering`);

--
-- Индексы таблицы `lsqvo_jshopping_products_prices`
--
ALTER TABLE `lsqvo_jshopping_products_prices`
  ADD PRIMARY KEY (`price_id`),
  ADD KEY `product_id` (`product_id`),
  ADD KEY `product_quantity_start` (`product_quantity_start`),
  ADD KEY `product_quantity_finish` (`product_quantity_finish`);

--
-- Индексы таблицы `lsqvo_jshopping_products_relations`
--
ALTER TABLE `lsqvo_jshopping_products_relations`
  ADD PRIMARY KEY (`id`),
  ADD KEY `product_id` (`product_id`,`product_related_id`),
  ADD KEY `product_id_2` (`product_id`),
  ADD KEY `product_related_id` (`product_related_id`);

--
-- Индексы таблицы `lsqvo_jshopping_products_reviews`
--
ALTER TABLE `lsqvo_jshopping_products_reviews`
  ADD PRIMARY KEY (`review_id`),
  ADD KEY `product_id` (`product_id`),
  ADD KEY `user_id` (`user_id`),
  ADD KEY `user_email` (`user_email`),
  ADD KEY `mark` (`mark`),
  ADD KEY `publish` (`publish`),
  ADD KEY `ip` (`ip`);

--
-- Индексы таблицы `lsqvo_jshopping_products_to_categories`
--
ALTER TABLE `lsqvo_jshopping_products_to_categories`
  ADD PRIMARY KEY (`product_id`,`category_id`),
  ADD KEY `category_id` (`category_id`),
  ADD KEY `product_id` (`product_id`),
  ADD KEY `product_id_2` (`product_id`,`category_id`,`product_ordering`),
  ADD KEY `product_ordering` (`product_ordering`);

--
-- Индексы таблицы `lsqvo_jshopping_products_to_extra_fields`
--
ALTER TABLE `lsqvo_jshopping_products_to_extra_fields`
  ADD PRIMARY KEY (`product_id`);

--
-- Индексы таблицы `lsqvo_jshopping_products_videos`
--
ALTER TABLE `lsqvo_jshopping_products_videos`
  ADD PRIMARY KEY (`video_id`),
  ADD KEY `video_id` (`video_id`,`product_id`),
  ADD KEY `product_id` (`product_id`);

--
-- Индексы таблицы `lsqvo_jshopping_product_labels`
--
ALTER TABLE `lsqvo_jshopping_product_labels`
  ADD PRIMARY KEY (`id`);

--
-- Индексы таблицы `lsqvo_jshopping_shipping_ext_calc`
--
ALTER TABLE `lsqvo_jshopping_shipping_ext_calc`
  ADD PRIMARY KEY (`id`),
  ADD KEY `alias` (`alias`),
  ADD KEY `published` (`published`),
  ADD KEY `ordering` (`ordering`);

--
-- Индексы таблицы `lsqvo_jshopping_shipping_method`
--
ALTER TABLE `lsqvo_jshopping_shipping_method`
  ADD PRIMARY KEY (`shipping_id`),
  ADD KEY `alias` (`alias`),
  ADD KEY `published` (`published`),
  ADD KEY `ordering` (`ordering`);

--
-- Индексы таблицы `lsqvo_jshopping_shipping_method_price`
--
ALTER TABLE `lsqvo_jshopping_shipping_method_price`
  ADD PRIMARY KEY (`sh_pr_method_id`),
  ADD KEY `shipping_method_id` (`shipping_method_id`),
  ADD KEY `shipping_tax_id` (`shipping_tax_id`),
  ADD KEY `package_tax_id` (`package_tax_id`),
  ADD KEY `delivery_times_id` (`delivery_times_id`);

--
-- Индексы таблицы `lsqvo_jshopping_shipping_method_price_countries`
--
ALTER TABLE `lsqvo_jshopping_shipping_method_price_countries`
  ADD PRIMARY KEY (`sh_method_country_id`),
  ADD KEY `country_id` (`country_id`),
  ADD KEY `sh_pr_method_id` (`sh_pr_method_id`),
  ADD KEY `sh_method_country_id` (`sh_method_country_id`,`country_id`,`sh_pr_method_id`),
  ADD KEY `country_id_2` (`country_id`,`sh_pr_method_id`),
  ADD KEY `sh_method_country_id_2` (`sh_method_country_id`,`country_id`);

--
-- Индексы таблицы `lsqvo_jshopping_shipping_method_price_weight`
--
ALTER TABLE `lsqvo_jshopping_shipping_method_price_weight`
  ADD PRIMARY KEY (`sh_pr_weight_id`),
  ADD KEY `sh_pr_method_id` (`sh_pr_method_id`),
  ADD KEY `sh_pr_weight_id` (`sh_pr_weight_id`,`sh_pr_method_id`);

--
-- Индексы таблицы `lsqvo_jshopping_taxes`
--
ALTER TABLE `lsqvo_jshopping_taxes`
  ADD PRIMARY KEY (`tax_id`);

--
-- Индексы таблицы `lsqvo_jshopping_taxes_ext`
--
ALTER TABLE `lsqvo_jshopping_taxes_ext`
  ADD PRIMARY KEY (`id`),
  ADD KEY `tax_id` (`tax_id`);

--
-- Индексы таблицы `lsqvo_jshopping_unit`
--
ALTER TABLE `lsqvo_jshopping_unit`
  ADD PRIMARY KEY (`id`),
  ADD KEY `qty` (`qty`);

--
-- Индексы таблицы `lsqvo_jshopping_usergroups`
--
ALTER TABLE `lsqvo_jshopping_usergroups`
  ADD PRIMARY KEY (`usergroup_id`),
  ADD KEY `usergroup_name` (`usergroup_name`),
  ADD KEY `usergroup_is_default` (`usergroup_is_default`);

--
-- Индексы таблицы `lsqvo_jshopping_users`
--
ALTER TABLE `lsqvo_jshopping_users`
  ADD UNIQUE KEY `user_id` (`user_id`),
  ADD KEY `u_name` (`u_name`),
  ADD KEY `usergroup_id` (`usergroup_id`),
  ADD KEY `usergroup_id_2` (`usergroup_id`),
  ADD KEY `payment_id` (`payment_id`),
  ADD KEY `shipping_id` (`shipping_id`),
  ADD KEY `client_type` (`client_type`),
  ADD KEY `email` (`email`);

--
-- Индексы таблицы `lsqvo_languages`
--
ALTER TABLE `lsqvo_languages`
  ADD PRIMARY KEY (`lang_id`),
  ADD UNIQUE KEY `idx_sef` (`sef`),
  ADD UNIQUE KEY `idx_langcode` (`lang_code`),
  ADD KEY `idx_access` (`access`),
  ADD KEY `idx_ordering` (`ordering`);

--
-- Индексы таблицы `lsqvo_mail_templates`
--
ALTER TABLE `lsqvo_mail_templates`
  ADD PRIMARY KEY (`template_id`,`language`);

--
-- Индексы таблицы `lsqvo_menu`
--
ALTER TABLE `lsqvo_menu`
  ADD PRIMARY KEY (`id`),
  ADD UNIQUE KEY `idx_client_id_parent_id_alias_language` (`client_id`,`parent_id`,`alias`(100),`language`),
  ADD KEY `idx_componentid` (`component_id`,`menutype`,`published`,`access`),
  ADD KEY `idx_menutype` (`menutype`),
  ADD KEY `idx_left_right` (`lft`,`rgt`),
  ADD KEY `idx_alias` (`alias`(100)),
  ADD KEY `idx_path` (`path`(100)),
  ADD KEY `idx_language` (`language`);

--
-- Индексы таблицы `lsqvo_menu_types`
--
ALTER TABLE `lsqvo_menu_types`
  ADD PRIMARY KEY (`id`),
  ADD UNIQUE KEY `idx_menutype` (`menutype`);

--
-- Индексы таблицы `lsqvo_messages`
--
ALTER TABLE `lsqvo_messages`
  ADD PRIMARY KEY (`message_id`),
  ADD KEY `useridto_state` (`user_id_to`,`state`);

--
-- Индексы таблицы `lsqvo_messages_cfg`
--
ALTER TABLE `lsqvo_messages_cfg`
  ADD UNIQUE KEY `idx_user_var_name` (`user_id`,`cfg_name`);

--
-- Индексы таблицы `lsqvo_modules`
--
ALTER TABLE `lsqvo_modules`
  ADD PRIMARY KEY (`id`),
  ADD KEY `published` (`published`,`access`),
  ADD KEY `newsfeeds` (`module`,`published`),
  ADD KEY `idx_language` (`language`);

--
-- Индексы таблицы `lsqvo_modules_menu`
--
ALTER TABLE `lsqvo_modules_menu`
  ADD PRIMARY KEY (`moduleid`,`menuid`);

--
-- Индексы таблицы `lsqvo_newsfeeds`
--
ALTER TABLE `lsqvo_newsfeeds`
  ADD PRIMARY KEY (`id`),
  ADD KEY `idx_access` (`access`),
  ADD KEY `idx_checkout` (`checked_out`),
  ADD KEY `idx_state` (`published`),
  ADD KEY `idx_catid` (`catid`),
  ADD KEY `idx_createdby` (`created_by`),
  ADD KEY `idx_language` (`language`);

--
-- Индексы таблицы `lsqvo_overrider`
--
ALTER TABLE `lsqvo_overrider`
  ADD PRIMARY KEY (`id`);

--
-- Индексы таблицы `lsqvo_postinstall_messages`
--
ALTER TABLE `lsqvo_postinstall_messages`
  ADD PRIMARY KEY (`postinstall_message_id`);

--
-- Индексы таблицы `lsqvo_redirect_links`
--
ALTER TABLE `lsqvo_redirect_links`
  ADD PRIMARY KEY (`id`),
  ADD KEY `idx_old_url` (`old_url`(100)),
  ADD KEY `idx_link_modified` (`modified_date`);

--
-- Индексы таблицы `lsqvo_scheduler_tasks`
--
ALTER TABLE `lsqvo_scheduler_tasks`
  ADD PRIMARY KEY (`id`),
  ADD KEY `idx_type` (`type`),
  ADD KEY `idx_state` (`state`),
  ADD KEY `idx_last_exit` (`last_exit_code`),
  ADD KEY `idx_next_exec` (`next_execution`),
  ADD KEY `idx_locked` (`locked`),
  ADD KEY `idx_priority` (`priority`),
  ADD KEY `idx_cli_exclusive` (`cli_exclusive`),
  ADD KEY `idx_checked_out` (`checked_out`);

--
-- Индексы таблицы `lsqvo_schemas`
--
ALTER TABLE `lsqvo_schemas`
  ADD PRIMARY KEY (`extension_id`,`version_id`);

--
-- Индексы таблицы `lsqvo_tags`
--
ALTER TABLE `lsqvo_tags`
  ADD PRIMARY KEY (`id`),
  ADD KEY `tag_idx` (`published`,`access`),
  ADD KEY `idx_access` (`access`),
  ADD KEY `idx_checkout` (`checked_out`),
  ADD KEY `idx_path` (`path`(100)),
  ADD KEY `idx_left_right` (`lft`,`rgt`),
  ADD KEY `idx_alias` (`alias`(100)),
  ADD KEY `idx_language` (`language`);

--
-- Индексы таблицы `lsqvo_template_overrides`
--
ALTER TABLE `lsqvo_template_overrides`
  ADD PRIMARY KEY (`id`),
  ADD KEY `idx_template` (`template`),
  ADD KEY `idx_extension_id` (`extension_id`);

--
-- Индексы таблицы `lsqvo_template_styles`
--
ALTER TABLE `lsqvo_template_styles`
  ADD PRIMARY KEY (`id`),
  ADD KEY `idx_template` (`template`),
  ADD KEY `idx_client_id` (`client_id`),
  ADD KEY `idx_client_id_home` (`client_id`,`home`);

--
-- Индексы таблицы `lsqvo_ucm_base`
--
ALTER TABLE `lsqvo_ucm_base`
  ADD PRIMARY KEY (`ucm_id`),
  ADD KEY `idx_ucm_item_id` (`ucm_item_id`),
  ADD KEY `idx_ucm_type_id` (`ucm_type_id`),
  ADD KEY `idx_ucm_language_id` (`ucm_language_id`);

--
-- Индексы таблицы `lsqvo_ucm_content`
--
ALTER TABLE `lsqvo_ucm_content`
  ADD PRIMARY KEY (`core_content_id`),
  ADD KEY `tag_idx` (`core_state`,`core_access`),
  ADD KEY `idx_access` (`core_access`),
  ADD KEY `idx_alias` (`core_alias`(100)),
  ADD KEY `idx_language` (`core_language`),
  ADD KEY `idx_title` (`core_title`(100)),
  ADD KEY `idx_modified_time` (`core_modified_time`),
  ADD KEY `idx_created_time` (`core_created_time`),
  ADD KEY `idx_content_type` (`core_type_alias`(100)),
  ADD KEY `idx_core_modified_user_id` (`core_modified_user_id`),
  ADD KEY `idx_core_checked_out_user_id` (`core_checked_out_user_id`),
  ADD KEY `idx_core_created_user_id` (`core_created_user_id`),
  ADD KEY `idx_core_type_id` (`core_type_id`);

--
-- Индексы таблицы `lsqvo_updates`
--
ALTER TABLE `lsqvo_updates`
  ADD PRIMARY KEY (`update_id`);

--
-- Индексы таблицы `lsqvo_update_sites`
--
ALTER TABLE `lsqvo_update_sites`
  ADD PRIMARY KEY (`update_site_id`);

--
-- Индексы таблицы `lsqvo_update_sites_extensions`
--
ALTER TABLE `lsqvo_update_sites_extensions`
  ADD PRIMARY KEY (`update_site_id`,`extension_id`);

--
-- Индексы таблицы `lsqvo_usergroups`
--
ALTER TABLE `lsqvo_usergroups`
  ADD PRIMARY KEY (`id`),
  ADD UNIQUE KEY `idx_usergroup_parent_title_lookup` (`parent_id`,`title`),
  ADD KEY `idx_usergroup_title_lookup` (`title`),
  ADD KEY `idx_usergroup_adjacency_lookup` (`parent_id`),
  ADD KEY `idx_usergroup_nested_set_lookup` (`lft`,`rgt`) USING BTREE;

--
-- Индексы таблицы `lsqvo_user_mfa`
--
ALTER TABLE `lsqvo_user_mfa`
  ADD PRIMARY KEY (`id`),
  ADD KEY `idx_user_id` (`user_id`);

--
-- Индексы таблицы `lsqvo_user_notes`
--
ALTER TABLE `lsqvo_user_notes`
  ADD PRIMARY KEY (`id`),
  ADD KEY `idx_user_id` (`user_id`),
  ADD KEY `idx_category_id` (`catid`);

--
-- Индексы таблицы `lsqvo_user_profiles`
--
ALTER TABLE `lsqvo_user_profiles`
  ADD UNIQUE KEY `idx_user_id_profile_key` (`user_id`,`profile_key`);

--
-- Индексы таблицы `lsqvo_user_usergroup_map`
--
ALTER TABLE `lsqvo_user_usergroup_map`
  ADD PRIMARY KEY (`user_id`,`group_id`);

--
-- Индексы таблицы `lsqvo_viewlevels`
--
ALTER TABLE `lsqvo_viewlevels`
  ADD PRIMARY KEY (`id`),
  ADD UNIQUE KEY `idx_assetgroup_title_lookup` (`title`);

--
-- Индексы таблицы `lsqvo_workflows`
--
ALTER TABLE `lsqvo_workflows`
  ADD PRIMARY KEY (`id`),
  ADD KEY `idx_asset_id` (`asset_id`),
  ADD KEY `idx_title` (`title`(191)),
  ADD KEY `idx_extension` (`extension`),
  ADD KEY `idx_default` (`default`),
  ADD KEY `idx_created` (`created`),
  ADD KEY `idx_created_by` (`created_by`),
  ADD KEY `idx_modified` (`modified`),
  ADD KEY `idx_modified_by` (`modified_by`),
  ADD KEY `idx_checked_out` (`checked_out`);

--
-- Индексы таблицы `lsqvo_workflow_associations`
--
ALTER TABLE `lsqvo_workflow_associations`
  ADD PRIMARY KEY (`item_id`,`extension`),
  ADD KEY `idx_item_stage_extension` (`item_id`,`stage_id`,`extension`),
  ADD KEY `idx_item_id` (`item_id`),
  ADD KEY `idx_stage_id` (`stage_id`),
  ADD KEY `idx_extension` (`extension`);

--
-- Индексы таблицы `lsqvo_workflow_stages`
--
ALTER TABLE `lsqvo_workflow_stages`
  ADD PRIMARY KEY (`id`),
  ADD KEY `idx_workflow_id` (`workflow_id`),
  ADD KEY `idx_checked_out` (`checked_out`),
  ADD KEY `idx_title` (`title`(191)),
  ADD KEY `idx_asset_id` (`asset_id`),
  ADD KEY `idx_default` (`default`);

--
-- Индексы таблицы `lsqvo_workflow_transitions`
--
ALTER TABLE `lsqvo_workflow_transitions`
  ADD PRIMARY KEY (`id`),
  ADD KEY `idx_title` (`title`(191)),
  ADD KEY `idx_asset_id` (`asset_id`),
  ADD KEY `idx_checked_out` (`checked_out`),
  ADD KEY `idx_from_stage_id` (`from_stage_id`),
  ADD KEY `idx_to_stage_id` (`to_stage_id`),
  ADD KEY `idx_workflow_id` (`workflow_id`);

--
-- AUTO_INCREMENT для сохранённых таблиц
--

--
-- AUTO_INCREMENT для таблицы `lsqvo_action_logs`
--
ALTER TABLE `lsqvo_action_logs`
  MODIFY `id` int(10) UNSIGNED NOT NULL AUTO_INCREMENT, AUTO_INCREMENT=2477;

--
-- AUTO_INCREMENT для таблицы `lsqvo_action_logs_extensions`
--
ALTER TABLE `lsqvo_action_logs_extensions`
  MODIFY `id` int(10) UNSIGNED NOT NULL AUTO_INCREMENT, AUTO_INCREMENT=20;

--
-- AUTO_INCREMENT для таблицы `lsqvo_action_log_config`
--
ALTER TABLE `lsqvo_action_log_config`
  MODIFY `id` int(10) UNSIGNED NOT NULL AUTO_INCREMENT, AUTO_INCREMENT=21;

--
-- AUTO_INCREMENT для таблицы `lsqvo_assets`
--
ALTER TABLE `lsqvo_assets`
  MODIFY `id` int(10) UNSIGNED NOT NULL AUTO_INCREMENT COMMENT 'Primary Key', AUTO_INCREMENT=246;

--
-- AUTO_INCREMENT для таблицы `lsqvo_banners`
--
ALTER TABLE `lsqvo_banners`
  MODIFY `id` int(11) NOT NULL AUTO_INCREMENT;

--
-- AUTO_INCREMENT для таблицы `lsqvo_banner_clients`
--
ALTER TABLE `lsqvo_banner_clients`
  MODIFY `id` int(11) NOT NULL AUTO_INCREMENT;

--
-- AUTO_INCREMENT для таблицы `lsqvo_categories`
--
ALTER TABLE `lsqvo_categories`
  MODIFY `id` int(11) NOT NULL AUTO_INCREMENT, AUTO_INCREMENT=25;

--
-- AUTO_INCREMENT для таблицы `lsqvo_contact_details`
--
ALTER TABLE `lsqvo_contact_details`
  MODIFY `id` int(11) NOT NULL AUTO_INCREMENT;

--
-- AUTO_INCREMENT для таблицы `lsqvo_content`
--
ALTER TABLE `lsqvo_content`
  MODIFY `id` int(10) UNSIGNED NOT NULL AUTO_INCREMENT, AUTO_INCREMENT=62;

--
-- AUTO_INCREMENT для таблицы `lsqvo_content_types`
--
ALTER TABLE `lsqvo_content_types`
  MODIFY `type_id` int(10) UNSIGNED NOT NULL AUTO_INCREMENT, AUTO_INCREMENT=10000;

--
-- AUTO_INCREMENT для таблицы `lsqvo_convertforms`
--
ALTER TABLE `lsqvo_convertforms`
  MODIFY `id` int(10) NOT NULL AUTO_INCREMENT;

--
-- AUTO_INCREMENT для таблицы `lsqvo_convertforms_campaigns`
--
ALTER TABLE `lsqvo_convertforms_campaigns`
  MODIFY `id` int(10) NOT NULL AUTO_INCREMENT, AUTO_INCREMENT=2;

--
-- AUTO_INCREMENT для таблицы `lsqvo_convertforms_connections`
--
ALTER TABLE `lsqvo_convertforms_connections`
  MODIFY `id` int(10) NOT NULL AUTO_INCREMENT;

--
-- AUTO_INCREMENT для таблицы `lsqvo_convertforms_conversions`
--
ALTER TABLE `lsqvo_convertforms_conversions`
  MODIFY `id` int(10) NOT NULL AUTO_INCREMENT;

--
-- AUTO_INCREMENT для таблицы `lsqvo_convertforms_submission_meta`
--
ALTER TABLE `lsqvo_convertforms_submission_meta`
  MODIFY `id` int(10) NOT NULL AUTO_INCREMENT;

--
-- AUTO_INCREMENT для таблицы `lsqvo_convertforms_tasks`
--
ALTER TABLE `lsqvo_convertforms_tasks`
  MODIFY `id` mediumint(9) NOT NULL AUTO_INCREMENT;

--
-- AUTO_INCREMENT для таблицы `lsqvo_convertforms_tasks_history`
--
ALTER TABLE `lsqvo_convertforms_tasks_history`
  MODIFY `id` int(10) NOT NULL AUTO_INCREMENT;

--
-- AUTO_INCREMENT для таблицы `lsqvo_extensions`
--
ALTER TABLE `lsqvo_extensions`
  MODIFY `extension_id` int(11) NOT NULL AUTO_INCREMENT, AUTO_INCREMENT=304;

--
-- AUTO_INCREMENT для таблицы `lsqvo_fields`
--
ALTER TABLE `lsqvo_fields`
  MODIFY `id` int(10) UNSIGNED NOT NULL AUTO_INCREMENT, AUTO_INCREMENT=17;

--
-- AUTO_INCREMENT для таблицы `lsqvo_fields_groups`
--
ALTER TABLE `lsqvo_fields_groups`
  MODIFY `id` int(10) UNSIGNED NOT NULL AUTO_INCREMENT, AUTO_INCREMENT=7;

--
-- AUTO_INCREMENT для таблицы `lsqvo_finder_filters`
--
ALTER TABLE `lsqvo_finder_filters`
  MODIFY `filter_id` int(10) UNSIGNED NOT NULL AUTO_INCREMENT;

--
-- AUTO_INCREMENT для таблицы `lsqvo_finder_links`
--
ALTER TABLE `lsqvo_finder_links`
  MODIFY `link_id` int(10) UNSIGNED NOT NULL AUTO_INCREMENT, AUTO_INCREMENT=79;

--
-- AUTO_INCREMENT для таблицы `lsqvo_finder_taxonomy`
--
ALTER TABLE `lsqvo_finder_taxonomy`
  MODIFY `id` int(10) UNSIGNED NOT NULL AUTO_INCREMENT, AUTO_INCREMENT=36;

--
-- AUTO_INCREMENT для таблицы `lsqvo_finder_terms`
--
ALTER TABLE `lsqvo_finder_terms`
  MODIFY `term_id` int(10) UNSIGNED NOT NULL AUTO_INCREMENT, AUTO_INCREMENT=7322;

--
-- AUTO_INCREMENT для таблицы `lsqvo_finder_types`
--
ALTER TABLE `lsqvo_finder_types`
  MODIFY `id` int(10) UNSIGNED NOT NULL AUTO_INCREMENT, AUTO_INCREMENT=6;

--
-- AUTO_INCREMENT для таблицы `lsqvo_guidedtours`
--
ALTER TABLE `lsqvo_guidedtours`
  MODIFY `id` int(11) NOT NULL AUTO_INCREMENT, AUTO_INCREMENT=12;

--
-- AUTO_INCREMENT для таблицы `lsqvo_guidedtour_steps`
--
ALTER TABLE `lsqvo_guidedtour_steps`
  MODIFY `id` int(11) NOT NULL AUTO_INCREMENT, AUTO_INCREMENT=112;

--
-- AUTO_INCREMENT для таблицы `lsqvo_history`
--
ALTER TABLE `lsqvo_history`
  MODIFY `version_id` int(10) UNSIGNED NOT NULL AUTO_INCREMENT, AUTO_INCREMENT=278;

--
-- AUTO_INCREMENT для таблицы `lsqvo_jshopping_attr`
--
ALTER TABLE `lsqvo_jshopping_attr`
  MODIFY `attr_id` int(11) NOT NULL AUTO_INCREMENT;

--
-- AUTO_INCREMENT для таблицы `lsqvo_jshopping_attr_groups`
--
ALTER TABLE `lsqvo_jshopping_attr_groups`
  MODIFY `id` int(11) NOT NULL AUTO_INCREMENT;

--
-- AUTO_INCREMENT для таблицы `lsqvo_jshopping_attr_values`
--
ALTER TABLE `lsqvo_jshopping_attr_values`
  MODIFY `value_id` int(11) NOT NULL AUTO_INCREMENT;

--
-- AUTO_INCREMENT для таблицы `lsqvo_jshopping_categories`
--
ALTER TABLE `lsqvo_jshopping_categories`
  MODIFY `category_id` int(11) NOT NULL AUTO_INCREMENT, AUTO_INCREMENT=14;

--
-- AUTO_INCREMENT для таблицы `lsqvo_jshopping_config_display_prices`
--
ALTER TABLE `lsqvo_jshopping_config_display_prices`
  MODIFY `id` int(11) NOT NULL AUTO_INCREMENT;

--
-- AUTO_INCREMENT для таблицы `lsqvo_jshopping_config_seo`
--
ALTER TABLE `lsqvo_jshopping_config_seo`
  MODIFY `id` int(11) NOT NULL AUTO_INCREMENT, AUTO_INCREMENT=29;

--
-- AUTO_INCREMENT для таблицы `lsqvo_jshopping_config_statictext`
--
ALTER TABLE `lsqvo_jshopping_config_statictext`
  MODIFY `id` int(11) NOT NULL AUTO_INCREMENT, AUTO_INCREMENT=12;

--
-- AUTO_INCREMENT для таблицы `lsqvo_jshopping_countries`
--
ALTER TABLE `lsqvo_jshopping_countries`
  MODIFY `country_id` int(11) NOT NULL AUTO_INCREMENT, AUTO_INCREMENT=240;

--
-- AUTO_INCREMENT для таблицы `lsqvo_jshopping_coupons`
--
ALTER TABLE `lsqvo_jshopping_coupons`
  MODIFY `coupon_id` int(11) NOT NULL AUTO_INCREMENT;

--
-- AUTO_INCREMENT для таблицы `lsqvo_jshopping_currencies`
--
ALTER TABLE `lsqvo_jshopping_currencies`
  MODIFY `currency_id` int(11) NOT NULL AUTO_INCREMENT, AUTO_INCREMENT=2;

--
-- AUTO_INCREMENT для таблицы `lsqvo_jshopping_custom_fields`
--
ALTER TABLE `lsqvo_jshopping_custom_fields`
  MODIFY `id` int(11) UNSIGNED NOT NULL AUTO_INCREMENT, AUTO_INCREMENT=2;

--
-- AUTO_INCREMENT для таблицы `lsqvo_jshopping_custom_fields_values`
--
ALTER TABLE `lsqvo_jshopping_custom_fields_values`
  MODIFY `id` int(11) UNSIGNED NOT NULL AUTO_INCREMENT, AUTO_INCREMENT=277;

--
-- AUTO_INCREMENT для таблицы `lsqvo_jshopping_delivery_times`
--
ALTER TABLE `lsqvo_jshopping_delivery_times`
  MODIFY `id` int(11) NOT NULL AUTO_INCREMENT;

--
-- AUTO_INCREMENT для таблицы `lsqvo_jshopping_free_attr`
--
ALTER TABLE `lsqvo_jshopping_free_attr`
  MODIFY `id` int(11) NOT NULL AUTO_INCREMENT;

--
-- AUTO_INCREMENT для таблицы `lsqvo_jshopping_import_export`
--
ALTER TABLE `lsqvo_jshopping_import_export`
  MODIFY `id` int(11) NOT NULL AUTO_INCREMENT, AUTO_INCREMENT=3;

--
-- AUTO_INCREMENT для таблицы `lsqvo_jshopping_languages`
--
ALTER TABLE `lsqvo_jshopping_languages`
  MODIFY `id` int(11) NOT NULL AUTO_INCREMENT, AUTO_INCREMENT=4;

--
-- AUTO_INCREMENT для таблицы `lsqvo_jshopping_manufacturers`
--
ALTER TABLE `lsqvo_jshopping_manufacturers`
  MODIFY `manufacturer_id` int(11) NOT NULL AUTO_INCREMENT;

--
-- AUTO_INCREMENT для таблицы `lsqvo_jshopping_orders`
--
ALTER TABLE `lsqvo_jshopping_orders`
  MODIFY `order_id` int(11) NOT NULL AUTO_INCREMENT;

--
-- AUTO_INCREMENT для таблицы `lsqvo_jshopping_order_history`
--
ALTER TABLE `lsqvo_jshopping_order_history`
  MODIFY `order_history_id` int(11) NOT NULL AUTO_INCREMENT;

--
-- AUTO_INCREMENT для таблицы `lsqvo_jshopping_order_item`
--
ALTER TABLE `lsqvo_jshopping_order_item`
  MODIFY `order_item_id` int(11) NOT NULL AUTO_INCREMENT;

--
-- AUTO_INCREMENT для таблицы `lsqvo_jshopping_order_status`
--
ALTER TABLE `lsqvo_jshopping_order_status`
  MODIFY `status_id` int(11) NOT NULL AUTO_INCREMENT, AUTO_INCREMENT=8;

--
-- AUTO_INCREMENT для таблицы `lsqvo_jshopping_payment_method`
--
ALTER TABLE `lsqvo_jshopping_payment_method`
  MODIFY `payment_id` int(11) NOT NULL AUTO_INCREMENT, AUTO_INCREMENT=6;

--
-- AUTO_INCREMENT для таблицы `lsqvo_jshopping_payment_trx`
--
ALTER TABLE `lsqvo_jshopping_payment_trx`
  MODIFY `id` int(11) NOT NULL AUTO_INCREMENT;

--
-- AUTO_INCREMENT для таблицы `lsqvo_jshopping_products`
--
ALTER TABLE `lsqvo_jshopping_products`
  MODIFY `product_id` int(11) NOT NULL AUTO_INCREMENT, AUTO_INCREMENT=93;

--
-- AUTO_INCREMENT для таблицы `lsqvo_jshopping_products_attr`
--
ALTER TABLE `lsqvo_jshopping_products_attr`
  MODIFY `product_attr_id` int(11) NOT NULL AUTO_INCREMENT;

--
-- AUTO_INCREMENT для таблицы `lsqvo_jshopping_products_attr2`
--
ALTER TABLE `lsqvo_jshopping_products_attr2`
  MODIFY `id` int(11) NOT NULL AUTO_INCREMENT;

--
-- AUTO_INCREMENT для таблицы `lsqvo_jshopping_products_extra_fields`
--
ALTER TABLE `lsqvo_jshopping_products_extra_fields`
  MODIFY `id` int(11) NOT NULL AUTO_INCREMENT;

--
-- AUTO_INCREMENT для таблицы `lsqvo_jshopping_products_extra_field_groups`
--
ALTER TABLE `lsqvo_jshopping_products_extra_field_groups`
  MODIFY `id` int(11) NOT NULL AUTO_INCREMENT;

--
-- AUTO_INCREMENT для таблицы `lsqvo_jshopping_products_extra_field_values`
--
ALTER TABLE `lsqvo_jshopping_products_extra_field_values`
  MODIFY `id` int(11) NOT NULL AUTO_INCREMENT;

--
-- AUTO_INCREMENT для таблицы `lsqvo_jshopping_products_files`
--
ALTER TABLE `lsqvo_jshopping_products_files`
  MODIFY `id` int(11) NOT NULL AUTO_INCREMENT;

--
-- AUTO_INCREMENT для таблицы `lsqvo_jshopping_products_free_attr`
--
ALTER TABLE `lsqvo_jshopping_products_free_attr`
  MODIFY `id` int(11) NOT NULL AUTO_INCREMENT;

--
-- AUTO_INCREMENT для таблицы `lsqvo_jshopping_products_images`
--
ALTER TABLE `lsqvo_jshopping_products_images`
  MODIFY `image_id` int(11) NOT NULL AUTO_INCREMENT, AUTO_INCREMENT=107;

--
-- AUTO_INCREMENT для таблицы `lsqvo_jshopping_products_prices`
--
ALTER TABLE `lsqvo_jshopping_products_prices`
  MODIFY `price_id` int(11) NOT NULL AUTO_INCREMENT;

--
-- AUTO_INCREMENT для таблицы `lsqvo_jshopping_products_relations`
--
ALTER TABLE `lsqvo_jshopping_products_relations`
  MODIFY `id` int(11) NOT NULL AUTO_INCREMENT;

--
-- AUTO_INCREMENT для таблицы `lsqvo_jshopping_products_reviews`
--
ALTER TABLE `lsqvo_jshopping_products_reviews`
  MODIFY `review_id` int(11) NOT NULL AUTO_INCREMENT;

--
-- AUTO_INCREMENT для таблицы `lsqvo_jshopping_products_videos`
--
ALTER TABLE `lsqvo_jshopping_products_videos`
  MODIFY `video_id` int(11) NOT NULL AUTO_INCREMENT;

--
-- AUTO_INCREMENT для таблицы `lsqvo_jshopping_product_labels`
--
ALTER TABLE `lsqvo_jshopping_product_labels`
  MODIFY `id` int(11) NOT NULL AUTO_INCREMENT, AUTO_INCREMENT=4;

--
-- AUTO_INCREMENT для таблицы `lsqvo_jshopping_shipping_ext_calc`
--
ALTER TABLE `lsqvo_jshopping_shipping_ext_calc`
  MODIFY `id` int(11) NOT NULL AUTO_INCREMENT, AUTO_INCREMENT=2;

--
-- AUTO_INCREMENT для таблицы `lsqvo_jshopping_shipping_method`
--
ALTER TABLE `lsqvo_jshopping_shipping_method`
  MODIFY `shipping_id` int(11) NOT NULL AUTO_INCREMENT, AUTO_INCREMENT=3;

--
-- AUTO_INCREMENT для таблицы `lsqvo_jshopping_shipping_method_price`
--
ALTER TABLE `lsqvo_jshopping_shipping_method_price`
  MODIFY `sh_pr_method_id` int(11) NOT NULL AUTO_INCREMENT, AUTO_INCREMENT=3;

--
-- AUTO_INCREMENT для таблицы `lsqvo_jshopping_shipping_method_price_countries`
--
ALTER TABLE `lsqvo_jshopping_shipping_method_price_countries`
  MODIFY `sh_method_country_id` int(11) NOT NULL AUTO_INCREMENT, AUTO_INCREMENT=479;

--
-- AUTO_INCREMENT для таблицы `lsqvo_jshopping_shipping_method_price_weight`
--
ALTER TABLE `lsqvo_jshopping_shipping_method_price_weight`
  MODIFY `sh_pr_weight_id` int(11) NOT NULL AUTO_INCREMENT;

--
-- AUTO_INCREMENT для таблицы `lsqvo_jshopping_taxes`
--
ALTER TABLE `lsqvo_jshopping_taxes`
  MODIFY `tax_id` int(11) NOT NULL AUTO_INCREMENT, AUTO_INCREMENT=2;

--
-- AUTO_INCREMENT для таблицы `lsqvo_jshopping_taxes_ext`
--
ALTER TABLE `lsqvo_jshopping_taxes_ext`
  MODIFY `id` int(11) NOT NULL AUTO_INCREMENT;

--
-- AUTO_INCREMENT для таблицы `lsqvo_jshopping_unit`
--
ALTER TABLE `lsqvo_jshopping_unit`
  MODIFY `id` int(11) NOT NULL AUTO_INCREMENT, AUTO_INCREMENT=4;

--
-- AUTO_INCREMENT для таблицы `lsqvo_jshopping_usergroups`
--
ALTER TABLE `lsqvo_jshopping_usergroups`
  MODIFY `usergroup_id` int(11) NOT NULL AUTO_INCREMENT, AUTO_INCREMENT=2;

--
-- AUTO_INCREMENT для таблицы `lsqvo_languages`
--
ALTER TABLE `lsqvo_languages`
  MODIFY `lang_id` int(10) UNSIGNED NOT NULL AUTO_INCREMENT, AUTO_INCREMENT=4;

--
-- AUTO_INCREMENT для таблицы `lsqvo_menu`
--
ALTER TABLE `lsqvo_menu`
  MODIFY `id` int(11) NOT NULL AUTO_INCREMENT, AUTO_INCREMENT=148;

--
-- AUTO_INCREMENT для таблицы `lsqvo_menu_types`
--
ALTER TABLE `lsqvo_menu_types`
  MODIFY `id` int(10) UNSIGNED NOT NULL AUTO_INCREMENT, AUTO_INCREMENT=9;

--
-- AUTO_INCREMENT для таблицы `lsqvo_messages`
--
ALTER TABLE `lsqvo_messages`
  MODIFY `message_id` int(10) UNSIGNED NOT NULL AUTO_INCREMENT;

--
-- AUTO_INCREMENT для таблицы `lsqvo_modules`
--
ALTER TABLE `lsqvo_modules`
  MODIFY `id` int(11) NOT NULL AUTO_INCREMENT, AUTO_INCREMENT=147;

--
-- AUTO_INCREMENT для таблицы `lsqvo_newsfeeds`
--
ALTER TABLE `lsqvo_newsfeeds`
  MODIFY `id` int(10) UNSIGNED NOT NULL AUTO_INCREMENT;

--
-- AUTO_INCREMENT для таблицы `lsqvo_overrider`
--
ALTER TABLE `lsqvo_overrider`
  MODIFY `id` int(11) NOT NULL AUTO_INCREMENT COMMENT 'Primary Key';

--
-- AUTO_INCREMENT для таблицы `lsqvo_postinstall_messages`
--
ALTER TABLE `lsqvo_postinstall_messages`
  MODIFY `postinstall_message_id` bigint(20) UNSIGNED NOT NULL AUTO_INCREMENT, AUTO_INCREMENT=6;

--
-- AUTO_INCREMENT для таблицы `lsqvo_redirect_links`
--
ALTER TABLE `lsqvo_redirect_links`
  MODIFY `id` int(10) UNSIGNED NOT NULL AUTO_INCREMENT;

--
-- AUTO_INCREMENT для таблицы `lsqvo_scheduler_tasks`
--
ALTER TABLE `lsqvo_scheduler_tasks`
  MODIFY `id` int(10) UNSIGNED NOT NULL AUTO_INCREMENT;

--
-- AUTO_INCREMENT для таблицы `lsqvo_tags`
--
ALTER TABLE `lsqvo_tags`
  MODIFY `id` int(10) UNSIGNED NOT NULL AUTO_INCREMENT, AUTO_INCREMENT=2;

--
-- AUTO_INCREMENT для таблицы `lsqvo_template_overrides`
--
ALTER TABLE `lsqvo_template_overrides`
  MODIFY `id` int(10) UNSIGNED NOT NULL AUTO_INCREMENT;

--
-- AUTO_INCREMENT для таблицы `lsqvo_template_styles`
--
ALTER TABLE `lsqvo_template_styles`
  MODIFY `id` int(10) UNSIGNED NOT NULL AUTO_INCREMENT, AUTO_INCREMENT=13;

--
-- AUTO_INCREMENT для таблицы `lsqvo_ucm_content`
--
ALTER TABLE `lsqvo_ucm_content`
  MODIFY `core_content_id` int(10) UNSIGNED NOT NULL AUTO_INCREMENT;

--
-- AUTO_INCREMENT для таблицы `lsqvo_updates`
--
ALTER TABLE `lsqvo_updates`
  MODIFY `update_id` int(11) NOT NULL AUTO_INCREMENT, AUTO_INCREMENT=2354;

--
-- AUTO_INCREMENT для таблицы `lsqvo_update_sites`
--
ALTER TABLE `lsqvo_update_sites`
  MODIFY `update_site_id` int(11) NOT NULL AUTO_INCREMENT, AUTO_INCREMENT=11;

--
-- AUTO_INCREMENT для таблицы `lsqvo_usergroups`
--
ALTER TABLE `lsqvo_usergroups`
  MODIFY `id` int(10) UNSIGNED NOT NULL AUTO_INCREMENT COMMENT 'Primary Key', AUTO_INCREMENT=10;

--
-- AUTO_INCREMENT для таблицы `lsqvo_user_mfa`
--
ALTER TABLE `lsqvo_user_mfa`
  MODIFY `id` int(11) NOT NULL AUTO_INCREMENT;

--
-- AUTO_INCREMENT для таблицы `lsqvo_user_notes`
--
ALTER TABLE `lsqvo_user_notes`
  MODIFY `id` int(10) UNSIGNED NOT NULL AUTO_INCREMENT;

--
-- AUTO_INCREMENT для таблицы `lsqvo_viewlevels`
--
ALTER TABLE `lsqvo_viewlevels`
  MODIFY `id` int(10) UNSIGNED NOT NULL AUTO_INCREMENT COMMENT 'Primary Key', AUTO_INCREMENT=7;

--
-- AUTO_INCREMENT для таблицы `lsqvo_workflows`
--
ALTER TABLE `lsqvo_workflows`
  MODIFY `id` int(11) NOT NULL AUTO_INCREMENT, AUTO_INCREMENT=2;

--
-- AUTO_INCREMENT для таблицы `lsqvo_workflow_stages`
--
ALTER TABLE `lsqvo_workflow_stages`
  MODIFY `id` int(11) NOT NULL AUTO_INCREMENT, AUTO_INCREMENT=2;

--
-- AUTO_INCREMENT для таблицы `lsqvo_workflow_transitions`
--
ALTER TABLE `lsqvo_workflow_transitions`
  MODIFY `id` int(11) NOT NULL AUTO_INCREMENT, AUTO_INCREMENT=8;
COMMIT;

