CREATE TABLE `umk07_jshopping_products_prices` (
  `price_id` int(11) NOT NULL,
  `product_id` int(11) NOT NULL DEFAULT 0,
  `discount` decimal(16,6) NOT NULL DEFAULT 0.000000,
  `product_quantity_start` int(11) NOT NULL DEFAULT 0,
  `product_quantity_finish` int(11) NOT NULL DEFAULT 0
) ENGINE=InnoDB DEFAULT CHARSET=utf8 COLLATE=utf8_general_ci;

-- --------------------------------------------------------

--
-- Структура таблицы `umk07_jshopping_products_relations`
--

CREATE TABLE `umk07_jshopping_products_relations` (
  `id` int(11) NOT NULL,
  `product_id` int(11) NOT NULL DEFAULT 0,
  `product_related_id` int(11) NOT NULL DEFAULT 0
) ENGINE=InnoDB DEFAULT CHARSET=utf8 COLLATE=utf8_general_ci;

-- --------------------------------------------------------

--
-- Структура таблицы `umk07_jshopping_products_reviews`
--

CREATE TABLE `umk07_jshopping_products_reviews` (
  `review_id` int(11) NOT NULL,
  `product_id` int(11) NOT NULL DEFAULT 0,
  `user_id` int(11) NOT NULL DEFAULT 0,
  `user_name` varchar(255) NOT NULL DEFAULT '',
  `user_email` varchar(255) NOT NULL DEFAULT '',
  `time` datetime NOT NULL DEFAULT '0000-00-00 00:00:00',
  `review` text NOT NULL,
  `mark` int(11) NOT NULL DEFAULT 0,
  `publish` tinyint(1) NOT NULL DEFAULT 0,
  `ip` varchar(20) NOT NULL DEFAULT ''
) ENGINE=InnoDB DEFAULT CHARSET=utf8 COLLATE=utf8_general_ci;

--
-- Дамп данных таблицы `umk07_jshopping_products_reviews`
--

INSERT INTO `umk07_jshopping_products_reviews` (`review_id`, `product_id`, `user_id`, `user_name`, `user_email`, `time`, `review`, `mark`, `publish`, `ip`) VALUES
(1, 2, 42, 'admin', 'admin@mail.de', '2011-12-26 00:00:00', 'wow very cool\r\n', 7, 1, '127.0.0.1'),
(2, 2, 42, 'dunkan', 'admin@mail.de', '2011-12-26 00:00:00', 'very good', 10, 1, '127.0.0.1'),
(3, 2, 42, 'Kate', 'admin@mail.de', '2011-12-26 00:00:00', 'it\'s cool man', 0, 1, '127.0.0.1'),
(4, 3, 42, 'admin', 'admin@mail.de', '2011-12-26 00:00:00', 'bla bla', 10, 1, '127.0.0.1'),
(5, 3, 42, 'qwerty', 'admin@mail.de', '2011-12-26 00:00:00', 'qwerrtt', 2, 1, '127.0.0.1'),
(6, 3, 42, 'admin123', 'admin@mail.de', '2011-12-26 00:00:00', 'ererwfsdsdf', 7, 1, '127.0.0.1'),
(7, 4, 42, 'admin', 'admin@mail.de', '2011-12-26 00:00:00', 'oppaa', 5, 1, '127.0.0.1'),
(8, 4, 42, 'admin123', 'admin@mail.de', '2011-12-26 00:00:00', 'testst', 4, 1, '127.0.0.1'),
(9, 4, 42, 'admin11', 'admin@mail.de', '2011-12-26 00:00:00', '123123', 9, 1, '127.0.0.1'),
(10, 5, 42, 'admin', 'admin@mail.de', '2011-12-26 00:00:00', 'wer', 2, 1, '127.0.0.1'),
(11, 5, 42, 'admin', 'admin@mail.de', '2011-12-26 00:00:00', 'rtyrtyrty', 4, 1, '127.0.0.1'),
(12, 7, 42, 'admin', 'admin@mail.de', '2011-12-26 00:00:00', 'wow', 5, 1, '127.0.0.1'),
(13, 7, 42, 'vasja', 'admin@mail.de', '2011-12-26 00:00:00', 'super puper', 0, 1, '127.0.0.1'),
(14, 8, 42, 'admin', 'admin@mail.de', '2011-12-26 00:00:00', 'opaa', 4, 1, '127.0.0.1'),
(15, 8, 42, 'admin', 'admin@mail.de', '2011-12-26 00:00:00', 'qwertyytyutyutyth', 9, 1, '127.0.0.1'),
(16, 9, 42, 'admin', 'admin@mail.de', '2011-12-26 00:00:00', 'i will drink this right now!', 9, 1, '127.0.0.1'),
(17, 9, 42, 'admin123', 'admin@mail.de', '2011-12-26 00:00:00', 'hey drinki! i will empty you!', 6, 1, '127.0.0.1'),
(18, 10, 42, 'admin', 'admin@mail.de', '2011-12-26 00:00:00', 'dfgdfg', 8, 1, '127.0.0.1'),
(19, 10, 42, 'admin123', 'admin@mail.de', '2011-12-26 00:00:00', 'wrwerwer', 0, 1, '127.0.0.1'),
(20, 10, 42, 'admin111', 'admin@mail.de', '2011-12-26 00:00:00', 'werwer', 0, 1, '127.0.0.1'),
(21, 10, 42, 'admin11', 'admin@mail.de', '2011-12-26 00:00:00', '123erg gdg ', 9, 1, '127.0.0.1');

-- --------------------------------------------------------

--
-- Структура таблицы `umk07_jshopping_products_to_categories`
--

CREATE TABLE `umk07_jshopping_products_to_categories` (
  `product_id` int(11) NOT NULL DEFAULT 0,
  `category_id` int(11) NOT NULL DEFAULT 0,
  `product_ordering` int(11) NOT NULL DEFAULT 0
) ENGINE=InnoDB DEFAULT CHARSET=utf8 COLLATE=utf8_general_ci;

--
-- Дамп данных таблицы `umk07_jshopping_products_to_categories`
--

INSERT INTO `umk07_jshopping_products_to_categories` (`product_id`, `category_id`, `product_ordering`) VALUES
(1, 19, 1),
(42, 21, 1),
(42, 25, 1),
(44, 20, 1),
(44, 23, 1),
(46, 24, 1),
(24, 19, 2),
(41, 21, 2),
(41, 25, 2),
(45, 20, 2),
(45, 23, 2),
(47, 24, 2),
(25, 19, 3),
(39, 25, 3),
(40, 21, 3),
(46, 20, 3),
(46, 23, 3),
(26, 19, 4),
(38, 25, 4),
(39, 21, 4),
(47, 20, 4),
(47, 23, 4),
(27, 19, 5),
(37, 25, 5),
(38, 21, 5),
(48, 20, 5),
(48, 23, 5),
(28, 19, 6),
(36, 25, 6),
(37, 21, 6),
(49, 23, 6),
(50, 20, 6),
(29, 19, 7),
(34, 25, 7),
(36, 21, 7),
(50, 23, 7),
(51, 20, 7),
(30, 19, 8),
(33, 25, 8),
(34, 21, 8),
(51, 23, 8),
(52, 20, 8),
(30, 25, 9),
(31, 19, 9),
(33, 21, 9),
(52, 23, 9),
(53, 20, 9),
(31, 21, 10),
(32, 19, 10),
(35, 25, 10),
(53, 23, 10),
(54, 20, 10),
(30, 21, 11),
(32, 25, 11),
(33, 19, 11),
(54, 23, 11),
(55, 20, 11),
(25, 21, 12),
(28, 25, 12),
(34, 19, 12),
(55, 23, 12),
(56, 20, 12),
(24, 21, 13),
(35, 19, 13),
(56, 23, 13),
(57, 20, 13),
(1, 21, 14),
(36, 19, 14),
(57, 23, 14),
(58, 20, 14),
(37, 19, 15),
(58, 23, 15),
(38, 19, 16),
(39, 19, 17),
(40, 19, 18),
(41, 19, 19),
(42, 19, 20),
(43, 19, 21);

-- --------------------------------------------------------

--
-- Структура таблицы `umk07_jshopping_products_to_extra_fields`
--

CREATE TABLE `umk07_jshopping_products_to_extra_fields` (
  `product_id` int(11) NOT NULL,
  `extra_field_1` text NOT NULL,
  `extra_field_2` text NOT NULL
) ENGINE=InnoDB DEFAULT CHARSET=utf8 COLLATE=utf8_general_ci;

--
-- Дамп данных таблицы `umk07_jshopping_products_to_extra_fields`
--

INSERT INTO `umk07_jshopping_products_to_extra_fields` (`product_id`, `extra_field_1`, `extra_field_2`) VALUES
(1, '', ''),
(24, '', ''),
(25, '', ''),
(26, '', ''),
(27, '', ''),
(28, '', ''),
(29, '', ''),
(30, '', ''),
(31, '', ''),
(32, '', ''),
(33, '', ''),
(34, '', ''),
(35, '', ''),
(36, '', ''),
(37, '', ''),
(38, '', ''),
(39, '', ''),
(40, '', ''),
(41, '', ''),
(42, '', ''),
(43, '', ''),
(44, '', ''),
(45, '', ''),
(46, '', ''),
(47, '', ''),
(48, '', ''),
(49, '', ''),
(50, '', ''),
(51, '', ''),
(52, '', ''),
(53, '', ''),
(54, '', ''),
(55, '', ''),
(56, '', ''),
(57, '', ''),
(58, '', '');

-- --------------------------------------------------------

--
-- Структура таблицы `umk07_jshopping_products_videos`
--

CREATE TABLE `umk07_jshopping_products_videos` (
  `video_id` int(11) NOT NULL,
  `product_id` int(11) NOT NULL DEFAULT 0,
  `video_name` varchar(255) NOT NULL DEFAULT '',
  `video_code` text NOT NULL,
  `video_preview` varchar(255) NOT NULL DEFAULT ''
) ENGINE=InnoDB DEFAULT CHARSET=utf8 COLLATE=utf8_general_ci;

-- --------------------------------------------------------

--
-- Структура таблицы `umk07_jshopping_product_labels`
--

CREATE TABLE `umk07_jshopping_product_labels` (
  `id` int(11) NOT NULL,
  `name` varchar(255) NOT NULL DEFAULT '',
  `name_en-GB` varchar(255) NOT NULL DEFAULT '',
  `name_de-DE` varchar(255) NOT NULL DEFAULT '',
  `image` varchar(255) NOT NULL DEFAULT '',
  `name_ru-RU` varchar(255) NOT NULL
) ENGINE=InnoDB DEFAULT CHARSET=utf8 COLLATE=utf8_general_ci;

--
-- Дамп данных таблицы `umk07_jshopping_product_labels`
--

INSERT INTO `umk07_jshopping_product_labels` (`id`, `name`, `name_en-GB`, `name_de-DE`, `image`, `name_ru-RU`) VALUES
(1, 'New', 'New', 'New', 'new.png', 'New'),
(2, 'Sale', 'Sale', 'Sale', 'sale.png', 'Sale');

-- --------------------------------------------------------

--
-- Структура таблицы `umk07_jshopping_shipping_ext_calc`
--

CREATE TABLE `umk07_jshopping_shipping_ext_calc` (
  `id` int(11) NOT NULL,
  `name` varchar(100) NOT NULL DEFAULT '',
  `alias` varchar(100) NOT NULL DEFAULT '',
  `description` text NOT NULL,
  `params` longtext NOT NULL,
  `shipping_method` text NOT NULL,
  `published` tinyint(1) NOT NULL DEFAULT 0,
  `ordering` int(6) NOT NULL DEFAULT 0
) ENGINE=InnoDB DEFAULT CHARSET=utf8 COLLATE=utf8_general_ci;

--
-- Дамп данных таблицы `umk07_jshopping_shipping_ext_calc`
--

INSERT INTO `umk07_jshopping_shipping_ext_calc` (`id`, `name`, `alias`, `description`, `params`, `shipping_method`, `published`, `ordering`) VALUES
(1, 'StandartWeight', 'sm_standart_weight', 'StandartWeight', '', '', 1, 1);

-- --------------------------------------------------------

--
-- Структура таблицы `umk07_jshopping_shipping_method`
--

CREATE TABLE `umk07_jshopping_shipping_method` (
  `shipping_id` int(11) NOT NULL,
  `alias` varchar(100) NOT NULL DEFAULT '',
  `name_en-GB` varchar(100) NOT NULL DEFAULT '',
  `description_en-GB` text NOT NULL,
  `name_de-DE` varchar(100) NOT NULL DEFAULT '',
  `description_de-DE` text NOT NULL,
  `published` tinyint(1) NOT NULL DEFAULT 0,
  `payments` varchar(255) NOT NULL DEFAULT '',
  `image` varchar(255) NOT NULL DEFAULT '',
  `ordering` int(6) NOT NULL DEFAULT 0,
  `params` longtext NOT NULL,
  `name_ru-RU` varchar(100) NOT NULL,
  `description_ru-RU` text NOT NULL
) ENGINE=InnoDB DEFAULT CHARSET=utf8 COLLATE=utf8_general_ci;

--
-- Дамп данных таблицы `umk07_jshopping_shipping_method`
--

INSERT INTO `umk07_jshopping_shipping_method` (`shipping_id`, `alias`, `name_en-GB`, `description_en-GB`, `name_de-DE`, `description_de-DE`, `published`, `payments`, `image`, `ordering`, `params`, `name_ru-RU`, `description_ru-RU`) VALUES
(1, '', 'Standard', '', 'Standardversand', '', 1, '', '', 1, '', 'Standard', ''),
(2, '', 'Express', '', 'Express', '', 1, '', '', 2, '', 'Express', '');

-- --------------------------------------------------------

--
-- Структура таблицы `umk07_jshopping_shipping_method_price`
--

CREATE TABLE `umk07_jshopping_shipping_method_price` (
  `sh_pr_method_id` int(11) NOT NULL,
  `shipping_method_id` int(11) NOT NULL DEFAULT 0,
  `shipping_tax_id` int(11) NOT NULL DEFAULT 0,
  `shipping_stand_price` decimal(14,4) NOT NULL DEFAULT 0.0000,
  `package_tax_id` int(11) NOT NULL DEFAULT 0,
  `package_stand_price` decimal(14,4) NOT NULL DEFAULT 0.0000,
  `delivery_times_id` int(11) NOT NULL DEFAULT 0,
  `params` longtext NOT NULL
) ENGINE=InnoDB DEFAULT CHARSET=utf8 COLLATE=utf8_general_ci;

--
-- Дамп данных таблицы `umk07_jshopping_shipping_method_price`
--

INSERT INTO `umk07_jshopping_shipping_method_price` (`sh_pr_method_id`, `shipping_method_id`, `shipping_tax_id`, `shipping_stand_price`, `package_tax_id`, `package_stand_price`, `delivery_times_id`, `params`) VALUES
(1, 1, 1, 10.0000, 1, 0.0000, 0, ''),
(2, 2, 1, 25.0000, 1, 0.0000, 0, '');

-- --------------------------------------------------------

--
-- Структура таблицы `umk07_jshopping_shipping_method_price_countries`
--

CREATE TABLE `umk07_jshopping_shipping_method_price_countries` (
  `sh_method_country_id` int(11) NOT NULL,
  `country_id` int(11) NOT NULL DEFAULT 0,
  `sh_pr_method_id` int(11) NOT NULL DEFAULT 0
) ENGINE=InnoDB DEFAULT CHARSET=utf8 COLLATE=utf8_general_ci;

--
-- Дамп данных таблицы `umk07_jshopping_shipping_method_price_countries`
--

INSERT INTO `umk07_jshopping_shipping_method_price_countries` (`sh_method_country_id`, `country_id`, `sh_pr_method_id`) VALUES
(239, 1, 1),
(478, 1, 2),
(238, 2, 1),
(477, 2, 2),
(237, 3, 1),
(476, 3, 2),
(236, 4, 1),
(475, 4, 2),
(235, 5, 1),
(474, 5, 2),
(234, 6, 1),
(473, 6, 2),
(233, 7, 1),
(472, 7, 2),
(232, 8, 1),
(471, 8, 2),
(231, 9, 1),
(470, 9, 2),
(230, 10, 1),
(469, 10, 2),
(229, 11, 1),
(468, 11, 2),
(228, 12, 1),
(467, 12, 2),
(227, 13, 1),
(466, 13, 2),
(226, 14, 1),
(465, 14, 2),
(225, 15, 1),
(464, 15, 2),
(224, 16, 1),
(463, 16, 2),
(223, 17, 1),
(462, 17, 2),
(222, 18, 1),
(461, 18, 2),
(221, 19, 1),
(460, 19, 2),
(220, 20, 1),
(459, 20, 2),
(219, 21, 1),
(458, 21, 2),
(218, 22, 1),
(457, 22, 2),
(217, 23, 1),
(456, 23, 2),
(216, 24, 1),
(455, 24, 2),
(215, 25, 1),
(454, 25, 2),
(214, 26, 1),
(453, 26, 2),
(213, 27, 1),
(452, 27, 2),
(212, 28, 1),
(451, 28, 2),
(211, 29, 1),
(450, 29, 2),
(210, 30, 1),
(449, 30, 2),
(209, 31, 1),
(448, 31, 2),
(208, 32, 1),
(447, 32, 2),
(207, 33, 1),
(446, 33, 2),
(206, 34, 1),
(445, 34, 2),
(205, 35, 1),
(444, 35, 2),
(204, 36, 1),
(443, 36, 2),
(203, 37, 1),
(442, 37, 2),
(202, 38, 1),
(441, 38, 2),
(201, 39, 1),
(440, 39, 2),
(200, 40, 1),
(439, 40, 2),
(199, 41, 1),
(438, 41, 2),
(198, 42, 1),
(437, 42, 2),
(197, 43, 1),
(436, 43, 2),
(196, 44, 1),
(435, 44, 2),
(195, 45, 1),
(434, 45, 2),
(194, 46, 1),
(433, 46, 2),
(193, 47, 1),
(432, 47, 2),
(192, 48, 1),
(431, 48, 2),
(191, 49, 1),
(430, 49, 2),
(190, 50, 1),
(429, 50, 2),
(189, 51, 1),
(428, 51, 2),
(188, 52, 1),
(427, 52, 2),
(187, 53, 1),
(426, 53, 2),
(186, 54, 1),
(425, 54, 2),
(185, 55, 1),
(424, 55, 2),
(184, 56, 1),
(423, 56, 2),
(183, 57, 1),
(422, 57, 2),
(182, 58, 1),
(421, 58, 2),
(181, 59, 1),
(420, 59, 2),
(180, 60, 1),
(419, 60, 2),
(179, 61, 1),
(418, 61, 2),
(178, 62, 1),
(417, 62, 2),
(177, 63, 1),
(416, 63, 2),
(176, 64, 1),
(415, 64, 2),
(175, 65, 1),
(414, 65, 2),
(174, 66, 1),
(413, 66, 2),
(173, 67, 1),
(412, 67, 2),
(172, 68, 1),
(411, 68, 2),
(171, 69, 1),
(410, 69, 2),
(170, 70, 1),
(409, 70, 2),
(169, 71, 1),
(408, 71, 2),
(168, 72, 1),
(407, 72, 2),
(167, 73, 1),
(406, 73, 2),
(166, 74, 1),
(405, 74, 2),
(165, 75, 1),
(404, 75, 2),
(164, 76, 1),
(403, 76, 2),
(163, 77, 1),
(402, 77, 2),
(162, 78, 1),
(401, 78, 2),
(161, 79, 1),
(400, 79, 2),
(160, 80, 1),
(399, 80, 2),
(159, 81, 1),
(398, 81, 2),
(158, 82, 1),
(397, 82, 2),
(157, 83, 1),
(396, 83, 2),
(156, 84, 1),
(395, 84, 2),
(155, 85, 1),
(394, 85, 2),
(154, 86, 1),
(393, 86, 2),
(153, 87, 1),
(392, 87, 2),
(152, 88, 1),
(391, 88, 2),
(151, 89, 1),
(390, 89, 2),
(150, 90, 1),
(389, 90, 2),
(149, 91, 1),
(388, 91, 2),
(148, 92, 1),
(387, 92, 2),
(147, 93, 1),
(386, 93, 2),
(146, 94, 1),
(385, 94, 2),
(145, 95, 1),
(384, 95, 2),
(144, 96, 1),
(383, 96, 2),
(143, 97, 1),
(382, 97, 2),
(142, 98, 1),
(381, 98, 2),
(141, 99, 1),
(380, 99, 2),
(140, 100, 1),
(379, 100, 2),
(139, 101, 1),
(378, 101, 2),
(138, 102, 1),
(377, 102, 2),
(137, 103, 1),
(376, 103, 2),
(136, 104, 1),
(375, 104, 2),
(135, 105, 1),
(374, 105, 2),
(134, 106, 1),
(373, 106, 2),
(133, 107, 1),
(372, 107, 2),
(132, 108, 1),
(371, 108, 2),
(131, 109, 1),
(370, 109, 2),
(130, 110, 1),
(369, 110, 2),
(129, 111, 1),
(368, 111, 2),
(128, 112, 1),
(367, 112, 2),
(127, 113, 1),
(366, 113, 2),
(126, 114, 1),
(365, 114, 2),
(125, 115, 1),
(364, 115, 2),
(124, 116, 1),
(363, 116, 2),
(123, 117, 1),
(362, 117, 2),
(122, 118, 1),
(361, 118, 2),
(121, 119, 1),
(360, 119, 2),
(120, 120, 1),
(359, 120, 2),
(119, 121, 1),
(358, 121, 2),
(118, 122, 1),
(357, 122, 2),
(117, 123, 1),
(356, 123, 2),
(116, 124, 1),
(355, 124, 2),
(115, 125, 1),
(354, 125, 2),
(114, 126, 1),
(353, 126, 2),
(113, 127, 1),
(352, 127, 2),
(112, 128, 1),
(351, 128, 2),
(111, 129, 1),
(350, 129, 2),
(110, 130, 1),
(349, 130, 2),
(109, 131, 1),
(348, 131, 2),
(108, 132, 1),
(347, 132, 2),
(107, 133, 1),
(346, 133, 2),
(106, 134, 1),
(345, 134, 2),
(105, 135, 1),
(344, 135, 2),
(104, 136, 1),
(343, 136, 2),
(103, 137, 1),
(342, 137, 2),
(102, 138, 1),
(341, 138, 2),
(101, 139, 1),
(340, 139, 2),
(100, 140, 1),
(339, 140, 2),
(99, 141, 1),
(338, 141, 2),
(98, 142, 1),
(337, 142, 2),
(97, 143, 1),
(336, 143, 2),
(96, 144, 1),
(335, 144, 2),
(95, 145, 1),
(334, 145, 2),
(94, 146, 1),
(333, 146, 2),
(93, 147, 1),
(332, 147, 2),
(92, 148, 1),
(331, 148, 2),
(91, 149, 1),
(330, 149, 2),
(90, 150, 1),
(329, 150, 2),
(89, 151, 1),
(328, 151, 2),
(88, 152, 1),
(327, 152, 2),
(87, 153, 1),
(326, 153, 2),
(86, 154, 1),
(325, 154, 2),
(85, 155, 1),
(324, 155, 2),
(84, 156, 1),
(323, 156, 2),
(83, 157, 1),
(322, 157, 2),
(82, 158, 1),
(321, 158, 2),
(81, 159, 1),
(320, 159, 2),
(80, 160, 1),
(319, 160, 2),
(79, 161, 1),
(318, 161, 2),
(78, 162, 1),
(317, 162, 2),
(77, 163, 1),
(316, 163, 2),
(76, 164, 1),
(315, 164, 2),
(75, 165, 1),
(314, 165, 2),
(74, 166, 1),
(313, 166, 2),
(73, 167, 1),
(312, 167, 2),
(72, 168, 1),
(311, 168, 2),
(71, 169, 1),
(310, 169, 2),
(70, 170, 1),
(309, 170, 2),
(69, 171, 1),
(308, 171, 2),
(68, 172, 1),
(307, 172, 2),
(67, 173, 1),
(306, 173, 2),
(66, 174, 1),
(305, 174, 2),
(65, 175, 1),
(304, 175, 2),
(64, 176, 1),
(303, 176, 2),
(63, 177, 1),
(302, 177, 2),
(62, 178, 1),
(301, 178, 2),
(61, 179, 1),
(300, 179, 2),
(60, 180, 1),
(299, 180, 2),
(59, 181, 1),
(298, 181, 2),
(58, 182, 1),
(297, 182, 2),
(57, 183, 1),
(296, 183, 2),
(56, 184, 1),
(295, 184, 2),
(55, 185, 1),
(294, 185, 2),
(54, 186, 1),
(293, 186, 2),
(53, 187, 1),
(292, 187, 2),
(52, 188, 1),
(291, 188, 2),
(51, 189, 1),
(290, 189, 2),
(50, 190, 1),
(289, 190, 2),
(49, 191, 1),
(288, 191, 2),
(48, 192, 1),
(287, 192, 2),
(47, 193, 1),
(286, 193, 2),
(46, 194, 1),
(285, 194, 2),
(45, 195, 1),
(284, 195, 2),
(44, 196, 1),
(283, 196, 2),
(43, 197, 1),
(282, 197, 2),
(42, 198, 1),
(281, 198, 2),
(41, 199, 1),
(280, 199, 2),
(40, 200, 1),
(279, 200, 2),
(39, 201, 1),
(278, 201, 2),
(38, 202, 1),
(277, 202, 2),
(37, 203, 1),
(276, 203, 2),
(36, 204, 1),
(275, 204, 2),
(35, 205, 1),
(274, 205, 2),
(34, 206, 1),
(273, 206, 2),
(33, 207, 1),
(272, 207, 2),
(32, 208, 1),
(271, 208, 2),
(31, 209, 1),
(270, 209, 2),
(30, 210, 1),
(269, 210, 2),
(29, 211, 1),
(268, 211, 2),
(28, 212, 1),
(267, 212, 2),
(27, 213, 1),
(266, 213, 2),
(26, 214, 1),
(265, 214, 2),
(25, 215, 1),
(264, 215, 2),
(24, 216, 1),
(263, 216, 2),
(23, 217, 1),
(262, 217, 2),
(22, 218, 1),
(261, 218, 2),
(21, 219, 1),
(260, 219, 2),
(20, 220, 1),
(259, 220, 2),
(19, 221, 1),
(258, 221, 2),
(18, 222, 1),
(257, 222, 2),
(17, 223, 1),
(256, 223, 2),
(16, 224, 1),
(255, 224, 2),
(15, 225, 1),
(254, 225, 2),
(14, 226, 1),
(253, 226, 2),
(13, 227, 1),
(252, 227, 2),
(12, 228, 1),
(251, 228, 2),
(11, 229, 1),
(250, 229, 2),
(10, 230, 1),
(249, 230, 2),
(9, 231, 1),
(248, 231, 2),
(8, 232, 1),
(247, 232, 2),
(7, 233, 1),
(246, 233, 2),
(6, 234, 1),
(245, 234, 2),
(5, 235, 1),
(244, 235, 2),
(4, 236, 1),
(243, 236, 2),
(3, 237, 1),
(242, 237, 2),
(2, 238, 1),
(241, 238, 2),
(1, 239, 1),
(240, 239, 2);

-- --------------------------------------------------------

--
-- Структура таблицы `umk07_jshopping_shipping_method_price_weight`
--

CREATE TABLE `umk07_jshopping_shipping_method_price_weight` (
  `sh_pr_weight_id` int(11) NOT NULL,
  `sh_pr_method_id` int(11) NOT NULL DEFAULT 0,
  `shipping_price` decimal(12,2) NOT NULL DEFAULT 0.00,
  `shipping_weight_from` decimal(14,4) NOT NULL DEFAULT 0.0000,
  `shipping_weight_to` decimal(14,4) NOT NULL DEFAULT 0.0000,
  `shipping_package_price` decimal(14,4) NOT NULL DEFAULT 0.0000
) ENGINE=InnoDB DEFAULT CHARSET=utf8 COLLATE=utf8_general_ci;

-- --------------------------------------------------------

--
-- Структура таблицы `umk07_jshopping_taxes`
--

CREATE TABLE `umk07_jshopping_taxes` (
  `tax_id` int(11) NOT NULL,
  `tax_name` varchar(50) NOT NULL DEFAULT '',
  `tax_value` decimal(12,2) NOT NULL DEFAULT 0.00
) ENGINE=InnoDB DEFAULT CHARSET=utf8 COLLATE=utf8_general_ci;

--
-- Дамп данных таблицы `umk07_jshopping_taxes`
--

INSERT INTO `umk07_jshopping_taxes` (`tax_id`, `tax_name`, `tax_value`) VALUES
(1, '', 0.00);

-- --------------------------------------------------------

--
-- Структура таблицы `umk07_jshopping_taxes_ext`
--

CREATE TABLE `umk07_jshopping_taxes_ext` (
  `id` int(11) NOT NULL,
  `tax_id` int(11) NOT NULL DEFAULT 0,
  `zones` text NOT NULL,
  `tax` decimal(12,2) NOT NULL DEFAULT 0.00,
  `firma_tax` decimal(12,2) NOT NULL DEFAULT 0.00
) ENGINE=InnoDB DEFAULT CHARSET=utf8 COLLATE=utf8_general_ci;

-- --------------------------------------------------------

--
-- Структура таблицы `umk07_jshopping_unit`
--

CREATE TABLE `umk07_jshopping_unit` (
  `id` int(11) NOT NULL,
  `qty` int(11) NOT NULL DEFAULT 1,
  `name_de-DE` varchar(255) NOT NULL DEFAULT '',
  `name_en-GB` varchar(255) NOT NULL DEFAULT '',
  `name_ru-RU` varchar(255) NOT NULL
) ENGINE=InnoDB DEFAULT CHARSET=utf8 COLLATE=utf8_general_ci;

--
-- Дамп данных таблицы `umk07_jshopping_unit`
--

INSERT INTO `umk07_jshopping_unit` (`id`, `qty`, `name_de-DE`, `name_en-GB`, `name_ru-RU`) VALUES
(1, 1, 'Kg', 'Kg', 'Kg'),
(2, 1, 'Liter', 'Liter', 'Liter'),
(3, 1, 'St.', 'pcs.', 'pcs.');

-- --------------------------------------------------------

--
-- Структура таблицы `umk07_jshopping_usergroups`
--

CREATE TABLE `umk07_jshopping_usergroups` (
  `usergroup_id` int(11) NOT NULL,
  `usergroup_name` varchar(64) NOT NULL DEFAULT '',
  `usergroup_discount` decimal(12,2) NOT NULL DEFAULT 0.00,
  `usergroup_description` text NOT NULL,
  `usergroup_is_default` tinyint(1) NOT NULL DEFAULT 0,
  `name_en-GB` varchar(255) NOT NULL DEFAULT '',
  `name_de-DE` varchar(255) NOT NULL DEFAULT '',
  `description_en-GB` text NOT NULL,
  `name_ru-RU` varchar(255) NOT NULL,
  `description_ru-RU` text NOT NULL
) ENGINE=InnoDB DEFAULT CHARSET=utf8 COLLATE=utf8_general_ci;

--
-- Дамп данных таблицы `umk07_jshopping_usergroups`
--

INSERT INTO `umk07_jshopping_usergroups` (`usergroup_id`, `usergroup_name`, `usergroup_discount`, `usergroup_description`, `usergroup_is_default`, `name_en-GB`, `name_de-DE`, `description_en-GB`, `name_ru-RU`, `description_ru-RU`) VALUES
(1, 'Default', 0.00, 'Default', 1, 'Default', 'Default', '', 'Default', '');

-- --------------------------------------------------------

--
-- Структура таблицы `umk07_jshopping_users`
--

CREATE TABLE `umk07_jshopping_users` (
  `user_id` int(11) NOT NULL DEFAULT 0,
  `usergroup_id` int(11) NOT NULL DEFAULT 0,
  `payment_id` int(11) NOT NULL DEFAULT 0,
  `shipping_id` int(11) NOT NULL DEFAULT 0,
  `u_name` varchar(150) NOT NULL DEFAULT '',
  `number` varchar(32) NOT NULL DEFAULT '0',
  `title` tinyint(1) NOT NULL DEFAULT 0,
  `f_name` varchar(255) NOT NULL DEFAULT '',
  `l_name` varchar(255) NOT NULL DEFAULT '',
  `m_name` varchar(255) NOT NULL DEFAULT '',
  `firma_name` varchar(100) NOT NULL DEFAULT '',
  `client_type` tinyint(1) NOT NULL DEFAULT 0,
  `firma_code` varchar(100) NOT NULL DEFAULT '',
  `tax_number` varchar(100) NOT NULL DEFAULT '',
  `email` varchar(255) NOT NULL DEFAULT '',
  `birthday` date NOT NULL DEFAULT '0000-00-00',
  `street` varchar(255) NOT NULL DEFAULT '',
  `street_nr` varchar(16) NOT NULL DEFAULT '',
  `home` varchar(20) NOT NULL DEFAULT '',
  `apartment` varchar(20) NOT NULL DEFAULT '',
  `zip` varchar(20) NOT NULL DEFAULT '',
  `city` varchar(100) NOT NULL DEFAULT '',
  `state` varchar(100) NOT NULL DEFAULT '',
  `country` int(11) DEFAULT NULL,
  `phone` varchar(24) NOT NULL DEFAULT '',
  `mobil_phone` varchar(24) NOT NULL DEFAULT '',
  `fax` varchar(24) NOT NULL DEFAULT '',
  `ext_field_1` varchar(255) NOT NULL DEFAULT '',
  `ext_field_2` varchar(255) NOT NULL DEFAULT '',
  `ext_field_3` varchar(255) NOT NULL DEFAULT '',
  `delivery_adress` tinyint(1) NOT NULL,
  `d_title` tinyint(1) NOT NULL DEFAULT 0,
  `d_f_name` varchar(255) NOT NULL DEFAULT '',
  `d_l_name` varchar(255) NOT NULL DEFAULT '',
  `d_m_name` varchar(255) NOT NULL DEFAULT '',
  `d_firma_name` varchar(100) NOT NULL DEFAULT '',
  `d_email` varchar(255) NOT NULL DEFAULT '',
  `d_birthday` date NOT NULL DEFAULT '0000-00-00',
  `d_street` varchar(255) NOT NULL DEFAULT '',
  `d_street_nr` varchar(16) NOT NULL DEFAULT '',
  `d_home` varchar(20) NOT NULL DEFAULT '',
  `d_apartment` varchar(20) NOT NULL DEFAULT '',
  `d_zip` varchar(20) NOT NULL DEFAULT '',
  `d_city` varchar(100) NOT NULL DEFAULT '',
  `d_state` varchar(100) NOT NULL DEFAULT '',
  `d_country` int(11) NOT NULL DEFAULT 0,
  `d_phone` varchar(24) NOT NULL DEFAULT '',
  `d_mobil_phone` varchar(24) NOT NULL DEFAULT '',
  `d_fax` varchar(24) NOT NULL DEFAULT '',
  `d_ext_field_1` varchar(255) NOT NULL DEFAULT '',
  `d_ext_field_2` varchar(255) NOT NULL DEFAULT '',
  `d_ext_field_3` varchar(255) NOT NULL DEFAULT '',
  `lang` varchar(5) NOT NULL DEFAULT ''
) ENGINE=InnoDB DEFAULT CHARSET=utf8 COLLATE=utf8_general_ci;

--
-- Дамп данных таблицы `umk07_jshopping_users`
--

INSERT INTO `umk07_jshopping_users` (`user_id`, `usergroup_id`, `payment_id`, `shipping_id`, `u_name`, `number`, `title`, `f_name`, `l_name`, `m_name`, `firma_name`, `client_type`, `firma_code`, `tax_number`, `email`, `birthday`, `street`, `street_nr`, `home`, `apartment`, `zip`, `city`, `state`, `country`, `phone`, `mobil_phone`, `fax`, `ext_field_1`, `ext_field_2`, `ext_field_3`, `delivery_adress`, `d_title`, `d_f_name`, `d_l_name`, `d_m_name`, `d_firma_name`, `d_email`, `d_birthday`, `d_street`, `d_street_nr`, `d_home`, `d_apartment`, `d_zip`, `d_city`, `d_state`, `d_country`, `d_phone`, `d_mobil_phone`, `d_fax`, `d_ext_field_1`, `d_ext_field_2`, `d_ext_field_3`, `lang`) VALUES
(680, 1, 0, 0, 'admin13', '680', 1, 'Антон', 'sdfg', '', '', 0, '', '', '9307080416@mail.ru', '0000-00-00', 'sdth', '', '', '', 'sdfgh', ' bnm', '', 176, 'z11111111', '', '', '', '', '', 0, 0, '', '', '', '', '', '0000-00-00', '', '', '', '', '', '', '', 0, '', '', '', '', '', '', 'ru-RU');

-- --------------------------------------------------------

--
-- Структура таблицы `umk07_languages`
--

CREATE TABLE `umk07_languages` (
  `lang_id` int(10) UNSIGNED NOT NULL,
  `asset_id` int(10) UNSIGNED NOT NULL DEFAULT 0,
  `lang_code` char(7) CHARACTER SET utf8mb4 COLLATE utf8mb4_bin NOT NULL,
  `title` varchar(50) NOT NULL,
  `title_native` varchar(50) NOT NULL,
  `sef` varchar(50) NOT NULL,
  `image` varchar(50) NOT NULL,
  `description` varchar(512) NOT NULL,
  `metakey` text DEFAULT NULL,
  `metadesc` text NOT NULL,
  `sitename` varchar(1024) NOT NULL DEFAULT '',
  `published` int(11) NOT NULL DEFAULT 0,
  `access` int(10) UNSIGNED NOT NULL DEFAULT 0,
  `ordering` int(11) NOT NULL DEFAULT 0
) ENGINE=InnoDB DEFAULT CHARSET=utf8mb4 COLLATE=utf8mb4_unicode_ci;

--
-- Дамп данных таблицы `umk07_languages`
--

INSERT INTO `umk07_languages` (`lang_id`, `asset_id`, `lang_code`, `title`, `title_native`, `sef`, `image`, `description`, `metakey`, `metadesc`, `sitename`, `published`, `access`, `ordering`) VALUES
(1, 0, 'en-GB', 'English (en-GB)', 'English (United Kingdom)', 'en', 'en_gb', '', '', '', '', 1, 1, 2),
(2, 97, 'ru-RU', 'Russian (ru-RU)', 'Русский (Россия)', 'ru', 'ru_ru', '', NULL, '', '', 0, 1, 1);

-- --------------------------------------------------------

--
-- Структура таблицы `umk07_mail_templates`
--

CREATE TABLE `umk07_mail_templates` (
  `template_id` varchar(127) NOT NULL DEFAULT '',
  `extension` varchar(127) NOT NULL DEFAULT '',
  `language` char(7) NOT NULL DEFAULT '',
  `subject` varchar(255) NOT NULL DEFAULT '',
  `body` text NOT NULL,
  `htmlbody` mediumtext NOT NULL,
  `attachments` text NOT NULL,
  `params` text NOT NULL
) ENGINE=InnoDB DEFAULT CHARSET=utf8mb4 COLLATE=utf8mb4_unicode_ci;

--
-- Дамп данных таблицы `umk07_mail_templates`
--

INSERT INTO `umk07_mail_templates` (`template_id`, `extension`, `language`, `subject`, `body`, `htmlbody`, `attachments`, `params`) VALUES
('com_actionlogs.notification', 'com_actionlogs', '', 'COM_ACTIONLOGS_EMAIL_SUBJECT', 'COM_ACTIONLOGS_EMAIL_BODY', 'COM_ACTIONLOGS_EMAIL_HTMLBODY', '', '{\"tags\":[\"message\",\"date\",\"extension\",\"username\"]}'),
('com_config.test_mail', 'com_config', '', 'COM_CONFIG_SENDMAIL_SUBJECT', 'COM_CONFIG_SENDMAIL_BODY', '', '', '{\"tags\":[\"sitename\",\"method\"]}'),
('com_contact.mail', 'com_contact', '', 'COM_CONTACT_ENQUIRY_SUBJECT', 'COM_CONTACT_ENQUIRY_TEXT', '', '', '{\"tags\":[\"sitename\",\"name\",\"email\",\"subject\",\"body\",\"url\",\"customfields\"]}'),
('com_contact.mail.copy', 'com_contact', '', 'COM_CONTACT_COPYSUBJECT_OF', 'COM_CONTACT_COPYTEXT_OF', '', '', '{\"tags\":[\"sitename\",\"name\",\"email\",\"subject\",\"body\",\"url\",\"customfields\",\"contactname\"]}'),
('com_messages.new_message', 'com_messages', '', 'COM_MESSAGES_NEW_MESSAGE', 'COM_MESSAGES_NEW_MESSAGE_BODY', '', '', '{\"tags\":[\"subject\",\"message\",\"fromname\",\"sitename\",\"siteurl\",\"fromemail\",\"toname\",\"toemail\"]}'),
('com_privacy.notification.admin.export', 'com_privacy', '', 'COM_PRIVACY_EMAIL_ADMIN_REQUEST_SUBJECT_EXPORT_REQUEST', 'COM_PRIVACY_EMAIL_ADMIN_REQUEST_BODY_EXPORT_REQUEST', '', '', '{\"tags\":[\"sitename\",\"url\",\"tokenurl\",\"formurl\",\"token\"]}'),
('com_privacy.notification.admin.remove', 'com_privacy', '', 'COM_PRIVACY_EMAIL_ADMIN_REQUEST_SUBJECT_REMOVE_REQUEST', 'COM_PRIVACY_EMAIL_ADMIN_REQUEST_BODY_REMOVE_REQUEST', '', '', '{\"tags\":[\"sitename\",\"url\",\"tokenurl\",\"formurl\",\"token\"]}'),
('com_privacy.notification.export', 'com_privacy', '', 'COM_PRIVACY_EMAIL_REQUEST_SUBJECT_EXPORT_REQUEST', 'COM_PRIVACY_EMAIL_REQUEST_BODY_EXPORT_REQUEST', '', '', '{\"tags\":[\"sitename\",\"url\",\"tokenurl\",\"formurl\",\"token\"]}'),
('com_privacy.notification.remove', 'com_privacy', '', 'COM_PRIVACY_EMAIL_REQUEST_SUBJECT_REMOVE_REQUEST', 'COM_PRIVACY_EMAIL_REQUEST_BODY_REMOVE_REQUEST', '', '', '{\"tags\":[\"sitename\",\"url\",\"tokenurl\",\"formurl\",\"token\"]}'),
('com_privacy.userdataexport', 'com_privacy', '', 'COM_PRIVACY_EMAIL_DATA_EXPORT_COMPLETED_SUBJECT', 'COM_PRIVACY_EMAIL_DATA_EXPORT_COMPLETED_BODY', '', '', '{\"tags\":[\"sitename\",\"url\"]}'),
('com_users.massmail.mail', 'com_users', '', 'COM_USERS_MASSMAIL_MAIL_SUBJECT', 'COM_USERS_MASSMAIL_MAIL_BODY', '', '', '{\"tags\":[\"subject\",\"body\",\"subjectprefix\",\"bodysuffix\"]}'),
('com_users.password_reset', 'com_users', '', 'COM_USERS_EMAIL_PASSWORD_RESET_SUBJECT', 'COM_USERS_EMAIL_PASSWORD_RESET_BODY', '', '', '{\"tags\":[\"name\",\"email\",\"sitename\",\"link_text\",\"link_html\",\"token\"]}'),
('com_users.registration.admin.new_notification', 'com_users', '', 'COM_USERS_EMAIL_ACCOUNT_DETAILS', 'COM_USERS_EMAIL_REGISTERED_NOTIFICATION_TO_ADMIN_BODY', '', '', '{\"tags\":[\"name\",\"sitename\",\"siteurl\",\"username\"]}'),
('com_users.registration.admin.verification_request', 'com_users', '', 'COM_USERS_EMAIL_ACTIVATE_WITH_ADMIN_ACTIVATION_SUBJECT', 'COM_USERS_EMAIL_ACTIVATE_WITH_ADMIN_ACTIVATION_BODY', '', '', '{\"tags\":[\"name\",\"sitename\",\"email\",\"username\",\"activate\"]}'),
('com_users.registration.user.admin_activated', 'com_users', '', 'COM_USERS_EMAIL_ACTIVATED_BY_ADMIN_ACTIVATION_SUBJECT', 'COM_USERS_EMAIL_ACTIVATED_BY_ADMIN_ACTIVATION_BODY', '', '', '{\"tags\":[\"name\",\"sitename\",\"siteurl\",\"username\"]}'),
('com_users.registration.user.admin_activation', 'com_users', '', 'COM_USERS_EMAIL_ACCOUNT_DETAILS', 'COM_USERS_EMAIL_REGISTERED_WITH_ADMIN_ACTIVATION_BODY_NOPW', '', '', '{\"tags\":[\"name\",\"sitename\",\"activate\",\"siteurl\",\"username\"]}'),
('com_users.registration.user.admin_activation_w_pw', 'com_users', '', 'COM_USERS_EMAIL_ACCOUNT_DETAILS', 'COM_USERS_EMAIL_REGISTERED_WITH_ADMIN_ACTIVATION_BODY', '', '', '{\"tags\":[\"name\",\"sitename\",\"activate\",\"siteurl\",\"username\",\"password_clear\"]}'),
('com_users.registration.user.registration_mail', 'com_users', '', 'COM_USERS_EMAIL_ACCOUNT_DETAILS', 'COM_USERS_EMAIL_REGISTERED_BODY_NOPW', '', '', '{\"tags\":[\"name\",\"sitename\",\"siteurl\",\"username\"]}'),
('com_users.registration.user.registration_mail_w_pw', 'com_users', '', 'COM_USERS_EMAIL_ACCOUNT_DETAILS', 'COM_USERS_EMAIL_REGISTERED_BODY', '', '', '{\"tags\":[\"name\",\"sitename\",\"siteurl\",\"username\",\"password_clear\"]}'),
('com_users.registration.user.self_activation', 'com_users', '', 'COM_USERS_EMAIL_ACCOUNT_DETAILS', 'COM_USERS_EMAIL_REGISTERED_WITH_ACTIVATION_BODY_NOPW', '', '', '{\"tags\":[\"name\",\"sitename\",\"activate\",\"siteurl\",\"username\"]}'),
('com_users.registration.user.self_activation_w_pw', 'com_users', '', 'COM_USERS_EMAIL_ACCOUNT_DETAILS', 'COM_USERS_EMAIL_REGISTERED_WITH_ACTIVATION_BODY', '', '', '{\"tags\":[\"name\",\"sitename\",\"activate\",\"siteurl\",\"username\",\"password_clear\"]}'),
('com_users.reminder', 'com_users', '', 'COM_USERS_EMAIL_USERNAME_REMINDER_SUBJECT', 'COM_USERS_EMAIL_USERNAME_REMINDER_BODY', '', '', '{\"tags\":[\"name\",\"username\",\"sitename\",\"email\",\"link_text\",\"link_html\"]}'),
('plg_multifactorauth_email.mail', 'plg_multifactorauth_email', '', 'PLG_MULTIFACTORAUTH_EMAIL_EMAIL_SUBJECT', 'PLG_MULTIFACTORAUTH_EMAIL_EMAIL_BODY', '', '', '{\"tags\":[\"code\",\"sitename\",\"siteurl\",\"username\",\"email\",\"fullname\"]}'),
('plg_system_privacyconsent.request.reminder', 'plg_system_privacyconsent', '', 'PLG_SYSTEM_PRIVACYCONSENT_EMAIL_REMIND_SUBJECT', 'PLG_SYSTEM_PRIVACYCONSENT_EMAIL_REMIND_BODY', '', '', '{\"tags\":[\"sitename\",\"url\",\"tokenurl\",\"formurl\",\"token\"]}'),
('plg_system_tasknotification.failure_mail', 'plg_system_tasknotification', '', 'PLG_SYSTEM_TASK_NOTIFICATION_FAILURE_MAIL_SUBJECT', 'PLG_SYSTEM_TASK_NOTIFICATION_FAILURE_MAIL_BODY', '', '', '{\"tags\": [\"task_id\", \"task_title\", \"exit_code\", \"exec_data_time\", \"task_output\"]}'),
('plg_system_tasknotification.fatal_recovery_mail', 'plg_system_tasknotification', '', 'PLG_SYSTEM_TASK_NOTIFICATION_FATAL_MAIL_SUBJECT', 'PLG_SYSTEM_TASK_NOTIFICATION_FATAL_MAIL_BODY', '', '', '{\"tags\": [\"task_id\", \"task_title\"]}'),
('plg_system_tasknotification.orphan_mail', 'plg_system_tasknotification', '', 'PLG_SYSTEM_TASK_NOTIFICATION_ORPHAN_MAIL_SUBJECT', 'PLG_SYSTEM_TASK_NOTIFICATION_ORPHAN_MAIL_BODY', '', '', '{\"tags\": [\"task_id\", \"task_title\"]}'),
('plg_system_tasknotification.success_mail', 'plg_system_tasknotification', '', 'PLG_SYSTEM_TASK_NOTIFICATION_SUCCESS_MAIL_SUBJECT', 'PLG_SYSTEM_TASK_NOTIFICATION_SUCCESS_MAIL_BODY', '', '', '{\"tags\":[\"task_id\", \"task_title\", \"exec_data_time\", \"task_output\"]}'),
('plg_system_updatenotification.mail', 'plg_system_updatenotification', '', 'PLG_SYSTEM_UPDATENOTIFICATION_EMAIL_SUBJECT', 'PLG_SYSTEM_UPDATENOTIFICATION_EMAIL_BODY', '', '', '{\"tags\":[\"newversion\",\"curversion\",\"sitename\",\"url\",\"link\",\"releasenews\"]}'),
('plg_user_joomla.mail', 'plg_user_joomla', '', 'PLG_USER_JOOMLA_NEW_USER_EMAIL_SUBJECT', 'PLG_USER_JOOMLA_NEW_USER_EMAIL_BODY', '', '', '{\"tags\":[\"name\",\"sitename\",\"url\",\"username\",\"password\",\"email\"]}');

-- --------------------------------------------------------

--
-- Структура таблицы `umk07_menu`
--

CREATE TABLE `umk07_menu` (
  `id` int(11) NOT NULL,
  `menutype` varchar(24) NOT NULL COMMENT 'The type of menu this item belongs to. FK to #__menu_types.menutype',
  `title` varchar(255) NOT NULL COMMENT 'The display title of the menu item.',
  `alias` varchar(400) CHARACTER SET utf8mb4 COLLATE utf8mb4_bin NOT NULL COMMENT 'The SEF alias of the menu item.',
  `note` varchar(255) NOT NULL DEFAULT '',
  `path` varchar(1024) NOT NULL COMMENT 'The computed path of the menu item based on the alias field.',
  `link` varchar(1024) NOT NULL COMMENT 'The actually link the menu item refers to.',
  `type` varchar(16) NOT NULL COMMENT 'The type of link: Component, URL, Alias, Separator',
  `published` tinyint(4) NOT NULL DEFAULT 0 COMMENT 'The published state of the menu link.',
  `parent_id` int(10) UNSIGNED NOT NULL DEFAULT 1 COMMENT 'The parent menu item in the menu tree.',
  `level` int(10) UNSIGNED NOT NULL DEFAULT 0 COMMENT 'The relative level in the tree.',
  `component_id` int(10) UNSIGNED NOT NULL DEFAULT 0 COMMENT 'FK to #__extensions.id',
  `checked_out` int(10) UNSIGNED DEFAULT NULL COMMENT 'FK to #__users.id',
  `checked_out_time` datetime DEFAULT NULL COMMENT 'The time the menu item was checked out.',
  `browserNav` tinyint(4) NOT NULL DEFAULT 0 COMMENT 'The click behaviour of the link.',
  `access` int(10) UNSIGNED NOT NULL DEFAULT 0 COMMENT 'The access level required to view the menu item.',
  `img` varchar(255) NOT NULL COMMENT 'The image of the menu item.',
  `template_style_id` int(10) UNSIGNED NOT NULL DEFAULT 0,
  `params` text NOT NULL COMMENT 'JSON encoded data for the menu item.',
  `lft` int(11) NOT NULL DEFAULT 0 COMMENT 'Nested set lft.',
  `rgt` int(11) NOT NULL DEFAULT 0 COMMENT 'Nested set rgt.',
  `home` tinyint(3) UNSIGNED NOT NULL DEFAULT 0 COMMENT 'Indicates if this menu item is the home or default page.',
  `language` char(7) NOT NULL DEFAULT '',
  `client_id` tinyint(4) NOT NULL DEFAULT 0,
  `publish_up` datetime DEFAULT NULL,
  `publish_down` datetime DEFAULT NULL
) ENGINE=InnoDB DEFAULT CHARSET=utf8mb4 COLLATE=utf8mb4_unicode_ci;

--
-- Дамп данных таблицы `umk07_menu`
--

INSERT INTO `umk07_menu` (`id`, `menutype`, `title`, `alias`, `note`, `path`, `link`, `type`, `published`, `parent_id`, `level`, `component_id`, `checked_out`, `checked_out_time`, `browserNav`, `access`, `img`, `template_style_id`, `params`, `lft`, `rgt`, `home`, `language`, `client_id`, `publish_up`, `publish_down`) VALUES
(1, '', 'Menu_Item_Root', 'root', '', '', '', '', 1, 0, 0, 0, NULL, NULL, 0, 0, '', 0, '', 0, 171, 0, '*', 0, NULL, NULL),
(2, 'main', 'com_banners', 'Banners', '', 'Banners', 'index.php?option=com_banners', 'component', 1, 1, 1, 3, NULL, NULL, 0, 0, 'class:bookmark', 0, '', 1, 10, 0, '*', 1, NULL, NULL),
(3, 'main', 'com_banners', 'Banners', '', 'Banners/Banners', 'index.php?option=com_banners&view=banners', 'component', 1, 2, 2, 3, NULL, NULL, 0, 0, 'class:banners', 0, '', 2, 3, 0, '*', 1, NULL, NULL),
(4, 'main', 'com_banners_categories', 'Categories', '', 'Banners/Categories', 'index.php?option=com_categories&view=categories&extension=com_banners', 'component', 1, 2, 2, 5, NULL, NULL, 0, 0, 'class:banners-cat', 0, '', 4, 5, 0, '*', 1, NULL, NULL),
(5, 'main', 'com_banners_clients', 'Clients', '', 'Banners/Clients', 'index.php?option=com_banners&view=clients', 'component', 1, 2, 2, 3, NULL, NULL, 0, 0, 'class:banners-clients', 0, '', 6, 7, 0, '*', 1, NULL, NULL),
(6, 'main', 'com_banners_tracks', 'Tracks', '', 'Banners/Tracks', 'index.php?option=com_banners&view=tracks', 'component', 1, 2, 2, 3, NULL, NULL, 0, 0, 'class:banners-tracks', 0, '', 8, 9, 0, '*', 1, NULL, NULL),
(7, 'main', 'com_contact', 'Contacts', '', 'Contacts', 'index.php?option=com_contact', 'component', 1, 1, 1, 7, NULL, NULL, 0, 0, 'class:address-book', 0, '', 83, 92, 0, '*', 1, NULL, NULL),
(8, 'main', 'com_contact_contacts', 'Contacts', '', 'Contacts/Contacts', 'index.php?option=com_contact&view=contacts', 'component', 1, 7, 2, 7, NULL, NULL, 0, 0, 'class:contact', 0, '', 84, 85, 0, '*', 1, NULL, NULL),
(9, 'main', 'com_contact_categories', 'Categories', '', 'Contacts/Categories', 'index.php?option=com_categories&view=categories&extension=com_contact', 'component', 1, 7, 2, 5, NULL, NULL, 0, 0, 'class:contact-cat', 0, '', 86, 87, 0, '*', 1, NULL, NULL),
(10, 'main', 'com_newsfeeds', 'News Feeds', '', 'News Feeds', 'index.php?option=com_newsfeeds', 'component', 1, 1, 1, 16, NULL, NULL, 0, 0, 'class:rss', 0, '', 95, 100, 0, '*', 1, NULL, NULL),
(11, 'main', 'com_newsfeeds_feeds', 'Feeds', '', 'News Feeds/Feeds', 'index.php?option=com_newsfeeds&view=newsfeeds', 'component', 1, 10, 2, 16, NULL, NULL, 0, 0, 'class:newsfeeds', 0, '', 96, 97, 0, '*', 1, NULL, NULL),
(12, 'main', 'com_newsfeeds_categories', 'Categories', '', 'News Feeds/Categories', 'index.php?option=com_categories&view=categories&extension=com_newsfeeds', 'component', 1, 10, 2, 5, NULL, NULL, 0, 0, 'class:newsfeeds-cat', 0, '', 98, 99, 0, '*', 1, NULL, NULL),
(13, 'main', 'com_finder', 'Smart Search', '', 'Smart Search', 'index.php?option=com_finder', 'component', 1, 1, 1, 23, NULL, NULL, 0, 0, 'class:search-plus', 0, '', 101, 110, 0, '*', 1, NULL, NULL),
(14, 'main', 'com_tags', 'Tags', '', 'Tags', 'index.php?option=com_tags&view=tags', 'component', 1, 1, 1, 25, NULL, NULL, 0, 1, 'class:tags', 0, '', 111, 112, 0, '', 1, NULL, NULL),
(15, 'main', 'com_associations', 'Multilingual Associations', '', 'Multilingual Associations', 'index.php?option=com_associations&view=associations', 'component', 1, 1, 1, 30, NULL, NULL, 0, 0, 'class:language', 0, '', 93, 94, 0, '*', 1, NULL, NULL),
(16, 'main', 'mod_menu_fields', 'Contact Custom Fields', '', 'Contacts/Contact Custom Fields', 'index.php?option=com_fields&context=com_contact.contact', 'component', 1, 7, 2, 29, NULL, NULL, 0, 0, 'class:messages-add', 0, '', 88, 89, 0, '*', 1, NULL, NULL),
(17, 'main', 'mod_menu_fields_group', 'Contact Custom Fields Group', '', 'Contacts/Contact Custom Fields Group', 'index.php?option=com_fields&view=groups&context=com_contact.contact', 'component', 1, 7, 2, 29, NULL, NULL, 0, 0, 'class:messages-add', 0, '', 90, 91, 0, '*', 1, NULL, NULL),
(18, 'main', 'com_finder_index', 'Smart-Search-Index', '', 'Smart Search/Smart-Search-Index', 'index.php?option=com_finder&view=index', 'component', 1, 13, 2, 23, NULL, NULL, 0, 0, 'class:finder', 0, '', 102, 103, 0, '*', 1, NULL, NULL),
(19, 'main', 'com_finder_maps', 'Smart-Search-Maps', '', 'Smart Search/Smart-Search-Maps', 'index.php?option=com_finder&view=maps', 'component', 1, 13, 2, 23, NULL, NULL, 0, 0, 'class:finder-maps', 0, '', 104, 105, 0, '*', 1, NULL, NULL),
(20, 'main', 'com_finder_filters', 'Smart-Search-Filters', '', 'Smart Search/Smart-Search-Filters', 'index.php?option=com_finder&view=filters', 'component', 1, 13, 2, 23, NULL, NULL, 0, 0, 'class:finder-filters', 0, '', 106, 107, 0, '*', 1, NULL, NULL),
(21, 'main', 'com_finder_searches', 'Smart-Search-Searches', '', 'Smart Search/Smart-Search-Searches', 'index.php?option=com_finder&view=searches', 'component', 1, 13, 2, 23, NULL, NULL, 0, 0, 'class:finder-searches', 0, '', 108, 109, 0, '*', 1, NULL, NULL),
(101, 'mainmenu', 'Главная', 'home', '', 'home', 'index.php?option=com_content&view=featured', 'component', 1, 1, 1, 19, NULL, NULL, 0, 1, ' ', 0, '{\"layout_type\":\"blog\",\"num_leading_articles\":1,\"blog_class_leading\":\"\",\"num_intro_articles\":3,\"blog_class\":\"\",\"num_columns\":\"\",\"multi_column_order\":\"\",\"num_links\":0,\"link_intro_image\":\"\",\"orderby_pri\":\"\",\"orderby_sec\":\"front\",\"order_date\":\"\",\"show_pagination\":\"2\",\"show_pagination_results\":\"1\",\"show_title\":\"0\",\"link_titles\":\"\",\"show_intro\":\"\",\"info_block_position\":\"\",\"info_block_show_title\":\"\",\"show_category\":\"\",\"link_category\":\"\",\"show_parent_category\":\"\",\"link_parent_category\":\"\",\"show_author\":\"\",\"link_author\":\"\",\"show_create_date\":\"\",\"show_modify_date\":\"\",\"show_publish_date\":\"\",\"show_item_navigation\":\"\",\"show_readmore\":\"\",\"show_readmore_title\":\"\",\"show_hits\":\"\",\"show_tags\":\"\",\"show_noauth\":\"\",\"show_feed_link\":\"1\",\"feed_summary\":\"\",\"menu-anchor_title\":\"\",\"menu-anchor_css\":\"\",\"menu_icon_css\":\"\",\"menu_image\":\"\",\"menu_image_css\":\"\",\"menu_text\":1,\"menu_show\":0,\"page_title\":\"\",\"show_page_heading\":\"\",\"page_heading\":\"\",\"pageclass_sfx\":\"home-page main\",\"menu-meta_description\":\"\",\"robots\":\"\"}', 11, 12, 1, '*', 0, NULL, NULL),
(102, 'admin-menu', 'Главное меню', 'glavnoe-menyu', '', 'glavnoe-menyu', 'index.php?option=com_menus&view=items&menutype=mainmenu', 'component', 1, 1, 1, 13, NULL, NULL, 0, 1, ' ', 0, '{\"menu-anchor_title\":\"\",\"menu_icon\":\"fas fa-bars\",\"menu_image\":\"\",\"menu_image_css\":\"\",\"menu_text\":1,\"menu_show\":1}', 67, 68, 0, '*', 1, NULL, NULL),
(103, 'admin-menu', 'Модули', 'moduli-sajta', '', 'moduli-sajta', 'index.php?option=com_modules&view=modules', 'component', 1, 1, 1, 15, NULL, NULL, 0, 1, ' ', 0, '{\"menu-anchor_title\":\"\",\"menu_icon\":\"far fa-gem\",\"menu_image\":\"\",\"menu_image_css\":\"\",\"menu_text\":1,\"menu_show\":1}', 71, 72, 0, '*', 1, NULL, NULL),
(104, 'admin-menu', 'Шаблоны', 'shablony', '', 'shablony', 'index.php?option=com_templates&view=templates', 'component', 1, 1, 1, 18, NULL, NULL, 0, 1, ' ', 0, '{\"menu-anchor_title\":\"\",\"menu_icon\":\"fas fa-yin-yang\",\"menu_image\":\"\",\"menu_image_css\":\"\",\"menu_text\":1,\"menu_show\":1}', 79, 80, 0, '*', 1, NULL, NULL),
(105, 'admin-menu', 'Очистка кэша', 'ochistka-kesha', '', 'ochistka-kesha', 'index.php?option=com_cache&view=cache', 'component', 1, 1, 1, 4, NULL, NULL, 0, 1, ' ', 0, '{\"menu-anchor_title\":\"\",\"menu_icon\":\"far fa-clock\",\"menu_image\":\"\",\"menu_image_css\":\"\",\"menu_text\":1,\"menu_show\":1}', 81, 82, 0, '*', 1, NULL, NULL),
(106, 'admin-menu', 'Плагины', 'plaginy', '', 'plaginy', 'index.php?option=com_plugins&view=plugins', 'component', 1, 1, 1, 17, NULL, NULL, 0, 1, ' ', 0, '{\"menu-anchor_title\":\"\",\"menu_icon\":\"fas fa-wrench\",\"menu_image\":\"\",\"menu_image_css\":\"\",\"menu_text\":1,\"menu_show\":1}', 73, 74, 0, '*', 1, NULL, NULL),
(107, 'admin-menu', 'Установка', 'ustanovka', '', 'ustanovka', 'index.php?option=com_installer&view=install', 'component', 1, 1, 1, 9, NULL, NULL, 0, 1, ' ', 0, '{\"menu-anchor_title\":\"\",\"menu_icon\":\"fas fa-upload\",\"menu_image\":\"\",\"menu_image_css\":\"\",\"menu_text\":1,\"menu_show\":1}', 75, 76, 0, '*', 1, NULL, NULL),
(108, 'admin-menu', 'Управление', 'upravlenie', '', 'upravlenie', 'index.php?option=com_installer&view=manage', 'component', 1, 1, 1, 9, NULL, NULL, 0, 1, ' ', 0, '{\"menu-anchor_title\":\"\",\"menu_icon\":\"fas fa-tools\",\"menu_image\":\"\",\"menu_image_css\":\"\",\"menu_text\":1,\"menu_show\":1}', 77, 78, 0, '*', 1, NULL, NULL),
(109, 'main', 'JoomShopping', 'joomshopping', '', 'joomshopping', 'index.php?option=com_jshopping', 'component', 1, 1, 1, 238, NULL, NULL, 0, 1, 'class:component', 0, '{}', 113, 130, 0, '', 1, NULL, NULL),
(110, 'main', 'categories', 'categories', '', 'joomshopping/categories', 'index.php?option=com_jshopping&controller=categories&catid=0', 'component', 1, 109, 2, 238, NULL, NULL, 0, 1, 'class:component', 0, '{}', 114, 115, 0, '', 1, NULL, NULL),
(111, 'main', 'products', 'products', '', 'joomshopping/products', 'index.php?option=com_jshopping&controller=products&category_id=0', 'component', 1, 109, 2, 238, NULL, NULL, 0, 1, 'class:component', 0, '{}', 116, 117, 0, '', 1, NULL, NULL),
(112, 'main', 'orders', 'orders', '', 'joomshopping/orders', 'index.php?option=com_jshopping&controller=orders', 'component', 1, 109, 2, 238, NULL, NULL, 0, 1, 'class:component', 0, '{}', 118, 119, 0, '', 1, NULL, NULL),
(113, 'main', 'clients', 'clients', '', 'joomshopping/clients', 'index.php?option=com_jshopping&controller=users', 'component', 1, 109, 2, 238, NULL, NULL, 0, 1, 'class:component', 0, '{}', 120, 121, 0, '', 1, NULL, NULL),
(114, 'main', 'options', 'options', '', 'joomshopping/options', 'index.php?option=com_jshopping&controller=other', 'component', 1, 109, 2, 238, NULL, NULL, 0, 1, 'class:component', 0, '{}', 122, 123, 0, '', 1, NULL, NULL),
(115, 'main', 'configuration', 'configuration', '', 'joomshopping/configuration', 'index.php?option=com_jshopping&controller=config', 'component', 1, 109, 2, 238, NULL, NULL, 0, 1, 'class:component', 0, '{}', 124, 125, 0, '', 1, NULL, NULL),
(116, 'main', 'install-and-update', 'install-and-update', '', 'joomshopping/install-and-update', 'index.php?option=com_jshopping&controller=update', 'component', 1, 109, 2, 238, NULL, NULL, 0, 1, 'class:component', 0, '{}', 126, 127, 0, '', 1, NULL, NULL),
(117, 'main', 'about-as', 'about-as', '', 'joomshopping/about-as', 'index.php?option=com_jshopping&controller=info', 'component', 1, 109, 2, 238, NULL, NULL, 0, 1, 'class:component', 0, '{}', 128, 129, 0, '', 1, NULL, NULL),
(118, 'admin-menu', 'Joomshopping', 'joomshopping-admin', '', 'joomshopping-admin', 'index.php?option=com_jshopping', 'component', 1, 1, 1, 238, NULL, NULL, 0, 1, ' ', 0, '{\"menu-anchor_title\":\"\",\"menu_icon\":\"fas fa-shopping-basket\",\"menu_image\":\"\",\"menu_image_css\":\"\",\"menu_text\":1,\"menu_show\":1}', 69, 70, 0, '*', 1, NULL, NULL),
(119, 'catservice', 'Каталог', 'katalog', '', 'katalog', 'index.php?option=com_jshopping&view=category', 'component', 1, 1, 1, 238, NULL, NULL, 0, 1, ' ', 0, '{\"menu-anchor_title\":\"mutter\",\"menu-anchor_css\":\"cat-link\",\"menu_icon_css\":\"\",\"menu_image\":\"\",\"menu_image_css\":\"\",\"menu_text\":1,\"menu_show\":1,\"page_title\":\"\",\"show_page_heading\":\"1\",\"page_heading\":\"\\u041a\\u0430\\u0442\\u0430\\u043b\\u043e\\u0433\",\"pageclass_sfx\":\" main\",\"menu-meta_description\":\"\",\"robots\":\"\"}', 13, 52, 0, '*', 0, NULL, NULL),
(120, 'hidden-menu', 'Оформления заказа', 'oformleniya-zakaza', '', 'oformleniya-zakaza', 'index.php?option=com_jshopping&view=checkout', 'component', 1, 1, 1, 238, NULL, NULL, 0, 1, ' ', 0, '{\"menu-anchor_title\":\"\",\"menu-anchor_css\":\"\",\"menu_icon_css\":\"\",\"menu_image\":\"\",\"menu_image_css\":\"\",\"menu_text\":1,\"menu_show\":1,\"page_title\":\"\",\"show_page_heading\":\"\",\"page_heading\":\"\",\"pageclass_sfx\":\"\",\"menu-meta_description\":\"\",\"robots\":\"\"}', 131, 132, 0, '*', 0, NULL, NULL),
(121, 'hidden-menu', 'Корзина', 'korzina', '', 'korzina', 'index.php?option=com_jshopping&view=cart', 'component', 1, 1, 1, 238, NULL, NULL, 0, 1, ' ', 0, '{\"menu-anchor_title\":\"\",\"menu-anchor_css\":\"\",\"menu_icon_css\":\"\",\"menu_image\":\"\",\"menu_image_css\":\"\",\"menu_text\":1,\"menu_show\":1,\"page_title\":\"\",\"show_page_heading\":\"\",\"page_heading\":\"\",\"pageclass_sfx\":\"\",\"menu-meta_description\":\"\",\"robots\":\"\"}', 133, 134, 0, '*', 0, NULL, NULL),
(122, 'hidden-menu', 'Поиск по сайту', 'poisk-po-sajtu', '', 'poisk-po-sajtu', 'index.php?option=com_finder&view=search', 'component', 1, 1, 1, 23, NULL, NULL, 0, 1, ' ', 0, '{\"show_date_filters\":\"\",\"show_advanced\":\"\",\"expand_advanced\":\"\",\"show_taxonomy\":\"\",\"show_description\":\"\",\"description_length\":\"\",\"show_image\":\"0\",\"image_class\":\"\",\"link_image\":\"\",\"show_date\":\"1\",\"show_url\":\"1\",\"show_pagination_limit\":\"\",\"show_pagination\":\"0\",\"show_pagination_results\":\"0\",\"list_limit\":\"0\",\"allow_empty_query\":\"\",\"show_suggested_query\":\"\",\"show_explained_query\":\"\",\"sort_order\":\"\",\"show_sort_order\":\"0\",\"sort_direction\":\"\",\"show_feed_link\":\"0\",\"menu-anchor_title\":\"\",\"menu-anchor_css\":\"\",\"menu_icon_css\":\"\",\"menu_image\":\"\",\"menu_image_css\":\"\",\"menu_text\":1,\"menu_show\":1,\"page_title\":\"\",\"show_page_heading\":\"1\",\"page_heading\":\"\",\"pageclass_sfx\":\"\",\"menu-meta_description\":\"\",\"robots\":\"\"}', 135, 136, 0, '*', 0, NULL, NULL),
(123, 'mainmenu', 'Новости', 'novosti', '', 'novosti', 'index.php?option=com_content&view=category&layout=joomstarter:news&id=8', 'component', 1, 1, 1, 19, NULL, NULL, 0, 1, ' ', 0, '{\"layout_type\":\"blog\",\"show_category_title\":\"\",\"show_description\":\"\",\"show_description_image\":\"\",\"maxLevel\":\"\",\"show_empty_categories\":\"\",\"show_no_articles\":\"\",\"show_category_heading_title_text\":\"\",\"show_subcat_desc\":\"\",\"show_cat_num_articles\":\"\",\"show_cat_tags\":\"\",\"num_leading_articles\":0,\"blog_class_leading\":\"\",\"num_intro_articles\":30,\"blog_class\":\"\",\"num_columns\":3,\"multi_column_order\":\"1\",\"num_links\":\"\",\"show_featured\":\"\",\"link_intro_image\":\"\",\"show_subcategory_content\":\"\",\"orderby_pri\":\"\",\"orderby_sec\":\"\",\"order_date\":\"\",\"show_pagination\":\"\",\"show_pagination_results\":\"\",\"article_layout\":\"joomstarter:news\",\"show_title\":\"1\",\"link_titles\":\"1\",\"show_intro\":\"1\",\"info_block_position\":\"use_article\",\"info_block_show_title\":\"0\",\"show_category\":\"0\",\"link_category\":\"use_article\",\"show_parent_category\":\"0\",\"link_parent_category\":\"0\",\"show_author\":\"0\",\"link_author\":\"use_article\",\"show_create_date\":\"0\",\"show_modify_date\":\"0\",\"show_publish_date\":\"0\",\"show_item_navigation\":\"0\",\"show_readmore\":\"1\",\"show_readmore_title\":\"0\",\"show_hits\":\"0\",\"show_tags\":\"1\",\"show_noauth\":\"use_article\",\"show_feed_link\":\"\",\"feed_summary\":\"\",\"menu-anchor_title\":\"\",\"menu-anchor_css\":\"\",\"menu_icon_css\":\"\",\"menu_image\":\"\",\"menu_image_css\":\"\",\"menu_text\":1,\"menu_show\":0,\"page_title\":\"\",\"show_page_heading\":\"\",\"page_heading\":\"\",\"pageclass_sfx\":\"\",\"menu-meta_description\":\"\",\"robots\":\"\"}', 55, 56, 0, '*', 0, NULL, NULL),
(124, 'mainmenu', 'Отзывы', 'otzyvy', '', 'otzyvy', 'index.php?option=com_content&view=category&layout=cassiopeia:reviews&id=9', 'component', 1, 1, 1, 19, NULL, NULL, 0, 1, ' ', 0, '{\"layout_type\":\"blog\",\"show_category_title\":\"\",\"show_description\":\"\",\"show_description_image\":\"\",\"maxLevel\":\"\",\"show_empty_categories\":\"\",\"show_no_articles\":\"\",\"show_category_heading_title_text\":\"\",\"show_subcat_desc\":\"\",\"show_cat_num_articles\":\"\",\"show_cat_tags\":\"\",\"num_leading_articles\":0,\"blog_class_leading\":\"\",\"num_intro_articles\":9999999,\"blog_class\":\"\",\"num_columns\":3,\"multi_column_order\":\"1\",\"num_links\":0,\"show_featured\":\"\",\"link_intro_image\":\"\",\"show_subcategory_content\":\"\",\"orderby_pri\":\"\",\"orderby_sec\":\"\",\"order_date\":\"\",\"show_pagination\":\"\",\"show_pagination_results\":\"\",\"article_layout\":\"_:default\",\"show_title\":\"\",\"link_titles\":\"\",\"show_intro\":\"\",\"info_block_position\":\"\",\"info_block_show_title\":\"\",\"show_category\":\"\",\"link_category\":\"\",\"show_parent_category\":\"\",\"link_parent_category\":\"\",\"show_author\":\"\",\"link_author\":\"\",\"show_create_date\":\"\",\"show_modify_date\":\"\",\"show_publish_date\":\"1\",\"show_item_navigation\":\"\",\"show_readmore\":\"\",\"show_readmore_title\":\"\",\"show_hits\":\"\",\"show_tags\":\"\",\"show_noauth\":\"\",\"show_feed_link\":\"\",\"feed_summary\":\"\",\"menu-anchor_title\":\"\",\"menu-anchor_css\":\"\",\"menu_icon_css\":\"\",\"menu_image\":\"\",\"menu_image_css\":\"\",\"menu_text\":1,\"menu_show\":1,\"page_title\":\"\",\"show_page_heading\":\"\",\"page_heading\":\"\",\"pageclass_sfx\":\"\",\"menu-meta_description\":\"\",\"robots\":\"\"}', 59, 60, 0, '*', 0, NULL, NULL),
(125, 'hidden-menu', 'Избранные товары', 'izbrannye-tovary', '', 'izbrannye-tovary', 'index.php?option=com_jshopping&view=wtjshoppingfavorites', 'component', 1, 1, 1, 238, NULL, NULL, 0, 1, ' ', 0, '{\"clear_favorites_btn_css_class\":\"btn btn-primary\",\"menu-anchor_title\":\"\",\"menu-anchor_css\":\"\",\"menu_icon_css\":\"\",\"menu_image\":\"\",\"menu_image_css\":\"\",\"menu_text\":1,\"menu_show\":1,\"page_title\":\"\",\"show_page_heading\":\"\",\"page_heading\":\"\",\"pageclass_sfx\":\"\",\"menu-meta_description\":\"\",\"robots\":\"\"}', 137, 138, 0, '*', 0, NULL, NULL),
(126, 'mainmenu', 'Команда', 'nasha-komanda', '', 'nasha-komanda', 'index.php?option=com_content&view=category&layout=joomstarter:commando&id=12', 'component', 1, 1, 1, 19, NULL, NULL, 0, 1, ' ', 0, '{\"layout_type\":\"blog\",\"show_category_title\":\"\",\"show_description\":\"\",\"show_description_image\":\"\",\"maxLevel\":\"\",\"show_empty_categories\":\"\",\"show_no_articles\":\"\",\"show_category_heading_title_text\":\"\",\"show_subcat_desc\":\"\",\"show_cat_num_articles\":\"\",\"show_cat_tags\":\"\",\"num_leading_articles\":0,\"blog_class_leading\":\"\",\"num_intro_articles\":100,\"blog_class\":\"\",\"num_columns\":3,\"multi_column_order\":\"1\",\"num_links\":0,\"show_featured\":\"\",\"link_intro_image\":\"\",\"show_subcategory_content\":\"\",\"orderby_pri\":\"\",\"orderby_sec\":\"\",\"order_date\":\"\",\"show_pagination\":\"\",\"show_pagination_results\":\"\",\"article_layout\":\"joomstarter:commando\",\"show_title\":\"\",\"link_titles\":\"1\",\"show_intro\":\"0\",\"info_block_position\":\"\",\"info_block_show_title\":\"\",\"show_category\":\"\",\"link_category\":\"\",\"show_parent_category\":\"\",\"link_parent_category\":\"\",\"show_author\":\"\",\"link_author\":\"\",\"show_create_date\":\"\",\"show_modify_date\":\"\",\"show_publish_date\":\"\",\"show_item_navigation\":\"1\",\"show_readmore\":\"\",\"show_readmore_title\":\"0\",\"show_hits\":\"\",\"show_tags\":\"\",\"show_noauth\":\"\",\"show_feed_link\":\"\",\"feed_summary\":\"\",\"menu-anchor_title\":\"\",\"menu-anchor_css\":\"\",\"menu_icon_css\":\"\",\"menu_image\":\"\",\"menu_image_css\":\"\",\"menu_text\":1,\"menu_show\":0,\"page_title\":\"\",\"show_page_heading\":\"\",\"page_heading\":\"\",\"pageclass_sfx\":\"\",\"menu-meta_description\":\"\",\"robots\":\"\"}', 53, 54, 0, '*', 0, NULL, NULL),
(127, 'mainmenu', 'Статьи', 'stati', '', 'stati', 'index.php?option=com_content&view=category&layout=cassiopeia:article &id=10', 'component', 1, 1, 1, 19, NULL, NULL, 0, 1, ' ', 0, '{\"layout_type\":\"blog\",\"show_category_title\":\"\",\"show_description\":\"\",\"show_description_image\":\"\",\"maxLevel\":\"\",\"show_empty_categories\":\"\",\"show_no_articles\":\"\",\"show_category_heading_title_text\":\"\",\"show_subcat_desc\":\"\",\"show_cat_num_articles\":\"\",\"show_cat_tags\":\"\",\"num_leading_articles\":0,\"blog_class_leading\":\"\",\"num_intro_articles\":9999999,\"blog_class\":\"\",\"num_columns\":3,\"multi_column_order\":\"\",\"num_links\":0,\"show_featured\":\"\",\"link_intro_image\":\"\",\"show_subcategory_content\":\"\",\"orderby_pri\":\"\",\"orderby_sec\":\"\",\"order_date\":\"\",\"show_pagination\":\"\",\"show_pagination_results\":\"\",\"article_layout\":\"cassiopeia:article\",\"show_title\":\"\",\"link_titles\":\"\",\"show_intro\":\"0\",\"info_block_position\":\"\",\"info_block_show_title\":\"\",\"show_category\":\"\",\"link_category\":\"\",\"show_parent_category\":\"\",\"link_parent_category\":\"\",\"show_author\":\"\",\"link_author\":\"\",\"show_create_date\":\"\",\"show_modify_date\":\"\",\"show_publish_date\":\"\",\"show_item_navigation\":\"\",\"show_readmore\":\"\",\"show_readmore_title\":\"\",\"show_hits\":\"\",\"show_tags\":\"\",\"show_noauth\":\"\",\"show_feed_link\":\"\",\"feed_summary\":\"\",\"menu-anchor_title\":\"\",\"menu-anchor_css\":\"\",\"menu_icon_css\":\"\",\"menu_image\":\"\",\"menu_image_css\":\"\",\"menu_text\":1,\"menu_show\":1,\"page_title\":\"\",\"show_page_heading\":\"\",\"page_heading\":\"\",\"pageclass_sfx\":\"\",\"menu-meta_description\":\"\",\"robots\":\"\"}', 65, 66, 0, '*', 0, NULL, NULL),
(128, 'mainmenu', 'Портфолио', 'portfolio', '', 'portfolio', 'index.php?option=com_content&view=category&layout=cassiopeia:portfolio&id=13', 'component', 1, 1, 1, 19, NULL, NULL, 0, 1, ' ', 0, '{\"layout_type\":\"blog\",\"show_category_title\":\"\",\"show_description\":\"\",\"show_description_image\":\"\",\"maxLevel\":\"\",\"show_empty_categories\":\"\",\"show_no_articles\":\"\",\"show_category_heading_title_text\":\"\",\"show_subcat_desc\":\"\",\"show_cat_num_articles\":\"\",\"show_cat_tags\":\"\",\"num_leading_articles\":0,\"blog_class_leading\":\"\",\"num_intro_articles\":99999999,\"blog_class\":\"\",\"num_columns\":2,\"multi_column_order\":\"1\",\"num_links\":0,\"show_featured\":\"\",\"link_intro_image\":\"\",\"show_subcategory_content\":\"\",\"orderby_pri\":\"\",\"orderby_sec\":\"\",\"order_date\":\"\",\"show_pagination\":\"\",\"show_pagination_results\":\"\",\"article_layout\":\"cassiopeia:portfolio\",\"show_title\":\"\",\"link_titles\":\"1\",\"show_intro\":\"\",\"info_block_position\":\"\",\"info_block_show_title\":\"\",\"show_category\":\"\",\"link_category\":\"\",\"show_parent_category\":\"\",\"link_parent_category\":\"\",\"show_author\":\"\",\"link_author\":\"\",\"show_create_date\":\"\",\"show_modify_date\":\"\",\"show_publish_date\":\"\",\"show_item_navigation\":\"\",\"show_readmore\":\"\",\"show_readmore_title\":\"\",\"show_hits\":\"\",\"show_tags\":\"\",\"show_noauth\":\"\",\"show_feed_link\":\"\",\"feed_summary\":\"\",\"menu-anchor_title\":\"\",\"menu-anchor_css\":\"\",\"menu_icon_css\":\"\",\"menu_image\":\"\",\"menu_image_css\":\"\",\"menu_text\":1,\"menu_show\":1,\"page_title\":\"\",\"show_page_heading\":\"\",\"page_heading\":\"\",\"pageclass_sfx\":\"\",\"menu-meta_description\":\"\",\"robots\":\"\"}', 57, 58, 0, '*', 0, NULL, NULL),
(129, 'mainmenu', 'О компании', 'o-kompanii', '', 'o-kompanii', 'index.php?option=com_content&view=article&id=42', 'component', 1, 1, 1, 19, NULL, NULL, 0, 1, ' ', 0, '{\"show_title\":\"\",\"link_titles\":\"\",\"show_intro\":\"\",\"info_block_position\":\"\",\"info_block_show_title\":\"\",\"show_category\":\"\",\"link_category\":\"\",\"show_parent_category\":\"\",\"link_parent_category\":\"\",\"show_author\":\"\",\"link_author\":\"\",\"show_create_date\":\"\",\"show_modify_date\":\"\",\"show_publish_date\":\"\",\"show_item_navigation\":\"\",\"show_hits\":\"\",\"show_tags\":\"\",\"show_noauth\":\"\",\"urls_position\":\"\",\"menu-anchor_title\":\"\",\"menu-anchor_css\":\"\",\"menu_icon_css\":\"\",\"menu_image\":\"\",\"menu_image_css\":\"\",\"menu_text\":1,\"menu_show\":1,\"page_title\":\"\",\"show_page_heading\":\"\",\"page_heading\":\"\",\"pageclass_sfx\":\"\",\"menu-meta_description\":\"\",\"robots\":\"\"}', 61, 62, 0, '*', 0, NULL, NULL),
(130, 'mainmenu', 'Условия', 'usloviya', '', 'usloviya', 'index.php?option=com_content&view=article&id=43', 'component', 1, 1, 1, 19, NULL, NULL, 0, 1, ' ', 0, '{\"show_title\":\"\",\"link_titles\":\"\",\"show_intro\":\"\",\"info_block_position\":\"\",\"info_block_show_title\":\"\",\"show_category\":\"\",\"link_category\":\"\",\"show_parent_category\":\"\",\"link_parent_category\":\"\",\"show_author\":\"\",\"link_author\":\"\",\"show_create_date\":\"\",\"show_modify_date\":\"\",\"show_publish_date\":\"\",\"show_item_navigation\":\"\",\"show_hits\":\"\",\"show_tags\":\"\",\"show_noauth\":\"\",\"urls_position\":\"\",\"menu-anchor_title\":\"\",\"menu-anchor_css\":\"\",\"menu_icon_css\":\"\",\"menu_image\":\"\",\"menu_image_css\":\"\",\"menu_text\":1,\"menu_show\":1,\"page_title\":\"\",\"show_page_heading\":\"\",\"page_heading\":\"\",\"pageclass_sfx\":\"\",\"menu-meta_description\":\"\",\"robots\":\"\"}', 63, 64, 0, '*', 0, NULL, NULL),
(131, 'mainmenu', 'Контакты', 'kontakty', '', 'kontakty', 'index.php?option=com_contact&view=contact&id=1', 'component', 1, 1, 1, 7, NULL, NULL, 0, 1, ' ', 0, '{\"show_contact_category\":\"\",\"show_contact_list\":\"\",\"show_name\":\"\",\"show_tags\":\"\",\"show_info\":\"\",\"show_position\":\"\",\"show_email\":\"\",\"add_mailto_link\":\"\",\"show_street_address\":\"\",\"show_suburb\":\"\",\"show_state\":\"\",\"show_postcode\":\"\",\"show_country\":\"\",\"show_telephone\":\"\",\"show_mobile\":\"\",\"show_fax\":\"\",\"show_webpage\":\"\",\"show_image\":\"\",\"allow_vcard\":\"\",\"show_misc\":\"\",\"show_articles\":\"\",\"articles_display_num\":\"\",\"show_profile\":\"\",\"show_links\":\"\",\"linka_name\":\"\",\"linkb_name\":\"\",\"linkc_name\":\"\",\"linkd_name\":\"\",\"linke_name\":\"\",\"show_email_form\":\"\",\"show_email_copy\":\"\",\"validate_session\":\"\",\"custom_reply\":\"\",\"redirect\":\"\",\"menu-anchor_title\":\"\",\"menu-anchor_css\":\"\",\"menu_icon_css\":\"\",\"menu_image\":\"\",\"menu_image_css\":\"\",\"menu_text\":1,\"menu_show\":1,\"page_title\":\"\",\"show_page_heading\":\"\",\"page_heading\":\"\",\"pageclass_sfx\":\"\",\"menu-meta_description\":\"\",\"robots\":\"\"}', 139, 140, 0, '*', 0, NULL, NULL),
(132, 'catservice', 'Типы пленок', 'tipy-plenok', '', 'katalog/tipy-plenok', 'index.php?option=com_jshopping&view=category&layout=category&task=view&category_id=2', 'component', 1, 119, 2, 238, NULL, NULL, 0, 1, ' ', 0, '{\"menu-anchor_title\":\"delimiter\",\"menu-anchor_css\":\"\",\"menu_icon_css\":\"\",\"menu_image\":\"\",\"menu_image_css\":\"\",\"menu_text\":1,\"menu_show\":1,\"page_title\":\"QQQQQQQQQQQ\",\"show_page_heading\":\"1\",\"page_heading\":\"WWWWWWWWWW\",\"pageclass_sfx\":\" main\",\"menu-meta_description\":\"\",\"robots\":\"\"}', 14, 33, 0, '*', 0, NULL, NULL),
(133, 'catservice', 'Атермальные пленки', 'atermalnye-plenki', '', 'katalog/tipy-plenok/atermalnye-plenki', 'index.php?option=com_jshopping&view=category&layout=category&task=view&category_id=22', 'component', 1, 132, 3, 238, NULL, NULL, 0, 1, ' ', 0, '{\"menu-anchor_title\":\"\",\"menu-anchor_css\":\"\",\"menu_icon_css\":\"\",\"menu_image\":\"\",\"menu_image_css\":\"\",\"menu_text\":1,\"menu_show\":1,\"page_title\":\"\",\"show_page_heading\":\"\",\"page_heading\":\"\",\"pageclass_sfx\":\"\",\"menu-meta_description\":\"\",\"robots\":\"\"}', 15, 16, 0, '*', 0, NULL, NULL),
(134, 'catservice', 'Пленки по назначению', 'po-naznacheniyu', '', 'katalog/po-naznacheniyu', 'index.php?option=com_jshopping&view=category&layout=category&task=view&category_id=7', 'component', 1, 119, 2, 238, NULL, NULL, 0, 1, ' ', 0, '{\"menu-anchor_title\":\"delimiter\",\"menu-anchor_css\":\"\",\"menu_icon_css\":\"\",\"menu_image\":\"\",\"menu_image_css\":\"\",\"menu_text\":1,\"menu_show\":1,\"page_title\":\"\",\"show_page_heading\":\"\",\"page_heading\":\"\",\"pageclass_sfx\":\" main\",\"menu-meta_description\":\"\",\"robots\":\"\"}', 34, 51, 0, '*', 0, NULL, NULL),
(135, 'catservice', 'Услуги', 'uslugi', '', 'uslugi', 'index.php?option=com_jshopping&view=category&layout=category&task=view&category_id=1', 'component', 1, 1, 1, 238, NULL, NULL, 0, 1, ' ', 0, '{\"menu-anchor_title\":\"mutter\",\"menu-anchor_css\":\"service-link\",\"menu_icon_css\":\"\",\"menu_image\":\"\",\"menu_image_css\":\"\",\"menu_text\":1,\"menu_show\":1,\"page_title\":\"\",\"show_page_heading\":\"\",\"page_heading\":\"\",\"pageclass_sfx\":\" main\",\"menu-meta_description\":\"\",\"robots\":\"\"}', 141, 166, 0, '*', 0, NULL, NULL),
(136, 'catservice', 'Что тонируем', 'chto-toniruem', '', 'uslugi/chto-toniruem', 'index.php?Itemid=', 'alias', 1, 135, 2, 0, NULL, NULL, 0, 1, ' ', 0, '{\"aliasoptions\":\"135\",\"alias_redirect\":0,\"menu-anchor_title\":\"delimiter\",\"menu-anchor_css\":\"\",\"menu_icon_css\":\"\",\"menu_image\":\"\",\"menu_image_css\":\"\",\"menu_text\":1,\"menu_show\":1}', 142, 165, 0, '*', 0, NULL, NULL),
(138, 'catservice', 'Тонировка окон', 'tonirovka-okon', '', 'uslugi/chto-toniruem/tonirovka-okon', 'index.php?option=com_jshopping&view=category&layout=category&task=view&category_id=8', 'component', 1, 136, 3, 238, 680, '2024-03-23 10:07:46', 0, 1, ' ', 0, '{\"menu-anchor_title\":\"\",\"menu-anchor_css\":\"\",\"menu_icon_css\":\"\",\"menu_image\":\"\",\"menu_image_css\":\"\",\"menu_text\":1,\"menu_show\":1,\"page_title\":\"\",\"show_page_heading\":\"\",\"page_heading\":\"\",\"pageclass_sfx\":\"\",\"menu-meta_description\":\"\",\"robots\":\"\"}', 143, 144, 0, '*', 0, NULL, NULL),
(139, 'catservice', 'Тонировка офисных перегородок', 'tonirovka-ofisnykh-peregorodok', '', 'uslugi/chto-toniruem/tonirovka-ofisnykh-peregorodok', 'index.php?option=com_jshopping&view=category&layout=category&task=view&category_id=9', 'component', 1, 136, 3, 238, 680, '2024-03-23 10:07:47', 0, 1, ' ', 0, '{\"menu-anchor_title\":\"\",\"menu-anchor_css\":\"\",\"menu_icon_css\":\"\",\"menu_image\":\"\",\"menu_image_css\":\"\",\"menu_text\":1,\"menu_show\":1,\"page_title\":\"\",\"show_page_heading\":\"\",\"page_heading\":\"\",\"pageclass_sfx\":\"\",\"menu-meta_description\":\"\",\"robots\":\"\"}', 145, 146, 0, '*', 0, NULL, NULL),
(140, 'catservice', 'Тонировка зданий', 'tonirovka-zdanij', '', 'uslugi/chto-toniruem/tonirovka-zdanij', 'index.php?option=com_jshopping&view=category&layout=category&task=view&category_id=10', 'component', 1, 136, 3, 238, 680, '2024-03-23 10:07:48', 0, 1, ' ', 0, '{\"menu-anchor_title\":\"\",\"menu-anchor_css\":\"\",\"menu_icon_css\":\"\",\"menu_image\":\"\",\"menu_image_css\":\"\",\"menu_text\":1,\"menu_show\":1,\"page_title\":\"\",\"show_page_heading\":\"\",\"page_heading\":\"\",\"pageclass_sfx\":\"\",\"menu-meta_description\":\"\",\"robots\":\"\"}', 147, 148, 0, '*', 0, NULL, NULL),
(141, 'catservice', 'Тонировка офисов', 'tonirovka-ofisov', '', 'uslugi/chto-toniruem/tonirovka-ofisov', 'index.php?option=com_jshopping&view=category&layout=category&task=view&category_id=11', 'component', 1, 136, 3, 238, 680, '2024-03-23 10:07:48', 0, 1, ' ', 0, '{\"menu-anchor_title\":\"\",\"menu-anchor_css\":\"\",\"menu_icon_css\":\"\",\"menu_image\":\"\",\"menu_image_css\":\"\",\"menu_text\":1,\"menu_show\":1,\"page_title\":\"\",\"show_page_heading\":\"\",\"page_heading\":\"\",\"pageclass_sfx\":\"\",\"menu-meta_description\":\"\",\"robots\":\"\"}', 149, 150, 0, '*', 0, NULL, NULL),
(142, 'catservice', 'Солнцезащитные пленки', 'solntsezashchitnye-plenki', '', 'katalog/tipy-plenok/solntsezashchitnye-plenki', 'index.php?option=com_jshopping&view=category&layout=category&task=view&category_id=19', 'component', 1, 132, 3, 238, NULL, NULL, 0, 1, ' ', 0, '{\"menu-anchor_title\":\"\",\"menu-anchor_css\":\"\",\"menu_icon_css\":\"\",\"menu_image\":\"\",\"menu_image_css\":\"\",\"menu_text\":1,\"menu_show\":1,\"page_title\":\"\",\"show_page_heading\":\"\",\"page_heading\":\"\",\"pageclass_sfx\":\"\",\"menu-meta_description\":\"\",\"robots\":\"\"}', 17, 18, 0, '*', 0, NULL, NULL),
(143, 'catservice', 'Зеркальные пленки', 'zerkalnye-plenki', '', 'katalog/tipy-plenok/zerkalnye-plenki', 'index.php?option=com_jshopping&view=category&layout=category&task=view&category_id=21', 'component', 1, 132, 3, 238, NULL, NULL, 0, 1, ' ', 0, '{\"menu-anchor_title\":\"\",\"menu-anchor_css\":\"\",\"menu_icon_css\":\"\",\"menu_image\":\"\",\"menu_image_css\":\"\",\"menu_text\":1,\"menu_show\":1,\"page_title\":\"\",\"show_page_heading\":\"\",\"page_heading\":\"\",\"pageclass_sfx\":\"\",\"menu-meta_description\":\"\",\"robots\":\"\"}', 19, 20, 0, '*', 0, NULL, NULL),
(144, 'catservice', 'Матовые пленки', 'matovye-plenki', '', 'katalog/tipy-plenok/matovye-plenki', 'index.php?option=com_jshopping&view=category&layout=category&task=view&category_id=20', 'component', 1, 132, 3, 238, NULL, NULL, 0, 1, ' ', 0, '{\"menu-anchor_title\":\"\",\"menu-anchor_css\":\"\",\"menu_icon_css\":\"\",\"menu_image\":\"\",\"menu_image_css\":\"\",\"menu_text\":1,\"menu_show\":1,\"page_title\":\"\",\"show_page_heading\":\"\",\"page_heading\":\"\",\"pageclass_sfx\":\"\",\"menu-meta_description\":\"\",\"robots\":\"\"}', 21, 22, 0, '*', 0, NULL, NULL),
(145, 'catservice', 'Бронирующие пленки', 'broniruyushchie-plenki', '', 'katalog/tipy-plenok/broniruyushchie-plenki', 'index.php?option=com_jshopping&view=category&layout=category&task=view&category_id=26', 'component', 1, 132, 3, 238, NULL, NULL, 0, 1, ' ', 0, '{\"menu-anchor_title\":\"\",\"menu-anchor_css\":\"\",\"menu_icon_css\":\"\",\"menu_image\":\"\",\"menu_image_css\":\"\",\"menu_text\":1,\"menu_show\":1,\"page_title\":\"\",\"show_page_heading\":\"\",\"page_heading\":\"\",\"pageclass_sfx\":\"\",\"menu-meta_description\":\"\",\"robots\":\"\"}', 23, 24, 0, '*', 0, NULL, NULL),
(146, 'catservice', 'Декоративные пленки', 'dekorativnye-plenki', '', 'katalog/tipy-plenok/dekorativnye-plenki', 'index.php?option=com_jshopping&view=category&layout=category&task=view&category_id=23', 'component', 1, 132, 3, 238, NULL, NULL, 0, 1, ' ', 0, '{\"menu-anchor_title\":\"\",\"menu-anchor_css\":\"\",\"menu_icon_css\":\"\",\"menu_image\":\"\",\"menu_image_css\":\"\",\"menu_text\":1,\"menu_show\":1,\"page_title\":\"\",\"show_page_heading\":\"\",\"page_heading\":\"\",\"pageclass_sfx\":\"\",\"menu-meta_description\":\"\",\"robots\":\"\"}', 25, 26, 0, '*', 0, NULL, NULL),
(147, 'catservice', 'Виниловые пленки', 'vinilovye-plenki', '', 'katalog/tipy-plenok/vinilovye-plenki', 'index.php?option=com_jshopping&view=category&layout=category&task=view&category_id=24', 'component', 1, 132, 3, 238, NULL, NULL, 0, 1, ' ', 0, '{\"menu-anchor_title\":\"\",\"menu-anchor_css\":\"\",\"menu_icon_css\":\"\",\"menu_image\":\"\",\"menu_image_css\":\"\",\"menu_text\":1,\"menu_show\":1,\"page_title\":\"\",\"show_page_heading\":\"\",\"page_heading\":\"\",\"pageclass_sfx\":\"\",\"menu-meta_description\":\"\",\"robots\":\"\"}', 27, 28, 0, '*', 0, NULL, NULL),
(148, 'catservice', 'Цветные пленки', 'tsvetnye-plenki', '', 'katalog/tipy-plenok/tsvetnye-plenki', 'index.php?option=com_jshopping&view=category&layout=category&task=view&category_id=25', 'component', 1, 132, 3, 238, NULL, NULL, 0, 1, ' ', 0, '{\"menu-anchor_title\":\"\",\"menu-anchor_css\":\"\",\"menu_icon_css\":\"\",\"menu_image\":\"\",\"menu_image_css\":\"\",\"menu_text\":1,\"menu_show\":1,\"page_title\":\"\",\"show_page_heading\":\"\",\"page_heading\":\"\",\"pageclass_sfx\":\"\",\"menu-meta_description\":\"\",\"robots\":\"\"}', 29, 30, 0, '*', 0, NULL, NULL),
(149, 'catservice', 'Против солнечных бликов', 'protiv-solnechnykh-blikov', '', 'katalog/po-naznacheniyu/protiv-solnechnykh-blikov', 'index.php?option=com_jshopping&view=category&layout=category&task=view&category_id=32', 'component', 1, 134, 3, 238, NULL, NULL, 0, 1, ' ', 0, '{\"menu-anchor_title\":\"\",\"menu-anchor_css\":\"\",\"menu_icon_css\":\"\",\"menu_image\":\"\",\"menu_image_css\":\"\",\"menu_text\":1,\"menu_show\":1,\"page_title\":\"\",\"show_page_heading\":\"\",\"page_heading\":\"\",\"pageclass_sfx\":\"\",\"menu-meta_description\":\"\",\"robots\":\"\"}', 35, 36, 0, '*', 0, NULL, NULL),
(150, 'catservice', 'Защита от ударов', 'zashchita-ot-udarov', '', 'katalog/po-naznacheniyu/zashchita-ot-udarov', 'index.php?option=com_jshopping&view=category&layout=category&task=view&category_id=35', 'component', 1, 134, 3, 238, NULL, NULL, 0, 1, ' ', 0, '{\"menu-anchor_title\":\"\",\"menu-anchor_css\":\"\",\"menu_icon_css\":\"\",\"menu_image\":\"\",\"menu_image_css\":\"\",\"menu_text\":1,\"menu_show\":1,\"page_title\":\"\",\"show_page_heading\":\"\",\"page_heading\":\"\",\"pageclass_sfx\":\"\",\"menu-meta_description\":\"\",\"robots\":\"\"}', 37, 38, 0, '*', 0, NULL, NULL),
(151, 'catservice', 'Скрыть обзор помещения снаружи', 'skryt-obzor-pomeshcheniya', '', 'katalog/po-naznacheniyu/skryt-obzor-pomeshcheniya', 'index.php?option=com_jshopping&view=category&layout=category&task=view&category_id=30', 'component', 1, 134, 3, 238, NULL, NULL, 0, 1, ' ', 0, '{\"menu-anchor_title\":\"\",\"menu-anchor_css\":\"\",\"menu_icon_css\":\"\",\"menu_image\":\"\",\"menu_image_css\":\"\",\"menu_text\":1,\"menu_show\":1,\"page_title\":\"\",\"show_page_heading\":\"\",\"page_heading\":\"\",\"pageclass_sfx\":\"\",\"menu-meta_description\":\"\",\"robots\":\"\"}', 39, 40, 0, '*', 0, NULL, NULL),
(152, 'catservice', 'Оформление и декор', 'oformlenie-interera-i-eksterera', '', 'katalog/po-naznacheniyu/oformlenie-interera-i-eksterera', 'index.php?option=com_jshopping&view=category&layout=category&task=view&category_id=33', 'component', 1, 134, 3, 238, NULL, NULL, 0, 1, ' ', 0, '{\"menu-anchor_title\":\"\",\"menu-anchor_css\":\"\",\"menu_icon_css\":\"\",\"menu_image\":\"\",\"menu_image_css\":\"\",\"menu_text\":1,\"menu_show\":1,\"page_title\":\"\",\"show_page_heading\":\"\",\"page_heading\":\"\",\"pageclass_sfx\":\"\",\"menu-meta_description\":\"\",\"robots\":\"\"}', 41, 42, 0, '*', 0, NULL, NULL),
(153, 'catservice', 'Зонирование пространства', 'zonirovanie-prostranstva', '', 'katalog/po-naznacheniyu/zonirovanie-prostranstva', 'index.php?option=com_jshopping&view=category&layout=category&task=view&category_id=31', 'component', 1, 134, 3, 238, NULL, NULL, 0, 1, ' ', 0, '{\"menu-anchor_title\":\"\",\"menu-anchor_css\":\"\",\"menu_icon_css\":\"\",\"menu_image\":\"\",\"menu_image_css\":\"\",\"menu_text\":1,\"menu_show\":1,\"page_title\":\"\",\"show_page_heading\":\"\",\"page_heading\":\"\",\"pageclass_sfx\":\"\",\"menu-meta_description\":\"\",\"robots\":\"\"}', 43, 44, 0, '*', 0, NULL, NULL),
(154, 'catservice', 'Избежать выгорания вещей', 'izbezhat-vygoraniya-veshchej', '', 'katalog/po-naznacheniyu/izbezhat-vygoraniya-veshchej', 'index.php?option=com_jshopping&view=category&layout=category&task=view&category_id=34', 'component', 1, 134, 3, 238, NULL, NULL, 0, 1, ' ', 0, '{\"menu-anchor_title\":\"\",\"menu-anchor_css\":\"\",\"menu_icon_css\":\"\",\"menu_image\":\"\",\"menu_image_css\":\"\",\"menu_text\":1,\"menu_show\":1,\"page_title\":\"\",\"show_page_heading\":\"\",\"page_heading\":\"\",\"pageclass_sfx\":\"\",\"menu-meta_description\":\"\",\"robots\":\"\"}', 45, 46, 0, '*', 0, NULL, NULL),
(155, 'catservice', 'Защита от УФ и ИК - излучения', 'zashchita-ot-uf-i-ik-izlucheniya', '', 'katalog/po-naznacheniyu/zashchita-ot-uf-i-ik-izlucheniya', 'index.php?option=com_jshopping&view=category&layout=category&task=view&category_id=36', 'component', 1, 134, 3, 238, NULL, NULL, 0, 1, ' ', 0, '{\"menu-anchor_title\":\"\",\"menu-anchor_css\":\"\",\"menu_icon_css\":\"\",\"menu_image\":\"\",\"menu_image_css\":\"\",\"menu_text\":1,\"menu_show\":1,\"page_title\":\"\",\"show_page_heading\":\"\",\"page_heading\":\"\",\"pageclass_sfx\":\"\",\"menu-meta_description\":\"\",\"robots\":\"\"}', 47, 48, 0, '*', 0, NULL, NULL),
(156, 'catservice', 'Спастись от жары', 'spastis-ot-zhary', '', 'katalog/po-naznacheniyu/spastis-ot-zhary', 'index.php?option=com_jshopping&view=category&layout=category&task=view&category_id=29', 'component', 1, 134, 3, 238, NULL, NULL, 0, 1, ' ', 0, '{\"menu-anchor_title\":\"\",\"menu-anchor_css\":\"\",\"menu_icon_css\":\"\",\"menu_image\":\"\",\"menu_image_css\":\"\",\"menu_text\":1,\"menu_show\":1,\"page_title\":\"\",\"show_page_heading\":\"\",\"page_heading\":\"\",\"pageclass_sfx\":\"\",\"menu-meta_description\":\"\",\"robots\":\"\"}', 49, 50, 0, '*', 0, NULL, NULL),
(158, 'catservice', 'Тонировка фасадов', 'tonirovka-fasadov', '', 'uslugi/chto-toniruem/tonirovka-fasadov', 'index.php?option=com_jshopping&view=category&layout=category&task=view&category_id=12', 'component', 1, 136, 3, 238, 680, '2024-03-23 10:07:49', 0, 1, ' ', 0, '{\"menu-anchor_title\":\"\",\"menu-anchor_css\":\"\",\"menu_icon_css\":\"\",\"menu_image\":\"\",\"menu_image_css\":\"\",\"menu_text\":1,\"menu_show\":1,\"page_title\":\"\",\"show_page_heading\":\"\",\"page_heading\":\"\",\"pageclass_sfx\":\"\",\"menu-meta_description\":\"\",\"robots\":\"\"}', 151, 152, 0, '*', 0, NULL, NULL),
(166, 'agree-politic', 'Политика конфиденциальности', 'politika-konfidentsialnosti', '', 'politika-konfidentsialnosti', 'index.php?option=com_content&view=article&id=64', 'component', 1, 1, 1, 19, NULL, NULL, 0, 1, ' ', 0, '{\"show_title\":\"\",\"link_titles\":\"\",\"show_intro\":\"\",\"info_block_position\":\"\",\"info_block_show_title\":\"\",\"show_category\":\"\",\"link_category\":\"\",\"show_parent_category\":\"\",\"link_parent_category\":\"\",\"show_author\":\"\",\"link_author\":\"\",\"show_create_date\":\"\",\"show_modify_date\":\"\",\"show_publish_date\":\"\",\"show_item_navigation\":\"\",\"show_hits\":\"\",\"show_tags\":\"\",\"show_noauth\":\"\",\"urls_position\":\"\",\"menu-anchor_title\":\"\",\"menu-anchor_css\":\"\",\"menu_icon_css\":\"\",\"menu_image\":\"\",\"menu_image_css\":\"\",\"menu_text\":1,\"menu_show\":1,\"page_title\":\"\",\"show_page_heading\":\"\",\"page_heading\":\"\",\"pageclass_sfx\":\"\",\"menu-meta_description\":\"\",\"robots\":\"\"}', 167, 168, 0, '*', 0, NULL, NULL),
(167, 'agree-politic', 'Пользовательское соглашение', 'polzovatelskoe-soglashenie', '', 'polzovatelskoe-soglashenie', 'index.php?option=com_content&view=article&id=65', 'component', 1, 1, 1, 19, NULL, NULL, 0, 1, ' ', 0, '{\"show_title\":\"\",\"link_titles\":\"\",\"show_intro\":\"\",\"info_block_position\":\"\",\"info_block_show_title\":\"\",\"show_category\":\"\",\"link_category\":\"\",\"show_parent_category\":\"\",\"link_parent_category\":\"\",\"show_author\":\"\",\"link_author\":\"\",\"show_create_date\":\"\",\"show_modify_date\":\"\",\"show_publish_date\":\"\",\"show_item_navigation\":\"\",\"show_hits\":\"\",\"show_tags\":\"\",\"show_noauth\":\"\",\"urls_position\":\"\",\"menu-anchor_title\":\"\",\"menu-anchor_css\":\"\",\"menu_icon_css\":\"\",\"menu_image\":\"\",\"menu_image_css\":\"\",\"menu_text\":1,\"menu_show\":1,\"page_title\":\"\",\"show_page_heading\":\"\",\"page_heading\":\"\",\"pageclass_sfx\":\"\",\"menu-meta_description\":\"\",\"robots\":\"\"}', 169, 170, 0, '*', 0, NULL, NULL),
(168, 'catservice', 'Тонировка магазинов', 'tonirovka-magazinov', '', 'uslugi/chto-toniruem/tonirovka-magazinov', 'index.php?option=com_jshopping&view=category&layout=category&task=view&category_id=13', 'component', 1, 136, 3, 238, 680, '2024-03-23 10:07:51', 0, 1, ' ', 0, '{\"menu-anchor_title\":\"\",\"menu-anchor_css\":\"\",\"menu_icon_css\":\"\",\"menu_image\":\"\",\"menu_image_css\":\"\",\"menu_text\":1,\"menu_show\":1,\"page_title\":\"\",\"show_page_heading\":\"\",\"page_heading\":\"\",\"pageclass_sfx\":\"\",\"menu-meta_description\":\"\",\"robots\":\"\"}', 153, 154, 0, '*', 0, NULL, NULL),
(169, 'catservice', 'Тонировка витрин', 'tonirovka-vitrin', '', 'uslugi/chto-toniruem/tonirovka-vitrin', 'index.php?option=com_jshopping&view=category&layout=category&task=view&category_id=14', 'component', 1, 136, 3, 238, 680, '2024-03-23 10:07:52', 0, 1, ' ', 0, '{\"menu-anchor_title\":\"\",\"menu-anchor_css\":\"\",\"menu_icon_css\":\"\",\"menu_image\":\"\",\"menu_image_css\":\"\",\"menu_text\":1,\"menu_show\":1,\"page_title\":\"\",\"show_page_heading\":\"\",\"page_heading\":\"\",\"pageclass_sfx\":\"\",\"menu-meta_description\":\"\",\"robots\":\"\"}', 155, 156, 0, '*', 0, NULL, NULL),
(170, 'catservice', 'Тонировка дверей', 'tonirovka-dverej', '', 'uslugi/chto-toniruem/tonirovka-dverej', 'index.php?option=com_jshopping&view=category&layout=category&task=view&category_id=15', 'component', 1, 136, 3, 238, NULL, NULL, 0, 1, ' ', 0, '{\"menu-anchor_title\":\"\",\"menu-anchor_css\":\"\",\"menu_icon_css\":\"\",\"menu_image\":\"\",\"menu_image_css\":\"\",\"menu_text\":1,\"menu_show\":1,\"page_title\":\"\",\"show_page_heading\":\"\",\"page_heading\":\"\",\"pageclass_sfx\":\"\",\"menu-meta_description\":\"\",\"robots\":\"\"}', 157, 158, 0, '*', 0, NULL, NULL),
(171, 'catservice', 'Тонировка домов', 'tonirovka-domov', '', 'uslugi/chto-toniruem/tonirovka-domov', 'index.php?option=com_jshopping&view=category&layout=category&task=view&category_id=16', 'component', 1, 136, 3, 238, NULL, NULL, 0, 1, ' ', 0, '{\"menu-anchor_title\":\"\",\"menu-anchor_css\":\"\",\"menu_icon_css\":\"\",\"menu_image\":\"\",\"menu_image_css\":\"\",\"menu_text\":1,\"menu_show\":1,\"page_title\":\"\",\"show_page_heading\":\"\",\"page_heading\":\"\",\"pageclass_sfx\":\"\",\"menu-meta_description\":\"\",\"robots\":\"\"}', 159, 160, 0, '*', 0, NULL, NULL),
(172, 'catservice', 'Тонировка квартир', 'tonirovka-kvartir', '', 'uslugi/chto-toniruem/tonirovka-kvartir', 'index.php?option=com_jshopping&view=category&layout=category&task=view&category_id=17', 'component', 1, 136, 3, 238, NULL, NULL, 0, 1, ' ', 0, '{\"menu-anchor_title\":\"\",\"menu-anchor_css\":\"\",\"menu_icon_css\":\"\",\"menu_image\":\"\",\"menu_image_css\":\"\",\"menu_text\":1,\"menu_show\":1,\"page_title\":\"\",\"show_page_heading\":\"\",\"page_heading\":\"\",\"pageclass_sfx\":\"\",\"menu-meta_description\":\"\",\"robots\":\"\"}', 161, 162, 0, '*', 0, NULL, NULL),
(173, 'catservice', 'Тонировка балконов и лоджий', 'tonirovka-balkonov-i-lodzhij', '', 'uslugi/chto-toniruem/tonirovka-balkonov-i-lodzhij', 'index.php?option=com_jshopping&view=category&layout=category&task=view&category_id=18', 'component', 1, 136, 3, 238, NULL, NULL, 0, 1, ' ', 0, '{\"menu-anchor_title\":\"\",\"menu-anchor_css\":\"\",\"menu_icon_css\":\"\",\"menu_image\":\"\",\"menu_image_css\":\"\",\"menu_text\":1,\"menu_show\":1,\"page_title\":\"\",\"show_page_heading\":\"\",\"page_heading\":\"\",\"pageclass_sfx\":\"\",\"menu-meta_description\":\"\",\"robots\":\"\"}', 163, 164, 0, '*', 0, NULL, NULL),
(174, 'catservice', 'Энергосберегающие пленки', 'energosberegayushchie-plenki', '', 'katalog/tipy-plenok/energosberegayushchie-plenki', 'index.php?option=com_jshopping&view=category&layout=category&task=view&category_id=27', 'component', 1, 132, 3, 238, NULL, NULL, 0, 1, ' ', 0, '{\"menu-anchor_title\":\"\",\"menu-anchor_css\":\"\",\"menu_icon_css\":\"\",\"menu_image\":\"\",\"menu_image_css\":\"\",\"menu_text\":1,\"menu_show\":1,\"page_title\":\"\",\"show_page_heading\":\"\",\"page_heading\":\"\",\"pageclass_sfx\":\"\",\"menu-meta_description\":\"\",\"robots\":\"\"}', 31, 32, 0, '*', 0, NULL, NULL);

-- --------------------------------------------------------

--
-- Структура таблицы `umk07_menu_types`
--

CREATE TABLE `umk07_menu_types` (
  `id` int(10) UNSIGNED NOT NULL,
  `asset_id` int(10) UNSIGNED NOT NULL DEFAULT 0,
  `menutype` varchar(24) NOT NULL,
  `title` varchar(48) NOT NULL,
  `description` varchar(255) NOT NULL DEFAULT '',
  `client_id` int(11) NOT NULL DEFAULT 0
) ENGINE=InnoDB DEFAULT CHARSET=utf8mb4 COLLATE=utf8mb4_unicode_ci;

--
-- Дамп данных таблицы `umk07_menu_types`
--

INSERT INTO `umk07_menu_types` (`id`, `asset_id`, `menutype`, `title`, `description`, `client_id`) VALUES
(1, 54, 'mainmenu', 'Главное меню', '', 0),
(2, 98, 'admin-menu', 'Админ-меню', '', 1),
(3, 103, 'hidden-menu', 'Скрытое меню', '', 0),
(4, 220, 'catservice', 'Каталог / Услуги', '', 0),
(5, 252, 'agree-politic', 'Политика / Соглашение', '', 0);

-- --------------------------------------------------------

--
-- Структура таблицы `umk07_messages`
--

CREATE TABLE `umk07_messages` (
  `message_id` int(10) UNSIGNED NOT NULL,
  `user_id_from` int(10) UNSIGNED NOT NULL DEFAULT 0,
  `user_id_to` int(10) UNSIGNED NOT NULL DEFAULT 0,
  `folder_id` tinyint(3) UNSIGNED NOT NULL DEFAULT 0,
  `date_time` datetime NOT NULL,
  `state` tinyint(4) NOT NULL DEFAULT 0,
  `priority` tinyint(3) UNSIGNED NOT NULL DEFAULT 0,
  `subject` varchar(255) NOT NULL DEFAULT '',
  `message` text NOT NULL
) ENGINE=InnoDB DEFAULT CHARSET=utf8mb4 COLLATE=utf8mb4_unicode_ci;

-- --------------------------------------------------------

--
-- Структура таблицы `umk07_messages_cfg`
--

CREATE TABLE `umk07_messages_cfg` (
  `user_id` int(10) UNSIGNED NOT NULL DEFAULT 0,
  `cfg_name` varchar(100) NOT NULL DEFAULT '',
  `cfg_value` varchar(255) NOT NULL DEFAULT ''
) ENGINE=InnoDB DEFAULT CHARSET=utf8mb4 COLLATE=utf8mb4_unicode_ci;

-- --------------------------------------------------------

--
-- Структура таблицы `umk07_modules`
--

CREATE TABLE `umk07_modules` (
  `id` int(11) NOT NULL,
  `asset_id` int(10) UNSIGNED NOT NULL DEFAULT 0 COMMENT 'FK to the #__assets table.',
  `title` varchar(100) NOT NULL DEFAULT '',
  `note` varchar(255) NOT NULL DEFAULT '',
  `content` text DEFAULT NULL,
  `ordering` int(11) NOT NULL DEFAULT 0,
  `position` varchar(50) NOT NULL DEFAULT '',
  `checked_out` int(10) UNSIGNED DEFAULT NULL,
  `checked_out_time` datetime DEFAULT NULL,
  `publish_up` datetime DEFAULT NULL,
  `publish_down` datetime DEFAULT NULL,
  `published` tinyint(4) NOT NULL DEFAULT 0,
  `module` varchar(50) DEFAULT NULL,
  `access` int(10) UNSIGNED NOT NULL DEFAULT 0,
  `showtitle` tinyint(3) UNSIGNED NOT NULL DEFAULT 1,
  `params` text NOT NULL,
  `client_id` tinyint(4) NOT NULL DEFAULT 0,
  `language` char(7) NOT NULL
) ENGINE=InnoDB DEFAULT CHARSET=utf8mb4 COLLATE=utf8mb4_unicode_ci;

--
-- Дамп данных таблицы `umk07_modules`
--

INSERT INTO `umk07_modules` (`id`, `asset_id`, `title`, `note`, `content`, `ordering`, `position`, `checked_out`, `checked_out_time`, `publish_up`, `publish_down`, `published`, `module`, `access`, `showtitle`, `params`, `client_id`, `language`) VALUES
(1, 39, 'Главное меню', '', '', 1, 'menu', NULL, NULL, NULL, NULL, 1, 'mod_menu', 1, 1, '{\"menutype\":\"mainmenu\",\"base\":\"\",\"startLevel\":1,\"endLevel\":0,\"showAllChildren\":1,\"tag_id\":\"\",\"class_sfx\":\"\",\"window_open\":\"\",\"layout\":\"cassiopeia:main\",\"moduleclass_sfx\":\"\",\"cache\":1,\"cache_time\":900,\"cachemode\":\"itemid\",\"module_tag\":\"div\",\"bootstrap_size\":\"0\",\"header_tag\":\"h3\",\"header_class\":\"\",\"style\":\"0\"}', 0, '*'),
(2, 40, 'Login', '', '', 1, 'login', NULL, NULL, NULL, NULL, 1, 'mod_login', 1, 1, '', 1, '*'),
(3, 41, 'Popular Articles', '', '', 6, 'cpanel', NULL, NULL, NULL, NULL, 1, 'mod_popular', 3, 1, '{\"count\":\"5\",\"catid\":\"\",\"user_id\":\"0\",\"layout\":\"_:default\",\"moduleclass_sfx\":\"\",\"cache\":\"0\", \"bootstrap_size\": \"12\",\"header_tag\":\"h2\"}', 1, '*'),
(4, 42, 'Recently Added Articles', '', '', 4, 'cpanel', NULL, NULL, NULL, NULL, 1, 'mod_latest', 3, 1, '{\"count\":\"5\",\"ordering\":\"c_dsc\",\"catid\":\"\",\"user_id\":\"0\",\"layout\":\"_:default\",\"moduleclass_sfx\":\"\",\"cache\":\"0\", \"bootstrap_size\": \"12\",\"header_tag\":\"h2\"}', 1, '*'),
(8, 43, 'Toolbar', '', '', 1, 'toolbar', NULL, NULL, NULL, NULL, 1, 'mod_toolbar', 3, 1, '', 1, '*'),
(9, 44, 'Notifications', '', '', 3, 'icon', NULL, NULL, NULL, NULL, 1, 'mod_quickicon', 3, 1, '{\"context\":\"update_quickicon\",\"header_icon\":\"icon-sync\",\"show_jupdate\":\"1\",\"show_eupdate\":\"1\",\"show_oupdate\":\"1\",\"show_privacy\":\"1\",\"layout\":\"_:default\",\"moduleclass_sfx\":\"\",\"cache\":1,\"cache_time\":900,\"style\":\"0\",\"module_tag\":\"div\",\"bootstrap_size\":\"12\",\"header_tag\":\"h2\",\"header_class\":\"\"}', 1, '*'),
(10, 45, 'Logged-in Users', '', '', 2, 'cpanel', NULL, NULL, NULL, NULL, 1, 'mod_logged', 3, 1, '{\"count\":\"5\",\"name\":\"1\",\"layout\":\"_:default\",\"moduleclass_sfx\":\"\",\"cache\":\"0\", \"bootstrap_size\": \"12\",\"header_tag\":\"h2\"}', 1, '*'),
(12, 46, 'Admin Menu', '', '', 2, 'menu', NULL, NULL, '2023-11-10 19:27:15', NULL, 1, 'mod_menu', 3, 1, '{\"menutype\":\"*\",\"preset\":\"default\",\"check\":1,\"shownew\":1,\"showhelp\":1,\"forum_url\":\"\",\"layout\":\"_:default\",\"moduleclass_sfx\":\"\",\"module_tag\":\"div\",\"bootstrap_size\":\"0\",\"header_tag\":\"h3\",\"header_class\":\"\",\"style\":\"0\"}', 1, '*'),
(15, 49, 'Title', '', '', 1, 'title', NULL, NULL, NULL, NULL, 1, 'mod_title', 3, 1, '', 1, '*'),
(16, 50, 'Авторизация', '', '', 1, 'sidebar-right', NULL, NULL, '2023-11-10 23:34:12', NULL, -2, 'mod_login', 1, 1, '{\"pretext\":\"\",\"posttext\":\"\",\"login\":\"\",\"logout\":\"\",\"customRegLinkMenu\":\"\",\"greeting\":1,\"name\":0,\"profilelink\":0,\"usetext\":0,\"layout\":\"_:default\",\"moduleclass_sfx\":\"\",\"module_tag\":\"div\",\"bootstrap_size\":\"0\",\"header_tag\":\"h3\",\"header_class\":\"\",\"style\":\"0\"}', 0, '*'),
(17, 51, 'Хлебные крошки', '', '', 1, 'breadcrumbs', NULL, NULL, NULL, NULL, 1, 'mod_breadcrumbs', 1, 1, '{\"showHere\":0,\"showHome\":1,\"homeText\":\"\",\"showLast\":1,\"layout\":\"_:default\",\"moduleclass_sfx\":\"\",\"cache\":0,\"cache_time\":0,\"cachemode\":\"itemid\",\"module_tag\":\"div\",\"bootstrap_size\":\"0\",\"header_tag\":\"h3\",\"header_class\":\"\",\"style\":\"0\"}', 0, '*'),
(79, 52, 'Multilanguage status', '', '', 2, 'status', NULL, NULL, NULL, NULL, 1, 'mod_multilangstatus', 3, 1, '{\"layout\":\"_:default\",\"moduleclass_sfx\":\"\",\"cache\":\"0\"}', 1, '*'),
(86, 53, 'Joomla Version', '', '', 1, 'status', NULL, NULL, NULL, NULL, 1, 'mod_version', 3, 1, '{\"layout\":\"_:default\",\"moduleclass_sfx\":\"\",\"cache\":\"0\"}', 1, '*'),
(87, 55, 'Sample Data', '', '', 1, 'cpanel', NULL, NULL, NULL, NULL, 1, 'mod_sampledata', 6, 1, '{\"bootstrap_size\": \"12\",\"header_tag\":\"h2\"}', 1, '*'),
(88, 67, 'Latest Actions', '', '', 3, 'cpanel', NULL, NULL, NULL, NULL, 1, 'mod_latestactions', 6, 1, '{\"bootstrap_size\": \"12\",\"header_tag\":\"h2\"}', 1, '*'),
(89, 68, 'Privacy Dashboard', '', '', 5, 'cpanel', NULL, NULL, NULL, NULL, 1, 'mod_privacy_dashboard', 6, 1, '{\"bootstrap_size\": \"12\",\"header_tag\":\"h2\"}', 1, '*'),
(90, 89, 'Login Support', '', '', 1, 'sidebar', NULL, NULL, NULL, NULL, 1, 'mod_loginsupport', 1, 1, '{\"forum_url\":\"https://forum.joomla.org/\",\"documentation_url\":\"https://docs.joomla.org/\",\"news_url\":\"https://www.joomla.org/announcements.html\",\"automatic_title\":1,\"prepare_content\":1,\"layout\":\"_:default\",\"moduleclass_sfx\":\"\",\"cache\":1,\"cache_time\":900,\"module_tag\":\"div\",\"bootstrap_size\":\"0\",\"header_tag\":\"h3\",\"header_class\":\"\",\"style\":\"0\"}', 1, '*'),
(91, 72, 'System Dashboard', '', '', 1, 'cpanel-system', NULL, NULL, NULL, NULL, 1, 'mod_submenu', 1, 0, '{\"menutype\":\"*\",\"preset\":\"system\",\"layout\":\"_:default\",\"moduleclass_sfx\":\"\",\"module_tag\":\"div\",\"bootstrap_size\":\"12\",\"header_tag\":\"h2\",\"header_class\":\"\",\"style\":\"System-none\"}', 1, '*'),
(92, 73, 'Content Dashboard', '', '', 1, 'cpanel-content', NULL, NULL, NULL, NULL, 1, 'mod_submenu', 1, 0, '{\"menutype\":\"*\",\"preset\":\"content\",\"layout\":\"_:default\",\"moduleclass_sfx\":\"\",\"module_tag\":\"div\",\"bootstrap_size\":\"12\",\"header_tag\":\"h2\",\"header_class\":\"\",\"style\":\"System-none\"}', 1, '*'),
(93, 74, 'Menus Dashboard', '', '', 1, 'cpanel-menus', NULL, NULL, NULL, NULL, 0, 'mod_submenu', 1, 0, '{\"menutype\":\"*\",\"preset\":\"menus\",\"layout\":\"_:default\",\"moduleclass_sfx\":\"\",\"module_tag\":\"div\",\"bootstrap_size\":\"12\",\"header_tag\":\"h2\",\"header_class\":\"\",\"style\":\"System-none\"}', 1, '*'),
(94, 75, 'Components Dashboard', '', '', 1, 'cpanel-components', NULL, NULL, NULL, NULL, 1, 'mod_submenu', 1, 0, '{\"menutype\":\"*\",\"preset\":\"components\",\"layout\":\"_:default\",\"moduleclass_sfx\":\"\",\"module_tag\":\"div\",\"bootstrap_size\":\"12\",\"header_tag\":\"h2\",\"header_class\":\"\",\"style\":\"System-none\"}', 1, '*'),
(95, 76, 'Users Dashboard', '', '', 1, 'cpanel-users', NULL, NULL, NULL, NULL, 1, 'mod_submenu', 1, 0, '{\"menutype\":\"*\",\"preset\":\"users\",\"layout\":\"_:default\",\"moduleclass_sfx\":\"\",\"module_tag\":\"div\",\"bootstrap_size\":\"12\",\"header_tag\":\"h2\",\"header_class\":\"\",\"style\":\"System-none\"}', 1, '*'),
(96, 86, 'Popular Articles', '', '', 3, 'cpanel-content', NULL, NULL, NULL, NULL, 1, 'mod_popular', 3, 1, '{\"count\":\"5\",\"catid\":\"\",\"user_id\":\"0\",\"layout\":\"_:default\",\"moduleclass_sfx\":\"\",\"cache\":\"0\", \"bootstrap_size\": \"12\",\"header_tag\":\"h2\"}', 1, '*'),
(97, 87, 'Recently Added Articles', '', '', 4, 'cpanel-content', NULL, NULL, NULL, NULL, 1, 'mod_latest', 3, 1, '{\"count\":\"5\",\"ordering\":\"c_dsc\",\"catid\":\"\",\"user_id\":\"0\",\"layout\":\"_:default\",\"moduleclass_sfx\":\"\",\"cache\":\"0\", \"bootstrap_size\": \"12\",\"header_tag\":\"h2\"}', 1, '*'),
(98, 88, 'Logged-in Users', '', '', 2, 'cpanel-users', NULL, NULL, NULL, NULL, 1, 'mod_logged', 3, 1, '{\"count\":\"5\",\"name\":\"1\",\"layout\":\"_:default\",\"moduleclass_sfx\":\"\",\"cache\":\"0\", \"bootstrap_size\": \"12\",\"header_tag\":\"h2\"}', 1, '*'),
(99, 77, 'Frontend Link', '', '', 5, 'status', NULL, NULL, NULL, NULL, 1, 'mod_frontend', 1, 1, '', 1, '*'),
(100, 78, 'Messages', '', '', 4, 'status', NULL, NULL, NULL, NULL, 1, 'mod_messages', 3, 1, '', 1, '*'),
(101, 79, 'Post Install Messages', '', '', 3, 'status', NULL, NULL, NULL, NULL, 1, 'mod_post_installation_messages', 3, 1, '', 1, '*'),
(102, 80, 'User Status', '', '', 6, 'status', NULL, NULL, NULL, NULL, 1, 'mod_user', 3, 1, '', 1, '*'),
(103, 70, 'Site', '', '', 1, 'icon', NULL, NULL, NULL, NULL, 1, 'mod_quickicon', 1, 1, '{\"context\":\"site_quickicon\",\"header_icon\":\"icon-desktop\",\"show_users\":\"1\",\"show_articles\":\"1\",\"show_categories\":\"1\",\"show_media\":\"1\",\"show_menuItems\":\"1\",\"show_modules\":\"1\",\"show_plugins\":\"1\",\"show_templates\":\"1\",\"layout\":\"_:default\",\"moduleclass_sfx\":\"\",\"cache\":1,\"cache_time\":900,\"style\":\"0\",\"module_tag\":\"div\",\"bootstrap_size\":\"12\",\"header_tag\":\"h2\",\"header_class\":\"\"}', 1, '*'),
(104, 71, 'System', '', '', 2, 'icon', NULL, NULL, NULL, NULL, 1, 'mod_quickicon', 1, 1, '{\"context\":\"system_quickicon\",\"header_icon\":\"icon-wrench\",\"show_global\":\"1\",\"show_checkin\":\"1\",\"show_cache\":\"1\",\"layout\":\"_:default\",\"moduleclass_sfx\":\"\",\"cache\":1,\"cache_time\":900,\"style\":\"0\",\"module_tag\":\"div\",\"bootstrap_size\":\"12\",\"header_tag\":\"h2\",\"header_class\":\"\"}', 1, '*'),
(105, 82, '3rd Party', '', '', 4, 'icon', NULL, NULL, NULL, NULL, 1, 'mod_quickicon', 1, 1, '{\"context\":\"mod_quickicon\",\"header_icon\":\"icon-boxes\",\"load_plugins\":\"1\",\"layout\":\"_:default\",\"moduleclass_sfx\":\"\",\"cache\":1,\"cache_time\":900,\"style\":\"0\",\"module_tag\":\"div\",\"bootstrap_size\":\"12\",\"header_tag\":\"h2\",\"header_class\":\"\"}', 1, '*'),
(106, 83, 'Help Dashboard', '', '', 1, 'cpanel-help', NULL, NULL, NULL, NULL, 1, 'mod_submenu', 1, 0, '{\"menutype\":\"*\",\"preset\":\"help\",\"layout\":\"_:default\",\"moduleclass_sfx\":\"\",\"style\":\"System-none\",\"module_tag\":\"div\",\"bootstrap_size\":\"12\",\"header_tag\":\"h2\",\"header_class\":\"\"}', 1, '*'),
(107, 84, 'Privacy Requests', '', '', 1, 'cpanel-privacy', NULL, NULL, NULL, NULL, 1, 'mod_privacy_dashboard', 1, 1, '{\"layout\":\"_:default\",\"moduleclass_sfx\":\"\",\"cache\":1,\"cache_time\":900,\"cachemode\":\"static\",\"style\":\"0\",\"module_tag\":\"div\",\"bootstrap_size\":\"12\",\"header_tag\":\"h2\",\"header_class\":\"\"}', 1, '*'),
(108, 85, 'Privacy Status', '', '', 1, 'cpanel-privacy', NULL, NULL, NULL, NULL, 1, 'mod_privacy_status', 1, 1, '{\"layout\":\"_:default\",\"moduleclass_sfx\":\"\",\"cache\":1,\"cache_time\":900,\"cachemode\":\"static\",\"style\":\"0\",\"module_tag\":\"div\",\"bootstrap_size\":\"12\",\"header_tag\":\"h2\",\"header_class\":\"\"}', 1, '*'),
(109, 96, 'Guided Tours', '', '', 1, 'status', NULL, NULL, NULL, NULL, 1, 'mod_guidedtours', 1, 1, '', 1, '*'),
(110, 99, 'Админ-меню', '', NULL, 1, 'cpanel-menus', NULL, NULL, '2023-11-10 19:28:00', NULL, 1, 'mod_menu', 1, 0, '{\"menutype\":\"admin-menu\",\"preset\":\"default\",\"check\":1,\"shownew\":1,\"showhelp\":1,\"forum_url\":\"\",\"layout\":\"_:default\",\"moduleclass_sfx\":\"admin-menu-box\",\"module_tag\":\"div\",\"bootstrap_size\":\"0\",\"header_tag\":\"h3\",\"header_class\":\"\",\"style\":\"0\"}', 1, '*'),
(111, 101, 'Корзина', '', '', 1, 'sidebar-right', NULL, NULL, '2023-11-10 23:05:45', NULL, -2, 'mod_jshopping_cart', 1, 1, '{\"moduleclass_sfx\":\"\",\"module_tag\":\"div\",\"bootstrap_size\":\"0\",\"header_tag\":\"h3\",\"header_class\":\"\",\"style\":\"0\"}', 0, '*'),
(112, 102, 'Корзина', '', '', 1, 'cart', NULL, NULL, NULL, NULL, -2, 'mod_wtjshoppingcart', 1, 1, '{\"moduleclass_sfx\":\"\",\"layout\":\"_:bootstrap5-offcanvas\",\"icon_css_class\":\"fas fa-shopping-cart\",\"show_image\":\"1\",\"show_product_attributes\":\"1\",\"show_product_weight\":\"1\",\"bootstrap5_offcanvas_position\":\"offcanvas-end\",\"bs_target_id\":\"\",\"show_debug\":\"0\",\"module_tag\":\"div\",\"bootstrap_size\":\"0\",\"header_tag\":\"h3\",\"header_class\":\"\",\"style\":\"0\"}', 0, '*'),
(113, 104, 'Корзина (Кнопка)', '', NULL, 1, 'cart', NULL, NULL, NULL, NULL, -2, 'mod_wtjshoppingcart', 1, 1, '{\"moduleclass_sfx\":\"\",\"layout\":\"_:bootstrap5-icon-btn\",\"icon_css_class\":\"fas fa-shopping-cart\",\"show_image\":\"1\",\"show_product_attributes\":\"1\",\"show_product_weight\":\"1\",\"bootstrap5_offcanvas_position\":\"offcanvas-end\",\"bs_target_id\":112,\"show_debug\":\"0\",\"module_tag\":\"div\",\"bootstrap_size\":\"0\",\"header_tag\":\"h3\",\"header_class\":\"\",\"style\":\"0\"}', 0, '*'),
(114, 105, 'Авторизация', '', '', 1, 'login', NULL, NULL, NULL, NULL, -2, 'mod_jt_login', 1, 1, '{\"FormType\":\"modal\",\"FormStyle\":\"1\",\"ModalTopPosition\":\"10%\",\"ModalMaxWidth\":\"400px\",\"LoginTitle\":\"\\u0410\\u0432\\u0442\\u043e\\u0440\\u0438\\u0437\\u0430\\u0446\\u0438\\u044f\",\"LoginBg\":\"#ffffff\",\"LoginTitleClass\":\"h3\",\"ShowRegister\":0,\"RegisterTitle\":\"\\u0420\\u0435\\u0433\\u0438\\u0441\\u0442\\u0440\\u0430\\u0446\\u0438\\u044f\",\"RegisterTitleClass\":\"h3\",\"pretext\":\"\",\"posttext\":\"\",\"LoginButText\":\"\\u0410\\u0432\\u0442\\u043e\\u0440\\u0438\\u0437\\u0430\\u0446\\u0438\\u044f\",\"RegisterButText\":\"\\u0420\\u0435\\u0433\\u0438\\u0441\\u0442\\u0440\\u0430\\u0446\\u0438\\u044f\",\"login\":\"\",\"logout\":\"\",\"customRegLinkMenu\":\"\",\"greeting\":0,\"name\":0,\"profilelink\":0,\"usetext\":0,\"layout\":\"_:default\",\"moduleclass_sfx\":\"\",\"module_tag\":\"div\",\"bootstrap_size\":\"0\",\"header_tag\":\"h3\",\"header_class\":\"\",\"style\":\"0\"}', 0, '*'),
(115, 116, 'Поиск по сайту', '', NULL, 1, 'search', NULL, NULL, NULL, NULL, 1, 'mod_finder', 1, 0, '{\"searchfilter\":\"\",\"show_autosuggest\":1,\"show_advanced\":0,\"show_label\":0,\"alt_label\":\"\\u0427\\u0442\\u043e \\u0432\\u044b \\u0445\\u043e\\u0442\\u0438\\u0442\\u0435 \\u043d\\u0430\\u0439\\u0442\\u0438?\",\"show_button\":1,\"opensearch\":0,\"opensearch_name\":\"\",\"set_itemid\":122,\"layout\":\"_:default\",\"moduleclass_sfx\":\"\",\"module_tag\":\"div\",\"bootstrap_size\":\"0\",\"header_tag\":\"h3\",\"header_class\":\"\",\"style\":\"0\"}', 0, '*'),
(116, 117, 'Поиск Jshopping', '', '', 1, 'search', NULL, NULL, '2023-11-17 20:18:59', NULL, -2, 'mod_jshopping_search', 1, 1, '{\"advanced_search\":\"0\",\"category_id\":\"\",\"moduleclass_sfx\":\"\",\"search_type\":\"any\",\"module_tag\":\"div\",\"bootstrap_size\":\"0\",\"header_tag\":\"h3\",\"header_class\":\"\",\"style\":\"0\"}', 0, '*'),
(117, 118, 'Скрытое меню', '', NULL, 1, 'hidden', NULL, NULL, NULL, NULL, 1, 'mod_menu', 1, 1, '{\"menutype\":\"hidden-menu\",\"base\":\"\",\"startLevel\":1,\"endLevel\":0,\"showAllChildren\":1,\"tag_id\":\"\",\"class_sfx\":\"\",\"window_open\":\"\",\"layout\":\"_:default\",\"moduleclass_sfx\":\"\",\"cache\":1,\"cache_time\":900,\"cachemode\":\"itemid\",\"module_tag\":\"div\",\"bootstrap_size\":\"0\",\"header_tag\":\"h3\",\"header_class\":\"\",\"style\":\"0\"}', 0, '*'),
(118, 135, 'Просмотренные товары', '', '', 1, 'lastseen', NULL, NULL, NULL, NULL, 0, 'mod_wtjshoppinglastseenproducts', 1, 1, '{\"products_count\":\"4\",\"show_image\":\"1\",\"show_name\":\"1\",\"show_price\":\"1\",\"show_old_price\":\"0\",\"show_buy_button\":\"0\",\"layout\":\"_:bootstrap5-card\",\"moduleclass_sfx\":\"\",\"cache\":\"1\",\"cache_time\":\"900\",\"cachemode\":\"static\",\"module_tag\":\"div\",\"bootstrap_size\":\"0\",\"header_tag\":\"h3\",\"header_class\":\"\",\"style\":\"0\"}', 0, '*'),
(119, 136, 'Избранные товары', '', '', 1, 'favorite', NULL, NULL, '2023-12-06 14:26:22', NULL, -2, 'mod_wtjshoppingfavorites', 1, 1, '{\"layout\":\"_:bootstrap5-badge-icon-only\",\"btn_icon_css_class\":\"\",\"use_module_css\":\"1\",\"moduleclass_sfx\":\"\",\"cache\":1,\"cache_time\":900,\"cachemode\":\"static\",\"module_tag\":\"div\",\"bootstrap_size\":\"0\",\"header_tag\":\"h3\",\"header_class\":\"\",\"style\":\"0\"}', 0, '*'),
(120, 137, 'Отзывы', '', NULL, 1, 'review', NULL, NULL, '2023-12-06 17:42:44', NULL, 1, 'mod_articles_news', 1, 0, '{\"catid\":[9],\"image\":0,\"img_intro_full\":\"intro\",\"item_title\":1,\"link_titles\":\"\",\"item_heading\":\"h4\",\"triggerevents\":1,\"showLastSeparator\":1,\"show_introtext\":1,\"readmore\":1,\"count\":12,\"show_featured\":\"\",\"exclude_current\":1,\"ordering\":\"a.publish_up\",\"direction\":1,\"layout\":\"cassiopeia:reviews\",\"moduleclass_sfx\":\"\",\"cache\":1,\"cache_time\":900,\"cachemode\":\"itemid\",\"module_tag\":\"div\",\"bootstrap_size\":\"0\",\"header_tag\":\"h3\",\"header_class\":\"\",\"style\":\"0\"}', 0, '*'),
(121, 138, 'Статьи', '', NULL, 1, 'article', NULL, NULL, NULL, NULL, 1, 'mod_articles_news', 1, 1, '{\"catid\":[10],\"image\":0,\"img_intro_full\":\"intro\",\"item_title\":1,\"link_titles\":\"\",\"item_heading\":\"h4\",\"triggerevents\":1,\"showLastSeparator\":1,\"show_introtext\":1,\"readmore\":1,\"count\":10,\"show_featured\":\"\",\"exclude_current\":1,\"ordering\":\"a.publish_up\",\"direction\":1,\"layout\":\"cassiopeia:carousel\",\"moduleclass_sfx\":\"\",\"cache\":1,\"cache_time\":900,\"cachemode\":\"itemid\",\"module_tag\":\"div\",\"bootstrap_size\":\"0\",\"header_tag\":\"h3\",\"header_class\":\"\",\"style\":\"0\"}', 0, '*'),
(123, 152, 'Получите точный расчет за 3 минуты', '', NULL, 1, 'quizz', NULL, NULL, NULL, NULL, 1, 'mod_quiz', 1, 0, '{\"email\":\"\",\"success\":\"\\u041f\\u0438\\u0441\\u044c\\u043c\\u043e \\u0443\\u0441\\u043f\\u0435\\u0448\\u043d\\u043e \\u043e\\u0442\\u043f\\u0440\\u0430\\u0432\\u043b\\u0435\\u043d\\u043e.\",\"failed\":\"\\u041f\\u0438\\u0441\\u044c\\u043c\\u043e \\u043d\\u0435 \\u043c\\u043e\\u0436\\u0435\\u0442 \\u0431\\u044b\\u0442\\u044c \\u043e\\u0442\\u043f\\u0440\\u0430\\u0432\\u043b\\u0435\\u043d\\u043e.\",\"from_email\":\"\",\"from_name\":\"\",\"subject\":\"\",\"module_tag\":\"div\",\"bootstrap_size\":\"0\",\"header_tag\":\"h3\",\"header_class\":\"\",\"style\":\"0\"}', 0, '*'),
(124, 162, 'Наша команда', '', NULL, 1, 'commando', NULL, NULL, NULL, NULL, 1, 'mod_articles_news', 1, 1, '{\"catid\":[12],\"image\":0,\"img_intro_full\":\"intro\",\"item_title\":1,\"link_titles\":0,\"item_heading\":\"h4\",\"triggerevents\":1,\"showLastSeparator\":1,\"show_introtext\":0,\"readmore\":0,\"count\":5,\"show_featured\":\"\",\"exclude_current\":1,\"ordering\":\"a.publish_up\",\"direction\":1,\"layout\":\"cassiopeia:commando\",\"moduleclass_sfx\":\"\",\"cache\":1,\"cache_time\":900,\"cachemode\":\"itemid\",\"module_tag\":\"div\",\"bootstrap_size\":\"0\",\"header_tag\":\"h3\",\"header_class\":\"\",\"style\":\"0\"}', 0, '*'),
(125, 180, 'Другие работы', '', NULL, 1, 'portfolio', NULL, NULL, NULL, NULL, 1, 'mod_articles_news', 1, 1, '{\"catid\":[13],\"image\":0,\"img_intro_full\":\"intro\",\"item_title\":1,\"link_titles\":1,\"item_heading\":\"h4\",\"triggerevents\":1,\"showLastSeparator\":1,\"show_introtext\":1,\"readmore\":0,\"count\":5,\"show_featured\":\"\",\"exclude_current\":1,\"ordering\":\"a.publish_up\",\"direction\":1,\"layout\":\"cassiopeia:portfolio\",\"moduleclass_sfx\":\"\",\"cache\":1,\"cache_time\":900,\"cachemode\":\"itemid\",\"module_tag\":\"div\",\"bootstrap_size\":\"0\",\"header_tag\":\"h3\",\"header_class\":\"\",\"style\":\"0\"}', 0, '*'),
(126, 181, 'Наши работы', 'Главная', NULL, 1, 'portfolio-main', 680, '2024-06-28 18:36:08', '2023-12-06 18:01:27', NULL, 1, 'mod_articles_news', 1, 1, '{\"catid\":[13],\"image\":0,\"img_intro_full\":\"intro\",\"item_title\":1,\"link_titles\":1,\"item_heading\":\"h4\",\"triggerevents\":1,\"showLastSeparator\":1,\"show_introtext\":1,\"readmore\":0,\"count\":10,\"show_featured\":\"\",\"exclude_current\":1,\"ordering\":\"a.publish_up\",\"direction\":1,\"layout\":\"cassiopeia:portfoliomain\",\"moduleclass_sfx\":\"\",\"cache\":1,\"cache_time\":900,\"cachemode\":\"itemid\",\"module_tag\":\"div\",\"bootstrap_size\":\"0\",\"header_tag\":\"h3\",\"header_class\":\"\",\"style\":\"0\"}', 0, '*'),
(127, 182, 'Категории', '', '', 1, 'main-categories', NULL, NULL, NULL, NULL, 0, 'mod_jshopping_categories', 1, 1, '{\"show_image\":\"1\",\"sort\":\"id\",\"ordering\":\"asc\",\"moduleclass_sfx\":\"\",\"module_tag\":\"div\",\"bootstrap_size\":\"0\",\"header_tag\":\"h3\",\"header_class\":\"\",\"style\":\"0\"}', 0, '*'),
(135, 190, 'Плёнки по назначению', '', '', 1, 'main-categories', NULL, NULL, NULL, NULL, 1, 'mod_wt_quick_links', 1, 1, '{\"fields\":{\"fields0\":{\"link_text\":\"\\u0421\\u043f\\u0430\\u0441\\u0442\\u0438\\u0441\\u044c \\u043e\\u0442 \\u0436\\u0430\\u0440\\u044b\",\"media_type\":\"image\",\"link_image\":\"images\\/shop\\/spastis-ot-zhary.jpg#joomlaImage:\\/\\/local-images\\/shop\\/spastis-ot-zhary.jpg?width=662&height=900\",\"is_responsive_images\":\"0\",\"responsive_images\":[],\"is_responsive_videos\":\"0\",\"link_video\":\"\",\"link_video_poster\":\"\",\"responsive_videos\":[],\"link_icon_css\":\"black\",\"link_additional_text\":\"\",\"use_link\":1,\"link_type\":\"com_jshopping\",\"jshoppingcategories\":\"29\",\"virtuemartcategories\":\"0\",\"contentcategories\":\"11\",\"menuitem\":\"101\",\"custom_link\":\"\",\"com_content_article_id\":\"\",\"file_uri\":\"\",\"exclude\":0,\"exclude_type\":\"com_jshopping_categories\"},\"fields1\":{\"link_text\":\"\\u0421\\u043a\\u0440\\u044b\\u0442\\u044c \\u043e\\u0431\\u0437\\u043e\\u0440 \\u043f\\u043e\\u043c\\u0435\\u0449\\u0435\\u043d\\u0438\\u044f \\u0441\\u043d\\u0430\\u0440\\u0443\\u0436\\u0438\",\"media_type\":\"image\",\"link_image\":\"images\\/shop\\/skryt-obzor-pomeshcheniya.jpg#joomlaImage:\\/\\/local-images\\/shop\\/skryt-obzor-pomeshcheniya.jpg?width=662&height=900\",\"is_responsive_images\":\"0\",\"responsive_images\":[],\"is_responsive_videos\":\"0\",\"link_video\":\"\",\"link_video_poster\":\"\",\"responsive_videos\":[],\"link_icon_css\":\"\",\"link_additional_text\":\"\",\"use_link\":1,\"link_type\":\"com_jshopping\",\"jshoppingcategories\":\"30\",\"virtuemartcategories\":\"0\",\"contentcategories\":\"11\",\"menuitem\":\"101\",\"custom_link\":\"\",\"com_content_article_id\":\"\",\"file_uri\":\"\",\"exclude\":0,\"exclude_type\":\"com_jshopping_categories\"},\"fields2\":{\"link_text\":\"\\u0417\\u043e\\u043d\\u0438\\u0440\\u043e\\u0432\\u0430\\u043d\\u0438\\u0435 \\u043f\\u0440\\u043e\\u0441\\u0442\\u0440\\u0430\\u043d\\u0441\\u0442\\u0432\\u0430\",\"media_type\":\"image\",\"link_image\":\"images\\/shop\\/zonirovanie-prostranstva.jpg#joomlaImage:\\/\\/local-images\\/shop\\/zonirovanie-prostranstva.jpg?width=662&height=900\",\"is_responsive_images\":\"0\",\"responsive_images\":[],\"is_responsive_videos\":\"0\",\"link_video\":\"\",\"link_video_poster\":\"\",\"responsive_videos\":[],\"link_icon_css\":\"\",\"link_additional_text\":\"\",\"use_link\":1,\"link_type\":\"com_jshopping\",\"jshoppingcategories\":\"31\",\"virtuemartcategories\":\"0\",\"contentcategories\":\"11\",\"menuitem\":\"101\",\"custom_link\":\"\",\"com_content_article_id\":\"\",\"file_uri\":\"\",\"exclude\":0,\"exclude_type\":\"com_jshopping_categories\"},\"fields3\":{\"link_text\":\"\\u041f\\u0440\\u043e\\u0442\\u0438\\u0432 \\u0441\\u043e\\u043b\\u043d\\u0435\\u0447\\u043d\\u044b\\u0445 \\u0431\\u043b\\u0438\\u043a\\u043e\\u0432\",\"media_type\":\"image\",\"link_image\":\"images\\/shop\\/protiv-solnechnykh-blikov.jpg#joomlaImage:\\/\\/local-images\\/shop\\/protiv-solnechnykh-blikov.jpg?width=662&height=900\",\"is_responsive_images\":\"0\",\"responsive_images\":[],\"is_responsive_videos\":\"0\",\"link_video\":\"\",\"link_video_poster\":\"\",\"responsive_videos\":[],\"link_icon_css\":\"black\",\"link_additional_text\":\"\",\"use_link\":1,\"link_type\":\"com_jshopping\",\"jshoppingcategories\":\"32\",\"virtuemartcategories\":\"0\",\"contentcategories\":\"11\",\"menuitem\":\"101\",\"custom_link\":\"\",\"com_content_article_id\":\"\",\"file_uri\":\"\",\"exclude\":0,\"exclude_type\":\"com_jshopping_categories\"},\"fields4\":{\"link_text\":\"\\u041e\\u0444\\u043e\\u0440\\u043c\\u043b\\u0435\\u043d\\u0438\\u0435 \\u0438\\u043d\\u0442\\u0435\\u0440\\u044c\\u0435\\u0440\\u0430 \\u0438 \\u044d\\u043a\\u0441\\u0442\\u0435\\u0440\\u044c\\u0435\\u0440\\u0430\",\"media_type\":\"image\",\"link_image\":\"images\\/shop\\/oformlenie-interera-i-eksterera.jpg#joomlaImage:\\/\\/local-images\\/shop\\/oformlenie-interera-i-eksterera.jpg?width=662&height=900\",\"is_responsive_images\":\"0\",\"responsive_images\":[],\"is_responsive_videos\":\"0\",\"link_video\":\"\",\"link_video_poster\":\"\",\"responsive_videos\":[],\"link_icon_css\":\"\",\"link_additional_text\":\"\",\"use_link\":1,\"link_type\":\"com_jshopping\",\"jshoppingcategories\":\"33\",\"virtuemartcategories\":\"0\",\"contentcategories\":\"11\",\"menuitem\":\"101\",\"custom_link\":\"\",\"com_content_article_id\":\"\",\"file_uri\":\"\",\"exclude\":0,\"exclude_type\":\"com_jshopping_categories\"},\"fields5\":{\"link_text\":\"\\u0418\\u0437\\u0431\\u0435\\u0436\\u0430\\u0442\\u044c \\u0432\\u044b\\u0433\\u043e\\u0440\\u0430\\u043d\\u0438\\u044f \\u0432\\u0435\\u0449\\u0435\\u0439\",\"media_type\":\"image\",\"link_image\":\"images\\/shop\\/izbezhat-vygoraniya-veshchej.jpg#joomlaImage:\\/\\/local-images\\/shop\\/izbezhat-vygoraniya-veshchej.jpg?width=662&height=900\",\"is_responsive_images\":\"0\",\"responsive_images\":[],\"is_responsive_videos\":\"0\",\"link_video\":\"\",\"link_video_poster\":\"\",\"responsive_videos\":[],\"link_icon_css\":\"black\",\"link_additional_text\":\"\",\"use_link\":1,\"link_type\":\"com_jshopping\",\"jshoppingcategories\":\"34\",\"virtuemartcategories\":\"0\",\"contentcategories\":\"11\",\"menuitem\":\"101\",\"custom_link\":\"\",\"com_content_article_id\":\"\",\"file_uri\":\"\",\"exclude\":0,\"exclude_type\":\"com_jshopping_categories\"},\"fields6\":{\"link_text\":\"\\u0417\\u0430\\u0449\\u0438\\u0442\\u0430 \\u043e\\u0442 \\u0443\\u0434\\u0430\\u0440\\u043e\\u0432 \\u0438 \\u0432\\u0437\\u043b\\u043e\\u043c\\u043e\\u0432\",\"media_type\":\"image\",\"link_image\":\"images\\/shop\\/zashchita-ot-udarov.jpg#joomlaImage:\\/\\/local-images\\/shop\\/zashchita-ot-udarov.jpg?width=662&height=900\",\"is_responsive_images\":\"0\",\"responsive_images\":[],\"is_responsive_videos\":\"0\",\"link_video\":\"\",\"link_video_poster\":\"\",\"responsive_videos\":[],\"link_icon_css\":\"\",\"link_additional_text\":\"\",\"use_link\":1,\"link_type\":\"com_jshopping\",\"jshoppingcategories\":\"35\",\"virtuemartcategories\":\"0\",\"contentcategories\":\"11\",\"menuitem\":\"101\",\"custom_link\":\"\",\"com_content_article_id\":\"\",\"file_uri\":\"\",\"exclude\":0,\"exclude_type\":\"com_jshopping_categories\"}},\"layout\":\"cassiopeia:main\",\"moduleclass_sfx\":\"\",\"cache\":1,\"cache_time\":900,\"cachemode\":\"static\",\"module_tag\":\"div\",\"bootstrap_size\":\"0\",\"header_tag\":\"h3\",\"header_class\":\"\",\"style\":\"0\"}', 0, '*'),
(136, 209, 'Телефон в шапке', '', '<a href=\"tel:88007074972\">8 800 707-49-72</a>', 1, 'topbar', NULL, NULL, NULL, NULL, 1, 'mod_custom', 1, 1, '{\"prepare_content\":0,\"backgroundimage\":\"\",\"layout\":\"cassiopeia:naked\",\"moduleclass_sfx\":\"\",\"cache\":1,\"cache_time\":900,\"cachemode\":\"static\",\"module_tag\":\"div\",\"bootstrap_size\":\"0\",\"header_tag\":\"h3\",\"header_class\":\"\",\"style\":\"0\"}', 0, '*'),
(137, 210, 'Мессенджеры в шапке', '', '<a class=\"search_button\" href=\"javascript:void;\">\r\n	<img src=\"images/search_button.svg\" alt=\"Поиск\" />\r\n</a>\r\n<a class=\"soc_link\" href=\"tel:88007074972\">\r\n	<img src=\"images/social-icons/phone.svg\" alt=\"Позвонить\">\r\n</a>\r\n<a class=\"soc_link mob_hid\" href=\"whatsapp://send?phone=+78005055245\">\r\n	<img src=\"images/social-icons/whatsapp.svg\" alt=\"Написать в Whatsapp\">\r\n</a>\r\n<a class=\"soc_link\" href=\"https://t.me/+78005055245\">\r\n	<img src=\"images/social-icons/telegram.svg\" alt=\"Написать в Telegram\">\r\n</a>\r\n<a class=\"soc_link mob_hid\" href=\"viber://chat?number=%2B78005055245\">\r\n	<img src=\"images/social-icons/viber.svg\" alt=\"Написать в Viber\">\r\n</a> \r\n<a class=\"hdr_menu_switcher_link menu-toggler d-flex d-lg-none\" href=\"javascript:void;\" rel=\"nofollow\" data-backdrop=\"click\" data-target=\".mobile_menu\" data-side=\"left\">\r\n	<span class=\"menu-toggler__bar\"></span>\r\n	<span class=\"menu-toggler__bar\"></span>\r\n	<span class=\"menu-toggler__bar\"></span>\r\n</a>', 1, 'below-top', NULL, NULL, NULL, NULL, 1, 'mod_custom', 1, 0, '{\"prepare_content\":0,\"backgroundimage\":\"\",\"layout\":\"cassiopeia:naked\",\"moduleclass_sfx\":\"\",\"cache\":1,\"cache_time\":900,\"cachemode\":\"static\",\"module_tag\":\"div\",\"bootstrap_size\":\"0\",\"header_tag\":\"h3\",\"header_class\":\"\",\"style\":\"0\"}', 0, '*'),
(138, 211, 'Выбор города', '', '', 1, 'city-mail', NULL, NULL, '2024-03-21 01:02:17', NULL, 1, 'mod_ru_cities', 1, 1, '{\"txt1\":\"\\u0412\\u0430\\u0448 \\u043d\\u0430\\u0441\\u0435\\u043b\\u0435\\u043d\\u043d\\u044b\\u0439 \\u043f\\u0443\\u043d\\u043a\\u0442\",\"txt2\":\"\\u0423\\u043a\\u0430\\u0436\\u0438\\u0442\\u0435 \\u0441\\u0432\\u043e\\u0439 \\u0433\\u043e\\u0440\\u043e\\u0434\",\"txt3\":\"\\u041e\\u0442 \\u044d\\u0442\\u043e\\u0433\\u043e \\u0437\\u0430\\u0432\\u0438\\u0441\\u0438\\u0442 \\u0441\\u0442\\u043e\\u0438\\u043c\\u043e\\u0441\\u0442\\u044c \\u0434\\u043e\\u0441\\u0442\\u0430\\u0432\\u043a\\u0438 \\u0438 \\u0432\\u0430\\u0440\\u0438\\u0430\\u043d\\u0442\\u044b \\u043e\\u043f\\u043b\\u0430\\u0442\\u044b \\u0432 \\u0432\\u0430\\u0448 \\u0440\\u0435\\u0433\\u0438\\u043e\\u043d\",\"moduleclass_sfx\":\"\",\"cache\":\"1\",\"cache_time\":\"900\",\"cachemode\":\"static\",\"module_tag\":\"div\",\"bootstrap_size\":\"0\",\"header_tag\":\"h3\",\"header_class\":\"\",\"style\":\"0\"}', 0, '*'),
(139, 212, 'E-mail в шапке', '', '<a class=\"hdr-mail\" href=\"mailto:info@plenkaokna.ru\"><span>info@plenkaokna.ru</span></a>', 1, 'city-mail', NULL, NULL, NULL, NULL, 1, 'mod_custom', 1, 0, '{\"prepare_content\":0,\"backgroundimage\":\"\",\"layout\":\"cassiopeia:naked\",\"moduleclass_sfx\":\"\",\"cache\":1,\"cache_time\":900,\"cachemode\":\"static\",\"module_tag\":\"div\",\"bootstrap_size\":\"0\",\"header_tag\":\"h3\",\"header_class\":\"\",\"style\":\"0\"}', 0, '*'),
(140, 228, 'Каталог / Услуги', '', NULL, 1, 'cat', NULL, NULL, NULL, NULL, 1, 'mod_menu', 1, 0, '{\"menutype\":\"catservice\",\"base\":\"\",\"startLevel\":1,\"endLevel\":0,\"showAllChildren\":1,\"tag_id\":\"\",\"class_sfx\":\"\",\"window_open\":\"\",\"layout\":\"cassiopeia:catservice\",\"moduleclass_sfx\":\"\",\"cache\":1,\"cache_time\":900,\"cachemode\":\"itemid\",\"module_tag\":\"div\",\"bootstrap_size\":\"0\",\"header_tag\":\"h3\",\"header_class\":\"\",\"style\":\"0\"}', 0, '*'),
(141, 244, 'Контакты в подвале', '', '<div class=\"ftr_phone\">\r\n	<a href=\"tel:88007074972\">8 800 707-49-72</a>\r\n</div>\r\n<div class=\"ftr_schedule\">Ежедневно 8:00 — 20:00</div>\r\n<div class=\"ftr_mail\">\r\n	<a href=\"mailto:info@plenkaokna.ru\">info@plenkaokna.ru</a>\r\n</div>\r\n<div class=\"ftr_ip d-none d-md-block\">ИП Кивенко Андрей Сергеевич</div>', 1, 'footer1', NULL, NULL, NULL, NULL, 1, 'mod_custom', 1, 1, '{\"prepare_content\":0,\"backgroundimage\":\"\",\"layout\":\"cassiopeia:naked\",\"moduleclass_sfx\":\"\",\"cache\":1,\"cache_time\":900,\"cachemode\":\"static\",\"module_tag\":\"div\",\"bootstrap_size\":\"0\",\"header_tag\":\"h3\",\"header_class\":\"\",\"style\":\"0\"}', 0, '*'),
(142, 245, 'Главное меню', 'Подвал', NULL, 1, 'footer2', NULL, NULL, NULL, NULL, 1, 'mod_menu', 1, 1, '{\"menutype\":\"mainmenu\",\"base\":\"\",\"startLevel\":1,\"endLevel\":1,\"showAllChildren\":0,\"tag_id\":\"\",\"class_sfx\":\"\",\"window_open\":\"\",\"layout\":\"cassiopeia:footer\",\"moduleclass_sfx\":\"\",\"cache\":1,\"cache_time\":900,\"cachemode\":\"itemid\",\"module_tag\":\"div\",\"bootstrap_size\":\"0\",\"header_tag\":\"h3\",\"header_class\":\"\",\"style\":\"0\"}', 0, '*'),
(143, 246, 'Каталог / Услуги', 'Подвал - Каталог', NULL, 1, 'footer3', NULL, NULL, NULL, NULL, 1, 'mod_menu', 1, 1, '{\"menutype\":\"catservice\",\"base\":119,\"startLevel\":2,\"endLevel\":2,\"showAllChildren\":0,\"tag_id\":\"\",\"class_sfx\":\"\",\"window_open\":\"\",\"layout\":\"cassiopeia:footer\",\"moduleclass_sfx\":\"\",\"cache\":1,\"cache_time\":900,\"cachemode\":\"itemid\",\"module_tag\":\"div\",\"bootstrap_size\":\"0\",\"header_tag\":\"h3\",\"header_class\":\"\",\"style\":\"0\"}', 0, '*'),
(144, 247, 'Каталог / Услуги', 'Подвал - Услуги', NULL, 1, 'footer3', NULL, NULL, NULL, NULL, 1, 'mod_menu', 1, 1, '{\"menutype\":\"catservice\",\"base\":135,\"startLevel\":2,\"endLevel\":2,\"showAllChildren\":0,\"tag_id\":\"\",\"class_sfx\":\"\",\"window_open\":\"\",\"layout\":\"cassiopeia:footer\",\"moduleclass_sfx\":\"\",\"cache\":1,\"cache_time\":900,\"cachemode\":\"itemid\",\"module_tag\":\"div\",\"bootstrap_size\":\"0\",\"header_tag\":\"h3\",\"header_class\":\"\",\"style\":\"0\"}', 0, '*'),
(145, 253, 'Социальные иконки', '', '<div class=\"social-icons social-ftr-icons\">\r\n    <a class=\"soc_link\" href=\"tel:+78005055245\">\r\n        <img src=\"/images/social-icons/phone.svg\" alt=\"Позвонить\" />\r\n    </a>\r\n    <a class=\"soc_link mob_hid\" href=\"whatsapp://send?phone=+78005055245\">\r\n        <img src=\"/images/social-icons/whatsapp.svg\" alt=\"Написать в Whatsapp\" />\r\n    </a>\r\n    <a class=\"soc_link\" href=\"https://t.me/+78005055245\">\r\n        <img src=\"/images/social-icons/telegram.svg\" alt=\"Написать в Telegram\" />\r\n    </a>\r\n    <a class=\"soc_link mob_hid\" href=\"viber://chat?number=%2B78005055245\">\r\n        <img src=\"/images/social-icons/viber.svg\" alt=\"Написать в Viber\" />\r\n    </a>\r\n</div>', 1, 'footer4', NULL, NULL, NULL, NULL, 1, 'mod_custom', 1, 0, '{\"prepare_content\":0,\"backgroundimage\":\"\",\"layout\":\"cassiopeia:naked\",\"moduleclass_sfx\":\"\",\"cache\":1,\"cache_time\":900,\"cachemode\":\"static\",\"module_tag\":\"div\",\"bootstrap_size\":\"0\",\"header_tag\":\"h3\",\"header_class\":\"\",\"style\":\"0\"}', 0, '*'),
(146, 254, 'Политика / Соглашение', 'Подвал - Услуги', NULL, 1, 'footer4', NULL, NULL, NULL, NULL, 1, 'mod_menu', 1, 1, '{\"menutype\":\"agree-politic\",\"base\":\"\",\"startLevel\":1,\"endLevel\":1,\"showAllChildren\":0,\"tag_id\":\"\",\"class_sfx\":\"\",\"window_open\":\"\",\"layout\":\"cassiopeia:footer\",\"moduleclass_sfx\":\"\",\"cache\":1,\"cache_time\":900,\"cachemode\":\"itemid\",\"module_tag\":\"div\",\"bootstrap_size\":\"0\",\"header_tag\":\"h3\",\"header_class\":\"\",\"style\":\"0\"}', 0, '*'),
(147, 255, 'Другие статьи', '', NULL, 1, 'article-in', NULL, NULL, NULL, NULL, 1, 'mod_articles_news', 1, 1, '{\"catid\":[10],\"image\":0,\"img_intro_full\":\"intro\",\"item_title\":1,\"link_titles\":\"\",\"item_heading\":\"h4\",\"triggerevents\":1,\"showLastSeparator\":1,\"show_introtext\":1,\"readmore\":1,\"count\":10,\"show_featured\":\"\",\"exclude_current\":0,\"ordering\":\"a.publish_up\",\"direction\":1,\"layout\":\"cassiopeia:carousel\",\"moduleclass_sfx\":\"\",\"cache\":1,\"cache_time\":900,\"cachemode\":\"itemid\",\"module_tag\":\"div\",\"bootstrap_size\":\"0\",\"header_tag\":\"h3\",\"header_class\":\"\",\"style\":\"0\"}', 0, '*'),
(148, 256, 'SimpleForm2', '', '', 1, '', NULL, NULL, NULL, NULL, 0, 'mod_simpleform2', 1, 1, '', 0, '*'),
(149, 257, 'Связаться с нами', '', NULL, 1, 'fos', NULL, NULL, NULL, NULL, 1, 'mod_simpleform2', 1, 1, '{\"domainKey\":\"\",\"sfMailSubj\":\"\\u0417\\u0430\\u044f\\u0432\\u043a\\u0430 \\u0441 \\u0441\\u0430\\u0439\\u0442\\u0430\",\"sfMailTo\":\"9307080416@mail.ru\",\"sfMailReply\":\"info@plenkaokna.ru\",\"simpleCode\":\"{form}\\r\\n    <div class=\\\"sf2-form-group\\\">\\r\\n\\t\\t{element placeholder=\\\"\\u0412\\u0430\\u0448\\u0435 \\u0438\\u043c\\u044f\\\" type=\\\"text\\\" required=\\\"required\\\" error=\\\"\\u0412\\u0432\\u0435\\u0434\\u0438\\u0442\\u0435 \\u043f\\u043e\\u0436\\u0430\\u043b\\u0443\\u0439\\u0441\\u0442\\u0430 \\u0432\\u0430\\u0448\\u0435 \\u0438\\u043c\\u044f\\\"\\/}\\r\\n\\t<\\/div>\\r\\n\\t<div class=\\\"sf2-form-group\\\">\\r\\n\\t\\t{element placeholder=\\\"\\u0412\\u0430\\u0448 \\u0442\\u0435\\u043b\\u0435\\u0444\\u043e\\u043d\\\" type=\\\"tel\\\" required=\\\"required\\\" error=\\\"\\u0412\\u0432\\u0435\\u0434\\u0438\\u0442\\u0435 \\u043f\\u043e\\u0436\\u0430\\u043b\\u0443\\u0439\\u0441\\u0442\\u0430 \\u0432\\u0430\\u0448 \\u0442\\u0435\\u043b\\u0435\\u0444\\u043e\\u043d\\\"\\/}\\r\\n\\t<\\/div>\\r\\n\\t<div class=\\\"sf2-form-group\\\">\\r\\n\\t\\t{element type=\\\"submit\\\" value=\\\"\\u041e\\u0442\\u043f\\u0440\\u0430\\u0432\\u0438\\u0442\\u044c\\\"\\/}\\r\\n\\t<\\/div>\\r\\n{\\/form}\",\"sfLayout\":\"blocks\",\"sfStyle\":\"default\",\"sfLayoutMode\":\"full-width\",\"okText\":\"<b>\\u0421\\u043f\\u0430\\u0441\\u0438\\u0431\\u043e \\u0437\\u0430 \\u0432\\u0430\\u0448\\u0435 \\u0441\\u043e\\u043e\\u0431\\u0449\\u0435\\u043d\\u0438\\u0435!<\\/b><p>\\u041c\\u044b \\u0441\\u043a\\u043e\\u0440\\u043e \\u0441 \\u0432\\u0430\\u043c\\u0438 \\u0441\\u0432\\u044f\\u0436\\u0435\\u043c\\u0441\\u044f \\u043f\\u043e \\u0442\\u0435\\u043c \\u043a\\u043e\\u043d\\u0442\\u0430\\u043a\\u0442\\u043d\\u044b\\u043c \\u0434\\u0430\\u043d\\u043d\\u044b\\u043c, \\u043a\\u043e\\u0442\\u043e\\u0440\\u044b\\u0435 \\u0432\\u044b \\u0443\\u043a\\u0430\\u0437\\u0430\\u043b\\u0438.<\\/p>\",\"moduleclass_sfx\":\"\",\"loadScriptsMode\":\"body\",\"userCheckFunc\":\"\",\"userResultFunc\":\"\",\"layout\":\"_:default\",\"cache\":\"0\",\"cache_time\":\"900\",\"cachemode\":\"itemid\",\"ip_detect_method\":\"REMOTE_ADDR\",\"recordForms\":\"0\",\"module_tag\":\"div\",\"bootstrap_size\":\"0\",\"header_tag\":\"h3\",\"header_class\":\"\",\"style\":\"0\"}', 0, '*'),
(150, 261, 'Более 100 партнёров', '', '<div class=\"about-mdl-header\">\r\n  <div class=\"title\">Более 100 партнёров</div>\r\n  <div class=\"page-header\">По всей россии</div>\r\n</div>\r\n<img class=\"map-about\" src=\"images/map-about.png\" loading=\"lazy\" alt=\"map-about\" />\r\n<div class=\"about-mdl-footer\">\r\n  <ul class=\"list-check list-white\">\r\n      <li><p>Выгодные <span>условия</span></p></li>\r\n      <li><p>Налаженный <span>сервис</span></p></li>\r\n      <li><p>Маркетинговая <span>поддержка</span></p></li>\r\n  </ul>\r\n <div class=\"about-button-box\">\r\n 	<button class=\"sf2-callBtn\" data-formid=\"simpleForm2_152\">Стать партнёром</button>\r\n    <a class=\"topLink\" href=\"#about-vakansia\">Вакансии</a>\r\n  </div>\r\n</div>', 1, 'about-partner', NULL, NULL, NULL, NULL, 1, 'mod_custom', 1, 0, '{\"prepare_content\":0,\"backgroundimage\":\"\",\"layout\":\"cassiopeia:about-partner\",\"moduleclass_sfx\":\"\",\"cache\":1,\"cache_time\":900,\"cachemode\":\"static\",\"module_tag\":\"div\",\"bootstrap_size\":\"0\",\"header_tag\":\"h3\",\"header_class\":\"\",\"style\":\"0\"}', 0, '*'),
(151, 262, 'Стать партнёром', '', NULL, 1, 'debug', NULL, NULL, '2024-01-14 17:52:03', NULL, -2, 'mod_simpleform2', 1, 1, '{\"domainKey\":\"\",\"sfMailSubj\":\"\",\"sfMailTo\":\"admin@yoursite.com\",\"sfMailReply\":\"\",\"simpleCode\":\"{form title=\\\"\\u0421\\u0442\\u0430\\u0442\\u044c \\u043f\\u0430\\u0440\\u0442\\u043d\\u0435\\u0440\\u043e\\u043c\\\" description=\\\"\\u0417\\u0430\\u043f\\u043e\\u043b\\u043d\\u0438\\u0442\\u0435 \\u043f\\u043e\\u0436\\u0430\\u043b\\u0443\\u0439\\u0441\\u0442\\u0430 \\u0432\\u0441\\u0435 \\u043d\\u0435\\u043e\\u0431\\u0445\\u043e\\u0434\\u0438\\u043c\\u044b\\u0435 \\u043f\\u043e\\u043b\\u044f\\\" type=\\\"popup\\\"}\\r\\n    <div class=\\\"sf2-form-group\\\">\\r\\n\\t\\t{element label=\\\"\\u0412\\u0430\\u0448\\u0435 \\u0438\\u043c\\u044f\\\" type=\\\"text\\\" required=\\\"required\\\" error=\\\"\\u0412\\u0432\\u0435\\u0434\\u0438\\u0442\\u0435 \\u043f\\u043e\\u0436\\u0430\\u043b\\u0443\\u0439\\u0441\\u0442\\u0430 \\u0432\\u0430\\u0448\\u0435 \\u0438\\u043c\\u044f\\\"\\/}\\r\\n\\t<\\/div>\\r\\n\\t<div class=\\\"sf2-form-group\\\">\\r\\n\\t\\t{element label=\\\"\\u0412\\u0430\\u0448 e-mail\\\" type=\\\"email\\\" required=\\\"required\\\" error=\\\"\\u0412\\u0432\\u0435\\u0434\\u0438\\u0442\\u0435 \\u043f\\u043e\\u0436\\u0430\\u043b\\u0443\\u0439\\u0441\\u0442\\u0430 \\u0432\\u0430\\u0448 e-mail\\\"\\/}\\r\\n\\t<\\/div>\\r\\n\\t<div class=\\\"sf2-form-group\\\">\\r\\n\\t\\t{element label=\\\"\\u0412\\u0430\\u0448\\u0435 \\u0441\\u043e\\u043e\\u0431\\u0449\\u0435\\u043d\\u0438\\u0435\\\" type=\\\"textarea\\\" required=\\\"required\\\" error=\\\"\\u0412\\u0432\\u0435\\u0434\\u0438\\u0442\\u0435 \\u043f\\u043e\\u0436\\u0430\\u043b\\u0443\\u0439\\u0441\\u0442\\u0430 \\u0432\\u0430\\u0448\\u0435 \\u0441\\u043e\\u043e\\u0431\\u0449\\u0435\\u043d\\u0438\\u0435\\\"\\/}\\r\\n\\t<\\/div>\\r\\n\\t<div class=\\\"sf2-form-group\\\">\\r\\n\\t\\t{element  type=\\\"checkbox\\\" required=\\\"required\\\" error=\\\"\\u0414\\u043b\\u044f \\u043e\\u0442\\u043f\\u0440\\u0430\\u0432\\u043a\\u0438 \\u0434\\u0430\\u043d\\u043d\\u044b\\u0445 \\u0432\\u044b \\u0434\\u043e\\u043b\\u0436\\u043d\\u044b \\u0434\\u0430\\u0442\\u044c \\u0441\\u043e\\u0433\\u043b\\u0430\\u0441\\u0438\\u0435 \\u043d\\u0430 \\u0438\\u0445 \\u043e\\u0431\\u0440\\u0430\\u0431\\u043e\\u0442\\u043a\\u0443\\\" send-in-email=\\\"no\\\"}\\r\\n\\t\\t\\t{option label=\\\"\\u0414\\u0430\\u044e \\u0441\\u043e\\u0433\\u043b\\u0430\\u0441\\u0438\\u0435 \\u043d\\u0430 \\u043e\\u0431\\u0440\\u0430\\u0431\\u043e\\u0442\\u043a\\u0443 \\u043f\\u0435\\u0440\\u0441\\u043e\\u043d\\u0430\\u043b\\u044c\\u043d\\u044b\\u0445 \\u0434\\u0430\\u043d\\u043d\\u044b\\u0445\\\" value=\\\"ok\\\"\\/}\\r\\n\\t\\t{\\/element}\\r\\n\\t<\\/div>\\r\\n\\t<div class=\\\"sf2-form-group\\\">\\r\\n\\t\\t{element type=\\\"submit\\\" value=\\\"\\u041e\\u0442\\u043f\\u0440\\u0430\\u0432\\u0438\\u0442\\u044c\\\"\\/}\\r\\n\\t<\\/div>\\r\\n{\\/form}\\r\\n{caller}\\u0421\\u0442\\u0430\\u0442\\u044c \\u043f\\u0430\\u0440\\u0442\\u043d\\u0451\\u0440\\u043e\\u043c{\\/caller}\",\"sfLayout\":\"blocks\",\"sfStyle\":\"default\",\"sfLayoutMode\":\"full-width\",\"okText\":\"<b>\\u0421\\u043f\\u0430\\u0441\\u0438\\u0431\\u043e \\u0437\\u0430 \\u0432\\u0430\\u0448\\u0435 \\u0441\\u043e\\u043e\\u0431\\u0449\\u0435\\u043d\\u0438\\u0435!<\\/b><p>\\u041c\\u044b \\u0441\\u043a\\u043e\\u0440\\u043e \\u0441 \\u0432\\u0430\\u043c\\u0438 \\u0441\\u0432\\u044f\\u0436\\u0435\\u043c\\u0441\\u044f \\u043f\\u043e \\u0442\\u0435\\u043c \\u043a\\u043e\\u043d\\u0442\\u0430\\u043a\\u0442\\u043d\\u044b\\u043c \\u0434\\u0430\\u043d\\u043d\\u044b\\u043c, \\u043a\\u043e\\u0442\\u043e\\u0440\\u044b\\u0435 \\u0432\\u044b \\u0443\\u043a\\u0430\\u0437\\u0430\\u043b\\u0438.<\\/p>\",\"moduleclass_sfx\":\"\",\"loadScriptsMode\":\"body\",\"userCheckFunc\":\"\",\"userResultFunc\":\"\",\"layout\":\"_:default\",\"cache\":\"0\",\"cache_time\":\"900\",\"cachemode\":\"itemid\",\"ip_detect_method\":\"REMOTE_ADDR\",\"recordForms\":\"0\",\"module_tag\":\"div\",\"bootstrap_size\":\"0\",\"header_tag\":\"h3\",\"header_class\":\"\",\"style\":\"0\"}', 0, '*'),
(152, 263, 'Стать партнёром', '', NULL, 1, 'debug-double', NULL, NULL, NULL, NULL, 1, 'mod_simpleform2', 1, 1, '{\"domainKey\":\"\",\"sfMailSubj\":\"\\u0421\\u0442\\u0430\\u0442\\u044c \\u043f\\u0430\\u0440\\u0442\\u043d\\u0451\\u0440\\u043e\\u043c\",\"sfMailTo\":\"9307080416@mail.ru\",\"sfMailReply\":\"info@plenkaokna.ru\",\"simpleCode\":\"{form title=\\\"\\u0421\\u0442\\u0430\\u0442\\u044c \\u043f\\u0430\\u0440\\u0442\\u043d\\u0451\\u0440\\u043e\\u043c\\\" description=\\\"\\u0417\\u0430\\u043f\\u043e\\u043b\\u043d\\u0438\\u0442\\u0435 \\u043f\\u043e\\u0436\\u0430\\u043b\\u0443\\u0439\\u0441\\u0442\\u0430 \\u0432\\u0441\\u0435 \\u043d\\u0435\\u043e\\u0431\\u0445\\u043e\\u0434\\u0438\\u043c\\u044b\\u0435 \\u043f\\u043e\\u043b\\u044f\\\" type=\\\"popup\\\"}\\r\\n    <div class=\\\"sf2-form-group\\\">\\r\\n\\t\\t{element placeholder=\\\"\\u0412\\u0430\\u0448\\u0435 \\u0438\\u043c\\u044f\\\" type=\\\"text\\\" required=\\\"required\\\" error=\\\"\\u0412\\u0432\\u0435\\u0434\\u0438\\u0442\\u0435 \\u043f\\u043e\\u0436\\u0430\\u043b\\u0443\\u0439\\u0441\\u0442\\u0430 \\u0432\\u0430\\u0448\\u0435 \\u0438\\u043c\\u044f\\\"\\/}\\r\\n\\t<\\/div>\\r\\n\\t<div class=\\\"sf2-form-group\\\">\\r\\n\\t\\t{element placeholder=\\\"\\u0412\\u0430\\u0448 \\u0442\\u0435\\u043b\\u0435\\u0444\\u043e\\u043d\\\" type=\\\"tel\\\" required=\\\"required\\\" error=\\\"\\u0412\\u0432\\u0435\\u0434\\u0438\\u0442\\u0435 \\u043f\\u043e\\u0436\\u0430\\u043b\\u0443\\u0439\\u0441\\u0442\\u0430 \\u0432\\u0430\\u0448 \\u0442\\u0435\\u043b\\u0435\\u0444\\u043e\\u043d\\\"\\/}\\r\\n\\t<\\/div>\\r\\n\\t<div class=\\\"sf2-form-group\\\">\\r\\n\\t\\t{element placeholder=\\\"\\u0412\\u0430\\u0448 e-mail\\\" type=\\\"email\\\" required=\\\"required\\\" error=\\\"\\u0412\\u0432\\u0435\\u0434\\u0438\\u0442\\u0435 \\u043f\\u043e\\u0436\\u0430\\u043b\\u0443\\u0439\\u0441\\u0442\\u0430 \\u0432\\u0430\\u0448 e-mail\\\"\\/}\\r\\n\\t<\\/div>\\r\\n\\t<div class=\\\"sf2-form-group\\\">\\r\\n\\t\\t{element placeholder=\\\"\\u0412\\u0430\\u0448\\u0435 \\u0441\\u043e\\u043e\\u0431\\u0449\\u0435\\u043d\\u0438\\u0435\\\" type=\\\"textarea\\\" required=\\\"required\\\" error=\\\"\\u0412\\u0432\\u0435\\u0434\\u0438\\u0442\\u0435 \\u043f\\u043e\\u0436\\u0430\\u043b\\u0443\\u0439\\u0441\\u0442\\u0430 \\u0432\\u0430\\u0448\\u0435 \\u0441\\u043e\\u043e\\u0431\\u0449\\u0435\\u043d\\u0438\\u0435\\\"\\/}\\r\\n\\t<\\/div>\\r\\n\\t<div class=\\\"sf2-form-group\\\">\\r\\n\\t\\t{element  type=\\\"checkbox\\\" required=\\\"required\\\" error=\\\"\\u0414\\u043b\\u044f \\u043e\\u0442\\u043f\\u0440\\u0430\\u0432\\u043a\\u0438 \\u0434\\u0430\\u043d\\u043d\\u044b\\u0445 \\u0432\\u044b \\u0434\\u043e\\u043b\\u0436\\u043d\\u044b \\u0434\\u0430\\u0442\\u044c \\u0441\\u043e\\u0433\\u043b\\u0430\\u0441\\u0438\\u0435 \\u043d\\u0430 \\u0438\\u0445 \\u043e\\u0431\\u0440\\u0430\\u0431\\u043e\\u0442\\u043a\\u0443\\\" send-in-email=\\\"no\\\"}\\r\\n\\t\\t\\t{option label=\\\"\\u0414\\u0430\\u044e \\u0441\\u043e\\u0433\\u043b\\u0430\\u0441\\u0438\\u0435 \\u043d\\u0430 \\u043e\\u0431\\u0440\\u0430\\u0431\\u043e\\u0442\\u043a\\u0443 \\u043f\\u0435\\u0440\\u0441\\u043e\\u043d\\u0430\\u043b\\u044c\\u043d\\u044b\\u0445 \\u0434\\u0430\\u043d\\u043d\\u044b\\u0445\\\" value=\\\"ok\\\"\\/}\\r\\n\\t\\t{\\/element}\\r\\n\\t<\\/div>\\r\\n\\t<div class=\\\"sf2-form-group\\\">\\r\\n\\t\\t{element type=\\\"submit\\\" value=\\\"\\u041e\\u0442\\u043f\\u0440\\u0430\\u0432\\u0438\\u0442\\u044c\\\"\\/}\\r\\n\\t<\\/div>\\r\\n{\\/form}\",\"sfLayout\":\"blocks\",\"sfStyle\":\"default\",\"sfLayoutMode\":\"full-width\",\"okText\":\"<b>\\u0421\\u043f\\u0430\\u0441\\u0438\\u0431\\u043e \\u0437\\u0430 \\u0432\\u0430\\u0448\\u0435 \\u0441\\u043e\\u043e\\u0431\\u0449\\u0435\\u043d\\u0438\\u0435!<\\/b><p>\\u041c\\u044b \\u0441\\u043a\\u043e\\u0440\\u043e \\u0441 \\u0432\\u0430\\u043c\\u0438 \\u0441\\u0432\\u044f\\u0436\\u0435\\u043c\\u0441\\u044f \\u043f\\u043e \\u0442\\u0435\\u043c \\u043a\\u043e\\u043d\\u0442\\u0430\\u043a\\u0442\\u043d\\u044b\\u043c \\u0434\\u0430\\u043d\\u043d\\u044b\\u043c, \\u043a\\u043e\\u0442\\u043e\\u0440\\u044b\\u0435 \\u0432\\u044b \\u0443\\u043a\\u0430\\u0437\\u0430\\u043b\\u0438.<\\/p>\",\"moduleclass_sfx\":\"\",\"loadScriptsMode\":\"body\",\"userCheckFunc\":\"\",\"userResultFunc\":\"\",\"layout\":\"_:default\",\"cache\":\"0\",\"cache_time\":\"900\",\"cachemode\":\"itemid\",\"ip_detect_method\":\"REMOTE_ADDR\",\"recordForms\":\"0\",\"module_tag\":\"div\",\"bootstrap_size\":\"0\",\"header_tag\":\"h3\",\"header_class\":\"\",\"style\":\"0\"}', 0, '*'),
(153, 264, 'Партнерам', '', '<div class=\"col-12 col-xxl-6\">\r\n	<div class=\"partner-item\">\r\n		<p>Мы вынуждены отталкиваться от того, что сплочённость команды профессионалов предполагает независимые способы реализации своевременного выполнения сверхзадачи. И нет сомнений, что действия представителей оппозиции ограничены исключительно образом мышления.</p>\r\n		<p>Безусловно, убеждённость некоторых оппонентов однозначно определяет каждого участника как способного принимать собственные решения касаемо соответствующих условий активизации. Как принято считать, интерактивные прототипы преданы социально-демократической анафеме. Значимость этих проблем настолько очевидна, что глубокий уровень погружения однозначно определяет каждого участника как способного принимать собственные решения касаемо первоочередных требований. Задача организации, в особенности же экономическая повестка сегодняшнего дня однозначно фиксирует необходимость укрепления моральных ценностей!</p>\r\n		<p>Для современного мира высококачественный прототип будущего проекта требует от нас анализа экспериментов, поражающих по своей масштабности и грандиозности.</p>\r\n	</div>\r\n</div>\r\n<div class=\"col-12 col-xxl-6\">\r\n	<div class=\"partner-item\">\r\n		<div class=\"row row-partner-icon\">\r\n			<div class=\"col-12 col-md-6\">\r\n				<div class=\"partner-item\">\r\n					<img src=\"images/partner/1.svg\" alt=\"partner\" />\r\n					<p>Мы предлагаем гибкие условия партнерства и единую ценовую политику.</p>\r\n				</div>\r\n			</div>\r\n			<div class=\"col-12 col-md-6\">\r\n				<div class=\"partner-item\">\r\n					<img src=\"images/partner/2.svg\" alt=\"partner\" />\r\n					<p>Мы – надежный партнер и готовы к любым видам сотрудничества.</p>\r\n				</div>\r\n			</div>\r\n			<div class=\"col-12 col-md-6\">\r\n				<div class=\"partner-item\">\r\n					<img src=\"images/partner/3.svg\" alt=\"partner\" />\r\n					<p>Мы проводим обучающие тренинги по продаже тонировки и обеспечиваем наших партнёров всем необходимым.</p>\r\n				</div>\r\n			</div>\r\n			<div class=\"col-12 col-md-6\">\r\n				<div class=\"partner-item\">\r\n					<img src=\"images/partner/4.svg\" alt=\"partner\" />\r\n					<p>Мы ценим наших клиентов и работаем индивидуально с каждым.</p>\r\n				</div>\r\n			</div>\r\n		</div>\r\n	</div>\r\n</div>', 1, 'for-partner', NULL, NULL, NULL, NULL, 1, 'mod_custom', 1, 0, '{\"prepare_content\":0,\"backgroundimage\":\"\",\"layout\":\"cassiopeia:partner\",\"moduleclass_sfx\":\"\",\"cache\":1,\"cache_time\":900,\"cachemode\":\"static\",\"module_tag\":\"div\",\"bootstrap_size\":\"0\",\"header_tag\":\"h3\",\"header_class\":\"\",\"style\":\"0\"}', 0, '*');
INSERT INTO `umk07_modules` (`id`, `asset_id`, `title`, `note`, `content`, `ordering`, `position`, `checked_out`, `checked_out_time`, `publish_up`, `publish_down`, `published`, `module`, `access`, `showtitle`, `params`, `client_id`, `language`) VALUES
(154, 268, 'Оставить отзыв', '', NULL, 1, 'reviews-button', NULL, NULL, NULL, NULL, 1, 'mod_simpleform2', 1, 1, '{\"domainKey\":\"\",\"sfMailSubj\":\"\\u041e\\u0442\\u0437\\u044b\\u0432 \\u0441 \\u0441\\u0430\\u0439\\u0442\\u0430\",\"sfMailTo\":\"9307080416@mail.ru\",\"sfMailReply\":\"info@plenkaokna.ru\",\"simpleCode\":\"{form title=\\\"\\u041e\\u0441\\u0442\\u0430\\u0432\\u0438\\u0442\\u044c \\u043e\\u0442\\u0437\\u044b\\u0432\\\" description=\\\"\\u0417\\u0430\\u043f\\u043e\\u043b\\u043d\\u0438\\u0442\\u0435 \\u043f\\u043e\\u0436\\u0430\\u043b\\u0443\\u0439\\u0441\\u0442\\u0430 \\u0432\\u0441\\u0435 \\u043d\\u0435\\u043e\\u0431\\u0445\\u043e\\u0434\\u0438\\u043c\\u044b\\u0435 \\u043f\\u043e\\u043b\\u044f\\\" type=\\\"popup\\\"}\\r\\n    <div class=\\\"sf2-form-group\\\">\\r\\n\\t\\t{element placeholder=\\\"\\u0412\\u0430\\u0448\\u0435 \\u0438\\u043c\\u044f\\\" type=\\\"text\\\" required=\\\"required\\\" error=\\\"\\u0412\\u0432\\u0435\\u0434\\u0438\\u0442\\u0435 \\u043f\\u043e\\u0436\\u0430\\u043b\\u0443\\u0439\\u0441\\u0442\\u0430 \\u0432\\u0430\\u0448\\u0435 \\u0438\\u043c\\u044f\\\"\\/}\\r\\n\\t<\\/div>\\r\\n\\t<div class=\\\"sf2-form-group\\\">\\r\\n\\t\\t{element placeholder=\\\"\\u0412\\u0430\\u0448 e-mail\\\" type=\\\"email\\\" required=\\\"required\\\" error=\\\"\\u0412\\u0432\\u0435\\u0434\\u0438\\u0442\\u0435 \\u043f\\u043e\\u0436\\u0430\\u043b\\u0443\\u0439\\u0441\\u0442\\u0430 \\u0432\\u0430\\u0448 e-mail\\\"\\/}\\r\\n\\t<\\/div>\\r\\n\\t<div class=\\\"sf2-form-group\\\">\\r\\n\\t\\t{element placeholder=\\\"\\u0412\\u0430\\u0448\\u0435 \\u0441\\u043e\\u043e\\u0431\\u0449\\u0435\\u043d\\u0438\\u0435\\\" type=\\\"textarea\\\" required=\\\"required\\\" error=\\\"\\u0412\\u0432\\u0435\\u0434\\u0438\\u0442\\u0435 \\u043f\\u043e\\u0436\\u0430\\u043b\\u0443\\u0439\\u0441\\u0442\\u0430 \\u0432\\u0430\\u0448\\u0435 \\u0441\\u043e\\u043e\\u0431\\u0449\\u0435\\u043d\\u0438\\u0435\\\"\\/}\\r\\n\\t<\\/div>\\r\\n\\t<div class=\\\"sf2-form-group\\\">\\r\\n\\t\\t{element  type=\\\"checkbox\\\" required=\\\"required\\\" error=\\\"\\u0414\\u043b\\u044f \\u043e\\u0442\\u043f\\u0440\\u0430\\u0432\\u043a\\u0438 \\u0434\\u0430\\u043d\\u043d\\u044b\\u0445 \\u0432\\u044b \\u0434\\u043e\\u043b\\u0436\\u043d\\u044b \\u0434\\u0430\\u0442\\u044c \\u0441\\u043e\\u0433\\u043b\\u0430\\u0441\\u0438\\u0435 \\u043d\\u0430 \\u0438\\u0445 \\u043e\\u0431\\u0440\\u0430\\u0431\\u043e\\u0442\\u043a\\u0443\\\" send-in-email=\\\"no\\\"}\\r\\n\\t\\t\\t{option label=\\\"\\u0414\\u0430\\u044e \\u0441\\u043e\\u0433\\u043b\\u0430\\u0441\\u0438\\u0435 \\u043d\\u0430 \\u043e\\u0431\\u0440\\u0430\\u0431\\u043e\\u0442\\u043a\\u0443 \\u043f\\u0435\\u0440\\u0441\\u043e\\u043d\\u0430\\u043b\\u044c\\u043d\\u044b\\u0445 \\u0434\\u0430\\u043d\\u043d\\u044b\\u0445\\\" value=\\\"ok\\\"\\/}\\r\\n\\t\\t{\\/element}\\r\\n\\t<\\/div>\\r\\n\\t<div class=\\\"sf2-form-group\\\">\\r\\n\\t\\t{element type=\\\"submit\\\" value=\\\"\\u041e\\u0442\\u043f\\u0440\\u0430\\u0432\\u0438\\u0442\\u044c\\\"\\/}\\r\\n\\t<\\/div>\\r\\n{\\/form}\\r\\n{caller}\\u041e\\u0441\\u0442\\u0430\\u0432\\u0438\\u0442\\u044c \\u043e\\u0442\\u0437\\u044b\\u0432{\\/caller}\",\"sfLayout\":\"blocks\",\"sfStyle\":\"default\",\"sfLayoutMode\":\"full-width\",\"okText\":\"<b>\\u0421\\u043f\\u0430\\u0441\\u0438\\u0431\\u043e \\u0437\\u0430 \\u0432\\u0430\\u0448\\u0435 \\u0441\\u043e\\u043e\\u0431\\u0449\\u0435\\u043d\\u0438\\u0435!<\\/b><p>\\u041c\\u044b \\u0441\\u043a\\u043e\\u0440\\u043e \\u0441 \\u0432\\u0430\\u043c\\u0438 \\u0441\\u0432\\u044f\\u0436\\u0435\\u043c\\u0441\\u044f \\u043f\\u043e \\u0442\\u0435\\u043c \\u043a\\u043e\\u043d\\u0442\\u0430\\u043a\\u0442\\u043d\\u044b\\u043c \\u0434\\u0430\\u043d\\u043d\\u044b\\u043c, \\u043a\\u043e\\u0442\\u043e\\u0440\\u044b\\u0435 \\u0432\\u044b \\u0443\\u043a\\u0430\\u0437\\u0430\\u043b\\u0438.<\\/p>\",\"moduleclass_sfx\":\"\",\"loadScriptsMode\":\"body\",\"userCheckFunc\":\"\",\"userResultFunc\":\"\",\"layout\":\"_:default\",\"cache\":\"0\",\"cache_time\":\"900\",\"cachemode\":\"itemid\",\"ip_detect_method\":\"REMOTE_ADDR\",\"recordForms\":\"0\",\"module_tag\":\"div\",\"bootstrap_size\":\"0\",\"header_tag\":\"h3\",\"header_class\":\"\",\"style\":\"0\"}', 0, '*'),
(155, 269, 'Бесплатно', 'Главный экран', '<div class=\"free-header\">\r\n	<div class=\"free-title\">Бесплатно</div>\r\n	<div class=\"free-sub-title\">Мойка стёкол роботом с наружной стороны <span>при заказе тонировки в нашей компании<sup>*</sup></span></div>\r\n</div>\r\n<div class=\"free-save-jshop\">\r\n	<div class=\"free-save-title\">Сэкономим время и деньги</div>\r\n	<div class=\"row\">\r\n		<div class=\"col-6\">\r\n			<div class=\"items\">\r\n				<div class=\"free-blue\">3 000 ₽</div>\r\n				<div class=\"info\">за один вызов <span>клининговой службы</span></div>\r\n			</div>\r\n		</div>\r\n		<div class=\"col-6\">\r\n			<div class=\"items\">\r\n				<div class=\"free-blue\">3 часа</div>\r\n				<div class=\"info\">необходимые для <span>мытья окон и балконов</span></div>\r\n			</div>\r\n		</div>\r\n	</div>\r\n</div>\r\n<div class=\"free-desc\">Робот мойщик окон способен чистить стекла любой толщины и различные стеклянные поверхности, такие как зеркала, стеклянные перегородки и двери. Универсальная салфетка из микрофибры, эффективно собирает и удерживает пыль, не оставляет царапин и эффективнее промывает углы.</div>\r\n<div class=\"free-button\">\r\n	<a href=\"#\">Заказать тонировку</a>\r\n	<p>при условии, что такая <span>возможность существует.</span></p>\r\n</div>', 1, 'banner-free', NULL, NULL, NULL, NULL, 1, 'mod_custom', 1, 1, '{\"prepare_content\":0,\"backgroundimage\":\"images\\/banners\\/banner-free.jpg#joomlaImage:\\/\\/local-images\\/banners\\/banner-free.jpg?width=1326&height=600\",\"layout\":\"cassiopeia:jshoopdesc\",\"moduleclass_sfx\":\"\",\"cache\":1,\"cache_time\":900,\"cachemode\":\"static\",\"module_tag\":\"div\",\"bootstrap_size\":\"0\",\"header_tag\":\"h3\",\"header_class\":\"\",\"style\":\"0\"}', 0, '*'),
(156, 270, 'Выбор города My City Selector MOD', '', '', 1, 'city-mail', NULL, NULL, '2024-03-21 00:48:28', NULL, 0, 'mod_mycityselector', 1, 0, '{\"dialog_title\":\"\\u041f\\u043e\\u0436\\u0430\\u043b\\u0443\\u0439\\u0441\\u0442\\u0430, \\u0432\\u044b\\u0431\\u0435\\u0440\\u0438\\u0442\\u0435 \\u0432\\u0430\\u0448 \\u0433\\u043e\\u0440\\u043e\\u0434\",\"cities_list_type\":\"0\",\"layout\":\"_:default\",\"moduleclass_sfx\":\"\",\"text_before\":\"\",\"text_after\":\"\",\"cache\":\"0\",\"cache_time\":\"900\",\"module_tag\":\"div\",\"bootstrap_size\":\"0\",\"header_tag\":\"h3\",\"header_class\":\"\",\"style\":\"0\"}', 0, '*'),
(157, 271, 'MyCitySelector Admin Menu', '', '', 1000, 'menu', NULL, NULL, NULL, NULL, 1, 'mod_mycityselector_admin_menu', 1, 1, '{\"layout\":\"_:default\",\"module_tag\":\"div\",\"bootstrap_size\":\"0\",\"header_tag\":\"h3\",\"header_class\":\"\",\"style\":\"0\"}', 1, '*'),
(158, 273, 'Рассчитать стоимость', '', NULL, 1, 'debug-double', NULL, NULL, '2024-03-24 05:37:28', NULL, 1, 'mod_simpleform2', 1, 1, '{\"domainKey\":\"\",\"sfMailSubj\":\"\\u0420\\u0430\\u0441\\u0441\\u0447\\u0438\\u0442\\u0430\\u0442\\u044c \\u0441\\u0442\\u043e\\u0438\\u043c\\u043e\\u0441\\u0442\\u044c\",\"sfMailTo\":\"9307080416@mail.ru\",\"sfMailReply\":\"info@plenkaokna.ru\",\"simpleCode\":\"{form title=\\\"\\u0420\\u0430\\u0441\\u0441\\u0447\\u0438\\u0442\\u0430\\u0442\\u044c \\u0441\\u0442\\u043e\\u0438\\u043c\\u043e\\u0441\\u0442\\u044c\\\" description=\\\"\\u0417\\u0430\\u043f\\u043e\\u043b\\u043d\\u0438\\u0442\\u0435 \\u043f\\u043e\\u0436\\u0430\\u043b\\u0443\\u0439\\u0441\\u0442\\u0430 \\u0432\\u0441\\u0435 \\u043d\\u0435\\u043e\\u0431\\u0445\\u043e\\u0434\\u0438\\u043c\\u044b\\u0435 \\u043f\\u043e\\u043b\\u044f\\\" type=\\\"popup\\\"}\\r\\n    <div class=\\\"sf2-form-group\\\">\\r\\n\\t\\t{element placeholder=\\\"\\u0412\\u0430\\u0448\\u0435 \\u0438\\u043c\\u044f\\\" type=\\\"text\\\" required=\\\"required\\\" error=\\\"\\u0412\\u0432\\u0435\\u0434\\u0438\\u0442\\u0435 \\u043f\\u043e\\u0436\\u0430\\u043b\\u0443\\u0439\\u0441\\u0442\\u0430 \\u0432\\u0430\\u0448\\u0435 \\u0438\\u043c\\u044f\\\"\\/}\\r\\n\\t<\\/div>\\r\\n\\t<div class=\\\"sf2-form-group\\\">\\r\\n\\t\\t{element placeholder=\\\"\\u0412\\u0430\\u0448 \\u0442\\u0435\\u043b\\u0435\\u0444\\u043e\\u043d\\\" type=\\\"tel\\\" required=\\\"required\\\" error=\\\"\\u0412\\u0432\\u0435\\u0434\\u0438\\u0442\\u0435 \\u043f\\u043e\\u0436\\u0430\\u043b\\u0443\\u0439\\u0441\\u0442\\u0430 \\u0432\\u0430\\u0448 \\u0442\\u0435\\u043b\\u0435\\u0444\\u043e\\u043d\\\"\\/}\\r\\n\\t<\\/div>\\r\\n\\t<div class=\\\"sf2-form-group\\\">\\r\\n\\t\\t{element type=\\\"submit\\\" value=\\\"\\u041e\\u0442\\u043f\\u0440\\u0430\\u0432\\u0438\\u0442\\u044c\\\"\\/}\\r\\n\\t<\\/div>\\r\\n{\\/form}\",\"sfLayout\":\"blocks\",\"sfStyle\":\"default\",\"sfLayoutMode\":\"full-width\",\"okText\":\"<b>\\u0421\\u043f\\u0430\\u0441\\u0438\\u0431\\u043e \\u0437\\u0430 \\u0432\\u0430\\u0448\\u0435 \\u0441\\u043e\\u043e\\u0431\\u0449\\u0435\\u043d\\u0438\\u0435!<\\/b><p>\\u041c\\u044b \\u0441\\u043a\\u043e\\u0440\\u043e \\u0441 \\u0432\\u0430\\u043c\\u0438 \\u0441\\u0432\\u044f\\u0436\\u0435\\u043c\\u0441\\u044f \\u043f\\u043e \\u0442\\u0435\\u043c \\u043a\\u043e\\u043d\\u0442\\u0430\\u043a\\u0442\\u043d\\u044b\\u043c \\u0434\\u0430\\u043d\\u043d\\u044b\\u043c, \\u043a\\u043e\\u0442\\u043e\\u0440\\u044b\\u0435 \\u0432\\u044b \\u0443\\u043a\\u0430\\u0437\\u0430\\u043b\\u0438.<\\/p>\",\"moduleclass_sfx\":\"\",\"loadScriptsMode\":\"body\",\"userCheckFunc\":\"\",\"userResultFunc\":\"\",\"layout\":\"_:default\",\"cache\":\"0\",\"cache_time\":\"900\",\"cachemode\":\"itemid\",\"ip_detect_method\":\"REMOTE_ADDR\",\"recordForms\":\"0\",\"module_tag\":\"div\",\"bootstrap_size\":\"0\",\"header_tag\":\"h3\",\"header_class\":\"\",\"style\":\"0\"}', 0, '*');

-- --------------------------------------------------------

--
-- Структура таблицы `umk07_modules_menu`
--

CREATE TABLE `umk07_modules_menu` (
  `moduleid` int(11) NOT NULL DEFAULT 0,
  `menuid` int(11) NOT NULL DEFAULT 0
) ENGINE=InnoDB DEFAULT CHARSET=utf8mb4 COLLATE=utf8mb4_unicode_ci;

--
-- Дамп данных таблицы `umk07_modules_menu`
--

INSERT INTO `umk07_modules_menu` (`moduleid`, `menuid`) VALUES
(1, 0),
(2, 0),
(3, 0),
(4, 0),
(6, 0),
(7, 0),
(8, 0),
(9, 0),
(10, 0),
(12, 0),
(14, 0),
(15, 0),
(16, 0),
(17, -101),
(79, 0),
(86, 0),
(87, 0),
(88, 0),
(89, 0),
(90, 0),
(91, 0),
(92, 0),
(93, 0),
(94, 0),
(95, 0),
(96, 0),
(97, 0),
(98, 0),
(99, 0),
(100, 0),
(101, 0),
(102, 0),
(103, 0),
(104, 0),
(105, 0),
(106, 0),
(107, 0),
(108, 0),
(109, 0),
(110, 0),
(111, 0),
(112, 0),
(113, 0),
(114, 0),
(115, -121),
(115, -120),
(116, 119),
(116, 120),
(116, 121),
(117, 0),
(118, 0),
(119, 0),
(120, 0),
(121, 0),
(123, 0),
(124, 0),
(125, 0),
(126, 0),
(127, 0),
(135, 0),
(136, 0),
(137, 0),
(138, 0),
(139, 0),
(140, 0),
(141, 0),
(142, 0),
(143, 0),
(144, 0),
(145, 0),
(146, 0),
(147, 0),
(149, 0),
(150, 0),
(151, 0),
(152, 129),
(153, 0),
(154, 0),
(155, 0),
(156, 0),
(157, 0),
(158, 0);

-- --------------------------------------------------------

--
-- Структура таблицы `umk07_mycityselector_cities`
--

CREATE TABLE `umk07_mycityselector_cities` (
  `id` int(11) NOT NULL,
  `country_id` int(11) DEFAULT NULL,
  `province_id` int(11) DEFAULT NULL,
  `subdomain` varchar(80) NOT NULL,
  `post_index` varchar(10) NOT NULL DEFAULT '',
  `lat` decimal(10,8) DEFAULT NULL,
  `lng` decimal(11,8) DEFAULT NULL,
  `published` tinyint(1) NOT NULL DEFAULT 0,
  `ordering` int(11) DEFAULT NULL
) ENGINE=InnoDB DEFAULT CHARSET=utf8 COLLATE=utf8_general_ci;

--
-- Дамп данных таблицы `umk07_mycityselector_cities`
--

INSERT INTO `umk07_mycityselector_cities` (`id`, `country_id`, `province_id`, `subdomain`, `post_index`, `lat`, `lng`, `published`, `ordering`) VALUES
(1, 1, 44, 'majkop', '365000', NULL, NULL, 0, 81),
(2, 1, 46, 'ufa', '450000', NULL, NULL, 0, 174),
(3, 1, 46, 'sterlitamak', '453100', NULL, NULL, 0, 160),
(4, 1, 46, 'salavat', '453160', NULL, NULL, 0, 143),
(5, 1, 46, 'neftekamsk', '452680', NULL, NULL, 0, 97),
(6, 1, 46, 'oktyabrskij', '452600', NULL, NULL, 0, 118),
(7, 1, 47, 'ulan-ude', '670000', NULL, NULL, 0, 171),
(8, 1, 48, 'mahachkala', '367000', NULL, NULL, 0, 82),
(9, 1, 48, 'hasavyurt', '368000', NULL, NULL, 0, 176),
(10, 1, 48, 'derbent', '368600', NULL, NULL, 0, 38),
(11, 1, 48, 'kaspijsk', '367000', NULL, NULL, 0, 59),
(12, 1, 49, 'nazran', '386100', NULL, NULL, 0, 93),
(13, 1, 15, 'nalchik', '360000', NULL, NULL, 0, 94),
(14, 1, 50, 'elista', '358000', NULL, NULL, 0, 186),
(15, 1, 19, 'cherkessk', '369000', NULL, NULL, 0, 181),
(16, 1, 51, 'petrozavodsk', '185000', NULL, NULL, 0, 128),
(17, 1, 52, 'syktyvkar', '167000', NULL, NULL, 0, 163),
(18, 1, 53, 'simferopol', '295400', NULL, NULL, 0, 154),
(19, 1, 53, 'kerch', '298300', NULL, NULL, 0, 61),
(20, 1, 53, 'evpatoriya', '297400', NULL, NULL, 0, 43),
(21, 1, 54, 'joshkar-ola', '424000', NULL, NULL, 0, 53),
(22, 1, 55, 'saransk', '430000', NULL, NULL, 0, 147),
(23, 1, 57, 'vladikavkaz', '362000', NULL, NULL, 0, 28),
(24, 1, 58, 'kazan', '420000', NULL, NULL, 0, 54),
(25, 1, 58, 'naberezhnye-chelny', '423800', NULL, NULL, 0, 92),
(26, 1, 58, 'nizhnekamsk', '423500', NULL, NULL, 0, 100),
(27, 1, 58, 'almetevsk', '423400', NULL, NULL, 0, 2),
(28, 1, 59, 'kyzyl', '667000', NULL, NULL, 0, 75),
(29, 1, 76, 'izhevsk', '426000', NULL, NULL, 0, 51),
(30, 1, 60, 'abakan', '665000', NULL, NULL, 0, 1),
(31, 1, 81, 'groznyj', '364000', NULL, NULL, 0, 37),
(32, 1, 82, 'cheboksary', '428000', NULL, NULL, 0, 178),
(33, 1, 82, 'novocheboksarsk', '429000', NULL, NULL, 0, 109),
(34, 1, 1, 'barnaul', '656000', NULL, NULL, 0, 13),
(35, 1, 1, 'bijsk', '659300', NULL, NULL, 0, 18),
(36, 1, 1, 'rubtsovsk', '658200', NULL, NULL, 0, 140),
(37, 1, 12, 'chita', '672000', NULL, NULL, 0, 182),
(38, 1, 18, 'petropavlovsk-kamchatskij', '683000', NULL, NULL, 0, 129),
(39, 1, 23, 'krasnodar', '350000', NULL, NULL, 1, 71),
(40, 1, 23, 'sochi', '354000', NULL, NULL, 1, 157),
(41, 1, 23, 'novorossijsk', '353900', NULL, NULL, 0, 107),
(42, 1, 23, 'armavir', '352000', NULL, NULL, 0, 5),
(43, 1, 24, 'krasnoyarsk', '660000', NULL, NULL, 0, 72),
(44, 1, 24, 'norilsk', '663300', NULL, NULL, 0, 114),
(45, 1, 24, 'achinsk', '662000', NULL, NULL, 0, 9),
(46, 1, 41, 'perm', '614000', NULL, NULL, 0, 127),
(47, 1, 41, 'berezniki', '618', NULL, NULL, 0, 17),
(48, 1, 42, 'vladivostok', '690000', NULL, NULL, 0, 27),
(49, 1, 42, 'ussurijsk', '692000', NULL, NULL, 0, 173),
(50, 1, 42, 'nahodka', '692900', NULL, NULL, 0, 95),
(51, 1, 42, 'artem', '692700', NULL, NULL, 0, 6),
(52, 1, 70, 'stavropol', '355000', NULL, NULL, 0, 158),
(53, 1, 70, 'pyatigorsk', '357500', NULL, NULL, 0, 136),
(54, 1, 70, 'kislovodsk', '357700', NULL, NULL, 0, 63),
(55, 1, 70, 'nevinnomyssk', '357100', NULL, NULL, 0, 96),
(56, 1, 70, 'essentuki', '357600', NULL, NULL, 0, 46),
(57, 1, 78, 'habarovsk', '680000', NULL, NULL, 0, 175),
(58, 1, 78, 'komsomolsk-na-amure', '681000', NULL, NULL, 0, 66),
(59, 1, 2, 'blagoveschensk', '675000', NULL, NULL, 0, 19),
(60, 1, 3, 'arhangelsk', '163000', NULL, NULL, 0, 7),
(61, 1, 3, 'severodvinsk', '164500', NULL, NULL, 0, 150),
(62, 1, 4, 'astrahan', '414000', NULL, NULL, 0, 8),
(63, 1, 5, 'belgorod', '308000', NULL, NULL, 0, 15),
(64, 1, 5, 'staryj-oskol', '309500', NULL, NULL, 0, 159),
(65, 1, 6, 'bryansk', '241000', NULL, NULL, 0, 24),
(66, 1, 7, 'vladimir', '600000', NULL, NULL, 0, 29),
(67, 1, 7, 'kovrov', '601900', NULL, NULL, 0, 64),
(68, 1, 7, 'murom', '602200', NULL, NULL, 0, 90),
(69, 1, 8, 'volgograd', '400000', NULL, NULL, 0, 30),
(70, 1, 8, 'volzhskij', '404100', NULL, NULL, 0, 32),
(71, 1, 8, 'kamyshin', '0', NULL, NULL, 0, 58),
(72, 1, 9, 'cherepovets', '0', NULL, NULL, 0, 180),
(73, 1, 9, 'vologda', '0', NULL, NULL, 0, 33),
(74, 1, 10, 'voronezh', '0', NULL, NULL, 0, 34),
(75, 1, 13, 'ivanovo', '0', NULL, NULL, 0, 50),
(76, 1, 14, 'irkutsk', '0', NULL, NULL, 0, 52),
(77, 1, 14, 'bratsk', '0', NULL, NULL, 0, 22),
(78, 1, 14, 'angarsk', '0', NULL, NULL, 0, 3),
(79, 1, 16, 'kaliningrad', '0', NULL, NULL, 0, 55),
(80, 1, 17, 'kaluga', '0', NULL, NULL, 0, 56),
(81, 1, 17, 'obninsk', '0', NULL, NULL, 0, 116),
(82, 1, 20, 'novokuznetsk', '0', NULL, NULL, 0, 103),
(83, 1, 20, 'kemerovo', '0', NULL, NULL, 0, 60),
(84, 1, 20, 'prokopevsk', '0', NULL, NULL, 0, 133),
(85, 1, 21, 'kirov', '0', NULL, NULL, 0, 62),
(86, 1, 22, 'kostroma', '0', NULL, NULL, 0, 69),
(87, 1, 25, 'kurgan', '0', NULL, NULL, 0, 73),
(88, 1, 26, 'kursk', '0', NULL, NULL, 0, 74),
(89, 1, 27, 'sankt-peterburg', '0', NULL, NULL, 0, 145),
(90, 1, 28, 'lipetsk', '0', NULL, NULL, 0, 77),
(91, 1, 28, 'elets', '0', NULL, NULL, 0, 45),
(92, 1, 29, 'magadan', '0', NULL, NULL, 0, 79),
(93, 1, 31, 'balashiha', '0', NULL, NULL, 0, 11),
(94, 1, 31, 'himki', '0', NULL, NULL, 0, 177),
(95, 1, 31, 'podolsk', '0', NULL, NULL, 0, 131),
(96, 1, 31, 'korolev', '0', NULL, NULL, 0, 68),
(97, 1, 31, 'lyubertsy', '0', NULL, NULL, 0, 78),
(98, 1, 31, 'mytischi', '0', NULL, NULL, 0, 91),
(99, 1, 31, 'elektrostal', '0', NULL, NULL, 0, 185),
(100, 1, 31, 'kolomna', '0', NULL, NULL, 0, 65),
(101, 1, 31, 'odintsovo', '0', NULL, NULL, 0, 117),
(102, 1, 31, 'krasnogorsk', '0', NULL, NULL, 0, 70),
(103, 1, 31, 'serpuhov', '0', NULL, NULL, 0, 153),
(104, 1, 31, 'orehovo-zuevo', '0', NULL, NULL, 0, 122),
(105, 1, 31, 'schelkovo', '0', NULL, NULL, 0, 184),
(106, 1, 31, 'domodedovo', '0', NULL, NULL, 0, 42),
(107, 1, 31, 'zhukovskij', '0', NULL, NULL, 0, 48),
(108, 1, 31, 'sergiev-posad', '0', NULL, NULL, 0, 152),
(109, 1, 31, 'pushkino', '0', NULL, NULL, 0, 135),
(110, 1, 31, 'ramenskoe', '0', NULL, NULL, 0, 137),
(111, 1, 31, 'noginsk', '0', NULL, NULL, 0, 113),
(112, 1, 31, 'dolgoprudnyj', '0', NULL, NULL, 0, 41),
(113, 1, 32, 'murmansk', '0', NULL, NULL, 0, 89),
(114, 1, 34, 'nizhnij-novgorod', '0', NULL, NULL, 0, 101),
(115, 1, 34, 'dzerzhinsk', '0', NULL, NULL, 0, 39),
(116, 1, 34, 'arzamas', '0', NULL, NULL, 0, 4),
(117, 1, 35, 'velikij-novgorod', '0', NULL, NULL, 0, 25),
(118, 1, 36, 'novosibirsk', '0', NULL, NULL, 0, 108),
(119, 1, 36, 'berdsk', '0', NULL, NULL, 0, 16),
(120, 1, 37, 'omsk', '0', NULL, NULL, 0, 119),
(121, 1, 38, 'orenburg', '0', NULL, NULL, 0, 121),
(122, 1, 38, 'orsk', '0', NULL, NULL, 0, 123),
(123, 1, 39, 'orel', '0', NULL, NULL, 0, 120),
(124, 1, 40, 'penza', '0', NULL, NULL, 0, 125),
(125, 1, 43, 'pskov', '0', NULL, NULL, 0, 134),
(126, 1, 61, 'rostov-na-donu', '0', NULL, NULL, 0, 139),
(127, 1, 61, 'taganrog', '0', NULL, NULL, 0, 164),
(128, 1, 61, 'shahty', '0', NULL, NULL, 0, 183),
(129, 1, 61, 'novocherkassk', '0', NULL, NULL, 0, 110),
(130, 1, 61, 'volgodonsk', '0', NULL, NULL, 0, 31),
(131, 1, 61, 'batajsk', '0', NULL, NULL, 0, 14),
(132, 1, 61, 'novoshahtinsk', '0', NULL, NULL, 0, 111),
(133, 1, 62, 'ryazan', '0', NULL, NULL, 0, 142),
(134, 1, 63, 'samara', '0', NULL, NULL, 0, 144),
(135, 1, 63, 'tolyatti', '0', NULL, NULL, 0, 167),
(136, 1, 63, 'syzran', '0', NULL, NULL, 0, 162),
(137, 1, 63, 'novokujbyshevsk', '0', NULL, NULL, 0, 104),
(138, 1, 65, 'saratov', '0', NULL, NULL, 0, 148),
(139, 1, 65, 'engels', '0', NULL, NULL, 0, 187),
(140, 1, 65, 'balakovo', '0', NULL, NULL, 0, 10),
(141, 1, 66, 'yuzhno-sahalinsk', '0', NULL, NULL, 0, 188),
(142, 1, 67, 'ekaterinburg', '0', NULL, NULL, 0, 44),
(143, 1, 67, 'nizhnij-tagil', '0', NULL, NULL, 0, 102),
(144, 1, 67, 'kamensk-uralskij', '0', NULL, NULL, 0, 57),
(145, 1, 67, 'pervouralsk', '0', NULL, NULL, 0, 126),
(146, 1, 69, 'smolensk', '0', NULL, NULL, 0, 155),
(147, 1, 71, 'tambov', '0', NULL, NULL, 0, 165),
(148, 1, 72, 'tver', '0', NULL, NULL, 0, 166),
(149, 1, 73, 'tomsk', '0', NULL, NULL, 0, 168),
(150, 1, 73, 'seversk', '0', NULL, NULL, 0, 151),
(151, 1, 74, 'tula', '0', NULL, NULL, 0, 169),
(152, 1, 74, 'novomoskovsk', '0', NULL, NULL, 0, 105),
(153, 1, 75, 'tyumen', '0', NULL, NULL, 0, 170),
(154, 1, 77, 'ulyanovsk', '0', NULL, NULL, 0, 172),
(155, 1, 77, 'dimitrovgrad', '0', NULL, NULL, 0, 40),
(156, 1, 80, 'chelyabinsk', '0', NULL, NULL, 0, 179),
(157, 1, 80, 'magnitogorsk', '0', NULL, NULL, 0, 80),
(158, 1, 80, 'zlatoust', '0', NULL, NULL, 0, 49),
(159, 1, 80, 'miass', '0', NULL, NULL, 0, 83),
(160, 1, 80, 'kopejsk', '0', NULL, NULL, 0, 67),
(161, 1, 85, 'yaroslavl', '0', NULL, NULL, 0, 189),
(162, 1, 85, 'rybinsk', '0', NULL, NULL, 0, 141),
(163, 1, 30, 'moskva', '0', NULL, NULL, 0, 88),
(164, 1, 64, 'sankt-peterburg', '0', NULL, NULL, 0, 146),
(165, 1, 79, 'surgut', '0', NULL, NULL, 0, 161),
(166, 1, 79, 'nizhnevartovsk', '0', NULL, NULL, 0, 99),
(167, 1, 79, 'nefteyugansk', '0', NULL, NULL, 0, 98),
(168, 1, 84, 'novyj-urengoj', '0', NULL, NULL, 0, 112),
(169, 1, 84, 'noyabrsk', '0', NULL, NULL, 0, 115),
(170, 2, 90, 'minsk', '0', NULL, NULL, 0, 84),
(171, 2, 86, 'brest', '0', NULL, NULL, 0, 23),
(172, 2, 86, 'baranovichi', '0', NULL, NULL, 0, 12),
(173, 2, 86, 'pinsk', '0', NULL, NULL, 0, 130),
(174, 2, 87, 'vitebsk', '0', NULL, NULL, 0, 26),
(175, 2, 87, 'orsha', '0', NULL, NULL, 0, 124),
(176, 2, 87, 'novopolotsk', '0', NULL, NULL, 0, 106),
(177, 2, 87, 'polotsk', '0', NULL, NULL, 0, 132),
(178, 2, 88, 'gomel', '0', NULL, NULL, 0, 35),
(179, 2, 88, 'mozyr', '0', NULL, NULL, 0, 86),
(180, 2, 88, 'zhlobin', '0', NULL, NULL, 0, 47),
(181, 2, 88, 'svetlogorsk', '0', NULL, NULL, 0, 149),
(182, 2, 88, 'rechitsa', '0', NULL, NULL, 0, 138),
(183, 2, 89, 'grodno', '0', NULL, NULL, 0, 36),
(184, 2, 89, 'lida', '0', NULL, NULL, 0, 76),
(185, 2, 91, 'borisov', '0', NULL, NULL, 0, 21),
(186, 2, 91, 'soligorsk', '0', NULL, NULL, 0, 156),
(187, 2, 91, 'molodechno', '0', NULL, NULL, 0, 87),
(188, 2, 92, 'mogilev', '0', NULL, NULL, 0, 85),
(189, 2, 92, 'bobrujsk', '0', NULL, NULL, 0, 20),
(190, 4, 120, 'uralsk', '0', NULL, NULL, 0, 190),
(191, 4, 120, 'aksay', '0', NULL, NULL, 0, 191),
(192, 4, 120, 'taskala', '0', NULL, NULL, 0, 192),
(193, 4, 121, 'aktobe', '0', NULL, NULL, 0, 193),
(194, 4, 121, 'hromtau', '0', NULL, NULL, 0, 194),
(195, 4, 121, 'martuk', '0', NULL, NULL, 0, 195),
(196, 4, 121, 'kandyagash', '0', NULL, NULL, 0, 196),
(197, 4, 123, 'kostanay', '0', NULL, NULL, 0, 197),
(198, 4, 123, 'rudniy', '0', NULL, NULL, 0, 198),
(199, 4, 123, 'jitikara', '0', NULL, NULL, 0, 199),
(200, 4, 123, 'arkalyk', '0', NULL, NULL, 0, 200),
(201, 4, 124, 'petropavlovsk', '0', NULL, NULL, 0, 201),
(202, 4, 124, 'novoishimskoe', '0', NULL, NULL, 0, 202),
(203, 4, 125, 'pavlodar', '0', NULL, NULL, 0, 203),
(204, 4, 126, 'ekibastuz', '0', NULL, NULL, 0, 204),
(205, 4, 126, 'ust-kamenogorsk', '0', NULL, NULL, 0, 205),
(206, 4, 126, 'Semey', '0', NULL, NULL, 0, 206),
(207, 4, 122, 'karaganda', '0', NULL, NULL, 0, 207),
(208, 4, 122, 'jezkazgan', '0', NULL, NULL, 0, 208),
(209, 4, 122, 'balhash', '0', NULL, NULL, 0, 209),
(210, 4, 127, 'almaty', '0', NULL, NULL, 0, 210),
(211, 4, 127, 'usharal', '0', NULL, NULL, 0, 211),
(212, 4, 127, 'taldukorgan', '0', NULL, NULL, 0, 212),
(213, 4, 127, 'ushtobe', '0', NULL, NULL, 0, 213),
(214, 4, 127, 'saryozek', '0', NULL, NULL, 0, 214),
(215, 4, 127, 'uzynagash', '0', NULL, NULL, 0, 215),
(216, 4, 127, 'kapshagai', '0', NULL, NULL, 0, 216),
(217, 4, 130, 'taraz', '0', NULL, NULL, 0, 217),
(218, 4, 130, 'karatau', '0', NULL, NULL, 0, 218),
(219, 4, 130, 'shu', '0', NULL, NULL, 0, 219),
(220, 4, 131, 'shymkent', '0', NULL, NULL, 0, 220),
(221, 4, 131, 'turkestan', '0', NULL, NULL, 0, 221),
(222, 4, 131, 'kentau', '0', NULL, NULL, 0, 222),
(223, 4, 131, 'karnak', '0', NULL, NULL, 0, 223),
(224, 4, 131, 'arys', '0', NULL, NULL, 0, 224),
(225, 4, 128, 'kyzylorda', '0', NULL, NULL, 0, 225),
(226, 4, 128, 'bajkonur', '0', NULL, NULL, 0, 226),
(227, 4, 128, 'kazalinsk', '0', NULL, NULL, 0, 227),
(228, 4, 129, 'aktau', '0', NULL, NULL, 0, 228),
(229, 4, 129, 'janaozen', '0', NULL, NULL, 0, 229),
(230, 4, 129, 'bejneu', '0', NULL, NULL, 0, 230),
(231, 4, 132, 'atyrau', '0', NULL, NULL, 0, 231),
(232, 4, 132, 'kulsary', '0', NULL, NULL, 0, 232),
(233, 4, 132, 'ganushkino', '0', NULL, NULL, 0, 233);

-- --------------------------------------------------------

--
-- Структура таблицы `umk07_mycityselector_city_cases`
--

CREATE TABLE `umk07_mycityselector_city_cases` (
  `id` int(11) UNSIGNED NOT NULL,
  `city_id` int(11) NOT NULL,
  `case_id` int(11) UNSIGNED NOT NULL,
  `lang_id` int(11) UNSIGNED NOT NULL,
  `value` varchar(50) NOT NULL
) ENGINE=InnoDB DEFAULT CHARSET=utf8 COLLATE=utf8_general_ci;

-- --------------------------------------------------------

--
-- Структура таблицы `umk07_mycityselector_city_names`
--

CREATE TABLE `umk07_mycityselector_city_names` (
  `id` int(11) UNSIGNED NOT NULL,
  `city_id` int(11) NOT NULL,
  `lang_id` int(11) UNSIGNED NOT NULL COMMENT 'from #__languages of Joomla',
  `name` varchar(80) NOT NULL
) ENGINE=InnoDB DEFAULT CHARSET=utf8 COLLATE=utf8_general_ci;

--
-- Дамп данных таблицы `umk07_mycityselector_city_names`
--

INSERT INTO `umk07_mycityselector_city_names` (`id`, `city_id`, `lang_id`, `name`) VALUES
(1, 1, 1, 'Майкоп'),
(2, 2, 1, 'Уфа'),
(3, 3, 1, 'Стерлитамак'),
(4, 4, 1, 'Салават'),
(5, 5, 1, 'Нефтекамск'),
(6, 6, 1, 'Октябрьский'),
(7, 7, 1, 'Улан-Удэ'),
(8, 8, 1, 'Махачкала'),
(9, 9, 1, 'Хасавюрт'),
(10, 10, 1, 'Дербент'),
(11, 11, 1, 'Каспийск'),
(12, 12, 1, 'Назрань'),
(13, 13, 1, 'Нальчик'),
(14, 14, 1, 'Элиста'),
(15, 15, 1, 'Черкесск'),
(16, 16, 1, 'Петрозаводск'),
(17, 17, 1, 'Сыктывкар'),
(18, 18, 1, 'Симферополь'),
(19, 19, 1, 'Керчь'),
(20, 20, 1, 'Евпатория'),
(21, 21, 1, 'Йошкар-Ола'),
(22, 22, 1, 'Саранск'),
(23, 23, 1, 'Владикавказ'),
(24, 24, 1, 'Казань'),
(25, 25, 1, 'Набережные Челны'),
(26, 26, 1, 'Нижнекамск'),
(27, 27, 1, 'Альметьевск'),
(28, 28, 1, 'Кызыл'),
(29, 29, 1, 'Ижевск'),
(30, 30, 1, 'Абакан'),
(31, 31, 1, 'Грозный'),
(32, 32, 1, 'Чебоксары'),
(33, 33, 1, 'Новочебоксарск'),
(34, 34, 1, 'Барнаул'),
(35, 35, 1, 'Бийск'),
(36, 36, 1, 'Рубцовск'),
(37, 37, 1, 'Чита'),
(38, 38, 1, 'Петропавловск-Камчатский'),
(39, 39, 1, 'Краснодар'),
(40, 40, 1, 'Сочи'),
(41, 41, 1, 'Новороссийск'),
(42, 42, 1, 'Армавир'),
(43, 43, 1, 'Красноярск'),
(44, 44, 1, 'Норильск'),
(45, 45, 1, 'Ачинск'),
(46, 46, 1, 'Пермь'),
(47, 47, 1, 'Березники'),
(48, 48, 1, 'Владивосток'),
(49, 49, 1, 'Уссурийск'),
(50, 50, 1, 'Находка'),
(51, 51, 1, 'Артём'),
(52, 52, 1, 'Ставрополь'),
(53, 53, 1, 'Пятигорск'),
(54, 54, 1, 'Кисловодск'),
(55, 55, 1, 'Невинномысск'),
(56, 56, 1, 'Ессентуки'),
(57, 57, 1, 'Хабаровск'),
(58, 58, 1, 'Комсомольск-на-Амуре'),
(59, 59, 1, 'Благовещенск'),
(60, 60, 1, 'Архангельск'),
(61, 61, 1, 'Северодвинск'),
(62, 62, 1, 'Астрахань'),
(63, 63, 1, 'Белгород'),
(64, 64, 1, 'Старый Оскол'),
(65, 65, 1, 'Брянск'),
(66, 66, 1, 'Владимир'),
(67, 67, 1, 'Ковров'),
(68, 68, 1, 'Муром'),
(69, 69, 1, 'Волгоград'),
(70, 70, 1, 'Волжский'),
(71, 71, 1, 'Камышин'),
(72, 72, 1, 'Череповец'),
(73, 73, 1, 'Вологда'),
(74, 74, 1, 'Воронеж'),
(75, 75, 1, 'Иваново'),
(76, 76, 1, 'Иркутск'),
(77, 77, 1, 'Братск'),
(78, 78, 1, 'Ангарск'),
(79, 79, 1, 'Калининград'),
(80, 80, 1, 'Калуга'),
(81, 81, 1, 'Обнинск'),
(82, 82, 1, 'Новокузнецк'),
(83, 83, 1, 'Кемерово'),
(84, 84, 1, 'Прокопьевск'),
(85, 85, 1, 'Киров'),
(86, 86, 1, 'Кострома'),
(87, 87, 1, 'Курган'),
(88, 88, 1, 'Курск'),
(89, 89, 1, 'Санкт-Петербург'),
(90, 90, 1, 'Липецк'),
(91, 91, 1, 'Елец'),
(92, 92, 1, 'Магадан'),
(93, 93, 1, 'Балашиха'),
(94, 94, 1, 'Химки'),
(95, 95, 1, 'Подольск'),
(96, 96, 1, 'Королёв'),
(97, 97, 1, 'Люберцы'),
(98, 98, 1, 'Мытищи'),
(99, 99, 1, 'Электросталь'),
(100, 100, 1, 'Коломна'),
(101, 101, 1, 'Одинцово'),
(102, 102, 1, 'Красногорск'),
(103, 103, 1, 'Серпухов'),
(104, 104, 1, 'Орехово-Зуево'),
(105, 105, 1, 'Щёлково'),
(106, 106, 1, 'Домодедово'),
(107, 107, 1, 'Жуковский'),
(108, 108, 1, 'Сергиев Посад'),
(109, 109, 1, 'Пушкино'),
(110, 110, 1, 'Раменское'),
(111, 111, 1, 'Ногинск'),
(112, 112, 1, 'Долгопрудный'),
(113, 113, 1, 'Мурманск'),
(114, 114, 1, 'Нижний Новгород'),
(115, 115, 1, 'Дзержинск'),
(116, 116, 1, 'Арзамас'),
(117, 117, 1, 'Великий Новгород'),
(118, 118, 1, 'Новосибирск'),
(119, 119, 1, 'Бердск'),
(120, 120, 1, 'Омск'),
(121, 121, 1, 'Оренбург'),
(122, 122, 1, 'Орск'),
(123, 123, 1, 'Орёл'),
(124, 124, 1, 'Пенза'),
(125, 125, 1, 'Псков'),
(126, 126, 1, 'Ростов-на-Дону'),
(127, 127, 1, 'Таганрог'),
(128, 128, 1, 'Шахты'),
(129, 129, 1, 'Новочеркасск'),
(130, 130, 1, 'Волгодонск'),
(131, 131, 1, 'Батайск'),
(132, 132, 1, 'Новошахтинск'),
(133, 133, 1, 'Рязань'),
(134, 134, 1, 'Самара'),
(135, 135, 1, 'Тольятти'),
(136, 136, 1, 'Сызрань'),
(137, 137, 1, 'Новокуйбышевск'),
(138, 138, 1, 'Саратов'),
(139, 139, 1, 'Энгельс'),
(140, 140, 1, 'Балаково'),
(141, 141, 1, 'Южно-Сахалинск'),
(142, 142, 1, 'Екатеринбург'),
(143, 143, 1, 'Нижний Тагил'),
(144, 144, 1, 'Каменск-Уральский'),
(145, 145, 1, 'Первоуральск'),
(146, 146, 1, 'Смоленск'),
(147, 147, 1, 'Тамбов'),
(148, 148, 1, 'Тверь'),
(149, 149, 1, 'Томск'),
(150, 150, 1, 'Северск'),
(151, 151, 1, 'Тула'),
(152, 152, 1, 'Новомосковск'),
(153, 153, 1, 'Тюмень'),
(154, 154, 1, 'Ульяновск'),
(155, 155, 1, 'Димитровград'),
(156, 156, 1, 'Челябинск'),
(157, 157, 1, 'Магнитогорск'),
(158, 158, 1, 'Златоуст'),
(159, 159, 1, 'Миасс'),
(160, 160, 1, 'Копейск'),
(161, 161, 1, 'Ярославль'),
(162, 162, 1, 'Рыбинск'),
(163, 163, 1, 'Москва'),
(164, 164, 1, 'Санкт-Петербург'),
(165, 165, 1, 'Сургут'),
(166, 166, 1, 'Нижневартовск'),
(167, 167, 1, 'Нефтеюганск'),
(168, 168, 1, 'Новый Уренгой'),
(169, 169, 1, 'Ноябрьск'),
(170, 170, 1, 'Минск'),
(171, 171, 1, 'Брест'),
(172, 172, 1, 'Барановичи'),
(173, 173, 1, 'Пинск'),
(174, 174, 1, 'Витебск'),
(175, 175, 1, 'Орша'),
(176, 176, 1, 'Новополоцк'),
(177, 177, 1, 'Полоцк'),
(178, 178, 1, 'Гомель'),
(179, 179, 1, 'Мозырь'),
(180, 180, 1, 'Жлобин'),
(181, 181, 1, 'Светлогорск'),
(182, 182, 1, 'Речица'),
(183, 183, 1, 'Гродно'),
(184, 184, 1, 'Лида'),
(185, 185, 1, 'Борисов'),
(186, 186, 1, 'Солигорск'),
(187, 187, 1, 'Молодечно'),
(188, 188, 1, 'Могилёв'),
(189, 189, 1, 'Бобруйск'),
(190, 190, 1, 'Уральск'),
(191, 191, 1, 'Аксай'),
(192, 192, 1, 'Таскала'),
(193, 193, 1, 'Актобе'),
(194, 194, 1, 'Хромтау'),
(195, 195, 1, 'Мартук'),
(196, 196, 1, 'Кандыагаш'),
(197, 197, 1, 'Костанай'),
(198, 198, 1, 'Рудный'),
(199, 199, 1, 'Житикара'),
(200, 200, 1, 'Аркалык'),
(201, 201, 1, 'Петропавловск'),
(202, 202, 1, 'Новоишимское'),
(203, 203, 1, 'Павлодар'),
(204, 204, 1, 'Экибастуз'),
(205, 205, 1, 'Усть-Каменогорск'),
(206, 206, 1, 'Семей'),
(207, 207, 1, 'Караганда'),
(208, 208, 1, 'Жезказган'),
(209, 209, 1, 'Балхаш'),
(210, 210, 1, 'Алматы'),
(211, 211, 1, 'Ушарал'),
(212, 212, 1, 'Талдыкорган'),
(213, 213, 1, 'Уштобе'),
(214, 214, 1, 'Сарыозек'),
(215, 215, 1, 'Узынагаш'),
(216, 216, 1, 'Капшагай'),
(217, 217, 1, 'Тараз'),
(218, 218, 1, 'Каратау'),
(219, 219, 1, 'Шу'),
(220, 220, 1, 'Щымкент'),
(221, 221, 1, 'Туркестан'),
(222, 222, 1, 'Кентау'),
(223, 223, 1, 'Карнак'),
(224, 224, 1, 'Арысь'),
(225, 225, 1, 'Кызылорда'),
(226, 226, 1, 'Байконур'),
(227, 227, 1, 'Калалинск'),
(228, 228, 1, 'Актау'),
(229, 229, 1, 'Жанаозен'),
(230, 230, 1, 'Бейнеу'),
(231, 231, 1, 'Атырау'),
(232, 232, 1, 'Кульсары'),
(233, 233, 1, 'Ганюшкино');

-- --------------------------------------------------------

--
-- Структура таблицы `umk07_mycityselector_countries`
--

CREATE TABLE `umk07_mycityselector_countries` (
  `id` int(11) NOT NULL,
  `subdomain` varchar(80) NOT NULL,
  `published` tinyint(1) NOT NULL DEFAULT 0,
  `ordering` int(11) DEFAULT NULL,
  `code` varchar(2) NOT NULL,
  `domain` varchar(255) DEFAULT NULL,
  `lat` decimal(10,8) DEFAULT NULL,
  `lng` decimal(11,8) DEFAULT NULL,
  `defult_city_id` int(11) DEFAULT NULL,
  `default_city_id` int(11) DEFAULT NULL
) ENGINE=InnoDB DEFAULT CHARSET=utf8 COLLATE=utf8_general_ci;

--
-- Дамп данных таблицы `umk07_mycityselector_countries`
--

INSERT INTO `umk07_mycityselector_countries` (`id`, `subdomain`, `published`, `ordering`, `code`, `domain`, `lat`, `lng`, `defult_city_id`, `default_city_id`) VALUES
(1, 'russia', 1, 1, 'RU', NULL, NULL, NULL, NULL, NULL),
(2, 'belarus', 0, 2, 'BY', NULL, NULL, NULL, NULL, NULL),
(3, 'ukraine', 0, 3, 'UA', NULL, NULL, NULL, NULL, NULL),
(4, 'kazahstan', 0, 4, 'KZ', NULL, NULL, NULL, NULL, NULL);

-- --------------------------------------------------------

--
-- Структура таблицы `umk07_mycityselector_country_names`
--

CREATE TABLE `umk07_mycityselector_country_names` (
  `id` int(11) UNSIGNED NOT NULL,
  `country_id` int(11) NOT NULL,
  `lang_id` int(11) UNSIGNED NOT NULL COMMENT 'from #__languages of Joomla',
  `name` varchar(50) NOT NULL
) ENGINE=InnoDB DEFAULT CHARSET=utf8 COLLATE=utf8_general_ci;

--
-- Дамп данных таблицы `umk07_mycityselector_country_names`
--

INSERT INTO `umk07_mycityselector_country_names` (`id`, `country_id`, `lang_id`, `name`) VALUES
(1, 1, 1, 'Россия'),
(2, 2, 1, 'Беларусь'),
(3, 3, 1, 'Україна'),
(4, 4, 1, 'Казахстан');

-- --------------------------------------------------------

--
-- Структура таблицы `umk07_mycityselector_field`
--

CREATE TABLE `umk07_mycityselector_field` (
  `id` int(11) UNSIGNED NOT NULL,
  `name` varchar(45) DEFAULT NULL,
  `is_db_replacement` tinyint(4) DEFAULT NULL,
  `db_replacement_path` tinyint(4) DEFAULT NULL,
  `published` tinyint(1) NOT NULL DEFAULT 0
) ENGINE=InnoDB DEFAULT CHARSET=utf8 COLLATE=utf8_general_ci;

-- --------------------------------------------------------

--
-- Структура таблицы `umk07_mycityselector_field_value`
--

CREATE TABLE `umk07_mycityselector_field_value` (
  `id` int(11) UNSIGNED NOT NULL,
  `field_id` int(11) UNSIGNED NOT NULL,
  `value` text DEFAULT NULL,
  `default` tinyint(1) NOT NULL DEFAULT 0,
  `is_ignore` tinyint(1) NOT NULL DEFAULT 0
) ENGINE=InnoDB DEFAULT CHARSET=utf8 COLLATE=utf8_general_ci;

-- --------------------------------------------------------

--
-- Структура таблицы `umk07_mycityselector_langs`
--

CREATE TABLE `umk07_mycityselector_langs` (
  `id` int(11) UNSIGNED NOT NULL,
  `name` varchar(120) NOT NULL,
  `locale` varchar(10) NOT NULL,
  `default` tinyint(4) NOT NULL DEFAULT 0
) ENGINE=InnoDB DEFAULT CHARSET=utf8 COLLATE=utf8_general_ci;

--
-- Дамп данных таблицы `umk07_mycityselector_langs`
--

INSERT INTO `umk07_mycityselector_langs` (`id`, `name`, `locale`, `default`) VALUES
(1, 'Русский', 'ru-RU', 1);

-- --------------------------------------------------------

--
-- Структура таблицы `umk07_mycityselector_migra`
--

CREATE TABLE `umk07_mycityselector_migra` (
  `id` int(10) UNSIGNED NOT NULL,
  `created_at` int(10) UNSIGNED NOT NULL DEFAULT 0,
  `name` varchar(255) NOT NULL,
  `status` tinyint(1) NOT NULL,
  `author` varchar(50) NOT NULL
) ENGINE=InnoDB DEFAULT CHARSET=utf8 COLLATE=utf8_general_ci;

--
-- Дамп данных таблицы `umk07_mycityselector_migra`
--

INSERT INTO `umk07_mycityselector_migra` (`id`, `created_at`, `name`, `status`, `author`) VALUES
(1, 1525116043, '3_0_0_1525116043_init', 1, 'Konstantin'),
(2, 1631441346, '3_1_0_1631441346_db_repl', 0, 'Konstantin');

-- --------------------------------------------------------

--
-- Структура таблицы `umk07_mycityselector_provinces`
--

CREATE TABLE `umk07_mycityselector_provinces` (
  `id` int(11) NOT NULL,
  `country_id` int(11) NOT NULL,
  `subdomain` varchar(80) NOT NULL,
  `lat` decimal(10,8) DEFAULT NULL,
  `lng` decimal(11,8) DEFAULT NULL,
  `published` tinyint(1) NOT NULL DEFAULT 0,
  `ordering` int(11) DEFAULT NULL
) ENGINE=InnoDB DEFAULT CHARSET=utf8 COLLATE=utf8_general_ci;

--
-- Дамп данных таблицы `umk07_mycityselector_provinces`
--

INSERT INTO `umk07_mycityselector_provinces` (`id`, `country_id`, `subdomain`, `lat`, `lng`, `published`, `ordering`) VALUES
(1, 1, 'altajskij-kraj', NULL, NULL, 1, 1),
(2, 1, 'amurskaya-oblast', NULL, NULL, 1, 2),
(3, 1, 'arhangelskaya-oblast', NULL, NULL, 1, 3),
(4, 1, 'astrahanskaya-oblast', NULL, NULL, 1, 4),
(5, 1, 'belgorodskaya-oblast', NULL, NULL, 1, 5),
(6, 1, 'bryanskaya-oblast', NULL, NULL, 1, 6),
(7, 1, 'vladimirskaya-oblast', NULL, NULL, 1, 7),
(8, 1, 'volgogradskaya-oblast', NULL, NULL, 1, 8),
(9, 1, 'vologodskaya-oblast', NULL, NULL, 1, 9),
(10, 1, 'voronezhskaya-oblast', NULL, NULL, 1, 10),
(11, 1, 'evrejskaya-avtonomnaya-oblast', NULL, NULL, 1, 11),
(12, 1, 'zabajkalskij-kraj', NULL, NULL, 1, 12),
(13, 1, 'ivanovskaya-oblast', NULL, NULL, 1, 13),
(14, 1, 'irkutskaya-oblast', NULL, NULL, 1, 14),
(15, 1, 'kabardino-balkarskaya-respublika', NULL, NULL, 1, 15),
(16, 1, 'kaliningradskaya-oblast', NULL, NULL, 1, 16),
(17, 1, 'kaluzhskaya-oblast', NULL, NULL, 1, 17),
(18, 1, 'kamchatskij-kraj', NULL, NULL, 1, 18),
(19, 1, 'karachaevo-cherkesskaya-respublika', NULL, NULL, 1, 19),
(20, 1, 'kemerovskaya-oblast', NULL, NULL, 1, 20),
(21, 1, 'kirovskaya-oblast', NULL, NULL, 1, 21),
(22, 1, 'kostromskaya-oblast', NULL, NULL, 1, 22),
(23, 1, 'krasnodarskij-kraj', NULL, NULL, 1, 23),
(24, 1, 'krasnoyarskij-kraj', NULL, NULL, 1, 24),
(25, 1, 'kurganskaya-oblast', NULL, NULL, 1, 25),
(26, 1, 'kurskaya-oblast', NULL, NULL, 1, 26),
(27, 1, 'leningradskaya-oblast', NULL, NULL, 1, 27),
(28, 1, 'lipetskaya-oblast', NULL, NULL, 1, 28),
(29, 1, 'magadanskaya-oblast', NULL, NULL, 1, 29),
(30, 1, 'moskva', NULL, NULL, 1, 30),
(31, 1, 'moskovskaya-oblast', NULL, NULL, 1, 31),
(32, 1, 'murmanskaya-oblast', NULL, NULL, 1, 32),
(33, 1, 'nenetskij-avtonomnyj-okrug', NULL, NULL, 1, 33),
(34, 1, 'nizhegorodskaya-oblast', NULL, NULL, 1, 34),
(35, 1, 'novgorodskaya-oblast', NULL, NULL, 1, 35),
(36, 1, 'novosibirskaya-oblast', NULL, NULL, 1, 36),
(37, 1, 'omskaya-oblast', NULL, NULL, 1, 37),
(38, 1, 'orenburgskaya-oblast', NULL, NULL, 1, 38),
(39, 1, 'orlovskaya-oblast', NULL, NULL, 1, 39),
(40, 1, 'penzenskaya-oblast', NULL, NULL, 1, 40),
(41, 1, 'permskij-kraj', NULL, NULL, 1, 41),
(42, 1, 'primorskij-kraj', NULL, NULL, 1, 42),
(43, 1, 'pskovskaya-oblast', NULL, NULL, 1, 43),
(44, 1, 'respublika-adygeya', NULL, NULL, 1, 44),
(45, 1, 'respublika-altaj', NULL, NULL, 1, 45),
(46, 1, 'respublika-bashkortostan', NULL, NULL, 1, 46),
(47, 1, 'respublika-buryatiya', NULL, NULL, 1, 47),
(48, 1, 'respublika-dagestan', NULL, NULL, 1, 48),
(49, 1, 'respublika-ingushetiya', NULL, NULL, 1, 49),
(50, 1, 'respublika-kalmykiya', NULL, NULL, 1, 50),
(51, 1, 'respublika-kareliya', NULL, NULL, 1, 51),
(52, 1, 'respublika-komi', NULL, NULL, 1, 52),
(53, 1, 'respublika-krym', NULL, NULL, 1, 53),
(54, 1, 'respublika-marij-el', NULL, NULL, 1, 54),
(55, 1, 'respublika-mordoviya', NULL, NULL, 1, 55),
(56, 1, 'respublika-saha', NULL, NULL, 1, 56),
(57, 1, 'respublika-severnaya-osetiya', NULL, NULL, 1, 57),
(58, 1, 'respublika-tatarstan', NULL, NULL, 1, 58),
(59, 1, 'respublika-tyva', NULL, NULL, 1, 59),
(60, 1, 'respublika-hakasiya', NULL, NULL, 1, 60),
(61, 1, 'rostovskaya-oblast', NULL, NULL, 1, 61),
(62, 1, 'ryazanskaya-oblast', NULL, NULL, 1, 62),
(63, 1, 'samarskaya-oblast', NULL, NULL, 1, 63),
(64, 1, 'sankt-peterburg', NULL, NULL, 1, 64),
(65, 1, 'saratovskaya-oblast', NULL, NULL, 1, 65),
(66, 1, 'sahalinskaya-oblast', NULL, NULL, 1, 66),
(67, 1, 'sverdlovskaya-oblast', NULL, NULL, 1, 67),
(68, 1, 'sevastopol', NULL, NULL, 1, 68),
(69, 1, 'smolenskaya-oblast', NULL, NULL, 1, 69),
(70, 1, 'stavropolskij-kraj', NULL, NULL, 1, 70),
(71, 1, 'tambovskaya-oblast', NULL, NULL, 1, 71),
(72, 1, 'tverskaya-oblast', NULL, NULL, 1, 72),
(73, 1, 'tomskaya-oblast', NULL, NULL, 1, 73),
(74, 1, 'tulskaya-oblast', NULL, NULL, 1, 74),
(75, 1, 'tyumenskaya-oblast', NULL, NULL, 1, 75),
(76, 1, 'udmurtskaya-respublika', NULL, NULL, 1, 76),
(77, 1, 'ulyanovskaya-oblast', NULL, NULL, 1, 77),
(78, 1, 'habarovskij-kraj', NULL, NULL, 1, 78),
(79, 1, 'hanty-mansijskij-avtonomnyj-okrug', NULL, NULL, 1, 79),
(80, 1, 'chelyabinskaya-oblast', NULL, NULL, 1, 80),
(81, 1, 'chechenskaya-respublika', NULL, NULL, 1, 81),
(82, 1, 'chuvashskaya-respublika', NULL, NULL, 1, 82),
(83, 1, 'chukotskij-avtonomnyj-okrug', NULL, NULL, 1, 83),
(84, 1, 'yamalo-nenetskij-avtonomnyj-okrug', NULL, NULL, 1, 84),
(85, 1, 'yaroslavskaya-oblast', NULL, NULL, 1, 85),
(86, 2, 'brestskaya-oblast', NULL, NULL, 1, 86),
(87, 2, 'vitebskaya-oblast', NULL, NULL, 1, 87),
(88, 2, 'gomelskaya-oblast', NULL, NULL, 1, 88),
(89, 2, 'grodnenskaya-oblast', NULL, NULL, 1, 89),
(90, 2, 'minsk', NULL, NULL, 1, 90),
(91, 2, 'minskaya-oblast', NULL, NULL, 1, 91),
(92, 2, 'mogilevskaya-oblast', NULL, NULL, 1, 92),
(93, 3, 'Іvano-frankіvska-oblast', NULL, NULL, 1, 93),
(94, 3, 'avtonomna-respublіka-krim', NULL, NULL, 1, 94),
(95, 3, 'volinska-oblast', NULL, NULL, 1, 95),
(96, 3, 'vіnnitska-oblast', NULL, NULL, 1, 96),
(97, 3, 'dnіpropetrovska-oblast', NULL, NULL, 1, 97),
(98, 3, 'donetska-oblast', NULL, NULL, 1, 98),
(99, 3, 'zhitomirska-oblast', NULL, NULL, 1, 99),
(100, 3, 'zakarpatska-oblast', NULL, NULL, 1, 100),
(101, 3, 'zaporіzka-oblast', NULL, NULL, 1, 101),
(102, 3, 'kiїv', NULL, NULL, 1, 102),
(103, 3, 'kiїvska-oblast', NULL, NULL, 1, 103),
(104, 3, 'kіrovogradska-oblast', NULL, NULL, 1, 104),
(105, 3, 'luganska-oblast', NULL, NULL, 1, 105),
(106, 3, 'lvіvska-oblast', NULL, NULL, 1, 106),
(107, 3, 'mikolaїvska-oblast', NULL, NULL, 1, 107),
(108, 3, 'odeska-oblast', NULL, NULL, 1, 108),
(109, 3, 'poltavska-oblast', NULL, NULL, 1, 109),
(110, 3, 'rіvnenska-oblast', NULL, NULL, 1, 110),
(111, 3, 'sevastopol', NULL, NULL, 1, 111),
(112, 3, 'sumska-oblast', NULL, NULL, 1, 112),
(113, 3, 'ternopіlska-oblast', NULL, NULL, 1, 113),
(114, 3, 'harkіvska-oblast', NULL, NULL, 1, 114),
(115, 3, 'hersonska-oblast', NULL, NULL, 1, 115),
(116, 3, 'hmelnitska-oblast', NULL, NULL, 1, 116),
(117, 3, 'cherkaska-oblast', NULL, NULL, 1, 117),
(118, 3, 'chernіvetska-oblast', NULL, NULL, 1, 118),
(119, 3, 'chernіgіvska-oblast', NULL, NULL, 1, 119),
(120, 4, 'zapadno-kazahstanskaya-oblast', NULL, NULL, 1, 120),
(121, 4, 'aktubinskaya-oblast', NULL, NULL, 1, 121),
(122, 4, 'karagandinskaya-ovlast', NULL, NULL, 1, 122),
(123, 4, 'kostanayskaya-oblast', NULL, NULL, 1, 123),
(124, 4, 'severo-kazahstanskaya-oblast', NULL, NULL, 1, 124),
(125, 4, 'pavlodarskaya-oblast', NULL, NULL, 1, 125),
(126, 4, 'vostochno-kazahctanskaya-oblast', NULL, NULL, 1, 126),
(127, 4, 'almatinskaya-oblast', NULL, NULL, 1, 127),
(128, 4, 'kyzylordinskaya-oblast', NULL, NULL, 1, 128),
(129, 4, 'mangistaustskaya-oblast', NULL, NULL, 1, 129),
(130, 4, 'jambylskaya-oblast', NULL, NULL, 1, 130),
(131, 4, 'uzhno-kazahstanskaya-oblast', NULL, NULL, 1, 131),
(132, 4, 'atyrauskaya-oblast', NULL, NULL, 1, 132);

-- --------------------------------------------------------

--
-- Структура таблицы `umk07_mycityselector_province_names`
--

CREATE TABLE `umk07_mycityselector_province_names` (
  `id` int(11) UNSIGNED NOT NULL,
  `province_id` int(11) NOT NULL,
  `lang_id` int(11) UNSIGNED NOT NULL COMMENT 'from #__languages of Joomla',
  `name` varchar(80) NOT NULL
) ENGINE=InnoDB DEFAULT CHARSET=utf8 COLLATE=utf8_general_ci;

--
-- Дамп данных таблицы `umk07_mycityselector_province_names`
--

INSERT INTO `umk07_mycityselector_province_names` (`id`, `province_id`, `lang_id`, `name`) VALUES
(1, 1, 1, 'Алтайский край'),
(2, 2, 1, 'Амурская область'),
(3, 3, 1, 'Архангельская область'),
(4, 4, 1, 'Астраханская область'),
(5, 5, 1, 'Белгородская область'),
(6, 6, 1, 'Брянская область'),
(7, 7, 1, 'Владимирская область'),
(8, 8, 1, 'Волгоградская область'),
(9, 9, 1, 'Вологодская область'),
(10, 10, 1, 'Воронежская область'),
(11, 11, 1, 'Еврейская автономная область'),
(12, 12, 1, 'Забайкальский край'),
(13, 13, 1, 'Ивановская область'),
(14, 14, 1, 'Иркутская область'),
(15, 15, 1, 'Кабардино-Балкарская Республика'),
(16, 16, 1, 'Калининградская область'),
(17, 17, 1, 'Калужская область'),
(18, 18, 1, 'Камчатский край'),
(19, 19, 1, 'Карачаево-Черкесская Республика'),
(20, 20, 1, 'Кемеровская область'),
(21, 21, 1, 'Кировская область'),
(22, 22, 1, 'Костромская область'),
(23, 23, 1, 'Краснодарский край'),
(24, 24, 1, 'Красноярский край'),
(25, 25, 1, 'Курганская область'),
(26, 26, 1, 'Курская область'),
(27, 27, 1, 'Ленинградская область'),
(28, 28, 1, 'Липецкая область'),
(29, 29, 1, 'Магаданская область'),
(30, 30, 1, 'Москва'),
(31, 31, 1, 'Московская область'),
(32, 32, 1, 'Мурманская область'),
(33, 33, 1, 'Ненецкий автономный округ'),
(34, 34, 1, 'Нижегородская область'),
(35, 35, 1, 'Новгородская область'),
(36, 36, 1, 'Новосибирская область'),
(37, 37, 1, 'Омская область'),
(38, 38, 1, 'Оренбургская область'),
(39, 39, 1, 'Орловская область'),
(40, 40, 1, 'Пензенская область'),
(41, 41, 1, 'Пермский край'),
(42, 42, 1, 'Приморский край'),
(43, 43, 1, 'Псковская область'),
(44, 44, 1, 'Республика Адыгея'),
(45, 45, 1, 'Республика Алтай'),
(46, 46, 1, 'Республика Башкортостан'),
(47, 47, 1, 'Республика Бурятия'),
(48, 48, 1, 'Республика Дагестан'),
(49, 49, 1, 'Республика Ингушетия'),
(50, 50, 1, 'Республика Калмыкия'),
(51, 51, 1, 'Республика Карелия'),
(52, 52, 1, 'Республика Коми'),
(53, 53, 1, 'Республика Крым'),
(54, 54, 1, 'Республика Марий Эл'),
(55, 55, 1, 'Республика Мордовия'),
(56, 56, 1, 'Республика Саха'),
(57, 57, 1, 'Республика Северная Осетия'),
(58, 58, 1, 'Республика Татарстан'),
(59, 59, 1, 'Республика Тыва'),
(60, 60, 1, 'Республика Хакасия'),
(61, 61, 1, 'Ростовская область'),
(62, 62, 1, 'Рязанская область'),
(63, 63, 1, 'Самарская область'),
(64, 64, 1, 'Санкт-Петербург'),
(65, 65, 1, 'Саратовская область'),
(66, 66, 1, 'Сахалинская область'),
(67, 67, 1, 'Свердловская область'),
(68, 68, 1, 'Севастополь'),
(69, 69, 1, 'Смоленская область'),
(70, 70, 1, 'Ставропольский край'),
(71, 71, 1, 'Тамбовская область'),
(72, 72, 1, 'Тверская область'),
(73, 73, 1, 'Томская область'),
(74, 74, 1, 'Тульская область'),
(75, 75, 1, 'Тюменская область'),
(76, 76, 1, 'Удмуртская Республика'),
(77, 77, 1, 'Ульяновская область'),
(78, 78, 1, 'Хабаровский край'),
(79, 79, 1, 'Ханты-Мансийский автономный округ'),
(80, 80, 1, 'Челябинская область'),
(81, 81, 1, 'Чеченская Республика'),
(82, 82, 1, 'Чувашская Республика'),
(83, 83, 1, 'Чукотский автономный округ'),
(84, 84, 1, 'Ямало-Ненецкий автономный округ'),
(85, 85, 1, 'Ярославская область'),
(86, 86, 1, 'Брестская область'),
(87, 87, 1, 'Витебская область'),
(88, 88, 1, 'Гомельская область'),
(89, 89, 1, 'Гродненская область'),
(90, 90, 1, 'Минск'),
(91, 91, 1, 'Минская область'),
(92, 92, 1, 'Могилёвская область'),
(93, 93, 1, 'Івано-Франківська область'),
(94, 94, 1, 'Автономна Республіка Крим'),
(95, 95, 1, 'Волинська область'),
(96, 96, 1, 'Вінницька область'),
(97, 97, 1, 'Дніпропетровська область'),
(98, 98, 1, 'Донецька область'),
(99, 99, 1, 'Житомирська область'),
(100, 100, 1, 'Закарпатська область'),
(101, 101, 1, 'Запорізька область'),
(102, 102, 1, 'Київ'),
(103, 103, 1, 'Київська область'),
(104, 104, 1, 'Кіровоградська область'),
(105, 105, 1, 'Луганська область'),
(106, 106, 1, 'Львівська область'),
(107, 107, 1, 'Миколаївська область'),
(108, 108, 1, 'Одеська область'),
(109, 109, 1, 'Полтавська область'),
(110, 110, 1, 'Рівненська область'),
(111, 111, 1, 'Севастополь'),
(112, 112, 1, 'Сумська область'),
(113, 113, 1, 'Тернопільська область'),
(114, 114, 1, 'Харківська область'),
(115, 115, 1, 'Херсонська область'),
(116, 116, 1, 'Хмельницька область'),
(117, 117, 1, 'Черкаська область'),
(118, 118, 1, 'Чернівецька область'),
(119, 119, 1, 'Чернігівська область'),
(120, 120, 1, 'Западно-Казахстанская область'),
(121, 121, 1, 'Актюбинская область'),
(122, 122, 1, 'Карагандинская область'),
(123, 123, 1, 'Костанайская область'),
(124, 124, 1, 'Северо-Казахстанская область'),
(125, 125, 1, 'Павлодарская область'),
(126, 126, 1, 'Восточно-Казахстанская область'),
(127, 127, 1, 'Алматинская область'),
(128, 128, 1, 'Кызылординская область'),
(129, 129, 1, 'Мангистаустская область'),
(130, 130, 1, 'Жамбылская область'),
(131, 131, 1, 'Южно-Казахстанская область'),
(132, 132, 1, 'Атырауская область');

-- --------------------------------------------------------

--
-- Структура таблицы `umk07_mycityselector_value_city`
--

CREATE TABLE `umk07_mycityselector_value_city` (
  `id` int(11) UNSIGNED NOT NULL,
  `field_value_id` int(11) UNSIGNED NOT NULL,
  `city_id` int(11) NOT NULL
) ENGINE=InnoDB DEFAULT CHARSET=utf8 COLLATE=utf8_general_ci;

-- --------------------------------------------------------

--
-- Структура таблицы `umk07_mycityselector_value_country`
--

CREATE TABLE `umk07_mycityselector_value_country` (
  `id` int(11) UNSIGNED NOT NULL,
  `field_value_id` int(11) UNSIGNED NOT NULL,
  `country_id` int(11) NOT NULL
) ENGINE=InnoDB DEFAULT CHARSET=utf8 COLLATE=utf8_general_ci;

-- --------------------------------------------------------

--
-- Структура таблицы `umk07_mycityselector_value_province`
--

CREATE TABLE `umk07_mycityselector_value_province` (
  `id` int(11) UNSIGNED NOT NULL,
  `field_value_id` int(11) UNSIGNED NOT NULL,
  `province_id` int(11) NOT NULL
) ENGINE=InnoDB DEFAULT CHARSET=utf8 COLLATE=utf8_general_ci;

-- --------------------------------------------------------

--
-- Структура таблицы `umk07_newsfeeds`
--

CREATE TABLE `umk07_newsfeeds` (
  `catid` int(11) NOT NULL DEFAULT 0,
  `id` int(10) UNSIGNED NOT NULL,
  `name` varchar(100) NOT NULL DEFAULT '',
  `alias` varchar(400) CHARACTER SET utf8mb4 COLLATE utf8mb4_bin NOT NULL DEFAULT '',
  `link` varchar(2048) NOT NULL DEFAULT '',
  `published` tinyint(4) NOT NULL DEFAULT 0,
  `numarticles` int(10) UNSIGNED NOT NULL DEFAULT 1,
  `cache_time` int(10) UNSIGNED NOT NULL DEFAULT 3600,
  `checked_out` int(10) UNSIGNED DEFAULT NULL,
  `checked_out_time` datetime DEFAULT NULL,
  `ordering` int(11) NOT NULL DEFAULT 0,
  `rtl` tinyint(4) NOT NULL DEFAULT 0,
  `access` int(10) UNSIGNED NOT NULL DEFAULT 0,
  `language` char(7) NOT NULL DEFAULT '',
  `params` text NOT NULL,
  `created` datetime NOT NULL,
  `created_by` int(10) UNSIGNED NOT NULL DEFAULT 0,
  `created_by_alias` varchar(255) NOT NULL DEFAULT '',
  `modified` datetime NOT NULL,
  `modified_by` int(10) UNSIGNED NOT NULL DEFAULT 0,
  `metakey` text DEFAULT NULL,
  `metadesc` text NOT NULL,
  `metadata` text NOT NULL,
  `publish_up` datetime DEFAULT NULL,
  `publish_down` datetime DEFAULT NULL,
  `description` text NOT NULL,
  `version` int(10) UNSIGNED NOT NULL DEFAULT 1,
  `hits` int(10) UNSIGNED NOT NULL DEFAULT 0,
  `images` text NOT NULL
) ENGINE=InnoDB DEFAULT CHARSET=utf8mb4 COLLATE=utf8mb4_unicode_ci;

-- --------------------------------------------------------

--
-- Структура таблицы `umk07_overrider`
--

CREATE TABLE `umk07_overrider` (
  `id` int(11) NOT NULL COMMENT 'Primary Key',
  `constant` varchar(255) NOT NULL,
  `string` text NOT NULL,
  `file` varchar(255) NOT NULL
) ENGINE=InnoDB DEFAULT CHARSET=utf8mb4 COLLATE=utf8mb4_unicode_ci;

-- --------------------------------------------------------

--
-- Структура таблицы `umk07_postinstall_messages`
--

CREATE TABLE `umk07_postinstall_messages` (
  `postinstall_message_id` bigint(20) UNSIGNED NOT NULL,
  `extension_id` bigint(20) NOT NULL DEFAULT 700 COMMENT 'FK to #__extensions',
  `title_key` varchar(255) NOT NULL DEFAULT '' COMMENT 'Lang key for the title',
  `description_key` varchar(255) NOT NULL DEFAULT '' COMMENT 'Lang key for description',
  `action_key` varchar(255) NOT NULL DEFAULT '',
  `language_extension` varchar(255) NOT NULL DEFAULT 'com_postinstall' COMMENT 'Extension holding lang keys',
  `language_client_id` tinyint(4) NOT NULL DEFAULT 1,
  `type` varchar(10) NOT NULL DEFAULT 'link' COMMENT 'Message type - message, link, action',
  `action_file` varchar(255) DEFAULT '' COMMENT 'RAD URI to the PHP file containing action method',
  `action` varchar(255) DEFAULT '' COMMENT 'Action method name or URL',
  `condition_file` varchar(255) DEFAULT NULL COMMENT 'RAD URI to file holding display condition method',
  `condition_method` varchar(255) DEFAULT NULL COMMENT 'Display condition method, must return boolean',
  `version_introduced` varchar(50) NOT NULL DEFAULT '3.2.0' COMMENT 'Version when this message was introduced',
  `enabled` tinyint(4) NOT NULL DEFAULT 1
) ENGINE=InnoDB DEFAULT CHARSET=utf8mb4 COLLATE=utf8mb4_unicode_ci;

--
-- Дамп данных таблицы `umk07_postinstall_messages`
--

INSERT INTO `umk07_postinstall_messages` (`postinstall_message_id`, `extension_id`, `title_key`, `description_key`, `action_key`, `language_extension`, `language_client_id`, `type`, `action_file`, `action`, `condition_file`, `condition_method`, `version_introduced`, `enabled`) VALUES
(1, 229, 'COM_CPANEL_WELCOME_BEGINNERS_TITLE', 'COM_CPANEL_WELCOME_BEGINNERS_MESSAGE', '', 'com_cpanel', 1, 'message', '', '', '', '', '3.2.0', 1),
(2, 229, 'COM_CPANEL_MSG_STATS_COLLECTION_TITLE', 'COM_CPANEL_MSG_STATS_COLLECTION_BODY', '', 'com_cpanel', 1, 'message', '', '', 'admin://components/com_admin/postinstall/statscollection.php', 'admin_postinstall_statscollection_condition', '3.5.0', 1),
(3, 229, 'PLG_SYSTEM_UPDATENOTIFICATION_POSTINSTALL_UPDATECACHETIME', 'PLG_SYSTEM_UPDATENOTIFICATION_POSTINSTALL_UPDATECACHETIME_BODY', 'PLG_SYSTEM_UPDATENOTIFICATION_POSTINSTALL_UPDATECACHETIME_ACTION', 'plg_system_updatenotification', 1, 'action', 'site://plugins/system/updatenotification/postinstall/updatecachetime.php', 'updatecachetime_postinstall_action', 'site://plugins/system/updatenotification/postinstall/updatecachetime.php', 'updatecachetime_postinstall_condition', '3.6.3', 1),
(4, 229, 'PLG_SYSTEM_HTTPHEADERS_POSTINSTALL_INTRODUCTION_TITLE', 'PLG_SYSTEM_HTTPHEADERS_POSTINSTALL_INTRODUCTION_BODY', 'PLG_SYSTEM_HTTPHEADERS_POSTINSTALL_INTRODUCTION_ACTION', 'plg_system_httpheaders', 1, 'action', 'site://plugins/system/httpheaders/postinstall/introduction.php', 'httpheaders_postinstall_action', 'site://plugins/system/httpheaders/postinstall/introduction.php', 'httpheaders_postinstall_condition', '4.0.0', 1),
(5, 229, 'COM_USERS_POSTINSTALL_MULTIFACTORAUTH_TITLE', 'COM_USERS_POSTINSTALL_MULTIFACTORAUTH_BODY', 'COM_USERS_POSTINSTALL_MULTIFACTORAUTH_ACTION', 'com_users', 1, 'action', 'admin://components/com_users/postinstall/multifactorauth.php', 'com_users_postinstall_mfa_action', 'admin://components/com_users/postinstall/multifactorauth.php', 'com_users_postinstall_mfa_condition', '4.2.0', 1);

-- --------------------------------------------------------

--
-- Структура таблицы `umk07_redirect_links`
--

CREATE TABLE `umk07_redirect_links` (
  `id` int(10) UNSIGNED NOT NULL,
  `old_url` varchar(2048) NOT NULL,
  `new_url` varchar(2048) DEFAULT NULL,
  `referer` varchar(2048) NOT NULL,
  `comment` varchar(255) NOT NULL DEFAULT '',
  `hits` int(10) UNSIGNED NOT NULL DEFAULT 0,
  `published` tinyint(4) NOT NULL,
  `created_date` datetime NOT NULL,
  `modified_date` datetime NOT NULL,
  `header` smallint(6) NOT NULL DEFAULT 301
) ENGINE=InnoDB DEFAULT CHARSET=utf8mb4 COLLATE=utf8mb4_unicode_ci;

-- --------------------------------------------------------

--
-- Структура таблицы `umk07_scheduler_tasks`
--

CREATE TABLE `umk07_scheduler_tasks` (
  `id` int(10) UNSIGNED NOT NULL,
  `asset_id` int(10) UNSIGNED NOT NULL DEFAULT 0 COMMENT 'FK to the #__assets table.',
  `title` varchar(255) NOT NULL DEFAULT '',
  `type` varchar(128) NOT NULL COMMENT 'unique identifier for job defined by plugin',
  `execution_rules` text DEFAULT NULL COMMENT 'Execution Rules, Unprocessed',
  `cron_rules` text DEFAULT NULL COMMENT 'Processed execution rules, crontab-like JSON form',
  `state` tinyint(4) NOT NULL DEFAULT 0,
  `last_exit_code` int(11) NOT NULL DEFAULT 0 COMMENT 'Exit code when job was last run',
  `last_execution` datetime DEFAULT NULL COMMENT 'Timestamp of last run',
  `next_execution` datetime DEFAULT NULL COMMENT 'Timestamp of next (planned) run, referred for execution on trigger',
  `times_executed` int(11) DEFAULT 0 COMMENT 'Count of successful triggers',
  `times_failed` int(11) DEFAULT 0 COMMENT 'Count of failures',
  `locked` datetime DEFAULT NULL,
  `priority` smallint(6) NOT NULL DEFAULT 0,
  `ordering` int(11) NOT NULL DEFAULT 0 COMMENT 'Configurable list ordering',
  `cli_exclusive` smallint(6) NOT NULL DEFAULT 0 COMMENT 'If 1, the task is only accessible via CLI',
  `params` text NOT NULL,
  `note` text DEFAULT NULL,
  `created` datetime NOT NULL,
  `created_by` int(10) UNSIGNED NOT NULL DEFAULT 0,
  `checked_out` int(10) UNSIGNED DEFAULT NULL,
  `checked_out_time` datetime DEFAULT NULL
) ENGINE=InnoDB DEFAULT CHARSET=utf8mb4 COLLATE=utf8mb4_unicode_ci;

-- --------------------------------------------------------

--
-- Структура таблицы `umk07_schemas`
--

CREATE TABLE `umk07_schemas` (
  `extension_id` int(11) NOT NULL,
  `version_id` varchar(20) NOT NULL
) ENGINE=InnoDB DEFAULT CHARSET=utf8mb4 COLLATE=utf8mb4_unicode_ci;

--
-- Дамп данных таблицы `umk07_schemas`
--

INSERT INTO `umk07_schemas` (`extension_id`, `version_id`) VALUES
(229, '4.4.0-2023-09-13'),
(238, '5.1.3');

-- --------------------------------------------------------

--
-- Структура таблицы `umk07_tags`
--

CREATE TABLE `umk07_tags` (
  `id` int(10) UNSIGNED NOT NULL,
  `parent_id` int(10) UNSIGNED NOT NULL DEFAULT 0,
  `lft` int(11) NOT NULL DEFAULT 0,
  `rgt` int(11) NOT NULL DEFAULT 0,
  `level` int(10) UNSIGNED NOT NULL DEFAULT 0,
  `path` varchar(400) NOT NULL DEFAULT '',
  `title` varchar(255) NOT NULL,
  `alias` varchar(400) CHARACTER SET utf8mb4 COLLATE utf8mb4_bin NOT NULL DEFAULT '',
  `note` varchar(255) NOT NULL DEFAULT '',
  `description` mediumtext NOT NULL,
  `published` tinyint(4) NOT NULL DEFAULT 0,
  `checked_out` int(10) UNSIGNED DEFAULT NULL,
  `checked_out_time` datetime DEFAULT NULL,
  `access` int(10) UNSIGNED NOT NULL DEFAULT 0,
  `params` text NOT NULL,
  `metadesc` varchar(1024) NOT NULL COMMENT 'The meta description for the page.',
  `metakey` varchar(1024) NOT NULL DEFAULT '' COMMENT 'The keywords for the page.',
  `metadata` varchar(2048) NOT NULL COMMENT 'JSON encoded metadata properties.',
  `created_user_id` int(10) UNSIGNED NOT NULL DEFAULT 0,
  `created_time` datetime NOT NULL,
  `created_by_alias` varchar(255) NOT NULL DEFAULT '',
  `modified_user_id` int(10) UNSIGNED NOT NULL DEFAULT 0,
  `modified_time` datetime NOT NULL,
  `images` text NOT NULL,
  `urls` text NOT NULL,
  `hits` int(10) UNSIGNED NOT NULL DEFAULT 0,
  `language` char(7) NOT NULL,
  `version` int(10) UNSIGNED NOT NULL DEFAULT 1,
  `publish_up` datetime DEFAULT NULL,
  `publish_down` datetime DEFAULT NULL
) ENGINE=InnoDB DEFAULT CHARSET=utf8mb4 COLLATE=utf8mb4_unicode_ci;

--
-- Дамп данных таблицы `umk07_tags`
--

INSERT INTO `umk07_tags` (`id`, `parent_id`, `lft`, `rgt`, `level`, `path`, `title`, `alias`, `note`, `description`, `published`, `checked_out`, `checked_out_time`, `access`, `params`, `metadesc`, `metakey`, `metadata`, `created_user_id`, `created_time`, `created_by_alias`, `modified_user_id`, `modified_time`, `images`, `urls`, `hits`, `language`, `version`, `publish_up`, `publish_down`) VALUES
(1, 0, 0, 1, 0, '', 'ROOT', 'root', '', '', 1, NULL, NULL, 1, '', '', '', '', 680, '2023-11-10 18:55:31', '', 680, '2023-11-10 18:55:31', '', '', 0, '*', 1, NULL, NULL);

-- --------------------------------------------------------

--
-- Структура таблицы `umk07_template_overrides`
--

CREATE TABLE `umk07_template_overrides` (
  `id` int(10) UNSIGNED NOT NULL,
  `template` varchar(50) NOT NULL DEFAULT '',
  `hash_id` varchar(255) NOT NULL DEFAULT '',
  `extension_id` int(11) DEFAULT 0,
  `state` tinyint(4) NOT NULL DEFAULT 0,
  `action` varchar(50) NOT NULL DEFAULT '',
  `client_id` tinyint(3) UNSIGNED NOT NULL DEFAULT 0,
  `created_date` datetime NOT NULL,
  `modified_date` datetime DEFAULT NULL
) ENGINE=InnoDB DEFAULT CHARSET=utf8mb4 COLLATE=utf8mb4_unicode_ci;

-- --------------------------------------------------------

--
-- Структура таблицы `umk07_template_styles`
--

CREATE TABLE `umk07_template_styles` (
  `id` int(10) UNSIGNED NOT NULL,
  `template` varchar(50) NOT NULL DEFAULT '',
  `client_id` tinyint(3) UNSIGNED NOT NULL DEFAULT 0,
  `home` char(7) NOT NULL DEFAULT '0',
  `title` varchar(255) NOT NULL DEFAULT '',
  `inheritable` tinyint(4) NOT NULL DEFAULT 0,
  `parent` varchar(50) DEFAULT '',
  `params` text NOT NULL
) ENGINE=InnoDB DEFAULT CHARSET=utf8mb4 COLLATE=utf8mb4_unicode_ci;

--
-- Дамп данных таблицы `umk07_template_styles`
--

INSERT INTO `umk07_template_styles` (`id`, `template`, `client_id`, `home`, `title`, `inheritable`, `parent`, `params`) VALUES
(10, 'atum', 1, '1', 'Atum - Default', 1, '', '{\"hue\":\"hsl(214, 63%, 20%)\",\"bg-light\":\"#f0f4fb\",\"text-dark\":\"#495057\",\"text-light\":\"#ffffff\",\"link-color\":\"#2a69b8\",\"special-color\":\"#001b4c\",\"monochrome\":\"0\",\"loginLogo\":\"\",\"loginLogoAlt\":\"\",\"logoBrandLarge\":\"\",\"logoBrandLargeAlt\":\"\",\"logoBrandSmall\":\"\",\"logoBrandSmallAlt\":\"\"}'),
(11, 'cassiopeia', 0, '1', 'Cassiopeia - Default', 1, '', '{\"brand\":true,\"logoFile\":\"images\\/logo.png#joomlaImage:\\/\\/local-images\\/logo.png?width=198&height=99\",\"siteTitle\":\"\\u041d\\u043e\\u0432\\u0430\\u0422\\u043e\\u043d\",\"siteDescription\":\"\",\"useFontScheme\":\"0\",\"colorName\":\"colors_standard\",\"fluidContainer\":\"0\",\"stickyHeader\":0,\"backTop\":1}'),
(12, 'joomstarter', 0, '0', 'JOOMSTARTER Blank/Basic Site template - По умолчанию', 1, '', '{\"testparam\":true}');

-- --------------------------------------------------------

--
-- Структура таблицы `umk07_ucm_base`
--

CREATE TABLE `umk07_ucm_base` (
  `ucm_id` int(10) UNSIGNED NOT NULL,
  `ucm_item_id` int(11) NOT NULL,
  `ucm_type_id` int(11) NOT NULL,
  `ucm_language_id` int(11) NOT NULL
) ENGINE=InnoDB DEFAULT CHARSET=utf8mb4 COLLATE=utf8mb4_unicode_ci;

-- --------------------------------------------------------

--
-- Структура таблицы `umk07_ucm_content`
--

CREATE TABLE `umk07_ucm_content` (
  `core_content_id` int(10) UNSIGNED NOT NULL,
  `core_type_alias` varchar(400) NOT NULL DEFAULT '' COMMENT 'FK to the content types table',
  `core_title` varchar(400) NOT NULL DEFAULT '',
  `core_alias` varchar(400) CHARACTER SET utf8mb4 COLLATE utf8mb4_bin NOT NULL DEFAULT '',
  `core_body` mediumtext DEFAULT NULL,
  `core_state` tinyint(4) NOT NULL DEFAULT 0,
  `core_checked_out_time` datetime DEFAULT NULL,
  `core_checked_out_user_id` int(10) UNSIGNED DEFAULT NULL,
  `core_access` int(10) UNSIGNED NOT NULL DEFAULT 0,
  `core_params` text DEFAULT NULL,
  `core_featured` tinyint(3) UNSIGNED NOT NULL DEFAULT 0,
  `core_metadata` varchar(2048) NOT NULL DEFAULT '' COMMENT 'JSON encoded metadata properties.',
  `core_created_user_id` int(10) UNSIGNED NOT NULL DEFAULT 0,
  `core_created_by_alias` varchar(255) NOT NULL DEFAULT '',
  `core_created_time` datetime NOT NULL,
  `core_modified_user_id` int(10) UNSIGNED NOT NULL DEFAULT 0 COMMENT 'Most recent user that modified',
  `core_modified_time` datetime NOT NULL,
  `core_language` char(7) NOT NULL DEFAULT '',
  `core_publish_up` datetime DEFAULT NULL,
  `core_publish_down` datetime DEFAULT NULL,
  `core_content_item_id` int(10) UNSIGNED NOT NULL DEFAULT 0 COMMENT 'ID from the individual type table',
  `asset_id` int(10) UNSIGNED NOT NULL DEFAULT 0 COMMENT 'FK to the #__assets table.',
  `core_images` text DEFAULT NULL,
  `core_urls` text DEFAULT NULL,
  `core_hits` int(10) UNSIGNED NOT NULL DEFAULT 0,
  `core_version` int(10) UNSIGNED NOT NULL DEFAULT 1,
  `core_ordering` int(11) NOT NULL DEFAULT 0,
  `core_metakey` text DEFAULT NULL,
  `core_metadesc` text DEFAULT NULL,
  `core_catid` int(10) UNSIGNED NOT NULL DEFAULT 0,
  `core_type_id` int(10) UNSIGNED NOT NULL DEFAULT 0
) ENGINE=InnoDB DEFAULT CHARSET=utf8mb4 COLLATE=utf8mb4_unicode_ci COMMENT='Contains core content data in name spaced fields';

-- --------------------------------------------------------

--
-- Структура таблицы `umk07_updates`
--

CREATE TABLE `umk07_updates` (
  `update_id` int(11) NOT NULL,
  `update_site_id` int(11) DEFAULT 0,
  `extension_id` int(11) DEFAULT 0,
  `name` varchar(100) DEFAULT '',
  `description` text NOT NULL,
  `element` varchar(100) DEFAULT '',
  `type` varchar(20) DEFAULT '',
  `folder` varchar(20) DEFAULT '',
  `client_id` tinyint(4) DEFAULT 0,
  `version` varchar(32) DEFAULT '',
  `data` text NOT NULL,
  `detailsurl` text NOT NULL,
  `infourl` text NOT NULL,
  `changelogurl` text DEFAULT NULL,
  `extra_query` varchar(1000) DEFAULT ''
) ENGINE=InnoDB DEFAULT CHARSET=utf8mb4 COLLATE=utf8mb4_unicode_ci COMMENT='Available Updates';

--
-- Дамп данных таблицы `umk07_updates`
--

INSERT INTO `umk07_updates` (`update_id`, `update_site_id`, `extension_id`, `name`, `description`, `element`, `type`, `folder`, `client_id`, `version`, `data`, `detailsurl`, `infourl`, `changelogurl`, `extra_query`) VALUES
(2444, 2, 0, 'Afrikaans', '', 'pkg_af-ZA', 'package', '', 0, '4.4.15.1', '', 'https://update.joomla.org/language/details4/af-ZA_details.xml', '', '', ''),
(2445, 2, 0, 'Arabic Unitag', '', 'pkg_ar-AA', 'package', '', 0, '4.0.2.1', '', 'https://update.joomla.org/language/details4/ar-AA_details.xml', '', '', ''),
(2446, 2, 0, 'Basque', '', 'pkg_eu-ES', 'package', '', 0, '4.4.9.3', '', 'https://update.joomla.org/language/details4/eu-ES_details.xml', '', '', ''),
(2447, 2, 0, 'Belarusian', '', 'pkg_be-BY', 'package', '', 0, '4.4.2.1', '', 'https://update.joomla.org/language/details4/be-BY_details.xml', '', '', ''),
(2448, 2, 0, 'Bulgarian', '', 'pkg_bg-BG', 'package', '', 0, '4.4.14.2', '', 'https://update.joomla.org/language/details4/bg-BG_details.xml', '', '', ''),
(2449, 2, 0, 'Catalan', '', 'pkg_ca-ES', 'package', '', 0, '4.4.14.1', '', 'https://update.joomla.org/language/details4/ca-ES_details.xml', '', '', ''),
(2450, 2, 0, 'Chinese, Simplified', '', 'pkg_zh-CN', 'package', '', 0, '4.2.3.9', '', 'https://update.joomla.org/language/details4/zh-CN_details.xml', '', '', ''),
(2451, 2, 0, 'Chinese, Traditional', '', 'pkg_zh-TW', 'package', '', 0, '4.4.2.1', '', 'https://update.joomla.org/language/details4/zh-TW_details.xml', '', '', ''),
(2452, 2, 0, 'Croatian', '', 'pkg_hr-HR', 'package', '', 0, '4.4.14.1', '', 'https://update.joomla.org/language/details4/hr-HR_details.xml', '', '', ''),
(2453, 2, 0, 'Czech', '', 'pkg_cs-CZ', 'package', '', 0, '4.4.15.2', '', 'https://update.joomla.org/language/details4/cs-CZ_details.xml', '', '', ''),
(2454, 2, 0, 'Danish', '', 'pkg_da-DK', 'package', '', 0, '4.4.11.1', '', 'https://update.joomla.org/language/details4/da-DK_details.xml', '', '', ''),
(2455, 2, 0, 'Dutch', '', 'pkg_nl-NL', 'package', '', 0, '4.4.14.1', '', 'https://update.joomla.org/language/details4/nl-NL_details.xml', '', '', ''),
(2456, 2, 0, 'English, Australia', '', 'pkg_en-AU', 'package', '', 0, '5.4.2.1', '', 'https://update.joomla.org/language/details4/en-AU_details.xml', '', '', ''),
(2457, 2, 0, 'English, Canada', '', 'pkg_en-CA', 'package', '', 0, '4.4.14.1', '', 'https://update.joomla.org/language/details4/en-CA_details.xml', '', '', ''),
(2458, 2, 0, 'English, New Zealand', '', 'pkg_en-NZ', 'package', '', 0, '4.4.14.1', '', 'https://update.joomla.org/language/details4/en-NZ_details.xml', '', '', ''),
(2459, 2, 0, 'English, USA', '', 'pkg_en-US', 'package', '', 0, '4.4.14.1', '', 'https://update.joomla.org/language/details4/en-US_details.xml', '', '', ''),
(2460, 2, 0, 'Estonian', '', 'pkg_et-EE', 'package', '', 0, '4.4.4.1', '', 'https://update.joomla.org/language/details4/et-EE_details.xml', '', '', ''),
(2461, 2, 0, 'Finnish', '', 'pkg_fi-FI', 'package', '', 0, '4.4.14.1', '', 'https://update.joomla.org/language/details4/fi-FI_details.xml', '', '', ''),
(2462, 2, 0, 'Flemish', '', 'pkg_nl-BE', 'package', '', 0, '4.4.14.1', '', 'https://update.joomla.org/language/details4/nl-BE_details.xml', '', '', ''),
(2463, 2, 0, 'French', '', 'pkg_fr-FR', 'package', '', 0, '4.4.14.2', '', 'https://update.joomla.org/language/details4/fr-FR_details.xml', '', '', ''),
(2464, 2, 0, 'French, Canada', '', 'pkg_fr-CA', 'package', '', 0, '4.4.13.1', '', 'https://update.joomla.org/language/details4/fr-CA_details.xml', '', '', ''),
(2465, 2, 0, 'Georgian', '', 'pkg_ka-GE', 'package', '', 0, '4.4.14.1', '', 'https://update.joomla.org/language/details4/ka-GE_details.xml', '', '', ''),
(2466, 2, 0, 'German', '', 'pkg_de-DE', 'package', '', 0, '4.4.14.1', '', 'https://update.joomla.org/language/details4/de-DE_details.xml', '', '', ''),
(2467, 2, 0, 'German, Austria', '', 'pkg_de-AT', 'package', '', 0, '4.4.14.1', '', 'https://update.joomla.org/language/details4/de-AT_details.xml', '', '', ''),
(2468, 2, 0, 'German, Liechtenstein', '', 'pkg_de-LI', 'package', '', 0, '4.4.14.1', '', 'https://update.joomla.org/language/details4/de-LI_details.xml', '', '', ''),
(2469, 2, 0, 'German, Luxembourg', '', 'pkg_de-LU', 'package', '', 0, '4.4.14.1', '', 'https://update.joomla.org/language/details4/de-LU_details.xml', '', '', ''),
(2470, 2, 0, 'German, Switzerland', '', 'pkg_de-CH', 'package', '', 0, '4.4.14.1', '', 'https://update.joomla.org/language/details4/de-CH_details.xml', '', '', ''),
(2471, 2, 0, 'Greek', '', 'pkg_el-GR', 'package', '', 0, '4.4.14.1', '', 'https://update.joomla.org/language/details4/el-GR_details.xml', '', '', ''),
(2472, 2, 0, 'Hungarian', '', 'pkg_hu-HU', 'package', '', 0, '4.4.14.1', '', 'https://update.joomla.org/language/details4/hu-HU_details.xml', '', '', ''),
(2473, 2, 0, 'Irish', '', 'pkg_ga-IE', 'package', '', 0, '4.2.8.1', '', 'https://update.joomla.org/language/details4/ga-IE_details.xml', '', '', ''),
(2474, 2, 0, 'Italian', '', 'pkg_it-IT', 'package', '', 0, '4.4.14.1', '', 'https://update.joomla.org/language/details4/it-IT_details.xml', '', '', ''),
(2475, 2, 0, 'Japanese', '', 'pkg_ja-JP', 'package', '', 0, '4.4.14.1', '', 'https://update.joomla.org/language/details4/ja-JP_details.xml', '', '', ''),
(2476, 2, 0, 'Kazakh', '', 'pkg_kk-KZ', 'package', '', 0, '4.4.0.3', '', 'https://update.joomla.org/language/details4/kk-KZ_details.xml', '', '', ''),
(2477, 2, 0, 'Korean', '', 'pkg_ko-KR', 'package', '', 0, '4.4.2.1', '', 'https://update.joomla.org/language/details4/ko-KR_details.xml', '', '', ''),
(2478, 2, 0, 'Laotian', '', 'pkg_lo-LA', 'package', '', 0, '4.4.14.1', '', 'https://update.joomla.org/language/details4/lo-LA_details.xml', '', '', ''),
(2479, 2, 0, 'Latvian', '', 'pkg_lv-LV', 'package', '', 0, '4.4.1.1', '', 'https://update.joomla.org/language/details4/lv-LV_details.xml', '', '', ''),
(2480, 2, 0, 'Lithuanian', '', 'pkg_lt-LT', 'package', '', 0, '4.4.14.1', '', 'https://update.joomla.org/language/details4/lt-LT_details.xml', '', '', ''),
(2481, 2, 0, 'North Macedonian', '', 'pkg_mk-MK', 'package', '', 0, '4.2.4.1', '', 'https://update.joomla.org/language/details4/mk-MK_details.xml', '', '', ''),
(2482, 2, 0, 'Norwegian Bokmål', '', 'pkg_nb-NO', 'package', '', 0, '4.4.14.2', '', 'https://update.joomla.org/language/details4/nb-NO_details.xml', '', '', ''),
(2483, 2, 0, 'Pashto Afghanistan', '', 'pkg_ps-AF', 'package', '', 0, '4.3.4.1', '', 'https://update.joomla.org/language/details4/ps-AF_details.xml', '', '', ''),
(2484, 2, 0, 'Persian Farsi', '', 'pkg_fa-IR', 'package', '', 0, '4.4.13.1', '', 'https://update.joomla.org/language/details4/fa-IR_details.xml', '', '', ''),
(2485, 2, 0, 'Polish', '', 'pkg_pl-PL', 'package', '', 0, '4.4.4.1', '', 'https://update.joomla.org/language/details4/pl-PL_details.xml', '', '', ''),
(2486, 2, 0, 'Portuguese, Brazil', '', 'pkg_pt-BR', 'package', '', 0, '4.4.15.1', '', 'https://update.joomla.org/language/details4/pt-BR_details.xml', '', '', ''),
(2487, 2, 0, 'Portuguese, Portugal', '', 'pkg_pt-PT', 'package', '', 0, '4.4.9.2', '', 'https://update.joomla.org/language/details4/pt-PT_details.xml', '', '', ''),
(2488, 2, 0, 'Romanian', '', 'pkg_ro-RO', 'package', '', 0, '4.4.9.1', '', 'https://update.joomla.org/language/details4/ro-RO_details.xml', '', '', ''),
(2489, 2, 237, 'Russian', '', 'pkg_ru-RU', 'package', '', 0, '4.4.9.2', '', 'https://update.joomla.org/language/details4/ru-RU_details.xml', '', '', ''),
(2490, 2, 0, 'Serbian, Cyrillic', '', 'pkg_sr-RS', 'package', '', 0, '4.4.14.1', '', 'https://update.joomla.org/language/details4/sr-RS_details.xml', '', '', ''),
(2491, 2, 0, 'Serbian, Latin', '', 'pkg_sr-YU', 'package', '', 0, '4.4.15.2', '', 'https://update.joomla.org/language/details4/sr-YU_details.xml', '', '', ''),
(2492, 2, 0, 'Slovak', '', 'pkg_sk-SK', 'package', '', 0, '4.4.15.2', '', 'https://update.joomla.org/language/details4/sk-SK_details.xml', '', '', ''),
(2493, 2, 0, 'Slovenian', '', 'pkg_sl-SI', 'package', '', 0, '4.4.14.2', '', 'https://update.joomla.org/language/details4/sl-SI_details.xml', '', '', ''),
(2494, 2, 0, 'Spanish', '', 'pkg_es-ES', 'package', '', 0, '4.4.14.1', '', 'https://update.joomla.org/language/details4/es-ES_details.xml', '', '', ''),
(2495, 2, 0, 'Swedish', '', 'pkg_sv-SE', 'package', '', 0, '4.4.14.1', '', 'https://update.joomla.org/language/details4/sv-SE_details.xml', '', '', ''),
(2496, 2, 0, 'Tamil, India', '', 'pkg_ta-IN', 'package', '', 0, '4.4.14.1', '', 'https://update.joomla.org/language/details4/ta-IN_details.xml', '', '', ''),
(2497, 2, 0, 'Thai', '', 'pkg_th-TH', 'package', '', 0, '4.4.13.1', '', 'https://update.joomla.org/language/details4/th-TH_details.xml', '', '', ''),
(2498, 2, 0, 'Turkish', '', 'pkg_tr-TR', 'package', '', 0, '4.4.14.1', '', 'https://update.joomla.org/language/details4/tr-TR_details.xml', '', '', ''),
(2499, 2, 0, 'Ukrainian', '', 'pkg_uk-UA', 'package', '', 0, '4.4.5.1', '', 'https://update.joomla.org/language/details4/uk-UA_details.xml', '', '', ''),
(2500, 2, 0, 'Vietnamese', '', 'pkg_vi-VN', 'package', '', 0, '4.2.2.1', '', 'https://update.joomla.org/language/details4/vi-VN_details.xml', '', '', ''),
(2501, 2, 0, 'Welsh', '', 'pkg_cy-GB', 'package', '', 0, '4.4.14.1', '', 'https://update.joomla.org/language/details4/cy-GB_details.xml', '', '', ''),
(2502, 4, 238, 'jshopping', 'Joomshopping Component', 'com_jshopping', 'component', '', 1, '5.9.2', '', 'https://www.webdesigner-profi.de/joomla-webdesign/update/shop.xml', '', NULL, ''),
(2503, 5, 241, 'WT JShopping Cart 1.1.1', 'Модуль корзины для Joomla 4, Joomla 5 и JoomShopping 5+. Сделан на Bootstrap 5.', 'mod_wtjshoppingcart', 'module', '', 0, '1.1.1', '', 'https://web-tolk.ru/component/swjprojects/jupdate.html?element=mod_wtjshoppingcart', 'https://web-tolk.ru/dev/joomla-modules/wt-jshopping-cart-modul-bootstrap-5-korziny-dlya-joomshopping-5-i-joomla-4/versions/1-1-1', 'https://web-tolk.ru/jchangelog?element=mod_wtjshoppingcart', ''),
(2504, 7, 243, 'Radical MultiField 3.x version', 'Update for Radical MultiField plugin', 'radicalmultifield', 'plugin', 'fields', 0, '3.3.1', '', 'https://hika.su/update/free/plg_radicalmultifield_3x.xml', 'https://github.com/Delo-Design/radicalmultifield', NULL, ''),
(2505, 8, 246, 'WT JoomShopping Schema.Org 2.1.1', 'Плагин добавляет на страницы товара и категории товара микроразметку Schema.org для категорий товаров, производителей и товаров JoomShopping в формате...', 'wt_jshopping_schema_org', 'plugin', 'jshoppingproducts', 0, '2.1.1', '', 'https://web-tolk.ru/component/swjprojects/jupdate.html?element=wt_jshopping_schema_org', 'https://web-tolk.ru/dev/joomla-plugins/wt-joomshopping-schema-org/versions/2-1-1', 'https://web-tolk.ru/jchangelog?element=wt_jshopping_schema_org', ''),
(2506, 9, 249, 'WT JoomShopping Last Seen products 2.0.4', 'Пакет, состоящий из модуля и плагина. Плагин записывает в cookie просмотренные посетителем товары, а модуль отображает их. В плагине настраивается вре...', 'pkg_wtjshoppinglastseenproducts', 'package', '', 0, '2.0.4', '', 'https://web-tolk.ru/component/swjprojects/jupdate.html?element=pkg_wtjshoppinglastseenproducts', 'https://web-tolk.ru/dev/joomshopping/wt-joomshopping-last-seen-products/versions/2-0-4', 'https://web-tolk.ru/jchangelog?element=pkg_wtjshoppinglastseenproducts', ''),
(2507, 10, 0, 'WT JoomShopping Favorite 2.0.3', 'Функционал избранных товаров, реализован с помощью cookie. В стандартной комплектации список желаний JoomShopping отображается только в карточке товар...', 'wt_jshopping_favorites', 'package', '', 0, '2.0.3', '', 'https://web-tolk.ru/component/swjprojects/jupdate.html?element=wt_jshopping_favorites', 'https://web-tolk.ru/dev/joomshopping/wt-joomshopping-favorite/versions/2-0-3', 'https://web-tolk.ru/jchangelog?element=wt_jshopping_favorites', ''),
(2508, 11, 0, 'Lib Jinterventionimage', 'Update for Jinterventionimage', 'jinterventionimage', 'library', 'libraries', 0, '3.11.4', '', 'https://hika.su/update/free/lib_jinterventionimage.xml', 'https://github.com/Delo-Design/jinterventionimage/README.md', NULL, ''),
(2509, 12, 256, 'JIntervention Image 3.11.5', 'PHP-библиотека обработки изображений Intervention Image для Joomla. Версия 2.7.2 для Joomla 3 и Joomla 4. Версии 3.x - для Joomla 4 и Joomla 5+.', 'jinterventionimage', 'library', '', 0, '3.11.5', '', 'https://web-tolk.ru/component/swjprojects/jupdate.html?element=lib_jinterventionimage', 'https://web-tolk.ru/dev/biblioteki/jintervention-image/versions/3-11-5', 'https://web-tolk.ru/jchangelog?element=jinterventionimage', ''),
(2510, 13, 257, 'WT On fly image handler 2.0.1', 'Обработка изображений товара JoomShopping при редактировании: одинаковые пропорции, конвертация в один формат, удаление прозрачности, именование файло...', 'wt_on_fly_image_handler', 'plugin', 'jshoppingadmin', 0, '2.0.1', '', 'https://web-tolk.ru/component/swjprojects/jupdate.html?element=wt_on_fly_image_handler', 'https://web-tolk.ru/dev/joomla-plugins/wt-on-fly-image-handler/versions/2-0-1', 'https://web-tolk.ru/jchangelog?element=wt_on_fly_image_handler', ''),
(2511, 16, 270, 'WT Quick links 2.4.0.1', 'Модуль-конструктор для быстрого создания набора элементов. Это могут быть ссылки на категории материалов, Virtuemart, JoomShopping, Phoca Cart, пункт...', 'mod_wt_quick_links', 'module', '', 0, '2.4.0.1', '', 'https://web-tolk.ru/component/swjprojects/jupdate?element=mod_wt_quick_links', 'https://web-tolk.ru/dev/joomla-modules/wt-quick-links/versions/2-4-0-1', 'https://web-tolk.ru/jchangelog?element=mod_wt_quick_links', ''),
(2512, 18, 302, 'Advanced Custom Fields Free', '', 'acf', 'plugin', 'system', 0, '3.1.3', '', 'https://www.tassos.gr/updates/advanced-custom-fields-free.xml', 'https://www.tassos.gr/releases/advanced-custom-fields/advanced-custom-fields-3-1-3', NULL, ''),
(2513, 19, 305, 'SimpleForm2', 'SimpleForm2 module', 'mod_simpleform2', 'module', '', 0, '4.6.0', '', 'http://update.allforjoomla.com/mod_simpleform2.xml', 'https://allforjoomla.ru/extensions/mod-simpleform2', NULL, '');

-- --------------------------------------------------------

--
-- Структура таблицы `umk07_update_sites`
--

CREATE TABLE `umk07_update_sites` (
  `update_site_id` int(11) NOT NULL,
  `name` varchar(100) DEFAULT '',
  `type` varchar(20) DEFAULT '',
  `location` text NOT NULL,
  `enabled` int(11) DEFAULT 0,
  `last_check_timestamp` bigint(20) DEFAULT 0,
  `extra_query` varchar(1000) DEFAULT '',
  `checked_out` int(10) UNSIGNED DEFAULT NULL,
  `checked_out_time` datetime DEFAULT NULL
) ENGINE=InnoDB DEFAULT CHARSET=utf8mb4 COLLATE=utf8mb4_unicode_ci COMMENT='Update Sites';

--
-- Дамп данных таблицы `umk07_update_sites`
--

INSERT INTO `umk07_update_sites` (`update_site_id`, `name`, `type`, `location`, `enabled`, `last_check_timestamp`, `extra_query`, `checked_out`, `checked_out_time`) VALUES
(1, 'Joomla! Core', 'collection', 'https://update.joomla.org/core/list.xml', 0, 1714253099, '', NULL, NULL),
(2, 'Accredited Joomla! Translations', 'collection', 'https://update.joomla.org/language/translationlist_4.xml', 1, 1779094936, '', NULL, NULL),
(3, 'Joomla! Update Component', 'extension', 'https://update.joomla.org/core/extensions/com_joomlaupdate.xml', 1, 1779094936, '', NULL, NULL),
(4, 'JoomShopping', 'extension', 'https://www.webdesigner-profi.de/joomla-webdesign/update/shop.xml', 1, 1779094936, '', NULL, NULL),
(5, 'Web Tolk Update Server - WT JShopping Cart Module', 'extension', 'https://web-tolk.ru/component/swjprojects/jupdate.html?element=mod_wtjshoppingcart', 1, 1779094936, '', NULL, NULL),
(6, 'JT Login Updates', 'extension', 'http://joomlatema.net/update_server/joomla4/jt_login.xml', 0, 1709285552, '', NULL, NULL),
(7, 'Radical MultiField', 'extension', 'https://hika.su/update/free/plg_radicalmultifield_3x.xml', 1, 1779094936, '', NULL, NULL),
(8, 'WebTolkUpdateServer', 'extension', 'https://web-tolk.ru/component/swjprojects/jupdate.html?element=wt_jshopping_schema_org', 1, 1779094936, '', NULL, NULL),
(9, 'WebTolk Update Server - WT Last Seen Products for JoomShopping', 'extension', 'https://web-tolk.ru/component/swjprojects/jupdate.html?element=pkg_wtjshoppinglastseenproducts', 1, 1779094936, '', NULL, NULL),
(10, 'WebTolk Update Server - WT JoomShopping Favorites', 'extension', 'https://web-tolk.ru/component/swjprojects/jupdate.html?element=wt_jshopping_favorites', 1, 1779094936, '', NULL, NULL),
(11, 'Lib JInterventionimage', 'extension', 'https://hika.su/update/free/lib_jinterventionimage.xml', 1, 1779094936, '', NULL, NULL),
(12, 'WebTolk Lib JInterventionimage', 'extension', 'https://web-tolk.ru/component/swjprojects/jupdate.html?element=lib_jinterventionimage', 1, 1779094937, '', NULL, NULL),
(13, 'WebTolk - Wt On Fly image handler', 'extension', 'https://web-tolk.ru/component/swjprojects/jupdate.html?element=wt_on_fly_image_handler', 1, 1779094937, '', NULL, NULL),
(16, 'WebTolk - WT Quick Links', 'extension', 'https://web-tolk.ru/component/swjprojects/jupdate?element=mod_wt_quick_links', 1, 1779094937, '', NULL, NULL),
(18, 'Advanced Custom Fields', 'extension', 'https://www.tassos.gr/updates/advanced-custom-fields-free.xml', 1, 1779094937, '', NULL, NULL),
(19, 'SimpleForm2', 'extension', 'http://update.allforjoomla.com/mod_simpleform2.xml', 1, 1779094937, '', NULL, NULL),
(20, 'My City Selector Update Server', 'extension', 'https://raw.githubusercontent.com/active-programming/mycityselector/free/mcs_update.xml', 1, 1779094937, 'domain=nova.zbull2.ru', NULL, NULL);

-- --------------------------------------------------------

--
-- Структура таблицы `umk07_update_sites_extensions`
--

CREATE TABLE `umk07_update_sites_extensions` (
  `update_site_id` int(11) NOT NULL DEFAULT 0,
  `extension_id` int(11) NOT NULL DEFAULT 0
) ENGINE=InnoDB DEFAULT CHARSET=utf8mb4 COLLATE=utf8mb4_unicode_ci COMMENT='Links extensions to update sites';

--
-- Дамп данных таблицы `umk07_update_sites_extensions`
--

INSERT INTO `umk07_update_sites_extensions` (`update_site_id`, `extension_id`) VALUES
(1, 229),
(2, 230),
(2, 237),
(3, 24),
(4, 238),
(5, 241),
(6, 242),
(7, 243),
(8, 246),
(9, 249),
(10, 255),
(11, 256),
(12, 256),
(13, 257),
(16, 270),
(18, 302),
(19, 307),
(20, 314);

-- --------------------------------------------------------

--
-- Структура таблицы `umk07_usergroups`
--

CREATE TABLE `umk07_usergroups` (
  `id` int(10) UNSIGNED NOT NULL COMMENT 'Primary Key',
  `parent_id` int(10) UNSIGNED NOT NULL DEFAULT 0 COMMENT 'Adjacency List Reference Id',
  `lft` int(11) NOT NULL DEFAULT 0 COMMENT 'Nested set lft.',
  `rgt` int(11) NOT NULL DEFAULT 0 COMMENT 'Nested set rgt.',
  `title` varchar(100) NOT NULL DEFAULT ''
) ENGINE=InnoDB DEFAULT CHARSET=utf8mb4 COLLATE=utf8mb4_unicode_ci;

--
-- Дамп данных таблицы `umk07_usergroups`
--

INSERT INTO `umk07_usergroups` (`id`, `parent_id`, `lft`, `rgt`, `title`) VALUES
(1, 0, 1, 18, 'Public'),
(2, 1, 8, 15, 'Registered'),
(3, 2, 9, 14, 'Author'),
(4, 3, 10, 13, 'Editor'),
(5, 4, 11, 12, 'Publisher'),
(6, 1, 4, 7, 'Manager'),
(7, 6, 5, 6, 'Administrator'),
(8, 1, 16, 17, 'Super Users'),
(9, 1, 2, 3, 'Guest');

-- --------------------------------------------------------

--
-- Структура таблицы `umk07_user_mfa`
--

CREATE TABLE `umk07_user_mfa` (
  `id` int(11) NOT NULL,
  `user_id` int(10) UNSIGNED NOT NULL,
  `title` varchar(255) NOT NULL DEFAULT '',
  `method` varchar(100) NOT NULL,
  `default` tinyint(4) NOT NULL DEFAULT 0,
  `options` mediumtext NOT NULL,
  `created_on` datetime NOT NULL,
  `last_used` datetime DEFAULT NULL,
  `tries` int(11) NOT NULL DEFAULT 0,
  `last_try` datetime DEFAULT NULL
) ENGINE=InnoDB DEFAULT CHARSET=utf8mb4 COLLATE=utf8mb4_unicode_ci COMMENT='Multi-factor Authentication settings';

-- --------------------------------------------------------

--
-- Структура таблицы `umk07_user_notes`
--

CREATE TABLE `umk07_user_notes` (
  `id` int(10) UNSIGNED NOT NULL,
  `user_id` int(10) UNSIGNED NOT NULL DEFAULT 0,
  `catid` int(10) UNSIGNED NOT NULL DEFAULT 0,
  `subject` varchar(100) NOT NULL DEFAULT '',
  `body` text NOT NULL,
  `state` tinyint(4) NOT NULL DEFAULT 0,
  `checked_out` int(10) UNSIGNED DEFAULT NULL,
  `checked_out_time` datetime DEFAULT NULL,
  `created_user_id` int(10) UNSIGNED NOT NULL DEFAULT 0,
  `created_time` datetime NOT NULL,
  `modified_user_id` int(10) UNSIGNED NOT NULL DEFAULT 0,
  `modified_time` datetime NOT NULL,
  `review_time` datetime DEFAULT NULL,
  `publish_up` datetime DEFAULT NULL,
  `publish_down` datetime DEFAULT NULL
) ENGINE=InnoDB DEFAULT CHARSET=utf8mb4 COLLATE=utf8mb4_unicode_ci;

-- --------------------------------------------------------

--
-- Структура таблицы `umk07_user_profiles`
--

CREATE TABLE `umk07_user_profiles` (
  `user_id` int(11) NOT NULL,
  `profile_key` varchar(100) NOT NULL,
  `profile_value` text NOT NULL,
  `ordering` int(11) NOT NULL DEFAULT 0
) ENGINE=InnoDB DEFAULT CHARSET=utf8mb4 COLLATE=utf8mb4_unicode_ci COMMENT='Simple user profile storage table';

--
-- Дамп данных таблицы `umk07_user_profiles`
--

INSERT INTO `umk07_user_profiles` (`user_id`, `profile_key`, `profile_value`, `ordering`) VALUES
(680, 'joomlatoken.enabled', '1', 2),
(680, 'joomlatoken.token', '1myhLVlPj0FlgCmqsjfN+oCB21ZPRexkaf2vx1NeyWg=', 1);

-- --------------------------------------------------------

--
-- Структура таблицы `umk07_user_usergroup_map`
--

CREATE TABLE `umk07_user_usergroup_map` (
  `user_id` int(10) UNSIGNED NOT NULL DEFAULT 0 COMMENT 'Foreign Key to #__users.id',
  `group_id` int(10) UNSIGNED NOT NULL DEFAULT 0 COMMENT 'Foreign Key to #__usergroups.id'
) ENGINE=InnoDB DEFAULT CHARSET=utf8mb4 COLLATE=utf8mb4_unicode_ci;

--
-- Дамп данных таблицы `umk07_user_usergroup_map`
--

INSERT INTO `umk07_user_usergroup_map` (`user_id`, `group_id`) VALUES
(680, 8);

-- --------------------------------------------------------

--
-- Структура таблицы `umk07_viewlevels`
--

CREATE TABLE `umk07_viewlevels` (
  `id` int(10) UNSIGNED NOT NULL COMMENT 'Primary Key',
  `title` varchar(100) NOT NULL DEFAULT '',
  `ordering` int(11) NOT NULL DEFAULT 0,
  `rules` varchar(5120) NOT NULL COMMENT 'JSON encoded access control.'
) ENGINE=InnoDB DEFAULT CHARSET=utf8mb4 COLLATE=utf8mb4_unicode_ci;

--
-- Дамп данных таблицы `umk07_viewlevels`
--

INSERT INTO `umk07_viewlevels` (`id`, `title`, `ordering`, `rules`) VALUES
(1, 'Public', 0, '[1]'),
(2, 'Registered', 2, '[6,2,8]'),
(3, 'Special', 3, '[6,3,8]'),
(5, 'Guest', 1, '[9]'),
(6, 'Super Users', 4, '[8]');

-- --------------------------------------------------------

--
-- Структура таблицы `umk07_workflows`
--

CREATE TABLE `umk07_workflows` (
  `id` int(11) NOT NULL,
  `asset_id` int(11) DEFAULT 0,
  `published` tinyint(4) NOT NULL DEFAULT 0,
  `title` varchar(255) NOT NULL,
  `description` text NOT NULL,
  `extension` varchar(50) NOT NULL,
  `default` tinyint(4) NOT NULL DEFAULT 0,
  `ordering` int(11) NOT NULL DEFAULT 0,
  `created` datetime NOT NULL,
  `created_by` int(11) NOT NULL DEFAULT 0,
  `modified` datetime NOT NULL,
  `modified_by` int(11) NOT NULL DEFAULT 0,
  `checked_out_time` datetime DEFAULT NULL,
  `checked_out` int(10) UNSIGNED DEFAULT NULL
) ENGINE=InnoDB DEFAULT CHARSET=utf8mb4 COLLATE=utf8mb4_unicode_ci;

--
-- Дамп данных таблицы `umk07_workflows`
--

INSERT INTO `umk07_workflows` (`id`, `asset_id`, `published`, `title`, `description`, `extension`, `default`, `ordering`, `created`, `created_by`, `modified`, `modified_by`, `checked_out_time`, `checked_out`) VALUES
(1, 56, 1, 'COM_WORKFLOW_BASIC_WORKFLOW', '', 'com_content.article', 1, 1, '2023-11-10 18:55:31', 680, '2023-11-10 18:55:31', 680, NULL, NULL);

-- --------------------------------------------------------

--
-- Структура таблицы `umk07_workflow_associations`
--

CREATE TABLE `umk07_workflow_associations` (
  `item_id` int(11) NOT NULL DEFAULT 0 COMMENT 'Extension table id value',
  `stage_id` int(11) NOT NULL COMMENT 'Foreign Key to #__workflow_stages.id',
  `extension` varchar(50) NOT NULL
) ENGINE=InnoDB DEFAULT CHARSET=utf8mb4 COLLATE=utf8mb4_unicode_ci;

--
-- Дамп данных таблицы `umk07_workflow_associations`
--

INSERT INTO `umk07_workflow_associations` (`item_id`, `stage_id`, `extension`) VALUES
(1, 1, 'com_content.article'),
(2, 1, 'com_content.article'),
(3, 1, 'com_content.article'),
(4, 1, 'com_content.article'),
(5, 1, 'com_content.article'),
(6, 1, 'com_content.article'),
(7, 1, 'com_content.article'),
(8, 1, 'com_content.article'),
(9, 1, 'com_content.article'),
(10, 1, 'com_content.article'),
(11, 1, 'com_content.article'),
(12, 1, 'com_content.article'),
(13, 1, 'com_content.article'),
(14, 1, 'com_content.article'),
(15, 1, 'com_content.article'),
(16, 1, 'com_content.article'),
(17, 1, 'com_content.article'),
(18, 1, 'com_content.article'),
(19, 1, 'com_content.article'),
(20, 1, 'com_content.article'),
(21, 1, 'com_content.article'),
(22, 1, 'com_content.article'),
(23, 1, 'com_content.article'),
(24, 1, 'com_content.article'),
(25, 1, 'com_content.article'),
(26, 1, 'com_content.article'),
(27, 1, 'com_content.article'),
(28, 1, 'com_content.article'),
(29, 1, 'com_content.article'),
(30, 1, 'com_content.article'),
(31, 1, 'com_content.article'),
(33, 1, 'com_content.article'),
(34, 1, 'com_content.article'),
(35, 1, 'com_content.article'),
(36, 1, 'com_content.article'),
(37, 1, 'com_content.article'),
(38, 1, 'com_content.article'),
(39, 1, 'com_content.article'),
(40, 1, 'com_content.article'),
(41, 1, 'com_content.article'),
(42, 1, 'com_content.article'),
(43, 1, 'com_content.article'),
(44, 1, 'com_content.article'),
(45, 1, 'com_content.article'),
(46, 1, 'com_content.article'),
(47, 1, 'com_content.article'),
(48, 1, 'com_content.article'),
(49, 1, 'com_content.article'),
(50, 1, 'com_content.article'),
(51, 1, 'com_content.article'),
(52, 1, 'com_content.article'),
(53, 1, 'com_content.article'),
(54, 1, 'com_content.article'),
(55, 1, 'com_content.article'),
(56, 1, 'com_content.article'),
(57, 1, 'com_content.article'),
(58, 1, 'com_content.article'),
(59, 1, 'com_content.article'),
(60, 1, 'com_content.article'),
(61, 1, 'com_content.article'),
(62, 1, 'com_content.article'),
(63, 1, 'com_content.article'),
(64, 1, 'com_content.article'),
(65, 1, 'com_content.article');

-- --------------------------------------------------------

--
-- Структура таблицы `umk07_workflow_stages`
--

CREATE TABLE `umk07_workflow_stages` (
  `id` int(11) NOT NULL,
  `asset_id` int(11) DEFAULT 0,
  `ordering` int(11) NOT NULL DEFAULT 0,
  `workflow_id` int(11) NOT NULL,
  `published` tinyint(4) NOT NULL DEFAULT 0,
  `title` varchar(255) NOT NULL,
  `description` text NOT NULL,
  `default` tinyint(4) NOT NULL DEFAULT 0,
  `checked_out_time` datetime DEFAULT NULL,
  `checked_out` int(10) UNSIGNED DEFAULT NULL
) ENGINE=InnoDB DEFAULT CHARSET=utf8mb4 COLLATE=utf8mb4_unicode_ci;

--
-- Дамп данных таблицы `umk07_workflow_stages`
--

INSERT INTO `umk07_workflow_stages` (`id`, `asset_id`, `ordering`, `workflow_id`, `published`, `title`, `description`, `default`, `checked_out_time`, `checked_out`) VALUES
(1, 57, 1, 1, 1, 'COM_WORKFLOW_BASIC_STAGE', '', 1, NULL, NULL);

-- --------------------------------------------------------

--
-- Структура таблицы `umk07_workflow_transitions`
--

CREATE TABLE `umk07_workflow_transitions` (
  `id` int(11) NOT NULL,
  `asset_id` int(11) DEFAULT 0,
  `ordering` int(11) NOT NULL DEFAULT 0,
  `workflow_id` int(11) NOT NULL,
  `published` tinyint(4) NOT NULL DEFAULT 0,
  `title` varchar(255) NOT NULL,
  `description` text NOT NULL,
  `from_stage_id` int(11) NOT NULL,
  `to_stage_id` int(11) NOT NULL,
  `options` text NOT NULL,
  `checked_out_time` datetime DEFAULT NULL,
  `checked_out` int(10) UNSIGNED DEFAULT NULL
) ENGINE=InnoDB DEFAULT CHARSET=utf8mb4 COLLATE=utf8mb4_unicode_ci;

--
-- Дамп данных таблицы `umk07_workflow_transitions`
--

INSERT INTO `umk07_workflow_transitions` (`id`, `asset_id`, `ordering`, `workflow_id`, `published`, `title`, `description`, `from_stage_id`, `to_stage_id`, `options`, `checked_out_time`, `checked_out`) VALUES
(1, 58, 1, 1, 1, 'UNPUBLISH', '', -1, 1, '{\"publishing\":\"0\"}', NULL, NULL),
(2, 59, 2, 1, 1, 'PUBLISH', '', -1, 1, '{\"publishing\":\"1\"}', NULL, NULL),
(3, 60, 3, 1, 1, 'TRASH', '', -1, 1, '{\"publishing\":\"-2\"}', NULL, NULL),
(4, 61, 4, 1, 1, 'ARCHIVE', '', -1, 1, '{\"publishing\":\"2\"}', NULL, NULL),
(5, 62, 5, 1, 1, 'FEATURE', '', -1, 1, '{\"featuring\":\"1\"}', NULL, NULL),
(6, 63, 6, 1, 1, 'UNFEATURE', '', -1, 1, '{\"featuring\":\"0\"}', NULL, NULL),
(7, 64, 7, 1, 1, 'PUBLISH_AND_FEATURE', '', -1, 1, '{\"publishing\":\"1\",\"featuring\":\"1\"}', NULL, NULL);

--
-- Индексы сохранённых таблиц
--

--
-- Индексы таблицы `umk07_action_logs`
--
ALTER TABLE `umk07_action_logs`
  ADD PRIMARY KEY (`id`),
  ADD KEY `idx_user_id` (`user_id`),
  ADD KEY `idx_user_id_logdate` (`user_id`,`log_date`),
  ADD KEY `idx_user_id_extension` (`user_id`,`extension`),
  ADD KEY `idx_extension_item_id` (`extension`,`item_id`);

--
-- Индексы таблицы `umk07_action_logs_extensions`
--
ALTER TABLE `umk07_action_logs_extensions`
  ADD PRIMARY KEY (`id`);

--
-- Индексы таблицы `umk07_action_logs_users`
--
ALTER TABLE `umk07_action_logs_users`
  ADD PRIMARY KEY (`user_id`),
  ADD KEY `idx_notify` (`notify`);

--
-- Индексы таблицы `umk07_action_log_config`
--
ALTER TABLE `umk07_action_log_config`
  ADD PRIMARY KEY (`id`);

--
-- Индексы таблицы `umk07_assets`
--
ALTER TABLE `umk07_assets`
  ADD PRIMARY KEY (`id`),
  ADD UNIQUE KEY `idx_asset_name` (`name`),
  ADD KEY `idx_lft_rgt` (`lft`,`rgt`),
  ADD KEY `idx_parent_id` (`parent_id`);

--
-- Индексы таблицы `umk07_banners`
--
ALTER TABLE `umk07_banners`
  ADD PRIMARY KEY (`id`),
  ADD KEY `idx_state` (`state`),
  ADD KEY `idx_own_prefix` (`own_prefix`),
  ADD KEY `idx_metakey_prefix` (`metakey_prefix`(100)),
  ADD KEY `idx_banner_catid` (`catid`),
  ADD KEY `idx_language` (`language`);

--
-- Индексы таблицы `umk07_banner_clients`
--
ALTER TABLE `umk07_banner_clients`
  ADD PRIMARY KEY (`id`),
  ADD KEY `idx_own_prefix` (`own_prefix`),
  ADD KEY `idx_metakey_prefix` (`metakey_prefix`(100));

--
-- Индексы таблицы `umk07_banner_tracks`
--
ALTER TABLE `umk07_banner_tracks`
  ADD PRIMARY KEY (`track_date`,`track_type`,`banner_id`),
  ADD KEY `idx_track_date` (`track_date`),
  ADD KEY `idx_track_type` (`track_type`),
  ADD KEY `idx_banner_id` (`banner_id`);

--
-- Индексы таблицы `umk07_categories`
--
ALTER TABLE `umk07_categories`
  ADD PRIMARY KEY (`id`),
  ADD KEY `cat_idx` (`extension`,`published`,`access`),
  ADD KEY `idx_access` (`access`),
  ADD KEY `idx_checkout` (`checked_out`),
  ADD KEY `idx_path` (`path`(100)),
  ADD KEY `idx_left_right` (`lft`,`rgt`),
  ADD KEY `idx_alias` (`alias`(100)),
  ADD KEY `idx_language` (`language`);

--
-- Индексы таблицы `umk07_contact_details`
--
ALTER TABLE `umk07_contact_details`
  ADD PRIMARY KEY (`id`),
  ADD KEY `idx_access` (`access`),
  ADD KEY `idx_checkout` (`checked_out`),
  ADD KEY `idx_state` (`published`),
  ADD KEY `idx_catid` (`catid`),
  ADD KEY `idx_createdby` (`created_by`),
  ADD KEY `idx_featured_catid` (`featured`,`catid`),
  ADD KEY `idx_language` (`language`);

--
-- Индексы таблицы `umk07_content`
--
ALTER TABLE `umk07_content`
  ADD PRIMARY KEY (`id`),
  ADD KEY `idx_access` (`access`),
  ADD KEY `idx_checkout` (`checked_out`),
  ADD KEY `idx_state` (`state`),
  ADD KEY `idx_catid` (`catid`),
  ADD KEY `idx_createdby` (`created_by`),
  ADD KEY `idx_featured_catid` (`featured`,`catid`),
  ADD KEY `idx_language` (`language`),
  ADD KEY `idx_alias` (`alias`(191));

--
-- Индексы таблицы `umk07_contentitem_tag_map`
--
ALTER TABLE `umk07_contentitem_tag_map`
  ADD UNIQUE KEY `uc_ItemnameTagid` (`type_id`,`content_item_id`,`tag_id`),
  ADD KEY `idx_tag_type` (`tag_id`,`type_id`),
  ADD KEY `idx_date_id` (`tag_date`,`tag_id`),
  ADD KEY `idx_core_content_id` (`core_content_id`);

--
-- Индексы таблицы `umk07_content_frontpage`
--
ALTER TABLE `umk07_content_frontpage`
  ADD PRIMARY KEY (`content_id`);

--
-- Индексы таблицы `umk07_content_rating`
--
ALTER TABLE `umk07_content_rating`
  ADD PRIMARY KEY (`content_id`);

--
-- Индексы таблицы `umk07_content_types`
--
ALTER TABLE `umk07_content_types`
  ADD PRIMARY KEY (`type_id`),
  ADD KEY `idx_alias` (`type_alias`(100));

--
-- Индексы таблицы `umk07_extensions`
--
ALTER TABLE `umk07_extensions`
  ADD PRIMARY KEY (`extension_id`),
  ADD KEY `element_clientid` (`element`,`client_id`),
  ADD KEY `element_folder_clientid` (`element`,`folder`,`client_id`),
  ADD KEY `extension` (`type`,`element`,`folder`,`client_id`);

--
-- Индексы таблицы `umk07_fields`
--
ALTER TABLE `umk07_fields`
  ADD PRIMARY KEY (`id`),
  ADD KEY `idx_checkout` (`checked_out`),
  ADD KEY `idx_state` (`state`),
  ADD KEY `idx_created_user_id` (`created_user_id`),
  ADD KEY `idx_access` (`access`),
  ADD KEY `idx_context` (`context`(191)),
  ADD KEY `idx_language` (`language`);

--
-- Индексы таблицы `umk07_fields_categories`
--
ALTER TABLE `umk07_fields_categories`
  ADD PRIMARY KEY (`field_id`,`category_id`);

--
-- Индексы таблицы `umk07_fields_groups`
--
ALTER TABLE `umk07_fields_groups`
  ADD PRIMARY KEY (`id`),
  ADD KEY `idx_checkout` (`checked_out`),
  ADD KEY `idx_state` (`state`),
  ADD KEY `idx_created_by` (`created_by`),
  ADD KEY `idx_access` (`access`),
  ADD KEY `idx_context` (`context`(191)),
  ADD KEY `idx_language` (`language`);

--
-- Индексы таблицы `umk07_fields_values`
--
ALTER TABLE `umk07_fields_values`
  ADD KEY `idx_field_id` (`field_id`),
  ADD KEY `idx_item_id` (`item_id`(191));

--
-- Индексы таблицы `umk07_finder_filters`
--
ALTER TABLE `umk07_finder_filters`
  ADD PRIMARY KEY (`filter_id`);

--
-- Индексы таблицы `umk07_finder_links`
--
ALTER TABLE `umk07_finder_links`
  ADD PRIMARY KEY (`link_id`),
  ADD KEY `idx_type` (`type_id`),
  ADD KEY `idx_title` (`title`(100)),
  ADD KEY `idx_md5` (`md5sum`),
  ADD KEY `idx_url` (`url`(75)),
  ADD KEY `idx_language` (`language`),
  ADD KEY `idx_published_list` (`published`,`state`,`access`,`publish_start_date`,`publish_end_date`,`list_price`),
  ADD KEY `idx_published_sale` (`published`,`state`,`access`,`publish_start_date`,`publish_end_date`,`sale_price`);

--
-- Индексы таблицы `umk07_finder_links_terms`
--
ALTER TABLE `umk07_finder_links_terms`
  ADD PRIMARY KEY (`link_id`,`term_id`),
  ADD KEY `idx_term_weight` (`term_id`,`weight`),
  ADD KEY `idx_link_term_weight` (`link_id`,`term_id`,`weight`);

--
-- Индексы таблицы `umk07_finder_logging`
--
ALTER TABLE `umk07_finder_logging`
  ADD PRIMARY KEY (`md5sum`),
  ADD KEY `searchterm` (`searchterm`(191));

--
-- Индексы таблицы `umk07_finder_taxonomy`
--
ALTER TABLE `umk07_finder_taxonomy`
  ADD PRIMARY KEY (`id`),
  ADD KEY `idx_state` (`state`),
  ADD KEY `idx_access` (`access`),
  ADD KEY `idx_path` (`path`(100)),
  ADD KEY `idx_level` (`level`),
  ADD KEY `idx_left_right` (`lft`,`rgt`),
  ADD KEY `idx_alias` (`alias`(100)),
  ADD KEY `idx_language` (`language`),
  ADD KEY `idx_parent_published` (`parent_id`,`state`,`access`);

--
-- Индексы таблицы `umk07_finder_taxonomy_map`
--
ALTER TABLE `umk07_finder_taxonomy_map`
  ADD PRIMARY KEY (`link_id`,`node_id`),
  ADD KEY `link_id` (`link_id`),
  ADD KEY `node_id` (`node_id`);

--
-- Индексы таблицы `umk07_finder_terms`
--
ALTER TABLE `umk07_finder_terms`
  ADD PRIMARY KEY (`term_id`),
  ADD UNIQUE KEY `idx_term_language` (`term`,`language`),
  ADD KEY `idx_stem` (`stem`),
  ADD KEY `idx_term_phrase` (`term`,`phrase`),
  ADD KEY `idx_stem_phrase` (`stem`,`phrase`),
  ADD KEY `idx_soundex_phrase` (`soundex`,`phrase`),
  ADD KEY `idx_language` (`language`);

--
-- Индексы таблицы `umk07_finder_terms_common`
--
ALTER TABLE `umk07_finder_terms_common`
  ADD UNIQUE KEY `idx_term_language` (`term`,`language`),
  ADD KEY `idx_lang` (`language`);

--
-- Индексы таблицы `umk07_finder_tokens`
--
ALTER TABLE `umk07_finder_tokens`
  ADD KEY `idx_word` (`term`),
  ADD KEY `idx_stem` (`stem`),
  ADD KEY `idx_context` (`context`),
  ADD KEY `idx_language` (`language`);

--
-- Индексы таблицы `umk07_finder_tokens_aggregate`
--
ALTER TABLE `umk07_finder_tokens_aggregate`
  ADD KEY `token` (`term`),
  ADD KEY `keyword_id` (`term_id`);

--
-- Индексы таблицы `umk07_finder_types`
--
ALTER TABLE `umk07_finder_types`
  ADD PRIMARY KEY (`id`),
  ADD UNIQUE KEY `title` (`title`);

--
-- Индексы таблицы `umk07_guidedtours`
--
ALTER TABLE `umk07_guidedtours`
  ADD PRIMARY KEY (`id`),
  ADD KEY `idx_access` (`access`),
  ADD KEY `idx_state` (`published`),
  ADD KEY `idx_language` (`language`);

--
-- Индексы таблицы `umk07_guidedtour_steps`
--
ALTER TABLE `umk07_guidedtour_steps`
  ADD PRIMARY KEY (`id`),
  ADD KEY `idx_tour` (`tour_id`),
  ADD KEY `idx_state` (`published`),
  ADD KEY `idx_language` (`language`);

--
-- Индексы таблицы `umk07_history`
--
ALTER TABLE `umk07_history`
  ADD PRIMARY KEY (`version_id`),
  ADD KEY `idx_ucm_item_id` (`item_id`),
  ADD KEY `idx_save_date` (`save_date`);

--
-- Индексы таблицы `umk07_jshopping_attr`
--
ALTER TABLE `umk07_jshopping_attr`
  ADD PRIMARY KEY (`attr_id`),
  ADD KEY `group` (`group`),
  ADD KEY `attr_ordering` (`attr_ordering`),
  ADD KEY `attr_type` (`attr_type`),
  ADD KEY `independent` (`independent`),
  ADD KEY `allcats` (`allcats`);

--
-- Индексы таблицы `umk07_jshopping_attr_groups`
--
ALTER TABLE `umk07_jshopping_attr_groups`
  ADD PRIMARY KEY (`id`);

--
-- Индексы таблицы `umk07_jshopping_attr_values`
--
ALTER TABLE `umk07_jshopping_attr_values`
  ADD PRIMARY KEY (`value_id`),
  ADD KEY `attr_id` (`attr_id`),
  ADD KEY `value_ordering` (`value_ordering`);

--
-- Индексы таблицы `umk07_jshopping_categories`
--
ALTER TABLE `umk07_jshopping_categories`
  ADD PRIMARY KEY (`category_id`),
  ADD KEY `sort_add_date` (`category_add_date`),
  ADD KEY `category_parent_id` (`category_parent_id`),
  ADD KEY `category_publish` (`category_publish`),
  ADD KEY `category_template` (`category_template`),
  ADD KEY `ordering` (`ordering`),
  ADD KEY `category_add_date` (`category_add_date`),
  ADD KEY `products_page` (`products_page`),
  ADD KEY `products_row` (`products_row`),
  ADD KEY `access` (`access`),
  ADD KEY `category_publish_2` (`category_publish`,`access`);

--
-- Индексы таблицы `umk07_jshopping_config_display_prices`
--
ALTER TABLE `umk07_jshopping_config_display_prices`
  ADD PRIMARY KEY (`id`),
  ADD KEY `display_price` (`display_price`),
  ADD KEY `display_price_firma` (`display_price_firma`);

--
-- Индексы таблицы `umk07_jshopping_config_seo`
--
ALTER TABLE `umk07_jshopping_config_seo`
  ADD PRIMARY KEY (`id`),
  ADD KEY `alias` (`alias`),
  ADD KEY `ordering` (`ordering`);

--
-- Индексы таблицы `umk07_jshopping_config_statictext`
--
ALTER TABLE `umk07_jshopping_config_statictext`
  ADD PRIMARY KEY (`id`),
  ADD KEY `alias` (`alias`),
  ADD KEY `use_for_return_policy` (`use_for_return_policy`);

--
-- Индексы таблицы `umk07_jshopping_countries`
--
ALTER TABLE `umk07_jshopping_countries`
  ADD PRIMARY KEY (`country_id`),
  ADD KEY `country_publish` (`country_publish`),
  ADD KEY `ordering` (`ordering`),
  ADD KEY `country_code` (`country_code`),
  ADD KEY `country_code_2` (`country_code_2`);

--
-- Индексы таблицы `umk07_jshopping_coupons`
--
ALTER TABLE `umk07_jshopping_coupons`
  ADD PRIMARY KEY (`coupon_id`),
  ADD KEY `coupon_type` (`coupon_type`),
  ADD KEY `coupon_code` (`coupon_code`),
  ADD KEY `tax_id` (`tax_id`),
  ADD KEY `used` (`used`),
  ADD KEY `for_user_id` (`for_user_id`),
  ADD KEY `coupon_publish` (`coupon_publish`),
  ADD KEY `coupon_start_date` (`coupon_start_date`),
  ADD KEY `coupon_expire_date` (`coupon_expire_date`),
  ADD KEY `finished_after_used` (`finished_after_used`);

--
-- Индексы таблицы `umk07_jshopping_currencies`
--
ALTER TABLE `umk07_jshopping_currencies`
  ADD PRIMARY KEY (`currency_id`),
  ADD KEY `currency_code_iso` (`currency_code_iso`),
  ADD KEY `currency_code_num` (`currency_code_num`),
  ADD KEY `currency_ordering` (`currency_ordering`),
  ADD KEY `currency_publish` (`currency_publish`);

--
-- Индексы таблицы `umk07_jshopping_custom_fields`
--
ALTER TABLE `umk07_jshopping_custom_fields`
  ADD PRIMARY KEY (`id`);

--
-- Индексы таблицы `umk07_jshopping_custom_fields_values`
--
ALTER TABLE `umk07_jshopping_custom_fields_values`
  ADD PRIMARY KEY (`id`);

--
-- Индексы таблицы `umk07_jshopping_delivery_times`
--
ALTER TABLE `umk07_jshopping_delivery_times`
  ADD PRIMARY KEY (`id`);

--
-- Индексы таблицы `umk07_jshopping_free_attr`
--
ALTER TABLE `umk07_jshopping_free_attr`
  ADD PRIMARY KEY (`id`);

--
-- Индексы таблицы `umk07_jshopping_import_export`
--
ALTER TABLE `umk07_jshopping_import_export`
  ADD PRIMARY KEY (`id`);

--
-- Индексы таблицы `umk07_jshopping_languages`
--
ALTER TABLE `umk07_jshopping_languages`
  ADD PRIMARY KEY (`id`),
  ADD KEY `publish` (`publish`),
  ADD KEY `ordering` (`ordering`);

--
-- Индексы таблицы `umk07_jshopping_manufacturers`
--
ALTER TABLE `umk07_jshopping_manufacturers`
  ADD PRIMARY KEY (`manufacturer_id`),
  ADD KEY `manufacturer_publish` (`manufacturer_publish`),
  ADD KEY `products_page` (`products_page`),
  ADD KEY `products_row` (`products_row`),
  ADD KEY `ordering` (`ordering`);

--
-- Индексы таблицы `umk07_jshopping_orders`
--
ALTER TABLE `umk07_jshopping_orders`
  ADD PRIMARY KEY (`order_id`),
  ADD KEY `order_number` (`order_number`),
  ADD KEY `user_id` (`user_id`),
  ADD KEY `currency_code_iso` (`currency_code_iso`),
  ADD KEY `order_status` (`order_status`),
  ADD KEY `order_created` (`order_created`),
  ADD KEY `shipping_method_id` (`shipping_method_id`),
  ADD KEY `delivery_times_id` (`delivery_times_id`),
  ADD KEY `payment_method_id` (`payment_method_id`),
  ADD KEY `coupon_id` (`coupon_id`),
  ADD KEY `client_type` (`client_type`),
  ADD KEY `country` (`country`),
  ADD KEY `phone` (`phone`),
  ADD KEY `d_title` (`d_title`),
  ADD KEY `d_country` (`d_country`),
  ADD KEY `display_price` (`display_price`),
  ADD KEY `vendor_type` (`vendor_type`),
  ADD KEY `vendor_id` (`vendor_id`),
  ADD KEY `lang` (`lang`);

--
-- Индексы таблицы `umk07_jshopping_order_history`
--
ALTER TABLE `umk07_jshopping_order_history`
  ADD PRIMARY KEY (`order_history_id`),
  ADD KEY `order_id` (`order_id`),
  ADD KEY `order_status_id` (`order_status_id`),
  ADD KEY `status_date_added` (`status_date_added`),
  ADD KEY `customer_notify` (`customer_notify`);

--
-- Индексы таблицы `umk07_jshopping_order_item`
--
ALTER TABLE `umk07_jshopping_order_item`
  ADD PRIMARY KEY (`order_item_id`),
  ADD KEY `order_id` (`order_id`),
  ADD KEY `product_id` (`product_id`),
  ADD KEY `delivery_times_id` (`delivery_times_id`),
  ADD KEY `vendor_id` (`vendor_id`);

--
-- Индексы таблицы `umk07_jshopping_order_status`
--
ALTER TABLE `umk07_jshopping_order_status`
  ADD PRIMARY KEY (`status_id`),
  ADD KEY `status_code` (`status_code`);

--
-- Индексы таблицы `umk07_jshopping_payment_method`
--
ALTER TABLE `umk07_jshopping_payment_method`
  ADD PRIMARY KEY (`payment_id`),
  ADD KEY `payment_code` (`payment_code`),
  ADD KEY `payment_publish` (`payment_publish`),
  ADD KEY `payment_ordering` (`payment_ordering`),
  ADD KEY `payment_type` (`payment_type`),
  ADD KEY `price_type` (`price_type`),
  ADD KEY `tax_id` (`tax_id`);

--
-- Индексы таблицы `umk07_jshopping_payment_trx`
--
ALTER TABLE `umk07_jshopping_payment_trx`
  ADD PRIMARY KEY (`id`),
  ADD KEY `order_id` (`order_id`),
  ADD KEY `transaction` (`transaction`),
  ADD KEY `rescode` (`rescode`),
  ADD KEY `status_id` (`status_id`);

--
-- Индексы таблицы `umk07_jshopping_products`
--
ALTER TABLE `umk07_jshopping_products`
  ADD PRIMARY KEY (`product_id`),
  ADD KEY `product_manufacturer_id` (`product_manufacturer_id`),
  ADD KEY `parent_id` (`parent_id`),
  ADD KEY `product_ean` (`product_ean`),
  ADD KEY `unlimited` (`unlimited`),
  ADD KEY `product_publish` (`product_publish`),
  ADD KEY `product_tax_id` (`product_tax_id`),
  ADD KEY `currency_id` (`currency_id`),
  ADD KEY `product_price` (`product_price`),
  ADD KEY `min_price` (`min_price`),
  ADD KEY `add_price_unit_id` (`add_price_unit_id`),
  ADD KEY `average_rating` (`average_rating`),
  ADD KEY `reviews_count` (`reviews_count`),
  ADD KEY `delivery_times_id` (`delivery_times_id`),
  ADD KEY `hits` (`hits`),
  ADD KEY `basic_price_unit_id` (`basic_price_unit_id`),
  ADD KEY `label_id` (`label_id`),
  ADD KEY `vendor_id` (`vendor_id`),
  ADD KEY `access` (`access`);

--
-- Индексы таблицы `umk07_jshopping_products_attr`
--
ALTER TABLE `umk07_jshopping_products_attr`
  ADD PRIMARY KEY (`product_attr_id`),
  ADD KEY `product_id` (`product_id`),
  ADD KEY `ext_attribute_product_id` (`ext_attribute_product_id`);

--
-- Индексы таблицы `umk07_jshopping_products_attr2`
--
ALTER TABLE `umk07_jshopping_products_attr2`
  ADD PRIMARY KEY (`id`),
  ADD KEY `product_id` (`product_id`),
  ADD KEY `attr_id` (`attr_id`),
  ADD KEY `attr_value_id` (`attr_value_id`),
  ADD KEY `price_mod` (`price_mod`);

--
-- Индексы таблицы `umk07_jshopping_products_extra_fields`
--
ALTER TABLE `umk07_jshopping_products_extra_fields`
  ADD PRIMARY KEY (`id`),
  ADD KEY `group` (`group`),
  ADD KEY `allcats` (`allcats`),
  ADD KEY `type` (`type`),
  ADD KEY `multilist` (`multilist`),
  ADD KEY `group_2` (`group`),
  ADD KEY `ordering` (`ordering`);

--
-- Индексы таблицы `umk07_jshopping_products_extra_field_groups`
--
ALTER TABLE `umk07_jshopping_products_extra_field_groups`
  ADD PRIMARY KEY (`id`),
  ADD KEY `ordering` (`ordering`);

--
-- Индексы таблицы `umk07_jshopping_products_extra_field_values`
--
ALTER TABLE `umk07_jshopping_products_extra_field_values`
  ADD PRIMARY KEY (`id`),
  ADD KEY `field_id` (`field_id`),
  ADD KEY `ordering` (`ordering`);

--
-- Индексы таблицы `umk07_jshopping_products_files`
--
ALTER TABLE `umk07_jshopping_products_files`
  ADD PRIMARY KEY (`id`),
  ADD KEY `product_id` (`product_id`),
  ADD KEY `ordering` (`ordering`);

--
-- Индексы таблицы `umk07_jshopping_products_free_attr`
--
ALTER TABLE `umk07_jshopping_products_free_attr`
  ADD PRIMARY KEY (`id`),
  ADD KEY `product_id` (`product_id`),
  ADD KEY `attr_id` (`attr_id`);

--
-- Индексы таблицы `umk07_jshopping_products_images`
--
ALTER TABLE `umk07_jshopping_products_images`
  ADD PRIMARY KEY (`image_id`),
  ADD KEY `product_id` (`product_id`),
  ADD KEY `ordering` (`ordering`);

--
-- Индексы таблицы `umk07_jshopping_products_prices`
--
ALTER TABLE `umk07_jshopping_products_prices`
  ADD PRIMARY KEY (`price_id`),
  ADD KEY `product_id` (`product_id`),
  ADD KEY `product_quantity_start` (`product_quantity_start`),
  ADD KEY `product_quantity_finish` (`product_quantity_finish`);

--
-- Индексы таблицы `umk07_jshopping_products_relations`
--
ALTER TABLE `umk07_jshopping_products_relations`
  ADD PRIMARY KEY (`id`),
  ADD KEY `product_id` (`product_id`,`product_related_id`),
  ADD KEY `product_id_2` (`product_id`),
  ADD KEY `product_related_id` (`product_related_id`);

--
-- Индексы таблицы `umk07_jshopping_products_reviews`
--
ALTER TABLE `umk07_jshopping_products_reviews`
  ADD PRIMARY KEY (`review_id`),
  ADD KEY `product_id` (`product_id`),
  ADD KEY `user_id` (`user_id`),
  ADD KEY `user_email` (`user_email`),
  ADD KEY `mark` (`mark`),
  ADD KEY `publish` (`publish`),
  ADD KEY `ip` (`ip`);

--
-- Индексы таблицы `umk07_jshopping_products_to_categories`
--
ALTER TABLE `umk07_jshopping_products_to_categories`
  ADD PRIMARY KEY (`product_id`,`category_id`),
  ADD KEY `category_id` (`category_id`),
  ADD KEY `product_id` (`product_id`),
  ADD KEY `product_id_2` (`product_id`,`category_id`,`product_ordering`),
  ADD KEY `product_ordering` (`product_ordering`);

--
-- Индексы таблицы `umk07_jshopping_products_to_extra_fields`
--
ALTER TABLE `umk07_jshopping_products_to_extra_fields`
  ADD PRIMARY KEY (`product_id`);

--
-- Индексы таблицы `umk07_jshopping_products_videos`
--
ALTER TABLE `umk07_jshopping_products_videos`
  ADD PRIMARY KEY (`video_id`),
  ADD KEY `video_id` (`video_id`,`product_id`),
  ADD KEY `product_id` (`product_id`);

--
-- Индексы таблицы `umk07_jshopping_product_labels`
--
ALTER TABLE `umk07_jshopping_product_labels`
  ADD PRIMARY KEY (`id`);

--
-- Индексы таблицы `umk07_jshopping_shipping_ext_calc`
--
ALTER TABLE `umk07_jshopping_shipping_ext_calc`
  ADD PRIMARY KEY (`id`),
  ADD KEY `alias` (`alias`),
  ADD KEY `published` (`published`),
  ADD KEY `ordering` (`ordering`);

--
-- Индексы таблицы `umk07_jshopping_shipping_method`
--
ALTER TABLE `umk07_jshopping_shipping_method`
  ADD PRIMARY KEY (`shipping_id`),
  ADD KEY `alias` (`alias`),
  ADD KEY `published` (`published`),
  ADD KEY `ordering` (`ordering`);

--
-- Индексы таблицы `umk07_jshopping_shipping_method_price`
--
ALTER TABLE `umk07_jshopping_shipping_method_price`
  ADD PRIMARY KEY (`sh_pr_method_id`),
  ADD KEY `shipping_method_id` (`shipping_method_id`),
  ADD KEY `shipping_tax_id` (`shipping_tax_id`),
  ADD KEY `package_tax_id` (`package_tax_id`),
  ADD KEY `delivery_times_id` (`delivery_times_id`);

--
-- Индексы таблицы `umk07_jshopping_shipping_method_price_countries`
--
ALTER TABLE `umk07_jshopping_shipping_method_price_countries`
  ADD PRIMARY KEY (`sh_method_country_id`),
  ADD KEY `country_id` (`country_id`),
  ADD KEY `sh_pr_method_id` (`sh_pr_method_id`),
  ADD KEY `sh_method_country_id` (`sh_method_country_id`,`country_id`,`sh_pr_method_id`),
  ADD KEY `country_id_2` (`country_id`,`sh_pr_method_id`),
  ADD KEY `sh_method_country_id_2` (`sh_method_country_id`,`country_id`);

--
-- Индексы таблицы `umk07_jshopping_shipping_method_price_weight`
--
ALTER TABLE `umk07_jshopping_shipping_method_price_weight`
  ADD PRIMARY KEY (`sh_pr_weight_id`),
  ADD KEY `sh_pr_method_id` (`sh_pr_method_id`),
  ADD KEY `sh_pr_weight_id` (`sh_pr_weight_id`,`sh_pr_method_id`);

--
-- Индексы таблицы `umk07_jshopping_taxes`
--
ALTER TABLE `umk07_jshopping_taxes`
  ADD PRIMARY KEY (`tax_id`);

--
-- Индексы таблицы `umk07_jshopping_taxes_ext`
--
ALTER TABLE `umk07_jshopping_taxes_ext`
  ADD PRIMARY KEY (`id`),
  ADD KEY `tax_id` (`tax_id`);

--
-- Индексы таблицы `umk07_jshopping_unit`
--
ALTER TABLE `umk07_jshopping_unit`
  ADD PRIMARY KEY (`id`),
  ADD KEY `qty` (`qty`);

--
-- Индексы таблицы `umk07_jshopping_usergroups`
--
ALTER TABLE `umk07_jshopping_usergroups`
  ADD PRIMARY KEY (`usergroup_id`),
  ADD KEY `usergroup_name` (`usergroup_name`),
  ADD KEY `usergroup_is_default` (`usergroup_is_default`);

--
-- Индексы таблицы `umk07_jshopping_users`
--
ALTER TABLE `umk07_jshopping_users`
  ADD UNIQUE KEY `user_id` (`user_id`),
  ADD KEY `u_name` (`u_name`),
  ADD KEY `usergroup_id` (`usergroup_id`),
  ADD KEY `usergroup_id_2` (`usergroup_id`),
  ADD KEY `payment_id` (`payment_id`),
  ADD KEY `shipping_id` (`shipping_id`),
  ADD KEY `client_type` (`client_type`),
  ADD KEY `email` (`email`);

--
-- Индексы таблицы `umk07_languages`
--
ALTER TABLE `umk07_languages`
  ADD PRIMARY KEY (`lang_id`),
  ADD UNIQUE KEY `idx_sef` (`sef`),
  ADD UNIQUE KEY `idx_langcode` (`lang_code`),
  ADD KEY `idx_access` (`access`),
  ADD KEY `idx_ordering` (`ordering`);

--
-- Индексы таблицы `umk07_mail_templates`
--
ALTER TABLE `umk07_mail_templates`
  ADD PRIMARY KEY (`template_id`,`language`);

--
-- Индексы таблицы `umk07_menu`
--
ALTER TABLE `umk07_menu`
  ADD PRIMARY KEY (`id`),
  ADD UNIQUE KEY `idx_client_id_parent_id_alias_language` (`client_id`,`parent_id`,`alias`(100),`language`),
  ADD KEY `idx_componentid` (`component_id`,`menutype`,`published`,`access`),
  ADD KEY `idx_menutype` (`menutype`),
  ADD KEY `idx_left_right` (`lft`,`rgt`),
  ADD KEY `idx_alias` (`alias`(100)),
  ADD KEY `idx_path` (`path`(100)),
  ADD KEY `idx_language` (`language`);

--
-- Индексы таблицы `umk07_menu_types`
--
ALTER TABLE `umk07_menu_types`
  ADD PRIMARY KEY (`id`),
  ADD UNIQUE KEY `idx_menutype` (`menutype`);

--
-- Индексы таблицы `umk07_messages`
--
ALTER TABLE `umk07_messages`
  ADD PRIMARY KEY (`message_id`),
  ADD KEY `useridto_state` (`user_id_to`,`state`);

--
-- Индексы таблицы `umk07_messages_cfg`
--
ALTER TABLE `umk07_messages_cfg`
  ADD UNIQUE KEY `idx_user_var_name` (`user_id`,`cfg_name`);

--
-- Индексы таблицы `umk07_modules`
--
ALTER TABLE `umk07_modules`
  ADD PRIMARY KEY (`id`),
  ADD KEY `published` (`published`,`access`),
  ADD KEY `newsfeeds` (`module`,`published`),
  ADD KEY `idx_language` (`language`);

--
-- Индексы таблицы `umk07_modules_menu`
--
ALTER TABLE `umk07_modules_menu`
  ADD PRIMARY KEY (`moduleid`,`menuid`);

--
-- Индексы таблицы `umk07_mycityselector_cities`
--
ALTER TABLE `umk07_mycityselector_cities`
  ADD PRIMARY KEY (`id`),
  ADD KEY `mcs_city_country_fk` (`country_id`),
  ADD KEY `mcs_city_province_fk` (`province_id`);

--
-- Индексы таблицы `umk07_mycityselector_city_cases`
--
ALTER TABLE `umk07_mycityselector_city_cases`
  ADD PRIMARY KEY (`id`),
  ADD KEY `mcs_city_cases_fk` (`city_id`),
  ADD KEY `mcs_city_cases_langs_fk` (`lang_id`);

--
-- Индексы таблицы `umk07_mycityselector_city_names`
--
ALTER TABLE `umk07_mycityselector_city_names`
  ADD PRIMARY KEY (`id`),
  ADD KEY `mcs_city_names_fk` (`city_id`),
  ADD KEY `mcs_city_name_lang_fk` (`lang_id`);

--
-- Индексы таблицы `umk07_mycityselector_countries`
--
ALTER TABLE `umk07_mycityselector_countries`
  ADD PRIMARY KEY (`id`),
  ADD KEY `default_city_id` (`default_city_id`);

--
-- Индексы таблицы `umk07_mycityselector_country_names`
--
ALTER TABLE `umk07_mycityselector_country_names`
  ADD PRIMARY KEY (`id`),
  ADD KEY `mcs_country_names_fk` (`country_id`),
  ADD KEY `mcs_country_name_lang_fk` (`lang_id`);

--
-- Индексы таблицы `umk07_mycityselector_field`
--
ALTER TABLE `umk07_mycityselector_field`
  ADD PRIMARY KEY (`id`);

--
-- Индексы таблицы `umk07_mycityselector_field_value`
--
ALTER TABLE `umk07_mycityselector_field_value`
  ADD PRIMARY KEY (`id`),
  ADD KEY `mcs_values_fields_fk` (`field_id`);

--
-- Индексы таблицы `umk07_mycityselector_langs`
--
ALTER TABLE `umk07_mycityselector_langs`
  ADD PRIMARY KEY (`id`);

--
-- Индексы таблицы `umk07_mycityselector_migra`
--
ALTER TABLE `umk07_mycityselector_migra`
  ADD PRIMARY KEY (`id`);

--
-- Индексы таблицы `umk07_mycityselector_provinces`
--
ALTER TABLE `umk07_mycityselector_provinces`
  ADD PRIMARY KEY (`id`),
  ADD KEY `mcs_province_country_fk` (`country_id`);

--
-- Индексы таблицы `umk07_mycityselector_province_names`
--
ALTER TABLE `umk07_mycityselector_province_names`
  ADD PRIMARY KEY (`id`),
  ADD KEY `mcs_province_names_fk` (`province_id`),
  ADD KEY `mcs_province_name_lang_fk` (`lang_id`);

--
-- Индексы таблицы `umk07_mycityselector_value_city`
--
ALTER TABLE `umk07_mycityselector_value_city`
  ADD PRIMARY KEY (`id`),
  ADD KEY `mcs_values_fields_fkk` (`field_value_id`),
  ADD KEY `mcs_values_cities_fk` (`city_id`);

--
-- Индексы таблицы `umk07_mycityselector_value_country`
--
ALTER TABLE `umk07_mycityselector_value_country`
  ADD PRIMARY KEY (`id`),
  ADD KEY `mcs_country_values_fields_fkk` (`field_value_id`),
  ADD KEY `mcs_values_countries_fk` (`country_id`);

--
-- Индексы таблицы `umk07_mycityselector_value_province`
--
ALTER TABLE `umk07_mycityselector_value_province`
  ADD PRIMARY KEY (`id`),
  ADD KEY `mcs_province_values_fields_fkk` (`field_value_id`),
  ADD KEY `mcs_values_provinces_fk` (`province_id`);

--
-- Индексы таблицы `umk07_newsfeeds`
--
ALTER TABLE `umk07_newsfeeds`
  ADD PRIMARY KEY (`id`),
  ADD KEY `idx_access` (`access`),
  ADD KEY `idx_checkout` (`checked_out`),
  ADD KEY `idx_state` (`published`),
  ADD KEY `idx_catid` (`catid`),
  ADD KEY `idx_createdby` (`created_by`),
  ADD KEY `idx_language` (`language`);

--
-- Индексы таблицы `umk07_overrider`
--
ALTER TABLE `umk07_overrider`
  ADD PRIMARY KEY (`id`);

--
-- Индексы таблицы `umk07_postinstall_messages`
--
ALTER TABLE `umk07_postinstall_messages`
  ADD PRIMARY KEY (`postinstall_message_id`);

--
-- Индексы таблицы `umk07_redirect_links`
--
ALTER TABLE `umk07_redirect_links`
  ADD PRIMARY KEY (`id`),
  ADD KEY `idx_old_url` (`old_url`(100)),
  ADD KEY `idx_link_modified` (`modified_date`);

--
-- Индексы таблицы `umk07_scheduler_tasks`
--
ALTER TABLE `umk07_scheduler_tasks`
  ADD PRIMARY KEY (`id`),
  ADD KEY `idx_type` (`type`),
  ADD KEY `idx_state` (`state`),
  ADD KEY `idx_last_exit` (`last_exit_code`),
  ADD KEY `idx_next_exec` (`next_execution`),
  ADD KEY `idx_locked` (`locked`),
  ADD KEY `idx_priority` (`priority`),
  ADD KEY `idx_cli_exclusive` (`cli_exclusive`),
  ADD KEY `idx_checked_out` (`checked_out`);

--
-- Индексы таблицы `umk07_schemas`
--
ALTER TABLE `umk07_schemas`
  ADD PRIMARY KEY (`extension_id`,`version_id`);

--
-- Индексы таблицы `umk07_tags`
--
ALTER TABLE `umk07_tags`
  ADD PRIMARY KEY (`id`),
  ADD KEY `tag_idx` (`published`,`access`),
  ADD KEY `idx_access` (`access`),
  ADD KEY `idx_checkout` (`checked_out`),
  ADD KEY `idx_path` (`path`(100)),
  ADD KEY `idx_left_right` (`lft`,`rgt`),
  ADD KEY `idx_alias` (`alias`(100)),
  ADD KEY `idx_language` (`language`);

--
-- Индексы таблицы `umk07_template_overrides`
--
ALTER TABLE `umk07_template_overrides`
  ADD PRIMARY KEY (`id`),
  ADD KEY `idx_template` (`template`),
  ADD KEY `idx_extension_id` (`extension_id`);

--
-- Индексы таблицы `umk07_template_styles`
--
ALTER TABLE `umk07_template_styles`
  ADD PRIMARY KEY (`id`),
  ADD KEY `idx_template` (`template`),
  ADD KEY `idx_client_id` (`client_id`),
  ADD KEY `idx_client_id_home` (`client_id`,`home`);

--
-- Индексы таблицы `umk07_ucm_base`
--
ALTER TABLE `umk07_ucm_base`
  ADD PRIMARY KEY (`ucm_id`),
  ADD KEY `idx_ucm_item_id` (`ucm_item_id`),
  ADD KEY `idx_ucm_type_id` (`ucm_type_id`),
  ADD KEY `idx_ucm_language_id` (`ucm_language_id`);

--
-- Индексы таблицы `umk07_ucm_content`
--
ALTER TABLE `umk07_ucm_content`
  ADD PRIMARY KEY (`core_content_id`),
  ADD KEY `tag_idx` (`core_state`,`core_access`),
  ADD KEY `idx_access` (`core_access`),
  ADD KEY `idx_alias` (`core_alias`(100)),
  ADD KEY `idx_language` (`core_language`),
  ADD KEY `idx_title` (`core_title`(100)),
  ADD KEY `idx_modified_time` (`core_modified_time`),
  ADD KEY `idx_created_time` (`core_created_time`),
  ADD KEY `idx_content_type` (`core_type_alias`(100)),
  ADD KEY `idx_core_modified_user_id` (`core_modified_user_id`),
  ADD KEY `idx_core_checked_out_user_id` (`core_checked_out_user_id`),
  ADD KEY `idx_core_created_user_id` (`core_created_user_id`),
  ADD KEY `idx_core_type_id` (`core_type_id`);

--
-- Индексы таблицы `umk07_updates`
--
ALTER TABLE `umk07_updates`
  ADD PRIMARY KEY (`update_id`);

--
-- Индексы таблицы `umk07_update_sites`
--
ALTER TABLE `umk07_update_sites`
  ADD PRIMARY KEY (`update_site_id`);

--
-- Индексы таблицы `umk07_update_sites_extensions`
--
ALTER TABLE `umk07_update_sites_extensions`
  ADD PRIMARY KEY (`update_site_id`,`extension_id`);

--
-- Индексы таблицы `umk07_usergroups`
--
ALTER TABLE `umk07_usergroups`
  ADD PRIMARY KEY (`id`),
  ADD UNIQUE KEY `idx_usergroup_parent_title_lookup` (`parent_id`,`title`),
  ADD KEY `idx_usergroup_title_lookup` (`title`),
  ADD KEY `idx_usergroup_adjacency_lookup` (`parent_id`),
  ADD KEY `idx_usergroup_nested_set_lookup` (`lft`,`rgt`) USING BTREE;

--
-- Индексы таблицы `umk07_user_mfa`
--
ALTER TABLE `umk07_user_mfa`
  ADD PRIMARY KEY (`id`),
  ADD KEY `idx_user_id` (`user_id`);

--
-- Индексы таблицы `umk07_user_notes`
--
ALTER TABLE `umk07_user_notes`
  ADD PRIMARY KEY (`id`),
  ADD KEY `idx_user_id` (`user_id`),
  ADD KEY `idx_category_id` (`catid`);

--
-- Индексы таблицы `umk07_user_profiles`
--
ALTER TABLE `umk07_user_profiles`
  ADD UNIQUE KEY `idx_user_id_profile_key` (`user_id`,`profile_key`);

--
-- Индексы таблицы `umk07_user_usergroup_map`
--
ALTER TABLE `umk07_user_usergroup_map`
  ADD PRIMARY KEY (`user_id`,`group_id`);

--
-- Индексы таблицы `umk07_viewlevels`
--
ALTER TABLE `umk07_viewlevels`
  ADD PRIMARY KEY (`id`),
  ADD UNIQUE KEY `idx_assetgroup_title_lookup` (`title`);

--
-- Индексы таблицы `umk07_workflows`
--
ALTER TABLE `umk07_workflows`
  ADD PRIMARY KEY (`id`),
  ADD KEY `idx_asset_id` (`asset_id`),
  ADD KEY `idx_title` (`title`(191)),
  ADD KEY `idx_extension` (`extension`),
  ADD KEY `idx_default` (`default`),
  ADD KEY `idx_created` (`created`),
  ADD KEY `idx_created_by` (`created_by`),
  ADD KEY `idx_modified` (`modified`),
  ADD KEY `idx_modified_by` (`modified_by`),
  ADD KEY `idx_checked_out` (`checked_out`);

--
-- Индексы таблицы `umk07_workflow_associations`
--
ALTER TABLE `umk07_workflow_associations`
  ADD PRIMARY KEY (`item_id`,`extension`),
  ADD KEY `idx_item_stage_extension` (`item_id`,`stage_id`,`extension`),
  ADD KEY `idx_item_id` (`item_id`),
  ADD KEY `idx_stage_id` (`stage_id`),
  ADD KEY `idx_extension` (`extension`);

--
-- Индексы таблицы `umk07_workflow_stages`
--
ALTER TABLE `umk07_workflow_stages`
  ADD PRIMARY KEY (`id`),
  ADD KEY `idx_workflow_id` (`workflow_id`),
  ADD KEY `idx_checked_out` (`checked_out`),
  ADD KEY `idx_title` (`title`(191)),
  ADD KEY `idx_asset_id` (`asset_id`),
  ADD KEY `idx_default` (`default`);

--
-- Индексы таблицы `umk07_workflow_transitions`
--
ALTER TABLE `umk07_workflow_transitions`
  ADD PRIMARY KEY (`id`),
  ADD KEY `idx_title` (`title`(191)),
  ADD KEY `idx_asset_id` (`asset_id`),
  ADD KEY `idx_checked_out` (`checked_out`),
  ADD KEY `idx_from_stage_id` (`from_stage_id`),
  ADD KEY `idx_to_stage_id` (`to_stage_id`),
  ADD KEY `idx_workflow_id` (`workflow_id`);

--
-- AUTO_INCREMENT для сохранённых таблиц
--

--
-- AUTO_INCREMENT для таблицы `umk07_action_logs`
--
ALTER TABLE `umk07_action_logs`
  MODIFY `id` int(10) UNSIGNED NOT NULL AUTO_INCREMENT, AUTO_INCREMENT=2892;

--
-- AUTO_INCREMENT для таблицы `umk07_action_logs_extensions`
--
ALTER TABLE `umk07_action_logs_extensions`
  MODIFY `id` int(10) UNSIGNED NOT NULL AUTO_INCREMENT, AUTO_INCREMENT=20;

--
-- AUTO_INCREMENT для таблицы `umk07_action_log_config`
--
ALTER TABLE `umk07_action_log_config`
  MODIFY `id` int(10) UNSIGNED NOT NULL AUTO_INCREMENT, AUTO_INCREMENT=21;

--
-- AUTO_INCREMENT для таблицы `umk07_assets`
--
ALTER TABLE `umk07_assets`
  MODIFY `id` int(10) UNSIGNED NOT NULL AUTO_INCREMENT COMMENT 'Primary Key', AUTO_INCREMENT=281;

--
-- AUTO_INCREMENT для таблицы `umk07_banners`
--
ALTER TABLE `umk07_banners`
  MODIFY `id` int(11) NOT NULL AUTO_INCREMENT;

--
-- AUTO_INCREMENT для таблицы `umk07_banner_clients`
--
ALTER TABLE `umk07_banner_clients`
  MODIFY `id` int(11) NOT NULL AUTO_INCREMENT;

--
-- AUTO_INCREMENT для таблицы `umk07_categories`
--
ALTER TABLE `umk07_categories`
  MODIFY `id` int(11) NOT NULL AUTO_INCREMENT, AUTO_INCREMENT=18;

--
-- AUTO_INCREMENT для таблицы `umk07_contact_details`
--
ALTER TABLE `umk07_contact_details`
  MODIFY `id` int(11) NOT NULL AUTO_INCREMENT, AUTO_INCREMENT=2;

--
-- AUTO_INCREMENT для таблицы `umk07_content`
--
ALTER TABLE `umk07_content`
  MODIFY `id` int(10) UNSIGNED NOT NULL AUTO_INCREMENT, AUTO_INCREMENT=66;

--
-- AUTO_INCREMENT для таблицы `umk07_content_types`
--
ALTER TABLE `umk07_content_types`
  MODIFY `type_id` int(10) UNSIGNED NOT NULL AUTO_INCREMENT, AUTO_INCREMENT=10000;

--
-- AUTO_INCREMENT для таблицы `umk07_extensions`
--
ALTER TABLE `umk07_extensions`
  MODIFY `extension_id` int(11) NOT NULL AUTO_INCREMENT, AUTO_INCREMENT=316;

--
-- AUTO_INCREMENT для таблицы `umk07_fields`
--
ALTER TABLE `umk07_fields`
  MODIFY `id` int(10) UNSIGNED NOT NULL AUTO_INCREMENT, AUTO_INCREMENT=38;

--
-- AUTO_INCREMENT для таблицы `umk07_fields_groups`
--
ALTER TABLE `umk07_fields_groups`
  MODIFY `id` int(10) UNSIGNED NOT NULL AUTO_INCREMENT, AUTO_INCREMENT=10;

--
-- AUTO_INCREMENT для таблицы `umk07_finder_filters`
--
ALTER TABLE `umk07_finder_filters`
  MODIFY `filter_id` int(10) UNSIGNED NOT NULL AUTO_INCREMENT;

--
-- AUTO_INCREMENT для таблицы `umk07_finder_links`
--
ALTER TABLE `umk07_finder_links`
  MODIFY `link_id` int(10) UNSIGNED NOT NULL AUTO_INCREMENT, AUTO_INCREMENT=89;

--
-- AUTO_INCREMENT для таблицы `umk07_finder_taxonomy`
--
ALTER TABLE `umk07_finder_taxonomy`
  MODIFY `id` int(10) UNSIGNED NOT NULL AUTO_INCREMENT, AUTO_INCREMENT=28;

--
-- AUTO_INCREMENT для таблицы `umk07_finder_terms`
--
ALTER TABLE `umk07_finder_terms`
  MODIFY `term_id` int(10) UNSIGNED NOT NULL AUTO_INCREMENT, AUTO_INCREMENT=2479;

--
-- AUTO_INCREMENT для таблицы `umk07_finder_types`
--
ALTER TABLE `umk07_finder_types`
  MODIFY `id` int(10) UNSIGNED NOT NULL AUTO_INCREMENT, AUTO_INCREMENT=7;

--
-- AUTO_INCREMENT для таблицы `umk07_guidedtours`
--
ALTER TABLE `umk07_guidedtours`
  MODIFY `id` int(11) NOT NULL AUTO_INCREMENT, AUTO_INCREMENT=12;

--
-- AUTO_INCREMENT для таблицы `umk07_guidedtour_steps`
--
ALTER TABLE `umk07_guidedtour_steps`
  MODIFY `id` int(11) NOT NULL AUTO_INCREMENT, AUTO_INCREMENT=112;

--
-- AUTO_INCREMENT для таблицы `umk07_history`
--
ALTER TABLE `umk07_history`
  MODIFY `version_id` int(10) UNSIGNED NOT NULL AUTO_INCREMENT, AUTO_INCREMENT=256;

--
-- AUTO_INCREMENT для таблицы `umk07_jshopping_attr`
--
ALTER TABLE `umk07_jshopping_attr`
  MODIFY `attr_id` int(11) NOT NULL AUTO_INCREMENT, AUTO_INCREMENT=3;

--
-- AUTO_INCREMENT для таблицы `umk07_jshopping_attr_groups`
--
ALTER TABLE `umk07_jshopping_attr_groups`
  MODIFY `id` int(11) NOT NULL AUTO_INCREMENT;

--
-- AUTO_INCREMENT для таблицы `umk07_jshopping_attr_values`
--
ALTER TABLE `umk07_jshopping_attr_values`
  MODIFY `value_id` int(11) NOT NULL AUTO_INCREMENT, AUTO_INCREMENT=5;

--
-- AUTO_INCREMENT для таблицы `umk07_jshopping_categories`
--
ALTER TABLE `umk07_jshopping_categories`
  MODIFY `category_id` int(11) NOT NULL AUTO_INCREMENT, AUTO_INCREMENT=37;

--
-- AUTO_INCREMENT для таблицы `umk07_jshopping_config_display_prices`
--
ALTER TABLE `umk07_jshopping_config_display_prices`
  MODIFY `id` int(11) NOT NULL AUTO_INCREMENT;

--
-- AUTO_INCREMENT для таблицы `umk07_jshopping_config_seo`
--
ALTER TABLE `umk07_jshopping_config_seo`
  MODIFY `id` int(11) NOT NULL AUTO_INCREMENT, AUTO_INCREMENT=29;

--
-- AUTO_INCREMENT для таблицы `umk07_jshopping_config_statictext`
--
ALTER TABLE `umk07_jshopping_config_statictext`
  MODIFY `id` int(11) NOT NULL AUTO_INCREMENT, AUTO_INCREMENT=12;

--
-- AUTO_INCREMENT для таблицы `umk07_jshopping_countries`
--
ALTER TABLE `umk07_jshopping_countries`
  MODIFY `country_id` int(11) NOT NULL AUTO_INCREMENT, AUTO_INCREMENT=240;

--
-- AUTO_INCREMENT для таблицы `umk07_jshopping_coupons`
--
ALTER TABLE `umk07_jshopping_coupons`
  MODIFY `coupon_id` int(11) NOT NULL AUTO_INCREMENT;

--
-- AUTO_INCREMENT для таблицы `umk07_jshopping_currencies`
--
ALTER TABLE `umk07_jshopping_currencies`
  MODIFY `currency_id` int(11) NOT NULL AUTO_INCREMENT, AUTO_INCREMENT=2;

--
-- AUTO_INCREMENT для таблицы `umk07_jshopping_custom_fields`
--
ALTER TABLE `umk07_jshopping_custom_fields`
  MODIFY `id` int(11) UNSIGNED NOT NULL AUTO_INCREMENT, AUTO_INCREMENT=16;

--
-- AUTO_INCREMENT для таблицы `umk07_jshopping_custom_fields_values`
--
ALTER TABLE `umk07_jshopping_custom_fields_values`
  MODIFY `id` int(11) UNSIGNED NOT NULL AUTO_INCREMENT, AUTO_INCREMENT=48;

--
-- AUTO_INCREMENT для таблицы `umk07_jshopping_delivery_times`
--
ALTER TABLE `umk07_jshopping_delivery_times`
  MODIFY `id` int(11) NOT NULL AUTO_INCREMENT, AUTO_INCREMENT=3;

--
-- AUTO_INCREMENT для таблицы `umk07_jshopping_free_attr`
--
ALTER TABLE `umk07_jshopping_free_attr`
  MODIFY `id` int(11) NOT NULL AUTO_INCREMENT, AUTO_INCREMENT=2;

--
-- AUTO_INCREMENT для таблицы `umk07_jshopping_import_export`
--
ALTER TABLE `umk07_jshopping_import_export`
  MODIFY `id` int(11) NOT NULL AUTO_INCREMENT, AUTO_INCREMENT=3;

--
-- AUTO_INCREMENT для таблицы `umk07_jshopping_languages`
--
ALTER TABLE `umk07_jshopping_languages`
  MODIFY `id` int(11) NOT NULL AUTO_INCREMENT, AUTO_INCREMENT=3;

--
-- AUTO_INCREMENT для таблицы `umk07_jshopping_manufacturers`
--
ALTER TABLE `umk07_jshopping_manufacturers`
  MODIFY `manufacturer_id` int(11) NOT NULL AUTO_INCREMENT, AUTO_INCREMENT=3;

--
-- AUTO_INCREMENT для таблицы `umk07_jshopping_orders`
--
ALTER TABLE `umk07_jshopping_orders`
  MODIFY `order_id` int(11) NOT NULL AUTO_INCREMENT;

--
-- AUTO_INCREMENT для таблицы `umk07_jshopping_order_history`
--
ALTER TABLE `umk07_jshopping_order_history`
  MODIFY `order_history_id` int(11) NOT NULL AUTO_INCREMENT;

--
-- AUTO_INCREMENT для таблицы `umk07_jshopping_order_item`
--
ALTER TABLE `umk07_jshopping_order_item`
  MODIFY `order_item_id` int(11) NOT NULL AUTO_INCREMENT;

--
-- AUTO_INCREMENT для таблицы `umk07_jshopping_order_status`
--
ALTER TABLE `umk07_jshopping_order_status`
  MODIFY `status_id` int(11) NOT NULL AUTO_INCREMENT, AUTO_INCREMENT=8;

--
-- AUTO_INCREMENT для таблицы `umk07_jshopping_payment_method`
--
ALTER TABLE `umk07_jshopping_payment_method`
  MODIFY `payment_id` int(11) NOT NULL AUTO_INCREMENT, AUTO_INCREMENT=6;

--
-- AUTO_INCREMENT для таблицы `umk07_jshopping_payment_trx`
--
ALTER TABLE `umk07_jshopping_payment_trx`
  MODIFY `id` int(11) NOT NULL AUTO_INCREMENT;

--
-- AUTO_INCREMENT для таблицы `umk07_jshopping_products`
--
ALTER TABLE `umk07_jshopping_products`
  MODIFY `product_id` int(11) NOT NULL AUTO_INCREMENT, AUTO_INCREMENT=59;

--
-- AUTO_INCREMENT для таблицы `umk07_jshopping_products_attr`
--
ALTER TABLE `umk07_jshopping_products_attr`
  MODIFY `product_attr_id` int(11) NOT NULL AUTO_INCREMENT;

--
-- AUTO_INCREMENT для таблицы `umk07_jshopping_products_attr2`
--
ALTER TABLE `umk07_jshopping_products_attr2`
  MODIFY `id` int(11) NOT NULL AUTO_INCREMENT, AUTO_INCREMENT=39;

--
-- AUTO_INCREMENT для таблицы `umk07_jshopping_products_extra_fields`
--
ALTER TABLE `umk07_jshopping_products_extra_fields`
  MODIFY `id` int(11) NOT NULL AUTO_INCREMENT, AUTO_INCREMENT=3;

--
-- AUTO_INCREMENT для таблицы `umk07_jshopping_products_extra_field_groups`
--
ALTER TABLE `umk07_jshopping_products_extra_field_groups`
  MODIFY `id` int(11) NOT NULL AUTO_INCREMENT;

--
-- AUTO_INCREMENT для таблицы `umk07_jshopping_products_extra_field_values`
--
ALTER TABLE `umk07_jshopping_products_extra_field_values`
  MODIFY `id` int(11) NOT NULL AUTO_INCREMENT;

--
-- AUTO_INCREMENT для таблицы `umk07_jshopping_products_files`
--
ALTER TABLE `umk07_jshopping_products_files`
  MODIFY `id` int(11) NOT NULL AUTO_INCREMENT, AUTO_INCREMENT=4;

--
-- AUTO_INCREMENT для таблицы `umk07_jshopping_products_free_attr`
--
ALTER TABLE `umk07_jshopping_products_free_attr`
  MODIFY `id` int(11) NOT NULL AUTO_INCREMENT, AUTO_INCREMENT=4;

--
-- AUTO_INCREMENT для таблицы `umk07_jshopping_products_images`
--
ALTER TABLE `umk07_jshopping_products_images`
  MODIFY `image_id` int(11) NOT NULL AUTO_INCREMENT, AUTO_INCREMENT=183;

--
-- AUTO_INCREMENT для таблицы `umk07_jshopping_products_prices`
--
ALTER TABLE `umk07_jshopping_products_prices`
  MODIFY `price_id` int(11) NOT NULL AUTO_INCREMENT, AUTO_INCREMENT=47;

--
-- AUTO_INCREMENT для таблицы `umk07_jshopping_products_relations`
--
ALTER TABLE `umk07_jshopping_products_relations`
  MODIFY `id` int(11) NOT NULL AUTO_INCREMENT, AUTO_INCREMENT=5;

--
-- AUTO_INCREMENT для таблицы `umk07_jshopping_products_reviews`
--
ALTER TABLE `umk07_jshopping_products_reviews`
  MODIFY `review_id` int(11) NOT NULL AUTO_INCREMENT, AUTO_INCREMENT=22;

--
-- AUTO_INCREMENT для таблицы `umk07_jshopping_products_videos`
--
ALTER TABLE `umk07_jshopping_products_videos`
  MODIFY `video_id` int(11) NOT NULL AUTO_INCREMENT, AUTO_INCREMENT=17;

--
-- AUTO_INCREMENT для таблицы `umk07_jshopping_product_labels`
--
ALTER TABLE `umk07_jshopping_product_labels`
  MODIFY `id` int(11) NOT NULL AUTO_INCREMENT, AUTO_INCREMENT=3;

--
-- AUTO_INCREMENT для таблицы `umk07_jshopping_shipping_ext_calc`
--
ALTER TABLE `umk07_jshopping_shipping_ext_calc`
  MODIFY `id` int(11) NOT NULL AUTO_INCREMENT, AUTO_INCREMENT=2;

--
-- AUTO_INCREMENT для таблицы `umk07_jshopping_shipping_method`
--
ALTER TABLE `umk07_jshopping_shipping_method`
  MODIFY `shipping_id` int(11) NOT NULL AUTO_INCREMENT, AUTO_INCREMENT=3;

--
-- AUTO_INCREMENT для таблицы `umk07_jshopping_shipping_method_price`
--
ALTER TABLE `umk07_jshopping_shipping_method_price`
  MODIFY `sh_pr_method_id` int(11) NOT NULL AUTO_INCREMENT, AUTO_INCREMENT=3;

--
-- AUTO_INCREMENT для таблицы `umk07_jshopping_shipping_method_price_countries`
--
ALTER TABLE `umk07_jshopping_shipping_method_price_countries`
  MODIFY `sh_method_country_id` int(11) NOT NULL AUTO_INCREMENT, AUTO_INCREMENT=479;

--
-- AUTO_INCREMENT для таблицы `umk07_jshopping_shipping_method_price_weight`
--
ALTER TABLE `umk07_jshopping_shipping_method_price_weight`
  MODIFY `sh_pr_weight_id` int(11) NOT NULL AUTO_INCREMENT;

--
-- AUTO_INCREMENT для таблицы `umk07_jshopping_taxes`
--
ALTER TABLE `umk07_jshopping_taxes`
  MODIFY `tax_id` int(11) NOT NULL AUTO_INCREMENT, AUTO_INCREMENT=2;

--
-- AUTO_INCREMENT для таблицы `umk07_jshopping_taxes_ext`
--
ALTER TABLE `umk07_jshopping_taxes_ext`
  MODIFY `id` int(11) NOT NULL AUTO_INCREMENT;

--
-- AUTO_INCREMENT для таблицы `umk07_jshopping_unit`
--
ALTER TABLE `umk07_jshopping_unit`
  MODIFY `id` int(11) NOT NULL AUTO_INCREMENT, AUTO_INCREMENT=4;

--
-- AUTO_INCREMENT для таблицы `umk07_jshopping_usergroups`
--
ALTER TABLE `umk07_jshopping_usergroups`
  MODIFY `usergroup_id` int(11) NOT NULL AUTO_INCREMENT, AUTO_INCREMENT=2;

--
-- AUTO_INCREMENT для таблицы `umk07_languages`
--
ALTER TABLE `umk07_languages`
  MODIFY `lang_id` int(10) UNSIGNED NOT NULL AUTO_INCREMENT, AUTO_INCREMENT=3;

--
-- AUTO_INCREMENT для таблицы `umk07_menu`
--
ALTER TABLE `umk07_menu`
  MODIFY `id` int(11) NOT NULL AUTO_INCREMENT, AUTO_INCREMENT=175;

--
-- AUTO_INCREMENT для таблицы `umk07_menu_types`
--
ALTER TABLE `umk07_menu_types`
  MODIFY `id` int(10) UNSIGNED NOT NULL AUTO_INCREMENT, AUTO_INCREMENT=6;

--
-- AUTO_INCREMENT для таблицы `umk07_messages`
--
ALTER TABLE `umk07_messages`
  MODIFY `message_id` int(10) UNSIGNED NOT NULL AUTO_INCREMENT;

--
-- AUTO_INCREMENT для таблицы `umk07_modules`
--
ALTER TABLE `umk07_modules`
  MODIFY `id` int(11) NOT NULL AUTO_INCREMENT, AUTO_INCREMENT=159;

--
-- AUTO_INCREMENT для таблицы `umk07_mycityselector_cities`
--
ALTER TABLE `umk07_mycityselector_cities`
  MODIFY `id` int(11) NOT NULL AUTO_INCREMENT, AUTO_INCREMENT=234;

--
-- AUTO_INCREMENT для таблицы `umk07_mycityselector_city_cases`
--
ALTER TABLE `umk07_mycityselector_city_cases`
  MODIFY `id` int(11) UNSIGNED NOT NULL AUTO_INCREMENT;

--
-- AUTO_INCREMENT для таблицы `umk07_mycityselector_city_names`
--
ALTER TABLE `umk07_mycityselector_city_names`
  MODIFY `id` int(11) UNSIGNED NOT NULL AUTO_INCREMENT, AUTO_INCREMENT=234;

--
-- AUTO_INCREMENT для таблицы `umk07_mycityselector_countries`
--
ALTER TABLE `umk07_mycityselector_countries`
  MODIFY `id` int(11) NOT NULL AUTO_INCREMENT, AUTO_INCREMENT=5;

--
-- AUTO_INCREMENT для таблицы `umk07_mycityselector_country_names`
--
ALTER TABLE `umk07_mycityselector_country_names`
  MODIFY `id` int(11) UNSIGNED NOT NULL AUTO_INCREMENT, AUTO_INCREMENT=5;

--
-- AUTO_INCREMENT для таблицы `umk07_mycityselector_field`
--
ALTER TABLE `umk07_mycityselector_field`
  MODIFY `id` int(11) UNSIGNED NOT NULL AUTO_INCREMENT;

--
-- AUTO_INCREMENT для таблицы `umk07_mycityselector_field_value`
--
ALTER TABLE `umk07_mycityselector_field_value`
  MODIFY `id` int(11) UNSIGNED NOT NULL AUTO_INCREMENT;

--
-- AUTO_INCREMENT для таблицы `umk07_mycityselector_langs`
--
ALTER TABLE `umk07_mycityselector_langs`
  MODIFY `id` int(11) UNSIGNED NOT NULL AUTO_INCREMENT, AUTO_INCREMENT=2;

--
-- AUTO_INCREMENT для таблицы `umk07_mycityselector_migra`
--
ALTER TABLE `umk07_mycityselector_migra`
  MODIFY `id` int(10) UNSIGNED NOT NULL AUTO_INCREMENT, AUTO_INCREMENT=3;

--
-- AUTO_INCREMENT для таблицы `umk07_mycityselector_provinces`
--
ALTER TABLE `umk07_mycityselector_provinces`
  MODIFY `id` int(11) NOT NULL AUTO_INCREMENT, AUTO_INCREMENT=133;

--
-- AUTO_INCREMENT для таблицы `umk07_mycityselector_province_names`
--
ALTER TABLE `umk07_mycityselector_province_names`
  MODIFY `id` int(11) UNSIGNED NOT NULL AUTO_INCREMENT, AUTO_INCREMENT=133;

--
-- AUTO_INCREMENT для таблицы `umk07_mycityselector_value_city`
--
ALTER TABLE `umk07_mycityselector_value_city`
  MODIFY `id` int(11) UNSIGNED NOT NULL AUTO_INCREMENT;

--
-- AUTO_INCREMENT для таблицы `umk07_mycityselector_value_country`
--
ALTER TABLE `umk07_mycityselector_value_country`
  MODIFY `id` int(11) UNSIGNED NOT NULL AUTO_INCREMENT;

--
-- AUTO_INCREMENT для таблицы `umk07_mycityselector_value_province`
--
ALTER TABLE `umk07_mycityselector_value_province`
  MODIFY `id` int(11) UNSIGNED NOT NULL AUTO_INCREMENT;

--
-- AUTO_INCREMENT для таблицы `umk07_newsfeeds`
--
ALTER TABLE `umk07_newsfeeds`
  MODIFY `id` int(10) UNSIGNED NOT NULL AUTO_INCREMENT;

--
-- AUTO_INCREMENT для таблицы `umk07_overrider`
--
ALTER TABLE `umk07_overrider`
  MODIFY `id` int(11) NOT NULL AUTO_INCREMENT COMMENT 'Primary Key';

--
-- AUTO_INCREMENT для таблицы `umk07_postinstall_messages`
--
ALTER TABLE `umk07_postinstall_messages`
  MODIFY `postinstall_message_id` bigint(20) UNSIGNED NOT NULL AUTO_INCREMENT, AUTO_INCREMENT=6;

--
-- AUTO_INCREMENT для таблицы `umk07_redirect_links`
--
ALTER TABLE `umk07_redirect_links`
  MODIFY `id` int(10) UNSIGNED NOT NULL AUTO_INCREMENT;

--
-- AUTO_INCREMENT для таблицы `umk07_scheduler_tasks`
--
ALTER TABLE `umk07_scheduler_tasks`
  MODIFY `id` int(10) UNSIGNED NOT NULL AUTO_INCREMENT;

--
-- AUTO_INCREMENT для таблицы `umk07_tags`
--
ALTER TABLE `umk07_tags`
  MODIFY `id` int(10) UNSIGNED NOT NULL AUTO_INCREMENT, AUTO_INCREMENT=2;

--
-- AUTO_INCREMENT для таблицы `umk07_template_overrides`
--
ALTER TABLE `umk07_template_overrides`
  MODIFY `id` int(10) UNSIGNED NOT NULL AUTO_INCREMENT;

--
-- AUTO_INCREMENT для таблицы `umk07_template_styles`
--
ALTER TABLE `umk07_template_styles`
  MODIFY `id` int(10) UNSIGNED NOT NULL AUTO_INCREMENT, AUTO_INCREMENT=13;

--
-- AUTO_INCREMENT для таблицы `umk07_ucm_content`
--
ALTER TABLE `umk07_ucm_content`
  MODIFY `core_content_id` int(10) UNSIGNED NOT NULL AUTO_INCREMENT;

--
-- AUTO_INCREMENT для таблицы `umk07_updates`
--
ALTER TABLE `umk07_updates`
  MODIFY `update_id` int(11) NOT NULL AUTO_INCREMENT, AUTO_INCREMENT=2514;

--
-- AUTO_INCREMENT для таблицы `umk07_update_sites`
--
ALTER TABLE `umk07_update_sites`
  MODIFY `update_site_id` int(11) NOT NULL AUTO_INCREMENT, AUTO_INCREMENT=21;

--
-- AUTO_INCREMENT для таблицы `umk07_usergroups`
--
ALTER TABLE `umk07_usergroups`
  MODIFY `id` int(10) UNSIGNED NOT NULL AUTO_INCREMENT COMMENT 'Primary Key', AUTO_INCREMENT=10;

--
-- AUTO_INCREMENT для таблицы `umk07_user_mfa`
--
ALTER TABLE `umk07_user_mfa`
  MODIFY `id` int(11) NOT NULL AUTO_INCREMENT;

--
-- AUTO_INCREMENT для таблицы `umk07_user_notes`
--
ALTER TABLE `umk07_user_notes`
  MODIFY `id` int(10) UNSIGNED NOT NULL AUTO_INCREMENT;

--
-- AUTO_INCREMENT для таблицы `umk07_viewlevels`
--
ALTER TABLE `umk07_viewlevels`
  MODIFY `id` int(10) UNSIGNED NOT NULL AUTO_INCREMENT COMMENT 'Primary Key', AUTO_INCREMENT=7;

--
-- AUTO_INCREMENT для таблицы `umk07_workflows`
--
ALTER TABLE `umk07_workflows`
  MODIFY `id` int(11) NOT NULL AUTO_INCREMENT, AUTO_INCREMENT=2;

--
-- AUTO_INCREMENT для таблицы `umk07_workflow_stages`
--
ALTER TABLE `umk07_workflow_stages`
  MODIFY `id` int(11) NOT NULL AUTO_INCREMENT, AUTO_INCREMENT=2;

--
-- AUTO_INCREMENT для таблицы `umk07_workflow_transitions`
--
ALTER TABLE `umk07_workflow_transitions`
  MODIFY `id` int(11) NOT NULL AUTO_INCREMENT, AUTO_INCREMENT=8;

--
-- Ограничения внешнего ключа сохраненных таблиц
--

--
-- Ограничения внешнего ключа таблицы `umk07_mycityselector_cities`
--
ALTER TABLE `umk07_mycityselector_cities`
  ADD CONSTRAINT `mcs_city_country_fk` FOREIGN KEY (`country_id`) REFERENCES `umk07_mycityselector_countries` (`id`) ON DELETE CASCADE ON UPDATE CASCADE,
  ADD CONSTRAINT `mcs_city_province_fk` FOREIGN KEY (`province_id`) REFERENCES `umk07_mycityselector_provinces` (`id`) ON DELETE CASCADE ON UPDATE CASCADE;

--
-- Ограничения внешнего ключа таблицы `umk07_mycityselector_city_cases`
--
ALTER TABLE `umk07_mycityselector_city_cases`
  ADD CONSTRAINT `mcs_city_cases_fk` FOREIGN KEY (`city_id`) REFERENCES `umk07_mycityselector_cities` (`id`) ON DELETE CASCADE ON UPDATE CASCADE,
  ADD CONSTRAINT `mcs_city_cases_langs_fk` FOREIGN KEY (`lang_id`) REFERENCES `umk07_mycityselector_langs` (`id`) ON DELETE CASCADE ON UPDATE CASCADE;

--
-- Ограничения внешнего ключа таблицы `umk07_mycityselector_city_names`
--
ALTER TABLE `umk07_mycityselector_city_names`
  ADD CONSTRAINT `mcs_city_name_lang_fk` FOREIGN KEY (`lang_id`) REFERENCES `umk07_mycityselector_langs` (`id`) ON DELETE CASCADE ON UPDATE CASCADE,
  ADD CONSTRAINT `mcs_city_names_fk` FOREIGN KEY (`city_id`) REFERENCES `umk07_mycityselector_cities` (`id`) ON DELETE CASCADE ON UPDATE CASCADE;

--
-- Ограничения внешнего ключа таблицы `umk07_mycityselector_countries`
--
ALTER TABLE `umk07_mycityselector_countries`
  ADD CONSTRAINT `umk07_mycityselector_countries_ibfk_1` FOREIGN KEY (`default_city_id`) REFERENCES `umk07_mycityselector_cities` (`id`);

--
-- Ограничения внешнего ключа таблицы `umk07_mycityselector_country_names`
--
ALTER TABLE `umk07_mycityselector_country_names`
  ADD CONSTRAINT `mcs_country_name_lang_fk` FOREIGN KEY (`lang_id`) REFERENCES `umk07_mycityselector_langs` (`id`) ON DELETE CASCADE ON UPDATE CASCADE,
  ADD CONSTRAINT `mcs_country_names_fk` FOREIGN KEY (`country_id`) REFERENCES `umk07_mycityselector_countries` (`id`) ON DELETE CASCADE ON UPDATE CASCADE;

--
-- Ограничения внешнего ключа таблицы `umk07_mycityselector_field_value`
--
ALTER TABLE `umk07_mycityselector_field_value`
  ADD CONSTRAINT `mcs_values_fields_fk` FOREIGN KEY (`field_id`) REFERENCES `umk07_mycityselector_field` (`id`) ON DELETE CASCADE ON UPDATE CASCADE;

--
-- Ограничения внешнего ключа таблицы `umk07_mycityselector_provinces`
--
ALTER TABLE `umk07_mycityselector_provinces`
  ADD CONSTRAINT `mcs_province_country_fk` FOREIGN KEY (`country_id`) REFERENCES `umk07_mycityselector_countries` (`id`) ON DELETE CASCADE ON UPDATE CASCADE;

--
-- Ограничения внешнего ключа таблицы `umk07_mycityselector_province_names`
--
ALTER TABLE `umk07_mycityselector_province_names`
  ADD CONSTRAINT `mcs_province_name_lang_fk` FOREIGN KEY (`lang_id`) REFERENCES `umk07_mycityselector_langs` (`id`) ON DELETE CASCADE ON UPDATE CASCADE,
  ADD CONSTRAINT `mcs_province_names_fk` FOREIGN KEY (`province_id`) REFERENCES `umk07_mycityselector_provinces` (`id`) ON DELETE CASCADE ON UPDATE CASCADE;

--
-- Ограничения внешнего ключа таблицы `umk07_mycityselector_value_city`
--
ALTER TABLE `umk07_mycityselector_value_city`
  ADD CONSTRAINT `mcs_values_cities_fk` FOREIGN KEY (`city_id`) REFERENCES `umk07_mycityselector_cities` (`id`) ON DELETE CASCADE ON UPDATE CASCADE,
  ADD CONSTRAINT `mcs_values_fields_fkk` FOREIGN KEY (`field_value_id`) REFERENCES `umk07_mycityselector_field_value` (`id`) ON DELETE CASCADE ON UPDATE CASCADE;

--
-- Ограничения внешнего ключа таблицы `umk07_mycityselector_value_country`
--
ALTER TABLE `umk07_mycityselector_value_country`
  ADD CONSTRAINT `mcs_country_values_fields_fkk` FOREIGN KEY (`field_value_id`) REFERENCES `umk07_mycityselector_field_value` (`id`) ON DELETE CASCADE ON UPDATE CASCADE,
  ADD CONSTRAINT `mcs_values_countries_fk` FOREIGN KEY (`country_id`) REFERENCES `umk07_mycityselector_countries` (`id`) ON DELETE CASCADE ON UPDATE CASCADE;

--
-- Ограничения внешнего ключа таблицы `umk07_mycityselector_value_province`
--
ALTER TABLE `umk07_mycityselector_value_province`
  ADD CONSTRAINT `mcs_province_values_fields_fkk` FOREIGN KEY (`field_value_id`) REFERENCES `umk07_mycityselector_field_value` (`id`) ON DELETE CASCADE ON UPDATE CASCADE,
  ADD CONSTRAINT `mcs_values_provinces_fk` FOREIGN KEY (`province_id`) REFERENCES `umk07_mycityselector_provinces` (`id`) ON DELETE CASCADE ON UPDATE CASCADE;
COMMIT;

