CREATE TABLE `pajs1_fields` (
  `id` int(10) UNSIGNED NOT NULL,
  `asset_id` int(10) UNSIGNED NOT NULL DEFAULT 0,
  `context` varchar(255) NOT NULL DEFAULT '',
  `group_id` int(10) UNSIGNED NOT NULL DEFAULT 0,
  `title` varchar(255) NOT NULL DEFAULT '',
  `name` varchar(255) NOT NULL DEFAULT '',
  `label` varchar(255) NOT NULL DEFAULT '',
  `default_value` text DEFAULT NULL,
  `type` varchar(255) NOT NULL DEFAULT 'text',
  `note` varchar(255) NOT NULL DEFAULT '',
  `description` text NOT NULL,
  `state` tinyint(4) NOT NULL DEFAULT 0,
  `required` tinyint(4) NOT NULL DEFAULT 0,
  `only_use_in_subform` tinyint(4) NOT NULL DEFAULT 0,
  `checked_out` int(10) UNSIGNED DEFAULT NULL,
  `checked_out_time` datetime DEFAULT NULL,
  `ordering` int(11) NOT NULL DEFAULT 0,
  `params` text NOT NULL,
  `fieldparams` text NOT NULL,
  `language` char(7) NOT NULL DEFAULT '',
  `created_time` datetime NOT NULL,
  `created_user_id` int(10) UNSIGNED NOT NULL DEFAULT 0,
  `modified_time` datetime NOT NULL,
  `modified_by` int(10) UNSIGNED NOT NULL DEFAULT 0,
  `access` int(11) NOT NULL DEFAULT 1
) ENGINE=InnoDB DEFAULT CHARSET=utf8mb4 COLLATE=utf8mb4_unicode_ci;

--
-- Дамп данных таблицы `pajs1_fields`
--

INSERT INTO `pajs1_fields` (`id`, `asset_id`, `context`, `group_id`, `title`, `name`, `label`, `default_value`, `type`, `note`, `description`, `state`, `required`, `only_use_in_subform`, `checked_out`, `checked_out_time`, `ordering`, `params`, `fieldparams`, `language`, `created_time`, `created_user_id`, `modified_time`, `modified_by`, `access`) VALUES
(1, 105, 'com_content.article', 1, 'Локация', 'lokatsiya', 'Локация', 'п. Русавкино', 'text', '', '', 1, 0, 0, NULL, NULL, 1, '{\"hint\":\"\",\"class\":\"\",\"label_class\":\"\",\"show_on\":\"\",\"showon\":\"\",\"render_class\":\"\",\"value_render_class\":\"\",\"showlabel\":\"0\",\"label_render_class\":\"\",\"display\":\"0\",\"prefix\":\"\",\"suffix\":\"\",\"layout\":\"\",\"display_readonly\":\"2\"}', '{\"filter\":\"raw\",\"maxlength\":\"\"}', '*', '2023-09-28 20:31:12', 644, '2023-09-28 20:31:12', 644, 1),
(2, 106, 'com_content.article', 1, 'Период работы', 'period-raboty', 'Период работы', '4 месяца', 'text', '', '', 1, 0, 0, NULL, NULL, 2, '{\"hint\":\"\",\"class\":\"\",\"label_class\":\"\",\"show_on\":\"\",\"showon\":\"\",\"render_class\":\"\",\"value_render_class\":\"\",\"showlabel\":\"0\",\"label_render_class\":\"\",\"display\":\"0\",\"prefix\":\"\",\"suffix\":\"\",\"layout\":\"\",\"display_readonly\":\"2\"}', '{\"filter\":\"raw\",\"maxlength\":\"\"}', '*', '2023-09-28 20:32:15', 644, '2023-09-28 20:32:15', 644, 1),
(3, 107, 'com_content.article', 1, 'Стоимость', 'tsennik', 'Стоимость', '12 000', 'text', '', '', 1, 0, 0, NULL, NULL, 3, '{\"hint\":\"\",\"class\":\"\",\"label_class\":\"\",\"show_on\":\"\",\"showon\":\"\",\"render_class\":\"\",\"value_render_class\":\"\",\"showlabel\":\"0\",\"label_render_class\":\"\",\"display\":\"0\",\"prefix\":\"\",\"suffix\":\"\",\"layout\":\"\",\"display_readonly\":\"2\",\"acf_custom_css\":\"\"}', '{\"filter\":\"raw\",\"maxlength\":\"\"}', '*', '2023-09-28 20:32:15', 644, '2023-10-09 20:43:34', 644, 1),
(4, 109, 'com_content.article', 2, 'Главный экран', 'glavnyj-ekran', 'Главный экран', '', 'textarea', '', '', 1, 0, 0, NULL, NULL, 4, '{\"hint\":\"\",\"class\":\"\",\"label_class\":\"\",\"show_on\":\"\",\"showon\":\"\",\"render_class\":\"\",\"value_render_class\":\"\",\"showlabel\":\"0\",\"label_render_class\":\"\",\"display\":\"0\",\"prefix\":\"\",\"suffix\":\"\",\"layout\":\"\",\"display_readonly\":\"2\"}', '{\"rows\":5,\"cols\":\"\",\"maxlength\":\"\",\"filter\":\"safehtml\"}', '*', '2023-09-28 20:36:16', 644, '2023-09-28 20:37:32', 644, 1),
(5, 112, 'com_content.article', 3, 'Картинка / иконка', 'kartinka-ikonka', 'Картинка / иконка', '', 'media', '', '', 1, 0, 0, NULL, NULL, 5, '{\"hint\":\"\",\"class\":\"\",\"label_class\":\"admin-field-img\",\"show_on\":\"\",\"showon\":\"\",\"render_class\":\"ADF4\",\"value_render_class\":\"ADF5\",\"showlabel\":\"0\",\"label_render_class\":\"\",\"display\":\"0\",\"prefix\":\"\",\"suffix\":\"\",\"layout\":\"\",\"display_readonly\":\"2\"}', '{\"directory\":\"sampledata\",\"preview\":\"\",\"image_class\":\"field-img\"}', '*', '2023-09-28 20:40:15', 644, '2023-09-28 21:23:51', 644, 1),
(6, 113, 'com_content.article', 3, 'Заголовок', 'zagolovok', 'Заголовок', '', 'text', '', '', 1, 0, 0, NULL, NULL, 6, '{\"hint\":\"\",\"class\":\"\",\"label_class\":\"\",\"show_on\":\"\",\"showon\":\"\",\"render_class\":\"\",\"value_render_class\":\"field-title\",\"showlabel\":\"0\",\"label_render_class\":\"\",\"display\":\"0\",\"prefix\":\"\",\"suffix\":\"\",\"layout\":\"\",\"display_readonly\":\"2\"}', '{\"filter\":\"raw\",\"maxlength\":\"\"}', '*', '2023-09-28 20:41:04', 644, '2023-09-28 20:49:51', 644, 1),
(7, 114, 'com_content.article', 3, 'Описание', 'opisanie', 'Описание', '', 'textarea', '', '', 1, 0, 0, NULL, NULL, 7, '{\"hint\":\"\",\"class\":\"\",\"label_class\":\"\",\"show_on\":\"\",\"showon\":\"\",\"render_class\":\"\",\"value_render_class\":\"field-desc\",\"showlabel\":\"0\",\"label_render_class\":\"\",\"display\":\"0\",\"prefix\":\"\",\"suffix\":\"\",\"layout\":\"\",\"display_readonly\":\"2\"}', '{\"rows\":3,\"cols\":\"\",\"maxlength\":\"\",\"filter\":\"safehtml\"}', '*', '2023-09-28 20:42:27', 644, '2023-09-28 21:53:59', 644, 1),
(8, 115, 'com_content.article', 3, 'Цена', 'tsena', 'Цена', '', 'text', '', '', 1, 0, 0, NULL, NULL, 8, '{\"hint\":\"\",\"class\":\"\",\"label_class\":\"\",\"show_on\":\"\",\"showon\":\"\",\"render_class\":\"\",\"value_render_class\":\"field-price\",\"showlabel\":\"0\",\"label_render_class\":\"\",\"display\":\"0\",\"prefix\":\"\",\"suffix\":\"\",\"layout\":\"\",\"display_readonly\":\"2\"}', '{\"filter\":\"raw\",\"maxlength\":\"\"}', '*', '2023-09-28 20:44:42', 644, '2023-09-28 20:50:12', 644, 1),
(9, 116, 'com_content.article', 2, 'Мы лучшие', 'luchshie', 'Мы лучшие', '', 'subform', '', '', 1, 0, 0, NULL, NULL, 9, '{\"hint\":\"my-luchshie1\",\"class\":\"my-luchshie2\",\"label_class\":\"my-luchshie3\",\"show_on\":\"\",\"showon\":\"\",\"render_class\":\"\",\"value_render_class\":\"pre-first-screen\",\"showlabel\":\"0\",\"label_render_class\":\"\",\"display\":\"0\",\"prefix\":\"\",\"suffix\":\"\",\"layout\":\"\",\"display_readonly\":\"2\",\"form_layout\":\"\"}', '{\"repeat\":\"1\",\"max_rows\":\"\",\"options\":{\"option0\":{\"customfield\":\"5\",\"render_values\":\"1\"},\"option1\":{\"customfield\":\"7\",\"render_values\":\"1\"}}}', '*', '2023-09-28 20:47:51', 644, '2023-09-28 22:17:36', 644, 1),
(10, 124, 'com_content.article', 3, 'Ссылка (default)', 'ssylka-default', 'Ссылка (default)', 'javascript:void;', 'text', '', '', 1, 0, 0, NULL, NULL, 10, '{\"hint\":\"\",\"class\":\"\",\"label_class\":\"\",\"show_on\":\"\",\"showon\":\"\",\"render_class\":\"\",\"value_render_class\":\"\",\"showlabel\":\"0\",\"label_render_class\":\"\",\"display\":\"0\",\"prefix\":\"\",\"suffix\":\"\",\"layout\":\"\",\"display_readonly\":\"2\"}', '{\"filter\":\"raw\",\"maxlength\":\"\"}', '*', '2023-09-28 23:24:42', 644, '2023-09-28 23:27:09', 644, 1),
(11, 125, 'com_content.article', 4, 'Источник', 'istochnik', 'Источник', '', 'subform', '', '', 1, 0, 0, NULL, NULL, 11, '{\"hint\":\"\",\"class\":\"\",\"label_class\":\"\",\"show_on\":\"\",\"showon\":\"\",\"render_class\":\"\",\"value_render_class\":\"\",\"showlabel\":\"0\",\"label_render_class\":\"\",\"display\":\"0\",\"prefix\":\"\",\"suffix\":\"\",\"layout\":\"\",\"display_readonly\":\"2\",\"form_layout\":\"\"}', '{\"repeat\":\"1\",\"max_rows\":\"\",\"options\":{\"option0\":{\"customfield\":\"5\",\"render_values\":\"1\"},\"option1\":{\"customfield\":\"10\",\"render_values\":\"1\"}}}', '*', '2023-09-28 23:25:41', 644, '2023-09-28 23:25:41', 644, 1),
(12, 138, 'com_content.article', 5, 'Цена за метр', 'tsenazametr', 'Цена за метр', '', 'textarea', '', '', 1, 0, 0, NULL, NULL, 12, '{\"hint\":\"\",\"class\":\"\",\"label_class\":\"\",\"show_on\":\"\",\"showon\":\"\",\"render_class\":\"\",\"value_render_class\":\"\",\"showlabel\":\"0\",\"label_render_class\":\"\",\"display\":\"0\",\"prefix\":\"\",\"suffix\":\"\",\"layout\":\"\",\"display_readonly\":\"2\"}', '{\"rows\":1,\"cols\":\"\",\"maxlength\":\"\",\"filter\":\"safehtml\"}', '*', '2023-09-29 02:38:35', 644, '2023-09-29 04:56:48', 644, 1),
(13, 146, 'com_content.article', 2, 'Интерактивная карта', 'maps', 'Интерактивная карта', '', 'textarea', '', '', 1, 0, 0, NULL, NULL, 13, '{\"hint\":\"\",\"class\":\"\",\"label_class\":\"\",\"show_on\":\"\",\"showon\":\"\",\"render_class\":\"\",\"value_render_class\":\"\",\"showlabel\":\"0\",\"label_render_class\":\"\",\"display\":\"0\",\"prefix\":\"\",\"suffix\":\"\",\"layout\":\"\",\"display_readonly\":\"2\"}', '{\"rows\":15,\"cols\":\"\",\"maxlength\":\"\",\"filter\":\"raw\"}', '*', '2023-09-29 07:07:38', 644, '2023-09-29 07:37:54', 644, 1),
(14, 147, 'com_content.article', 2, 'Контактная информация', 'contactinfo', 'Контактная информация', '', 'radicalmultifield', '', '', 1, 0, 0, 644, '2023-10-11 21:36:12', 14, '{\"hint\":\"\",\"class\":\"contactinformation\",\"label_class\":\"\",\"show_on\":\"\",\"showon\":\"\",\"render_class\":\"\",\"value_render_class\":\"\",\"showlabel\":\"0\",\"label_render_class\":\"\",\"display\":\"0\",\"prefix\":\"\",\"suffix\":\"\",\"layout\":\"\",\"display_readonly\":\"2\"}', '{\"multiplemin\":\"0\",\"multiplemax\":\"50\",\"templatedefault\":\"\",\"templatecategory\":\"_:table\",\"templatearticle\":\"_:table\",\"aview\":\"joomla.form.field.subform.repeatable-table\",\"filesimport\":\"0\",\"filesimportname\":\"image\",\"filesimportnamefile\":\"\",\"filesimportpath\":\"images\",\"filesimportpreview\":\"0\",\"filesimportpreviewmaxwidth\":\"360\",\"filesimportpreviewmaxheight\":\"360\",\"filesimportpreviewalgorithm\":\"bestfit\",\"filesimportpreviewfolder\":\"cache\",\"listtype\":{\"listtype0\":{\"type\":\"media\",\"name\":\"image\",\"title\":\"\\u0418\\u043a\\u043e\\u043d\\u043a\\u0430\",\"required\":\"0\",\"listview\":\"list\",\"multiple\":\"0\",\"options\":\"\",\"customxml\":\"\",\"attrs\":\"\"},\"listtype1\":{\"type\":\"editor\",\"name\":\"value\",\"title\":\"\\u0417\\u043d\\u0430\\u0447\\u0435\\u043d\\u0438\\u0435\",\"required\":\"0\",\"listview\":\"list\",\"multiple\":\"0\",\"options\":\"\",\"customxml\":\"\",\"attrs\":\"\"}}}', '*', '2023-09-29 08:27:59', 644, '2023-09-29 09:21:58', 644, 1),
(15, 160, 'com_content.article', 2, 'История', 'istoriya', 'История', '', 'textarea', '', '', 1, 0, 0, NULL, NULL, 15, '{\"hint\":\"\",\"class\":\"\",\"label_class\":\"\",\"show_on\":\"\",\"showon\":\"\",\"render_class\":\"\",\"value_render_class\":\"\",\"showlabel\":\"0\",\"label_render_class\":\"\",\"display\":\"0\",\"prefix\":\"\",\"suffix\":\"\",\"layout\":\"\",\"display_readonly\":\"2\"}', '{\"rows\":2,\"cols\":\"\",\"maxlength\":\"\",\"filter\":\"safehtml\"}', '*', '2023-10-06 17:31:28', 644, '2023-10-06 17:31:28', 644, 1),
(16, 161, 'com_content.article', 2, 'Объем работ', 'obem-rabot', 'Объем работ', '', 'textarea', '', '', 1, 0, 0, NULL, NULL, 16, '{\"hint\":\"\",\"class\":\"\",\"label_class\":\"\",\"show_on\":\"\",\"showon\":\"\",\"render_class\":\"\",\"value_render_class\":\"\",\"showlabel\":\"0\",\"label_render_class\":\"\",\"display\":\"0\",\"prefix\":\"\",\"suffix\":\"\",\"layout\":\"\",\"display_readonly\":\"2\"}', '{\"rows\":2,\"cols\":\"\",\"maxlength\":\"\",\"filter\":\"safehtml\"}', '*', '2023-10-06 17:31:28', 644, '2023-10-06 17:32:30', 644, 1),
(17, 162, 'com_content.article', 2, 'Интерактивная карта (mobile)', 'maps-mobile', 'Интерактивная карта (mobile)', '', 'textarea', '', '', 1, 0, 0, NULL, NULL, 17, '{\"hint\":\"\",\"class\":\"\",\"label_class\":\"\",\"show_on\":\"\",\"showon\":\"\",\"render_class\":\"\",\"value_render_class\":\"\",\"showlabel\":\"0\",\"label_render_class\":\"\",\"display\":\"0\",\"prefix\":\"\",\"suffix\":\"\",\"layout\":\"\",\"display_readonly\":\"2\"}', '{\"rows\":15,\"cols\":\"\",\"maxlength\":\"\",\"filter\":\"raw\"}', '*', '2023-09-29 07:07:38', 644, '2023-10-07 03:40:51', 644, 1),
(19, 165, 'com_content.article', 1, 'Галерея', 'gall', 'Галерея', '', 'radicalmultifield', '', '', 1, 0, 0, NULL, NULL, 19, '{\"hint\":\"\",\"class\":\"\",\"label_class\":\"\",\"show_on\":\"\",\"showon\":\"\",\"render_class\":\"\",\"value_render_class\":\"\",\"showlabel\":\"0\",\"label_render_class\":\"\",\"display\":\"0\",\"prefix\":\"\",\"suffix\":\"\",\"layout\":\"\",\"display_readonly\":\"2\",\"acf_custom_css\":\"\"}', '{\"multiplemin\":\"0\",\"multiplemax\":\"50\",\"templatedefault\":\"\",\"templatecategory\":\"_:default\",\"templatearticle\":\"_:default\",\"aview\":\"joomla.form.field.subform.repeatable-table\",\"filesimport\":\"0\",\"filesimportname\":\"image\",\"filesimportnamefile\":\"\",\"filesimportpath\":\"images\",\"filesimportpreview\":\"0\",\"filesimportpreviewmaxwidth\":\"360\",\"filesimportpreviewmaxheight\":\"360\",\"filesimportpreviewalgorithm\":\"bestfit\",\"filesimportpreviewfolder\":\"cache\",\"listtype\":{\"listtype0\":{\"type\":\"media\",\"name\":\"gall-img\",\"title\":\"\\u041a\\u0430\\u0440\\u0442\\u0438\\u043d\\u043a\\u0430\",\"required\":\"0\",\"listview\":\"list\",\"multiple\":\"0\",\"options\":\"\",\"customxml\":\"\",\"attrs\":\"\"}}}', '*', '2023-10-07 13:48:45', 644, '2023-10-07 14:31:19', 644, 1),
(20, 166, 'com_content.article', 1, 'Основная картинка', 'dopimg', 'Основная картинка', '', 'radicalmultifield', '', '', 1, 0, 0, 644, '2023-10-07 14:52:46', 20, '{\"hint\":\"\",\"class\":\"\",\"label_class\":\"\",\"show_on\":\"\",\"showon\":\"\",\"render_class\":\"\",\"value_render_class\":\"\",\"showlabel\":\"0\",\"label_render_class\":\"\",\"display\":\"0\",\"prefix\":\"\",\"suffix\":\"\",\"layout\":\"\",\"display_readonly\":\"2\",\"acf_custom_css\":\"\"}', '{\"multiplemin\":\"0\",\"multiplemax\":\"1\",\"templatedefault\":\"\",\"templatecategory\":\"_:default\",\"templatearticle\":\"_:default\",\"aview\":\"joomla.form.field.subform.repeatable-table\",\"filesimport\":\"0\",\"filesimportname\":\"image\",\"filesimportnamefile\":\"\",\"filesimportpath\":\"images\",\"filesimportpreview\":\"0\",\"filesimportpreviewmaxwidth\":\"360\",\"filesimportpreviewmaxheight\":\"360\",\"filesimportpreviewalgorithm\":\"bestfit\",\"filesimportpreviewfolder\":\"cache\",\"listtype\":{\"listtype0\":{\"type\":\"media\",\"name\":\"dimg\",\"title\":\"\\u0411\\u043e\\u043b\\u044c\\u0448\\u0430\\u044f \\u043a\\u0430\\u0440\\u0442\\u0438\\u043d\\u043a\\u0430\",\"required\":\"0\",\"listview\":\"list\",\"multiple\":\"0\",\"options\":\"\",\"customxml\":\"\",\"attrs\":\"\"}}}', '*', '2023-10-07 14:51:33', 644, '2023-10-07 14:52:46', 644, 1),
(21, 169, 'com_content.article', 1, 'Площадь', 'ploshchad', 'Площадь', '', 'text', '', '', 1, 0, 0, 644, '2023-10-09 20:44:49', 18, '{\"hint\":\"\",\"class\":\"\",\"label_class\":\"\",\"show_on\":\"\",\"showon\":\"\",\"render_class\":\"\",\"value_render_class\":\"\",\"showlabel\":\"0\",\"label_render_class\":\"\",\"display\":\"0\",\"prefix\":\"\",\"suffix\":\"\",\"layout\":\"\",\"display_readonly\":\"2\",\"acf_custom_css\":\"\"}', '{\"filter\":\"raw\",\"maxlength\":\"\"}', '*', '2023-09-28 20:31:12', 644, '2023-10-09 20:44:03', 644, 1);

-- --------------------------------------------------------

--
-- Структура таблицы `pajs1_fields_categories`
--

CREATE TABLE `pajs1_fields_categories` (
  `field_id` int(11) NOT NULL DEFAULT 0,
  `category_id` int(11) NOT NULL DEFAULT 0
) ENGINE=InnoDB DEFAULT CHARSET=utf8mb4 COLLATE=utf8mb4_unicode_ci;

--
-- Дамп данных таблицы `pajs1_fields_categories`
--

INSERT INTO `pajs1_fields_categories` (`field_id`, `category_id`) VALUES
(1, 8),
(2, 8),
(3, 8),
(4, 2),
(5, 11),
(6, 11),
(7, 11),
(8, 11),
(9, 2),
(10, 11),
(11, 9),
(12, 10),
(13, 2),
(14, 2),
(15, 2),
(16, 2),
(17, 2),
(19, 8),
(20, 8),
(21, 8);

-- --------------------------------------------------------

--
-- Структура таблицы `pajs1_fields_groups`
--

CREATE TABLE `pajs1_fields_groups` (
  `id` int(10) UNSIGNED NOT NULL,
  `asset_id` int(10) UNSIGNED NOT NULL DEFAULT 0,
  `context` varchar(255) NOT NULL DEFAULT '',
  `title` varchar(255) NOT NULL DEFAULT '',
  `note` varchar(255) NOT NULL DEFAULT '',
  `description` text NOT NULL,
  `state` tinyint(4) NOT NULL DEFAULT 0,
  `checked_out` int(10) UNSIGNED DEFAULT NULL,
  `checked_out_time` datetime DEFAULT NULL,
  `ordering` int(11) NOT NULL DEFAULT 0,
  `params` text NOT NULL,
  `language` char(7) NOT NULL DEFAULT '',
  `created` datetime NOT NULL,
  `created_by` int(10) UNSIGNED NOT NULL DEFAULT 0,
  `modified` datetime NOT NULL,
  `modified_by` int(10) UNSIGNED NOT NULL DEFAULT 0,
  `access` int(11) NOT NULL DEFAULT 1
) ENGINE=InnoDB DEFAULT CHARSET=utf8mb4 COLLATE=utf8mb4_unicode_ci;

--
-- Дамп данных таблицы `pajs1_fields_groups`
--

INSERT INTO `pajs1_fields_groups` (`id`, `asset_id`, `context`, `title`, `note`, `description`, `state`, `checked_out`, `checked_out_time`, `ordering`, `params`, `language`, `created`, `created_by`, `modified`, `modified_by`, `access`) VALUES
(1, 104, 'com_content.article', 'Наши работы', '', '', 1, NULL, NULL, 0, '{\"display_readonly\":\"1\"}', '*', '2023-09-28 20:28:27', 644, '2023-09-28 20:28:27', 644, 1),
(2, 108, 'com_content.article', 'Лендинг', '', '', 1, NULL, NULL, 0, '{\"display_readonly\":\"1\"}', '*', '2023-09-28 20:34:45', 644, '2023-09-28 20:34:45', 644, 1),
(3, 111, 'com_content.article', 'Sub Form', '', '', 1, NULL, NULL, 0, '{\"display_readonly\":\"1\"}', '*', '2023-09-28 20:38:24', 644, '2023-09-28 20:38:24', 644, 1),
(4, 123, 'com_content.article', 'Отзывы', '', '', 1, NULL, NULL, 0, '{\"display_readonly\":\"1\"}', '*', '2023-09-28 23:21:43', 644, '2023-09-28 23:21:43', 644, 1),
(5, 137, 'com_content.article', 'Стоимость ремонта', '', '', 1, NULL, NULL, 0, '{\"display_readonly\":\"1\"}', '*', '2023-09-29 02:36:30', 644, '2023-09-29 02:36:30', 644, 1);

-- --------------------------------------------------------

--
-- Структура таблицы `pajs1_fields_values`
--

CREATE TABLE `pajs1_fields_values` (
  `field_id` int(10) UNSIGNED NOT NULL,
  `item_id` varchar(255) NOT NULL COMMENT 'Allow references to items which have strings as ids, eg. none db systems.',
  `value` text DEFAULT NULL
) ENGINE=InnoDB DEFAULT CHARSET=utf8mb4 COLLATE=utf8mb4_unicode_ci;

--
-- Дамп данных таблицы `pajs1_fields_values`
--

INSERT INTO `pajs1_fields_values` (`field_id`, `item_id`, `value`) VALUES
(9, '1', '{\"row0\":{\"field5\":{\"imagefile\":\"images\\/sampledata\\/best\\/1.svg#joomlaImage:\\/\\/local-images\\/sampledata\\/best\\/1.svg?width=22&height=26\",\"alt_text\":\"\"},\"field7\":\"<strong>\\u0421\\u0442\\u043e\\u0438\\u043c\\u043e\\u0441\\u0442\\u044c \\u0443\\u0441\\u043b\\u0443\\u0433<\\/strong><br \\/> \\u0444\\u0438\\u043a\\u0441\\u0438\\u0440\\u0443\\u0435\\u0442\\u0441\\u044f \\u0432 \\u0434\\u043e\\u0433\\u043e\\u0432\\u043e\\u0440\\u0435\"},\"row1\":{\"field5\":{\"imagefile\":\"images\\/sampledata\\/best\\/2.svg#joomlaImage:\\/\\/local-images\\/sampledata\\/best\\/2.svg?width=26&height=26\",\"alt_text\":\"\"},\"field7\":\"\\u041e\\u0442\\u0440\\u0435\\u043c\\u043e\\u043d\\u0442\\u0438\\u0440\\u043e\\u0432\\u0430\\u043b\\u0438<br \\/>\\r\\n<strong>243 \\u043a\\u0432\\u0430\\u0440\\u0442\\u0438\\u0440\\u044b<\\/strong> \\u0437\\u0430 10 \\u043b\\u0435\\u0442\"},\"row2\":{\"field5\":{\"imagefile\":\"images\\/sampledata\\/best\\/3.svg#joomlaImage:\\/\\/local-images\\/sampledata\\/best\\/3.svg?width=26&height=26\",\"alt_text\":\"\"},\"field7\":\"<strong>\\u041f\\u0440\\u0435\\u0434\\u043e\\u0441\\u0442\\u0430\\u0432\\u043b\\u044f\\u0435\\u043c<br \\/> \\r\\n\\u0444\\u043e\\u0442\\u043e\\u043e\\u0442\\u0447\\u0451\\u0442<\\/strong> \\u043a\\u0430\\u0436\\u0434\\u044b\\u0439 \\u0434\\u0435\\u043d\\u044c\"},\"row3\":{\"field5\":{\"imagefile\":\"images\\/sampledata\\/best\\/4.svg#joomlaImage:\\/\\/local-images\\/sampledata\\/best\\/4.svg?width=26&height=26\",\"alt_text\":\"\"},\"field7\":\"<strong>\\u041f\\u0440\\u044f\\u043c\\u043e\\u0439 \\u043a\\u043e\\u043d\\u0442\\u0430\\u043a\\u0442<\\/strong> \\u0441<br \\/> \\u0440\\u0443\\u043a\\u043e\\u0432\\u043e\\u0434\\u0441\\u0442\\u0432\\u043e\\u043c \\u043a\\u043e\\u043c\\u043f\\u0430\\u043d\\u0438\\u0438\"}}'),
(1, '2', 'г. Лобня'),
(2, '2', '1 месяц'),
(3, '2', '30 000'),
(1, '3', 'г. Дзержинский'),
(2, '3', '3 месяца'),
(3, '3', '1 488 000'),
(2, '4', '1 месяц'),
(3, '4', '72 000'),
(1, '5', 'п. Часцы'),
(2, '5', '1 месяц'),
(3, '5', '26 000'),
(1, '6', 'г. Люберцы'),
(2, '6', '2 месяця'),
(3, '6', '150 000'),
(11, '7', '{\"row0\":{\"field5\":{\"imagefile\":\"images\\/sampledata\\/source\\/google.svg#joomlaImage:\\/\\/local-images\\/sampledata\\/source\\/google.svg?width=45&height=45\",\"alt_text\":\"\"},\"field10\":\"javascript:void;\"}}'),
(11, '8', '{\"row0\":{\"field5\":{\"imagefile\":\"images\\/sampledata\\/source\\/yandex.svg#joomlaImage:\\/\\/local-images\\/sampledata\\/source\\/yandex.svg?width=45&height=45\",\"alt_text\":\"\"},\"field10\":\"javascript:void;\"}}'),
(11, '9', '{\"row0\":{\"field5\":{\"imagefile\":\"images\\/sampledata\\/source\\/2gis.svg#joomlaImage:\\/\\/local-images\\/sampledata\\/source\\/2gis.svg?width=45&height=45\",\"alt_text\":\"\"},\"field10\":\"javascript:void;\"}}'),
(11, '10', '{\"row0\":{\"field5\":{\"imagefile\":\"images\\/sampledata\\/source\\/google.svg#joomlaImage:\\/\\/local-images\\/sampledata\\/source\\/google.svg?width=45&height=45\",\"alt_text\":\"\"},\"field10\":\"javascript:void;\"}}'),
(11, '11', '{\"row0\":{\"field5\":{\"imagefile\":\"images\\/sampledata\\/source\\/google.svg#joomlaImage:\\/\\/local-images\\/sampledata\\/source\\/google.svg?width=45&height=45\",\"alt_text\":\"\"},\"field10\":\"javascript:void;\"}}'),
(11, '12', '{\"row0\":{\"field5\":{\"imagefile\":\"images\\/sampledata\\/source\\/2gis.svg#joomlaImage:\\/\\/local-images\\/sampledata\\/source\\/2gis.svg?width=45&height=45\",\"alt_text\":\"\"},\"field10\":\"javascript:void;\"}}'),
(11, '13', '{\"row0\":{\"field5\":{\"imagefile\":\"images\\/sampledata\\/source\\/yandex.svg#joomlaImage:\\/\\/local-images\\/sampledata\\/source\\/yandex.svg?width=45&height=45\",\"alt_text\":\"\"},\"field10\":\"javascript:void;\"}}'),
(11, '14', '{\"row0\":{\"field5\":{\"imagefile\":\"images\\/sampledata\\/source\\/google.svg#joomlaImage:\\/\\/local-images\\/sampledata\\/source\\/google.svg?width=45&height=45\",\"alt_text\":\"\"},\"field10\":\"javascript:void;\"}}'),
(5, '15', '{\"imagefile\":\"\",\"alt_text\":\"\"}'),
(10, '15', 'javascript:void;'),
(12, '16', 'от 4880 руб./м<sup>2</sup>'),
(12, '17', 'от 3190 руб./м<sup>2</sup>'),
(12, '18', 'от 8390 руб./м<sup>2</sup>'),
(12, '19', 'от 8590 руб./м<sup>2</sup>'),
(12, '20', 'от 3590 руб./м<sup>2</sup>'),
(12, '21', 'от 4490 руб./м<sup>2</sup>'),
(13, '1', '<script>\r\n	ymaps.ready(init);\r\n	function init() {\r\n		var myMap = new ymaps.Map(\"map\", {\r\n				center: [55.73, 37.58],\r\n				zoom: 11\r\n			}),\r\n			myPlacemark1 = new ymaps.Placemark([55.710063, 37.883007], {\r\n				//balloonContentBody: \'GoodStroy. Живи комфортно\'\r\n			}, {\r\n				iconImageHref: \'media/templates/site/cassiopeia/images/marker-locate.svg\',\r\n				iconImageSize: [83, 100],\r\n				iconImageOffset: [-40, -100]\r\n			})\r\n		myMap.geoObjects\r\n		.add(myPlacemark1)\r\n	}\r\n</script>'),
(14, '1', '{\"contactinfo0\":{\"image\":\"images\\/contact\\/1.svg#joomlaImage:\\/\\/local-images\\/contact\\/1.svg?width=26&height=26\",\"value\":\"<div class=phone><a href=\\\"tel:74954100084\\\">+7 (495) 410-00-84<\\/a> - <span>\\u0433\\u043b\\u0430\\u0432\\u043d\\u044b\\u0439 \\u043c\\u0435\\u043d\\u0435\\u0434\\u0436\\u0435\\u0440<\\/span><\\/div>\\r\\n<div class=phone><a href=\\\"tel:79169895119\\\">+7 (916) 989-51-19<\\/a> - <span>\\u0437\\u0430\\u043c.\\u0434\\u0438\\u0440\\u0435\\u043a\\u0442\\u043e\\u0440\\u0430 \\u043a\\u043e\\u043c\\u043f\\u0430\\u043d\\u0438\\u0438<\\/span><\\/div>\\r\\n\"},\"contactinfo1\":{\"image\":\"images\\/contact\\/2.svg#joomlaImage:\\/\\/local-images\\/contact\\/2.svg?width=22&height=26\",\"value\":\"<div class=\\\"adress\\\"><b>\\u0410\\u0434\\u0440\\u0435\\u0441:<\\/b> 111675, \\u0433. \\u041c\\u043e\\u0441\\u043a\\u0432\\u0430, \\u0443\\u043b. \\u0414\\u043c\\u0438\\u0442\\u0440\\u0438\\u0435\\u0432\\u0441\\u043a\\u043e\\u0433\\u043e 3<\\/div>\"},\"contactinfo2\":{\"image\":\"images\\/contact\\/3.svg#joomlaImage:\\/\\/local-images\\/contact\\/3.svg?width=24&height=22\",\"value\":\"<div class=\\\"mail\\\"><a href=\\\"mailto:777_vmk@mail.ru\\\">777_vmk@mail.ru<\\/a><\\/div>\"}}'),
(4, '1', '<img class=\"firstscreen\" src=\"images/firstscreen.jpg\" alt=\"FirstScreen\" />\r\n<div class=\"container\">\r\n	<div class=\"fs-tag\">\r\n		<div><span>Смета за 1 день</span></div>\r\n		<div><span>Гарантия 2 года</span></div>\r\n	</div>\r\n	<div class=\"page-header\">Ремонт квартир под ключ в Москве и области <span>без задержек и переплат</span></div>\r\n	<div class=\"desc\">Узнайте точную стоимость ремонта под ключ по вашим параметрам и подробную смету работ. <b>План расстановки мебели и розеток - в подарок!</b></div>\r\n	<button class=\"sf2-callBtn\" data-formid=\"simpleForm2_125\">Рассчитать стоимость</button>\r\n</div>'),
(15, '1', '<div>10 лет</div>\r\n<span>делаем ремонты «под ключ»</span>'),
(16, '1', '<div>+ 10 000 м<sup>2</sup></div>\r\n<span>ремонта воплотили<br /> в жизнь</span>'),
(17, '1', '<script>\r\n	ymaps.ready(init);\r\n	function init() {\r\n		var myMap = new ymaps.Map(\"map-mobile\", {\r\n				center: [55.8, 37.883007],\r\n				zoom: 11\r\n			}),\r\n			myPlacemark1 = new ymaps.Placemark([55.710063, 37.883007], {\r\n				//balloonContentBody: \'GoodStroy. Живи комфортно\'\r\n			}, {\r\n				iconImageHref: \'media/templates/site/cassiopeia/images/marker-locate.svg\',\r\n				iconImageSize: [83, 100],\r\n				iconImageOffset: [-40, -100]\r\n			})\r\n			\r\n		myMap.geoObjects\r\n		.add(myPlacemark1)\r\n	}\r\n</script>'),
(5, '22', '{\"imagefile\":\"\",\"alt_text\":\"\"}'),
(10, '22', 'javascript:void;'),
(19, '2', '{\"gall0\":{\"gall-img\":\"images\\/portfolio\\/1-2.jpg#joomlaImage:\\/\\/local-images\\/portfolio\\/1-2.jpg?width=960&height=1280\"},\"gall1\":{\"gall-img\":\"images\\/portfolio\\/1-1.jpg#joomlaImage:\\/\\/local-images\\/portfolio\\/1-1.jpg?width=960&height=1280\"}}'),
(20, '2', '{\"dopimg0\":{\"dimg\":\"images\\/portfolio\\/1.jpg#joomlaImage:\\/\\/local-images\\/portfolio\\/1.jpg?width=870&height=750\"}}'),
(20, '3', '{\"dopimg0\":{\"dimg\":\"images\\/portfolio\\/2.jpg#joomlaImage:\\/\\/local-images\\/portfolio\\/2.jpg?width=870&height=750\"}}'),
(20, '4', '{\"dopimg0\":{\"dimg\":\"images\\/portfolio\\/3.jpg#joomlaImage:\\/\\/local-images\\/portfolio\\/3.jpg?width=870&height=750\"}}'),
(20, '5', '{\"dopimg0\":{\"dimg\":\"images\\/portfolio\\/4.jpg#joomlaImage:\\/\\/local-images\\/portfolio\\/4.jpg?width=870&height=750\"}}'),
(20, '6', '{\"dopimg0\":{\"dimg\":\"images\\/portfolio\\/5.jpg#joomlaImage:\\/\\/local-images\\/portfolio\\/5.jpg?width=870&height=750\"}}'),
(21, '2', '4'),
(21, '3', '93'),
(19, '3', '{\"gall0\":{\"gall-img\":\"images\\/portfolio\\/2-1.jpg#joomlaImage:\\/\\/local-images\\/portfolio\\/2-1.jpg?width=1200&height=1600\"},\"gall1\":{\"gall-img\":\"images\\/portfolio\\/2-2.jpg#joomlaImage:\\/\\/local-images\\/portfolio\\/2-2.jpg?width=1200&height=1600\"},\"gall2\":{\"gall-img\":\"images\\/portfolio\\/2-4.mp4\"},\"gall3\":{\"gall-img\":\"images\\/portfolio\\/2-3.jpg#joomlaImage:\\/\\/local-images\\/portfolio\\/2-3.jpg?width=1600&height=1200\"},\"gall4\":{\"gall-img\":\"images\\/portfolio\\/2-5.jpg#joomlaImage:\\/\\/local-images\\/portfolio\\/2-5.jpg?width=1200&height=1600\"}}'),
(21, '4', '16'),
(19, '4', '{\"gall0\":{\"gall-img\":\"images\\/portfolio\\/3-1.jpg#joomlaImage:\\/\\/local-images\\/portfolio\\/3-1.jpg?width=1200&height=1600\"},\"gall1\":{\"gall-img\":\"images\\/portfolio\\/3-2.jpg#joomlaImage:\\/\\/local-images\\/portfolio\\/3-2.jpg?width=1200&height=1600\"}}'),
(21, '5', '5'),
(19, '5', '{\"gall0\":{\"gall-img\":\"images\\/portfolio\\/4-1.jpg#joomlaImage:\\/\\/local-images\\/portfolio\\/4-1.jpg?width=1200&height=1600\"}}'),
(21, '6', '5'),
(19, '6', '{\"gall0\":{\"gall-img\":\"images\\/portfolio\\/5-3.jpg#joomlaImage:\\/\\/local-images\\/portfolio\\/5-3.jpg?width=768&height=1024\"},\"gall1\":{\"gall-img\":\"images\\/portfolio\\/5-1.jpg#joomlaImage:\\/\\/local-images\\/portfolio\\/5-1.jpg?width=768&height=1024\"},\"gall2\":{\"gall-img\":\"images\\/portfolio\\/5-2.jpg#joomlaImage:\\/\\/local-images\\/portfolio\\/5-2.jpg?width=768&height=1024\"}}');

-- --------------------------------------------------------

--
-- Структура таблицы `pajs1_finder_filters`
--

CREATE TABLE `pajs1_finder_filters` (
  `filter_id` int(10) UNSIGNED NOT NULL,
  `title` varchar(255) NOT NULL,
  `alias` varchar(255) NOT NULL,
  `state` tinyint(4) NOT NULL DEFAULT 1,
  `created` datetime NOT NULL,
  `created_by` int(10) UNSIGNED NOT NULL DEFAULT 0,
  `created_by_alias` varchar(255) NOT NULL DEFAULT '',
  `modified` datetime NOT NULL,
  `modified_by` int(10) UNSIGNED NOT NULL DEFAULT 0,
  `checked_out` int(10) UNSIGNED DEFAULT NULL,
  `checked_out_time` datetime DEFAULT NULL,
  `map_count` int(10) UNSIGNED NOT NULL DEFAULT 0,
  `data` text DEFAULT NULL,
  `params` mediumtext DEFAULT NULL
) ENGINE=InnoDB DEFAULT CHARSET=utf8mb4 COLLATE=utf8mb4_unicode_ci;

-- --------------------------------------------------------

--
-- Структура таблицы `pajs1_finder_links`
--

CREATE TABLE `pajs1_finder_links` (
  `link_id` int(10) UNSIGNED NOT NULL,
  `url` varchar(255) NOT NULL,
  `route` varchar(400) NOT NULL,
  `title` varchar(400) DEFAULT NULL,
  `description` text DEFAULT NULL,
  `indexdate` datetime NOT NULL,
  `md5sum` varchar(32) DEFAULT NULL,
  `published` tinyint(4) NOT NULL DEFAULT 1,
  `state` int(11) NOT NULL DEFAULT 1,
  `access` int(11) NOT NULL DEFAULT 0,
  `language` char(7) NOT NULL DEFAULT '',
  `publish_start_date` datetime DEFAULT NULL,
  `publish_end_date` datetime DEFAULT NULL,
  `start_date` datetime DEFAULT NULL,
  `end_date` datetime DEFAULT NULL,
  `list_price` double UNSIGNED NOT NULL DEFAULT 0,
  `sale_price` double UNSIGNED NOT NULL DEFAULT 0,
  `type_id` int(11) NOT NULL,
  `object` mediumblob DEFAULT NULL
) ENGINE=InnoDB DEFAULT CHARSET=utf8mb4 COLLATE=utf8mb4_unicode_ci;

--
-- Дамп данных таблицы `pajs1_finder_links`
--

INSERT INTO `pajs1_finder_links` (`link_id`, `url`, `route`, `title`, `description`, `indexdate`, `md5sum`, `published`, `state`, `access`, `language`, `publish_start_date`, `publish_end_date`, `start_date`, `end_date`, `list_price`, `sale_price`, `type_id`, `object`) VALUES
(1, 'index.php?option=com_content&view=category&id=8', 'index.php?option=com_content&view=category&id=8', 'Наши работы', '', '2023-09-28 20:24:03', 'c81214ca868935f1d35218053b0bd9b9', 1, 1, 1, '*', NULL, NULL, '2023-09-28 20:24:03', NULL, 0, 0, 1, 0x4f3a35323a224a6f6f6d6c615c436f6d706f6e656e745c46696e6465725c41646d696e6973747261746f725c496e64657865725c526573756c74223a31393a7b693a303b693a313b693a313b733a353a2272752d5255223b693a323b733a303a22223b693a333b613a31373a7b733a323a226964223b693a383b733a353a22616c696173223b733a31323a226e61736869207261626f7479223b733a393a22657874656e73696f6e223b733a31313a22636f6d5f636f6e74656e74223b733a373a226d6574616b6579223b733a303a22223b733a383a226d65746164657363223b733a303a22223b733a383a226d65746164617461223b4f3a32343a224a6f6f6d6c615c52656769737472795c5265676973747279223a333a7b733a373a22002a0064617461223b4f3a383a22737464436c617373223a323a7b733a363a22617574686f72223b733a303a22223b733a363a22726f626f7473223b733a303a22223b7d733a31343a22002a00696e697469616c697a6564223b623a313b733a31323a22002a00736570617261746f72223b733a313a222e223b7d733a333a226c6674223b693a31313b733a393a22706172656e745f6964223b693a313b733a353a226c6576656c223b693a313b733a363a22706172616d73223b4f3a32343a224a6f6f6d6c615c52656769737472795c5265676973747279223a333a7b733a373a22002a0064617461223b4f3a383a22737464436c617373223a333a7b733a31353a2263617465676f72795f6c61796f7574223b733a303a22223b733a353a22696d616765223b733a303a22223b733a393a22696d6167655f616c74223b733a303a22223b7d733a31343a22002a00696e697469616c697a6564223b623a313b733a31323a22002a00736570617261746f72223b733a313a222e223b7d733a373a2273756d6d617279223b733a303a22223b733a31303a22637265617465645f6279223b693a3634343b733a383a226d6f646966696564223b733a31393a22323032332d30392d32382032303a32343a3033223b733a31313a226d6f6469666965645f6279223b693a3634343b733a343a22736c7567223b733a31343a22383a6e617368692d7261626f7479223b733a363a226c61796f7574223b733a383a2263617465676f7279223b733a31303a226d657461617574686f72223b4e3b7d693a343b4e3b693a353b613a353a7b693a313b613a333a7b693a303b733a353a227469746c65223b693a313b733a383a227375627469746c65223b693a323b733a323a226964223b7d693a323b613a323a7b693a303b733a373a2273756d6d617279223b693a313b733a343a22626f6479223b7d693a333b613a383a7b693a303b733a343a226d657461223b693a313b733a31303a226c6973745f7072696365223b693a323b733a31303a2273616c655f7072696365223b693a333b733a343a226c696e6b223b693a343b733a373a226d6574616b6579223b693a353b733a383a226d65746164657363223b693a363b733a31303a226d657461617574686f72223b693a373b733a363a22617574686f72223b7d693a343b613a323a7b693a303b733a343a2270617468223b693a313b733a353a22616c696173223b7d693a353b613a313a7b693a303b733a383a22636f6d6d656e7473223b7d7d693a363b733a313a222a223b693a373b4e3b693a383b4e3b693a393b4e3b693a31303b4e3b693a31313b733a34373a22696e6465782e7068703f6f7074696f6e3d636f6d5f636f6e74656e7426766965773d63617465676f72792669643d38223b693a31323b4e3b693a31333b733a31393a22323032332d30392d32382032303a32343a3033223b693a31343b693a313b693a31353b613a323a7b733a343a2254797065223b613a313a7b693a303b4f3a383a22737464436c617373223a363a7b733a353a227469746c65223b733a383a2243617465676f7279223b733a353a227374617465223b693a313b733a363a22616363657373223b693a313b733a383a226c616e6775616765223b733a303a22223b733a363a226e6573746564223b623a303b733a323a226964223b693a333b7d7d733a383a224c616e6775616765223b613a313a7b693a303b4f3a383a22737464436c617373223a363a7b733a353a227469746c65223b733a313a222a223b733a353a227374617465223b693a313b733a363a22616363657373223b693a313b733a383a226c616e6775616765223b733a303a22223b733a363a226e6573746564223b623a303b733a323a226964223b693a353b7d7d7d693a31363b733a32313a22d09dd0b0d188d0b820d180d0b0d0b1d0bed182d18b223b693a31373b693a313b693a31383b733a34373a22696e6465782e7068703f6f7074696f6e3d636f6d5f636f6e74656e7426766965773d63617465676f72792669643d38223b7d),
(2, 'index.php?option=com_content&view=category&id=9', 'index.php?option=com_content&view=category&id=9', 'Отзывы', '', '2023-09-28 20:24:18', '42b4be12331834f95bc9cdd940a7e48b', 1, 1, 1, '*', NULL, NULL, '2023-09-28 20:24:18', NULL, 0, 0, 1, 0x4f3a35323a224a6f6f6d6c615c436f6d706f6e656e745c46696e6465725c41646d696e6973747261746f725c496e64657865725c526573756c74223a31393a7b693a303b693a313b693a313b733a353a2272752d5255223b693a323b733a303a22223b693a333b613a31373a7b733a323a226964223b693a393b733a353a22616c696173223b733a363a226f747a797679223b733a393a22657874656e73696f6e223b733a31313a22636f6d5f636f6e74656e74223b733a373a226d6574616b6579223b733a303a22223b733a383a226d65746164657363223b733a303a22223b733a383a226d65746164617461223b4f3a32343a224a6f6f6d6c615c52656769737472795c5265676973747279223a333a7b733a373a22002a0064617461223b4f3a383a22737464436c617373223a323a7b733a363a22617574686f72223b733a303a22223b733a363a22726f626f7473223b733a303a22223b7d733a31343a22002a00696e697469616c697a6564223b623a313b733a31323a22002a00736570617261746f72223b733a313a222e223b7d733a333a226c6674223b693a31333b733a393a22706172656e745f6964223b693a313b733a353a226c6576656c223b693a313b733a363a22706172616d73223b4f3a32343a224a6f6f6d6c615c52656769737472795c5265676973747279223a333a7b733a373a22002a0064617461223b4f3a383a22737464436c617373223a333a7b733a31353a2263617465676f72795f6c61796f7574223b733a303a22223b733a353a22696d616765223b733a303a22223b733a393a22696d6167655f616c74223b733a303a22223b7d733a31343a22002a00696e697469616c697a6564223b623a313b733a31323a22002a00736570617261746f72223b733a313a222e223b7d733a373a2273756d6d617279223b733a303a22223b733a31303a22637265617465645f6279223b693a3634343b733a383a226d6f646966696564223b733a31393a22323032332d30392d32382032303a32343a3138223b733a31313a226d6f6469666965645f6279223b693a3634343b733a343a22736c7567223b733a383a22393a6f747a797679223b733a363a226c61796f7574223b733a383a2263617465676f7279223b733a31303a226d657461617574686f72223b4e3b7d693a343b4e3b693a353b613a353a7b693a313b613a333a7b693a303b733a353a227469746c65223b693a313b733a383a227375627469746c65223b693a323b733a323a226964223b7d693a323b613a323a7b693a303b733a373a2273756d6d617279223b693a313b733a343a22626f6479223b7d693a333b613a383a7b693a303b733a343a226d657461223b693a313b733a31303a226c6973745f7072696365223b693a323b733a31303a2273616c655f7072696365223b693a333b733a343a226c696e6b223b693a343b733a373a226d6574616b6579223b693a353b733a383a226d65746164657363223b693a363b733a31303a226d657461617574686f72223b693a373b733a363a22617574686f72223b7d693a343b613a323a7b693a303b733a343a2270617468223b693a313b733a353a22616c696173223b7d693a353b613a313a7b693a303b733a383a22636f6d6d656e7473223b7d7d693a363b733a313a222a223b693a373b4e3b693a383b4e3b693a393b4e3b693a31303b4e3b693a31313b733a34373a22696e6465782e7068703f6f7074696f6e3d636f6d5f636f6e74656e7426766965773d63617465676f72792669643d39223b693a31323b4e3b693a31333b733a31393a22323032332d30392d32382032303a32343a3138223b693a31343b693a313b693a31353b613a323a7b733a343a2254797065223b613a313a7b693a303b4f3a383a22737464436c617373223a363a7b733a353a227469746c65223b733a383a2243617465676f7279223b733a353a227374617465223b693a313b733a363a22616363657373223b693a313b733a383a226c616e6775616765223b733a303a22223b733a363a226e6573746564223b623a303b733a323a226964223b693a333b7d7d733a383a224c616e6775616765223b613a313a7b693a303b4f3a383a22737464436c617373223a363a7b733a353a227469746c65223b733a313a222a223b733a353a227374617465223b693a313b733a363a22616363657373223b693a313b733a383a226c616e6775616765223b733a303a22223b733a363a226e6573746564223b623a303b733a323a226964223b693a353b7d7d7d693a31363b733a31323a22d09ed182d0b7d18bd0b2d18b223b693a31373b693a313b693a31383b733a34373a22696e6465782e7068703f6f7074696f6e3d636f6d5f636f6e74656e7426766965773d63617465676f72792669643d39223b7d),
(3, 'index.php?option=com_content&view=category&id=10', 'index.php?option=com_content&view=category&id=10', 'Стоимость ремонта', '', '2023-09-28 20:25:11', 'fd9a42ec39bc52a5a30dd83e05009917', 1, 1, 1, '*', NULL, NULL, '2023-09-28 20:25:11', NULL, 0, 0, 1, 0x4f3a35323a224a6f6f6d6c615c436f6d706f6e656e745c46696e6465725c41646d696e6973747261746f725c496e64657865725c526573756c74223a31393a7b693a303b693a313b693a313b733a353a2272752d5255223b693a323b733a303a22223b693a333b613a31373a7b733a323a226964223b693a31303b733a353a22616c696173223b733a31363a2273746f696d6f73742072656d6f6e7461223b733a393a22657874656e73696f6e223b733a31313a22636f6d5f636f6e74656e74223b733a373a226d6574616b6579223b733a303a22223b733a383a226d65746164657363223b733a303a22223b733a383a226d65746164617461223b4f3a32343a224a6f6f6d6c615c52656769737472795c5265676973747279223a333a7b733a373a22002a0064617461223b4f3a383a22737464436c617373223a323a7b733a363a22617574686f72223b733a303a22223b733a363a22726f626f7473223b733a303a22223b7d733a31343a22002a00696e697469616c697a6564223b623a313b733a31323a22002a00736570617261746f72223b733a313a222e223b7d733a333a226c6674223b693a31353b733a393a22706172656e745f6964223b693a313b733a353a226c6576656c223b693a313b733a363a22706172616d73223b4f3a32343a224a6f6f6d6c615c52656769737472795c5265676973747279223a333a7b733a373a22002a0064617461223b4f3a383a22737464436c617373223a333a7b733a31353a2263617465676f72795f6c61796f7574223b733a303a22223b733a353a22696d616765223b733a303a22223b733a393a22696d6167655f616c74223b733a303a22223b7d733a31343a22002a00696e697469616c697a6564223b623a313b733a31323a22002a00736570617261746f72223b733a313a222e223b7d733a373a2273756d6d617279223b733a303a22223b733a31303a22637265617465645f6279223b693a3634343b733a383a226d6f646966696564223b733a31393a22323032332d30392d32382032303a32353a3131223b733a31313a226d6f6469666965645f6279223b693a3634343b733a343a22736c7567223b733a31393a2231303a73746f696d6f73742d72656d6f6e7461223b733a363a226c61796f7574223b733a383a2263617465676f7279223b733a31303a226d657461617574686f72223b4e3b7d693a343b4e3b693a353b613a353a7b693a313b613a333a7b693a303b733a353a227469746c65223b693a313b733a383a227375627469746c65223b693a323b733a323a226964223b7d693a323b613a323a7b693a303b733a373a2273756d6d617279223b693a313b733a343a22626f6479223b7d693a333b613a383a7b693a303b733a343a226d657461223b693a313b733a31303a226c6973745f7072696365223b693a323b733a31303a2273616c655f7072696365223b693a333b733a343a226c696e6b223b693a343b733a373a226d6574616b6579223b693a353b733a383a226d65746164657363223b693a363b733a31303a226d657461617574686f72223b693a373b733a363a22617574686f72223b7d693a343b613a323a7b693a303b733a343a2270617468223b693a313b733a353a22616c696173223b7d693a353b613a313a7b693a303b733a383a22636f6d6d656e7473223b7d7d693a363b733a313a222a223b693a373b4e3b693a383b4e3b693a393b4e3b693a31303b4e3b693a31313b733a34383a22696e6465782e7068703f6f7074696f6e3d636f6d5f636f6e74656e7426766965773d63617465676f72792669643d3130223b693a31323b4e3b693a31333b733a31393a22323032332d30392d32382032303a32353a3131223b693a31343b693a313b693a31353b613a323a7b733a343a2254797065223b613a313a7b693a303b4f3a383a22737464436c617373223a363a7b733a353a227469746c65223b733a383a2243617465676f7279223b733a353a227374617465223b693a313b733a363a22616363657373223b693a313b733a383a226c616e6775616765223b733a303a22223b733a363a226e6573746564223b623a303b733a323a226964223b693a333b7d7d733a383a224c616e6775616765223b613a313a7b693a303b4f3a383a22737464436c617373223a363a7b733a353a227469746c65223b733a313a222a223b733a353a227374617465223b693a313b733a363a22616363657373223b693a313b733a383a226c616e6775616765223b733a303a22223b733a363a226e6573746564223b623a303b733a323a226964223b693a353b7d7d7d693a31363b733a33333a22d0a1d182d0bed0b8d0bcd0bed181d182d18c20d180d0b5d0bcd0bed0bdd182d0b0223b693a31373b693a313b693a31383b733a34383a22696e6465782e7068703f6f7074696f6e3d636f6d5f636f6e74656e7426766965773d63617465676f72792669643d3130223b7d),
(4, 'index.php?option=com_tags&view=tag&id=2', 'index.php?option=com_tags&view=tag&id[0]=2:novostrojka', 'Новостройка', '', '2023-09-28 20:26:06', 'c8bd8164d94cb7565886f7f528da9cb9', 1, 1, 1, '*', NULL, NULL, '2023-09-28 20:26:03', NULL, 0, 0, 5, 0x[encoded data, 5842 characters]),
(5, 'index.php?option=com_tags&view=tag&id=3', 'index.php?option=com_tags&view=tag&id[0]=3:vtorichka', 'Вторичка', '', '2023-09-28 20:26:19', '35167d533f214cedcfd2ae1d06976251', 1, 1, 1, '*', NULL, NULL, '2023-09-28 20:26:19', NULL, 0, 0, 5, 0x[encoded data, 5816 characters]),
(6, 'index.php?option=com_content&view=article&id=1', 'index.php?option=com_content&view=article&id=1:glavnaya&catid=2', 'Главная', ' Здраствуйте, меня зовут Руслан Поскрёбышев Я - основатель компании «GoodStroy» Мы делаем ремонты как в маленьких студиях, так и в роскошных загородных домах с площадью более 300 м². В работе мы всегда придерживаемся трех основных правил: Делаем ремонт так, как хотели бы, чтобы его делали для нас. Говорим с клиентом так, как хотели бы, чтобы говорили с нами. Даём гарантии, потому что хотели бы, чтобы их дали и нам. ', '2023-10-10 06:52:49', '77f2f20c401391157d92f0c99b1754e6', 1, 1, 1, '*', '2023-09-28 20:26:58', NULL, '2023-09-28 20:26:58', NULL, 0, 0, 3, 0x[encoded data, 14000 characters]),
(7, 'index.php?option=com_content&view=category&id=2', 'index.php?option=com_content&view=category&id=2', 'Лендинг', '', '2023-09-28 20:36:42', '4fba15adfa75a861562f82ce516bd659', 1, 1, 1, '*', NULL, NULL, '2023-09-14 16:00:38', NULL, 0, 0, 1, 0x4f3a35323a224a6f6f6d6c615c436f6d706f6e656e745c46696e6465725c41646d696e6973747261746f725c496e64657865725c526573756c74223a31393a7b693a303b693a313b693a313b733a353a2272752d5255223b693a323b733a303a22223b693a333b613a31373a7b733a323a226964223b693a323b733a353a22616c696173223b733a373a226c656e64696e67223b733a393a22657874656e73696f6e223b733a31313a22636f6d5f636f6e74656e74223b733a373a226d6574616b6579223b733a303a22223b733a383a226d65746164657363223b733a303a22223b733a383a226d65746164617461223b4f3a32343a224a6f6f6d6c615c52656769737472795c5265676973747279223a333a7b733a373a22002a0064617461223b4f3a383a22737464436c617373223a323a7b733a363a22617574686f72223b733a303a22223b733a363a22726f626f7473223b733a303a22223b7d733a31343a22002a00696e697469616c697a6564223b623a313b733a31323a22002a00736570617261746f72223b733a313a222e223b7d733a333a226c6674223b693a313b733a393a22706172656e745f6964223b693a313b733a353a226c6576656c223b693a313b733a363a22706172616d73223b4f3a32343a224a6f6f6d6c615c52656769737472795c5265676973747279223a333a7b733a373a22002a0064617461223b4f3a383a22737464436c617373223a333a7b733a31353a2263617465676f72795f6c61796f7574223b733a303a22223b733a353a22696d616765223b733a303a22223b733a393a22696d6167655f616c74223b733a303a22223b7d733a31343a22002a00696e697469616c697a6564223b623a313b733a31323a22002a00736570617261746f72223b733a313a222e223b7d733a373a2273756d6d617279223b733a303a22223b733a31303a22637265617465645f6279223b693a3634343b733a383a226d6f646966696564223b733a31393a22323032332d30392d32382032303a33363a3432223b733a31313a226d6f6469666965645f6279223b693a3634343b733a343a22736c7567223b733a393a22323a6c656e64696e67223b733a363a226c61796f7574223b733a383a2263617465676f7279223b733a31303a226d657461617574686f72223b4e3b7d693a343b4e3b693a353b613a353a7b693a313b613a333a7b693a303b733a353a227469746c65223b693a313b733a383a227375627469746c65223b693a323b733a323a226964223b7d693a323b613a323a7b693a303b733a373a2273756d6d617279223b693a313b733a343a22626f6479223b7d693a333b613a383a7b693a303b733a343a226d657461223b693a313b733a31303a226c6973745f7072696365223b693a323b733a31303a2273616c655f7072696365223b693a333b733a343a226c696e6b223b693a343b733a373a226d6574616b6579223b693a353b733a383a226d65746164657363223b693a363b733a31303a226d657461617574686f72223b693a373b733a363a22617574686f72223b7d693a343b613a323a7b693a303b733a343a2270617468223b693a313b733a353a22616c696173223b7d693a353b613a313a7b693a303b733a383a22636f6d6d656e7473223b7d7d693a363b733a313a222a223b693a373b4e3b693a383b4e3b693a393b4e3b693a31303b4e3b693a31313b733a34373a22696e6465782e7068703f6f7074696f6e3d636f6d5f636f6e74656e7426766965773d63617465676f72792669643d32223b693a31323b4e3b693a31333b733a31393a22323032332d30392d31342031363a30303a3338223b693a31343b693a313b693a31353b613a323a7b733a343a2254797065223b613a313a7b693a303b4f3a383a22737464436c617373223a363a7b733a353a227469746c65223b733a383a2243617465676f7279223b733a353a227374617465223b693a313b733a363a22616363657373223b693a313b733a383a226c616e6775616765223b733a303a22223b733a363a226e6573746564223b623a303b733a323a226964223b693a333b7d7d733a383a224c616e6775616765223b613a313a7b693a303b4f3a383a22737464436c617373223a363a7b733a353a227469746c65223b733a313a222a223b733a353a227374617465223b693a313b733a363a22616363657373223b693a313b733a383a226c616e6775616765223b733a303a22223b733a363a226e6573746564223b623a303b733a323a226964223b693a353b7d7d7d693a31363b733a31343a22d09bd0b5d0bdd0b4d0b8d0bdd0b3223b693a31373b693a313b693a31383b733a34373a22696e6465782e7068703f6f7074696f6e3d636f6d5f636f6e74656e7426766965773d63617465676f72792669643d32223b7d),
(8, 'index.php?option=com_content&view=category&id=11', 'index.php?option=com_content&view=category&id=11', 'Общая категория', '', '2023-09-28 20:37:17', 'a71dc46b2d7d5a080e922d43e69d9e76', 1, 1, 1, '*', NULL, NULL, '2023-09-28 20:37:17', NULL, 0, 0, 1, 0x4f3a35323a224a6f6f6d6c615c436f6d706f6e656e745c46696e6465725c41646d696e6973747261746f725c496e64657865725c526573756c74223a31393a7b693a303b693a313b693a313b733a353a2272752d5255223b693a323b733a303a22223b693a333b613a31373a7b733a323a226964223b693a31313b733a353a22616c696173223b733a32303a226f6273686368617961206b617465676f72697961223b733a393a22657874656e73696f6e223b733a31313a22636f6d5f636f6e74656e74223b733a373a226d6574616b6579223b733a303a22223b733a383a226d65746164657363223b733a303a22223b733a383a226d65746164617461223b4f3a32343a224a6f6f6d6c615c52656769737472795c5265676973747279223a333a7b733a373a22002a0064617461223b4f3a383a22737464436c617373223a323a7b733a363a22617574686f72223b733a303a22223b733a363a22726f626f7473223b733a303a22223b7d733a31343a22002a00696e697469616c697a6564223b623a313b733a31323a22002a00736570617261746f72223b733a313a222e223b7d733a333a226c6674223b693a31373b733a393a22706172656e745f6964223b693a313b733a353a226c6576656c223b693a313b733a363a22706172616d73223b4f3a32343a224a6f6f6d6c615c52656769737472795c5265676973747279223a333a7b733a373a22002a0064617461223b4f3a383a22737464436c617373223a333a7b733a31353a2263617465676f72795f6c61796f7574223b733a303a22223b733a353a22696d616765223b733a303a22223b733a393a22696d6167655f616c74223b733a303a22223b7d733a31343a22002a00696e697469616c697a6564223b623a313b733a31323a22002a00736570617261746f72223b733a313a222e223b7d733a373a2273756d6d617279223b733a303a22223b733a31303a22637265617465645f6279223b693a3634343b733a383a226d6f646966696564223b733a31393a22323032332d30392d32382032303a33373a3137223b733a31313a226d6f6469666965645f6279223b693a3634343b733a343a22736c7567223b733a32333a2231313a6f62736863686179612d6b617465676f72697961223b733a363a226c61796f7574223b733a383a2263617465676f7279223b733a31303a226d657461617574686f72223b4e3b7d693a343b4e3b693a353b613a353a7b693a313b613a333a7b693a303b733a353a227469746c65223b693a313b733a383a227375627469746c65223b693a323b733a323a226964223b7d693a323b613a323a7b693a303b733a373a2273756d6d617279223b693a313b733a343a22626f6479223b7d693a333b613a383a7b693a303b733a343a226d657461223b693a313b733a31303a226c6973745f7072696365223b693a323b733a31303a2273616c655f7072696365223b693a333b733a343a226c696e6b223b693a343b733a373a226d6574616b6579223b693a353b733a383a226d65746164657363223b693a363b733a31303a226d657461617574686f72223b693a373b733a363a22617574686f72223b7d693a343b613a323a7b693a303b733a343a2270617468223b693a313b733a353a22616c696173223b7d693a353b613a313a7b693a303b733a383a22636f6d6d656e7473223b7d7d693a363b733a313a222a223b693a373b4e3b693a383b4e3b693a393b4e3b693a31303b4e3b693a31313b733a34383a22696e6465782e7068703f6f7074696f6e3d636f6d5f636f6e74656e7426766965773d63617465676f72792669643d3131223b693a31323b4e3b693a31333b733a31393a22323032332d30392d32382032303a33373a3137223b693a31343b693a313b693a31353b613a323a7b733a343a2254797065223b613a313a7b693a303b4f3a383a22737464436c617373223a363a7b733a353a227469746c65223b733a383a2243617465676f7279223b733a353a227374617465223b693a313b733a363a22616363657373223b693a313b733a383a226c616e6775616765223b733a303a22223b733a363a226e6573746564223b623a303b733a323a226964223b693a333b7d7d733a383a224c616e6775616765223b613a313a7b693a303b4f3a383a22737464436c617373223a363a7b733a353a227469746c65223b733a313a222a223b733a353a227374617465223b693a313b733a363a22616363657373223b693a313b733a383a226c616e6775616765223b733a303a22223b733a363a226e6573746564223b623a303b733a323a226964223b693a353b7d7d7d693a31363b733a32393a22d09ed0b1d189d0b0d18f20d0bad0b0d182d0b5d0b3d0bed180d0b8d18f223b693a31373b693a313b693a31383b733a34383a22696e6465782e7068703f6f7074696f6e3d636f6d5f636f6e74656e7426766965773d63617465676f72792669643d3131223b7d);
INSERT INTO `pajs1_finder_links` (`link_id`, `url`, `route`, `title`, `description`, `indexdate`, `md5sum`, `published`, `state`, `access`, `language`, `publish_start_date`, `publish_end_date`, `start_date`, `end_date`, `list_price`, `sale_price`, `type_id`, `object`) VALUES
(9, 'index.php?option=com_content&view=article&id=2', 'index.php?option=com_content&view=article&id=2:byudzhetnyj-remont-razdelnogo-sanuzla&catid=8', 'Бюджетный ремонт раздельного санузла', '', '2023-10-09 22:13:43', '9313f8a8c6e437fb3b02cc94e0311192', 1, 1, 1, '*', '2023-09-28 22:09:14', NULL, '2023-09-28 22:09:14', NULL, 0, 0, 3, 0x[encoded data, 10628 characters]),
(10, 'index.php?option=com_content&view=article&id=3', 'index.php?option=com_content&view=article&id=3:kvartira-v-novostrojke-93-m2&catid=8', 'Квартира в новостройке', '', '2023-10-09 22:13:36', '6e1a48ae82ad5175a1fe4661591e3ef8', 1, 1, 1, '*', '2023-09-28 22:09:14', NULL, '2023-09-28 22:09:14', NULL, 0, 0, 3, 0x[encoded data, 10702 characters]),
(11, 'index.php?option=com_content&view=article&id=4', 'index.php?option=com_content&view=article&id=4:kosmeticheskij-remont-odnokomnatnoj-kvartiry&catid=8', 'Косметический ремонт однокомнатной квартиры', '', '2023-10-09 22:13:28', 'dc713fc9b7dc0cf757ecea345814d879', 1, 1, 1, '*', '2023-09-28 22:09:14', NULL, '2023-09-28 22:09:14', NULL, 0, 0, 3, 0x[encoded data, 10880 characters]),
(12, 'index.php?option=com_content&view=article&id=5', 'index.php?option=com_content&view=article&id=5:kapitalnyj-remont-sanuzla-kottedzh&catid=8', 'Капитальный ремонт санузла, коттедж', '', '2023-10-09 22:17:36', '89c4d037c7bd0683a3a7ad5d0743c2b5', 1, 1, 1, '*', '2023-09-28 22:09:14', NULL, '2023-09-28 22:09:14', NULL, 0, 0, 3, 0x[encoded data, 10786 characters]);
INSERT INTO `pajs1_finder_links` (`link_id`, `url`, `route`, `title`, `description`, `indexdate`, `md5sum`, `published`, `state`, `access`, `language`, `publish_start_date`, `publish_end_date`, `start_date`, `end_date`, `list_price`, `sale_price`, `type_id`, `object`) VALUES
(13, 'index.php?option=com_content&view=article&id=6', 'index.php?option=com_content&view=article&id=6:remont-sanuzla-pod-klyuch&catid=8', 'Ремонт санузла под ключ', '', '2023-10-09 22:17:25', 'eaf399b2cb08986d29fb9f1b65017947', 1, 1, 1, '*', '2023-09-28 22:09:14', NULL, '2023-09-28 22:09:14', NULL, 0, 0, 3, 0x[encoded data, 10686 characters]),
(14, 'index.php?option=com_content&view=article&id=7', 'index.php?option=com_content&view=article&id=7:elena-n&catid=9', 'Елена Н.', ' Делала ремонт у компании Good stroy полгода назад. Все чудесно. До сих пор радуюсь. Спасибо большое команде. ', '2023-10-09 19:56:21', 'a8bcbbf0b22ad45ee48cd4a51f389cbd', 1, 1, 1, '*', '2023-09-28 23:27:31', NULL, '2023-09-28 23:27:31', NULL, 0, 0, 3, 0x[encoded data, 11546 characters]),
(15, 'index.php?option=com_content&view=article&id=8', 'index.php?option=com_content&view=article&id=8:ilya-kalinov&catid=9', 'Илья Калинов', ' Впечатление от компании самое положительное. Ремонт выполнен качественно и в сроки, цены не завышены, смета составлена грамотно и чётко. Вежливые, компетентные сотрудники. Компании Good stroy большое спасибо! ', '2023-10-09 20:00:52', '2411382f03c6f3e717332af6635ee67c', 1, 1, 1, '*', '2023-09-17 23:27:31', NULL, '2023-09-28 23:27:31', NULL, 0, 0, 3, 0x[encoded data, 12346 characters]);
INSERT INTO `pajs1_finder_links` (`link_id`, `url`, `route`, `title`, `description`, `indexdate`, `md5sum`, `published`, `state`, `access`, `language`, `publish_start_date`, `publish_end_date`, `start_date`, `end_date`, `list_price`, `sale_price`, `type_id`, `object`) VALUES
(16, 'index.php?option=com_content&view=article&id=9', 'index.php?option=com_content&view=article&id=9:igor-k&catid=9', 'Игорь К.', ' Хотелось бы выразить большую благодарность компании Good stroy, за качественный ремонт и прекрасный сервис! Начиная с первого звонка мы поняли, что компания держит высокую планку в клиентском сервисе! Сметчик приехал в день звонка и составил смету, которая нас устроила, ответил на все вопросы и рассказал как будет проходить ремонт, честно очень не хотелось постоянно следить за процессом и бегать закупать материал и о чудо! делать этого не пришлось! Компания взяла все процессы на себя, нам оставалось лишь согласовывать. Мы получили квартиру мечты под ключ благодаря всей команде компании Good stroy. Обязательно будем рекомендовать компанию всем, кто хочет получить качество и прекрасный сервис! ', '2023-10-09 20:01:46', 'ab0b808f25dfddb2a06db01392143712', 1, 1, 1, '*', '2023-07-30 23:27:31', NULL, '2023-09-28 23:27:31', NULL, 0, 0, 3, 0x[encoded data, 15374 characters]),
(17, 'index.php?option=com_content&view=article&id=10', 'index.php?option=com_content&view=article&id=10:denis-mokrousov&catid=9', 'Денис Мокроусов', ' Очень понравилась работа команды, всё чётко и по делу. Все сроки соблюдены. Рекомендую! ', '2023-10-09 20:02:07', '60502f38c25fdeb498bc72cff6285715', 1, 1, 1, '*', '2023-07-30 23:27:31', NULL, '2023-09-28 23:27:31', NULL, 0, 0, 3, 0x[encoded data, 11520 characters]),
(18, 'index.php?option=com_content&view=article&id=14', 'index.php?option=com_content&view=article&id=14:kolyaska&catid=9', 'Коляска', ' После долгих поисков компании по ремонту, мы остановили свой выбор на этой. И это правильный выбор. Как делать ремонт, что делать, с чего начать? Все эти вопросы постоянно были в голове. Страх был сильный. Сами мы живем в другом городе. Поэтому весь ремонт от начала до конца делали удаленно. Команда в Интерии сильная. Ксения, Эдуард это профи. Главное все открыто. Составили договор, сделали тех. проект, получили смету и началась работа. Ребята молодцы. Никто не навязывает лишнего. Всегда на связи, всегда подскажут, всегда предложат разные варианты как лучше сделать. Нам помогали в выборе материалов. Доставка и приемка материалов тоже под контролем. Все делается в срок. У них все отлажено. Так же есть организации партнеры, где нам были сделаны дополнительные скидки. Все просто класс Когда мы приехали и увидели результат, то обалдели. Выражаем огромную благодарность ребятам. ', '2023-09-29 00:33:21', '447ccd875b2a2d1454f24eb742e2c32c', 1, 0, 1, '*', '2023-08-24 23:27:31', NULL, '2023-09-28 23:27:31', NULL, 0, 0, 3, 0x[encoded data, 17238 characters]);
INSERT INTO `pajs1_finder_links` (`link_id`, `url`, `route`, `title`, `description`, `indexdate`, `md5sum`, `published`, `state`, `access`, `language`, `publish_start_date`, `publish_end_date`, `start_date`, `end_date`, `list_price`, `sale_price`, `type_id`, `object`) VALUES
(19, 'index.php?option=com_content&view=article&id=13', 'index.php?option=com_content&view=article&id=13:il-il-pikachu&catid=9', 'Максим Б.', ' Действительно профессиональный ремонт квартиры. Превратили мою старую двушку в отличную квартиру. Она теперь как новая после капитального ремонта. Результат отличный. ', '2023-10-09 20:04:53', '534de297c5bc9b3bd7b17fff58c7a3c9', 1, 1, 1, '*', '2023-07-11 23:27:31', NULL, '2023-09-28 23:27:31', NULL, 0, 0, 3, 0x[encoded data, 12144 characters]),
(20, 'index.php?option=com_content&view=article&id=12', 'index.php?option=com_content&view=article&id=12:kapchenaya-devochka&catid=9', 'Юрий', ' Фирму рекомендую. Ремонт заказывал под ключ и проверял на каждом этапе работы. Все четко сделали. ', '2023-10-09 20:05:05', '98ace9ecb962ef807175a45dd95ade6d', 1, 1, 1, '*', '2023-03-08 23:27:31', NULL, '2023-09-28 23:27:31', NULL, 0, 0, 3, 0x[encoded data, 11626 characters]),
(21, 'index.php?option=com_content&view=article&id=11', 'index.php?option=com_content&view=article&id=11:galina&catid=9', 'Галина', ' Облагородили мою студию. Бригада выровняли стены. Все ОК. Спасибо. ', '2023-10-09 20:05:16', 'db7415c7f42d8b796e8cbecd6dc4df4f', 1, 1, 1, '*', '2022-12-31 23:27:31', NULL, '2023-09-28 23:27:31', NULL, 0, 0, 3, 0x[encoded data, 11334 characters]);
INSERT INTO `pajs1_finder_links` (`link_id`, `url`, `route`, `title`, `description`, `indexdate`, `md5sum`, `published`, `state`, `access`, `language`, `publish_start_date`, `publish_end_date`, `start_date`, `end_date`, `list_price`, `sale_price`, `type_id`, `object`) VALUES
(22, 'index.php?option=com_content&view=article&id=15', 'index.php?option=com_content&view=article&id=15:testovyj-material&catid=11', 'Тестовый материал', ' Lorem Ipsum - это текст-\"рыба\", часто используемый в печати и вэб-дизайне. Lorem Ipsum является стандартной \"рыбой\" для текстов на латинице с начала XVI века. В то время некий безымянный печатник создал большую коллекцию размеров и форм шрифтов, используя Lorem Ipsum для распечатки образцов. Lorem Ipsum не только успешно пережил без заметных изменений пять веков, но и перешагнул в электронный дизайн. Его популяризации в новое время послужили публикация листов Letraset с образцами Lorem Ipsum в 60-х годах и, в более недавнее время, программы электронной вёрстки типа Aldus PageMaker, в шаблонах которых используется Lorem Ipsum. ', '2023-09-29 01:54:53', '80b94bf2dd611edd620c53496c9b0afb', 1, 1, 1, '*', '2023-09-29 01:42:41', NULL, '2023-09-29 01:42:41', NULL, 0, 0, 3, 0x[encoded data, 14798 characters]),
(23, 'index.php?option=com_contact&view=contact&id=1', 'index.php?option=com_contact&view=contact&id=1:kontakty&catid=4:uncategorised', 'Контакты', ' +7 (495) 410-00-84 - главный менеджер +7 (916) 989-51-19 - зам.директора компании ', '2023-10-09 09:17:28', 'e933e870aa3435e2955abc73f7b1d069', 1, 0, 1, '*', NULL, NULL, '2023-09-29 01:52:30', NULL, 0, 0, 2, 0x[encoded data, 7412 characters]),
(24, 'index.php?option=com_content&view=article&id=16', 'index.php?option=com_content&view=article&id=16:chernovoj-remont-building&catid=10', 'Черновой ремонт', ' Устройство стяжки пола Грунтовка пола и стен Гидроизоляция мокрых зон Штукатурка стен Шпаклёвка стен Комплексная разводка электрики Комплексная разводка сантехники ', '2023-10-09 16:21:31', '897facbbfef9207ba7f822e2b62b4f71', 1, 1, 1, '*', '2023-09-29 01:54:23', NULL, '2023-09-29 01:54:23', NULL, 0, 0, 3, 0x[encoded data, 12518 characters]),
(25, 'index.php?option=com_content&view=article&id=17', 'index.php?option=com_content&view=article&id=17:chernovoj-remont-second&catid=10', 'Косметический ремонт', ' Демонтаж существующих покрытий Грунтовка пол, стен и потолка Укладка ламината Монтаж плинтусов Оклейка стен обоями Окраска потолков Окраска труб Монтаж механизмов электроточек ', '2023-10-09 17:57:26', '9695d39a2b68d6b40f333273daee40ec', 1, 1, 1, '*', '2023-09-29 01:54:23', NULL, '2023-09-29 01:54:23', NULL, 0, 0, 3, 0x[encoded data, 12632 characters]);
INSERT INTO `pajs1_finder_links` (`link_id`, `url`, `route`, `title`, `description`, `indexdate`, `md5sum`, `published`, `state`, `access`, `language`, `publish_start_date`, `publish_end_date`, `start_date`, `end_date`, `list_price`, `sale_price`, `type_id`, `object`) VALUES
(26, 'index.php?option=com_content&view=article&id=18', 'index.php?option=com_content&view=article&id=18:remont-pod-klyuch-building&catid=10', 'Ремонт «под ключ»', ' Устройство стяжки пола Грунтовка пола и стен Гидроизоляция мокрых зон Штукатурка стен по маякам Шпаклёвка стен Комплексная разводка труб водоснабжения Комплексная разводка труб канализации Комплексная разводка электросетей Установка электроточек Установка сантехники Укладка плитки Укладка ламината Поклейка обоев ', '2023-10-09 16:21:52', '2c98a697d2e50c330e7a4377aaec1f03', 1, 1, 1, '*', '2023-09-29 01:54:23', NULL, '2023-09-29 01:54:23', NULL, 0, 0, 3, 0x[encoded data, 13784 characters]),
(27, 'index.php?option=com_content&view=article&id=19', 'index.php?option=com_content&view=article&id=19:remont-pod-klyuch-second&catid=10', 'Евроремонт вторички', ' Демонтаж существующих покрытий Демонтаж существующих коммуникаций Устройство стяжки пола Грунтовка пола и стен Гидроизоляция мокрых зон Штукатурка стен по маякам Шпаклевка стен и потолка Комплексная разводка труб водоснабжения Комплексная разводка труб канализации Комплексная разводка электросетей Комплексная разводка воздуховодов Установка электроточек Установка сантехники Укладка плитки Укладка ламината Поклейка обоев ', '2023-10-09 17:57:08', '22c726f34bb93bb9ffbb9ed87faecb80', 1, 1, 1, '*', '2023-09-29 01:54:23', NULL, '2023-09-29 01:54:23', NULL, 0, 0, 3, 0x[encoded data, 14676 characters]),
(28, 'index.php?option=com_content&view=article&id=20', 'index.php?option=com_content&view=article&id=20:chistovoj-remont-building&catid=10', 'Чистовой ремонт', ' Укладка ламината Монтаж плинтусов Оклейка стен обоями Укладка плитки Монтаж механизмов электроточек Установка сантехники ', '2023-10-09 16:21:42', '22dfaa6bb3eb605422de234879f23a86', 1, 1, 1, '*', '2023-09-29 01:54:23', NULL, '2023-09-29 01:54:23', NULL, 0, 0, 3, 0x[encoded data, 12200 characters]);
INSERT INTO `pajs1_finder_links` (`link_id`, `url`, `route`, `title`, `description`, `indexdate`, `md5sum`, `published`, `state`, `access`, `language`, `publish_start_date`, `publish_end_date`, `start_date`, `end_date`, `list_price`, `sale_price`, `type_id`, `object`) VALUES
(29, 'index.php?option=com_content&view=article&id=21', 'index.php?option=com_content&view=article&id=21:chistovoj-remont-second&catid=10', 'Чистовой ремонт', ' Демонтаж существующих покрытий Демонтаж существующих коммуникаций Устройство стяжки пола Грунтовка пола и стен Гидроизоляция мокрых зон Штукатурка стен Шпаклевка стен Комплексная разводка труб водоснабжения Комплексная разводка труб канализации Комплексная разводка электросетей Установка электроточек Установка сантехники ', '2023-10-09 16:21:36', 'f34af43070b9f053f8e584d8358fa769', 1, 1, 1, '*', '2023-09-29 01:54:23', NULL, '2023-09-29 01:54:23', NULL, 0, 0, 3, 0x[encoded data, 13818 characters]),
(30, 'index.php?option=com_content&view=article&id=22', 'index.php?option=com_content&view=article&id=22:fancy&catid=11', 'Fancy ', ' ', '2023-10-07 09:08:48', '8da69ec961b49ae0361e1038246b708a', 1, 1, 1, '*', '2023-10-07 07:58:10', NULL, '2023-10-07 07:58:10', NULL, 0, 0, 3, 0x[encoded data, 11620 characters]);
INSERT INTO `pajs1_finder_links` (`link_id`, `url`, `route`, `title`, `description`, `indexdate`, `md5sum`, `published`, `state`, `access`, `language`, `publish_start_date`, `publish_end_date`, `start_date`, `end_date`, `list_price`, `sale_price`, `type_id`, `object`) VALUES
(31, 'index.php?option=com_content&view=article&id=23', 'index.php?option=com_content&view=article&id=23:politika-konfidentsialnosti&catid=2', 'Политика в отношении обработки персональных данных', ' 1. Общие положения Настоящая политика обработки персональных данных составлена в соответствии с требованиями Федерального закона от 27.07.2006. № 152-ФЗ «О персональных данных» (далее — Закон о персональных данных) и определяет порядок обработки персональных данных и меры по обеспечению безопасности персональных данных, предпринимаемые ИП Поскрёбышев Р. Р. (далее — Оператор). 1.1. Оператор ставит своей важнейшей целью и условием осуществления своей деятельности соблюдение прав и свобод человека и гражданина при обработке его персональных данных, в том числе защиты прав на неприкосновенность частной жизни, личную и семейную тайну. 1.2. Настоящая политика Оператора в отношении обработки персональных данных (далее — Политика) применяется ко всей информации, которую Оператор может получить о посетителях веб-сайта https://good-stroy.com. 2. Основные понятия, используемые в Политике 2.1. Автоматизированная обработка персональных данных — обработка персональных данных с помощью средств вычислительной техники. 2.2. Блокирование персональных данных — временное прекращение обработкиперсональных данных (за исключением случаев, если обработка необходима для уточнения персональных данных). 2.3. Веб-сайт — совокупность графических и информационных материалов, а также программ для ЭВМ и баз данных, обеспечивающих их доступность в сети интернет по сетевому адресу https://good-stroy.com. 2.4. Информационная система персональных данных — совокупность содержащихся в базах данных персональных данных и обеспечивающих их обработку информационных технологий и технических средств. 2.5. Обезличивание персональных данных — действия, в результате которых невозможно определить без использования дополнительной информации принадлежность персональных данных конкретному Пользователю или иному субъекту персональных данных. 2.6. Обработка персональных данных — любое действие (операция) или совокупность действий (операций), совершаемых с использованием средств автоматизации или без использования таких средств с персональными данными, включая сбор, запись, систематизацию, накопление, хранение, уточнение (обновление, изменение), извлечение, использование, передачу (распространение,предоставление, доступ), обезличивание, блокирование, удаление, уничтожение персональных данных. 2.7. Оператор — государственный орган, муниципальный орган, юридическое или физическое лицо, самостоятельно или совместно с другими лицами организующие и/или осуществляющие обработку персональных данных, а также определяющие цели обработки персональных данных, состав персональных данных, подлежащих обработке, действия (операции), совершаемые с персональными данными. 2.8. Персональные данные — любая информация, относящаяся прямо или косвенно к определенному или определяемому Пользователю веб-сайта https://good-stroy.com. 2.9. Персональные данные, разрешенные субъектом персональных данных для распространения, — персональные данные, доступ неограниченного круга лиц к которым предоставлен субъектом персональных данных путем дачи согласия на обработку персональных данных, разрешенных субъектом персональных данных для распространения в порядке, предусмотренном Законом о персональных данных (далее — персональные данные, разрешенные для распространения). 2.10. Пользователь — любой посетительвеб-сайта https://good-stroy.com. 2.11. Предоставление персональных данных — действия, направленные на раскрытие персональных данных определенному лицу или определенному кругу лиц. 2.12. Распространение персональных данных — любые действия, направленные на раскрытие персональных данных неопределенному кругу лиц (передача персональных данных) или на ознакомление с персональными данными неограниченного круга лиц, в том числе обнародование персональных данных в средствах массовой информации, размещение в информационно-телекоммуникационных сетях или предоставление доступа к персональным данным каким-либо иным способом. 2.13. Трансграничная передача персональных данных — передача персональных данных на территорию иностранного государства органу власти иностранного государства, иностранному физическому или иностранному юридическому лицу. 2.14. Уничтожение персональных данных — любые действия, в результате которых персональные данные уничтожаются безвозвратно с невозможностью дальнейшего восстановления содержания персональных данных в информационной системе персональных данныхи/или уничтожаются материальные носители персональных данных. 3. Основные права и обязанности Оператора 3.1. Оператор имеет право: — получать от субъекта персональных данных достоверные информацию и/или документы, содержащие персональные данные; — в случае отзыва субъектом персональных данных согласия на обработку персональных данных, а также, направления обращения с требованием о прекращении обработки персональных данных, Оператор вправе продолжить обработку персональных данных без согласия субъекта персональных данных при наличии оснований, указанных в Законе о персональных данных; — самостоятельно определять состав и перечень мер, необходимых и достаточных для обеспечения выполнения обязанностей, предусмотренных Законом о персональных данных и принятыми в соответствии с ним нормативными правовыми актами, если иное не предусмотрено Законом о персональных данных или другими федеральными законами. 3.2. Оператор обязан: — предоставлять субъекту персональных данных по его просьбе информацию, касающуюся обработки его персональных данных; — организовыватьобработку персональных данных в порядке, установленном действующим законодательством РФ; — отвечать на обращения и запросы субъектов персональных данных и их законных представителей в соответствии с требованиями Закона о персональных данных; — сообщать в уполномоченный орган по защите прав субъектов персональных данных по запросу этого органа необходимую информацию в течение 10 дней с даты получения такого запроса; — публиковать или иным образом обеспечивать неограниченный доступ к настоящей Политике в отношении обработки персональных данных; — принимать правовые, организационные и технические меры для защиты персональных данных от неправомерного или случайного доступа к ним, уничтожения, изменения, блокирования, копирования, предоставления, распространения персональных данных, а также от иных неправомерных действий в отношении персональных данных; — прекратить передачу (распространение, предоставление, доступ) персональных данных, прекратить обработку и уничтожить персональные данные в порядке и случаях, предусмотренных Законом о персональных данных; — исполнять иные обязанности, предусмотренные Законом о персональных данных. 4. Основные права и обязанности субъектов персональных данных 4.1. Субъекты персональных данных имеют право: — получать информацию, касающуюся обработки его персональных данных, за исключением случаев, предусмотренных федеральными законами. Сведения предоставляются субъекту персональных данных Оператором в доступной форме, и в них не должны содержаться персональные данные, относящиеся к другим субъектам персональных данных, за исключением случаев, когда имеются законные основания для раскрытия таких персональных данных. Перечень информации и порядок ее получения установлен Законом о персональных данных; — требовать от оператора уточнения его персональных данных, их блокирования или уничтожения в случае, если персональные данные являются неполными, устаревшими, неточными, незаконно полученными или не являются необходимыми для заявленной цели обработки, а также принимать предусмотренные законом меры по защите своих прав; — выдвигать условие предварительного согласия при обработкеперсональных данных в целях продвижения на рынке товаров, работ и услуг; — на отзыв согласия на обработку персональных данных, а также, на направление требования о прекращении обработки персональных данных; — обжаловать в уполномоченный орган по защите прав субъектов персональных данных или в судебном порядке неправомерные действия или бездействие Оператора при обработке его персональных данных; — на осуществление иных прав, предусмотренных законодательством РФ. 4.2. Субъекты персональных данных обязаны: — предоставлять Оператору достоверные данные о себе; — сообщать Оператору об уточнении (обновлении, изменении) своих персональных данных. 4.3. Лица, передавшие Оператору недостоверные сведения о себе, либо сведения о другом субъекте персональных данных без согласия последнего, несут ответственность в соответствии с законодательством РФ. 5. Принципы обработки персональных данных 5.1. Обработка персональных данных осуществляется на законной и справедливой основе. 5.2. Обработка персональных данных ограничивается достижением конкретных, заранее определенныхи законных целей. Не допускается обработка персональных данных, несовместимая с целями сбора персональных данных. 5.3. Не допускается объединение баз данных, содержащих персональные данные, обработка которых осуществляется в целях, несовместимых между собой. 5.4. Обработке подлежат только персональные данные, которые отвечают целям их обработки. 5.5. Содержание и объем обрабатываемых персональных данных соответствуют заявленным целям обработки. Не допускается избыточность обрабатываемых персональных данных по отношению к заявленным целям их обработки. 5.6. При обработке персональных данных обеспечивается точность персональных данных, их достаточность, а в необходимых случаях и актуальность по отношению к целям обработки персональных данных. Оператор принимает необходимые меры и/или обеспечивает их принятие по удалению или уточнению неполных или неточных данных. 5.7. Хранение персональных данных осуществляется в форме, позволяющей определить субъекта персональных данных, не дольше, чем этого требуют цели обработки персональных данных, если срок хранения персональных данныхне установлен федеральным законом, договором, стороной которого, выгодоприобретателем или поручителем по которому является субъект персональных данных. Обрабатываемые персональные данные уничтожаются либо обезличиваются по достижении целей обработки или в случае утраты необходимости в достижении этих целей, если иное не предусмотрено федеральным законом. 6. Цели обработки персональных данных Цель обработки информирование Пользователя посредством отправки электронных писем Персональные данные фамилия, имя, отчество электронный адрес номера телефонов Правовые основания уставные (учредительные) документы Оператора Виды обработки персональных данных Отправка информационных писем на адрес электронной почты 7. Условия обработки персональных данных 7.1. Обработка персональных данных осуществляется с согласия субъекта персональных данных на обработку его персональных данных. 7.2. Обработка персональных данных необходима для достижения целей, предусмотренных международным договором Российской Федерации или законом, для осуществлениявозложенных законодательством Российской Федерации на оператора функций, полномочий и обязанностей. 7.3. Обработка персональных данных необходима для осуществления правосудия, исполнения судебного акта, акта другого органа или должностного лица, подлежащих исполнению в соответствии с законодательством Российской Федерации об исполнительном производстве. 7.4. Обработка персональных данных необходима для исполнения договора, стороной которого либо выгодоприобретателем или поручителем по которому является субъект персональных данных, а также для заключения договора по инициативе субъекта персональных данных или договора, по которому субъект персональных данных будет являться выгодоприобретателем или поручителем. 7.5. Обработка персональных данных необходима для осуществления прав и законных интересов оператора или третьих лиц либо для достижения общественно значимых целей при условии, что при этом не нарушаются права и свободы субъекта персональных данных. 7.6. Осуществляется обработка персональных данных, доступ неограниченного круга лиц к которым предоставлен субъектомперсональных данных либо по его просьбе (далее — общедоступные персональные данные). 7.7. Осуществляется обработка персональных данных, подлежащих опубликованию или обязательному раскрытию в соответствии с федеральным законом. 8. Порядок сбора, хранения, передачи и других видов обработки персональных данных Безопасность персональных данных, которые обрабатываются Оператором, обеспечивается путем реализации правовых, организационных и технических мер, необходимых для выполнения в полном объеме требований действующего законодательства в области защиты персональных данных. 8.1. Оператор обеспечивает сохранность персональных данных и принимает все возможные меры, исключающие доступ к персональным данным неуполномоченных лиц. 8.2. Персональные данные Пользователя никогда, ни при каких условиях не будут переданы третьим лицам, за исключением случаев, связанных с исполнением действующего законодательства либо в случае, если субъектом персональных данных дано согласие Оператору на передачу данных третьему лицу для исполнения обязательств по гражданско-правовому договору. 8.3.В случае выявления неточностей в персональных данных, Пользователь может актуализировать их самостоятельно, путем направления Оператору уведомление на адрес электронной почты Оператора privacy@thismywebsite.com с пометкой «Актуализация персональных данных». 8.4. Срок обработки персональных данных определяется достижением целей, для которых были собраны персональные данные, если иной срок не предусмотрен договором или действующим законодательством. Пользователь может в любой момент отозвать свое согласие на обработку персональных данных, направив Оператору уведомление посредством электронной почты на электронный адрес Оператора privacy@thismywebsite.com с пометкой «Отзыв согласия на обработку персональных данных». 8.5. Вся информация, которая собирается сторонними сервисами, в том числе платежными системами, средствами связи и другими поставщиками услуг, хранится и обрабатывается указанными лицами (Операторами) в соответствии с их Пользовательским соглашением и Политикой конфиденциальности. Субъект персональных данных и/или с указанными документами. Оператор не несет ответственность за действиятретьих лиц, в том числе указанных в настоящем пункте поставщиков услуг. 8.6. Установленные субъектом персональных данных запреты на передачу (кроме предоставления доступа), а также на обработку или условия обработки (кроме получения доступа) персональных данных, разрешенных для распространения, не действуют в случаях обработки персональных данных в государственных, общественных и иных публичных интересах, определенных законодательством РФ. 8.7. Оператор при обработке персональных данных обеспечивает конфиденциальность персональных данных. 8.8. Оператор осуществляет хранение персональных данных в форме, позволяющей определить субъекта персональных данных, не дольше, чем этого требуют цели обработки персональных данных, если срок хранения персональных данных не установлен федеральным законом, договором, стороной которого, выгодоприобретателем или поручителем по которому является субъект персональных данных. 8.9. Условием прекращения обработки персональных данных может являться достижение целей обработки персональных данных, истечение срока действия согласия субъектаперсональных данных, отзыв согласия субъектом персональных данных или требование о прекращении обработки персональных данных, а также выявление неправомерной обработки персональных данных. 9. Перечень действий, производимых Оператором с полученными персональными данными 9.1. Оператор осуществляет сбор, запись, систематизацию, накопление, хранение, уточнение (обновление, изменение), извлечение, использование, передачу (распространение, предоставление, доступ), обезличивание, блокирование, удаление и уничтожение персональных данных. 9.2. Оператор осуществляет автоматизированную обработку персональных данных с получением и/или передачей полученной информации по информационно-телекоммуникационным сетям или без таковой. 10. Трансграничная передача персональных данных 10.1. Оператор до начала осуществления деятельности по трансграничной передаче персональных данных обязан уведомить уполномоченный орган по защите прав субъектов персональных данных о своем намерении осуществлять трансграничную передачу персональных данных (такое уведомление направляется отдельноот уведомления о намерении осуществлять обработку персональных данных). 10.2. Оператор до подачи вышеуказанного уведомления, обязан получить от органов власти иностранного государства, иностранных физических лиц, иностранных юридических лиц, которым планируется трансграничная передача персональных данных, соответствующие сведения. 11. Конфиденциальность персональных данных Оператор и иные лица, получившие доступ к персональным данным, обязаны не раскрывать третьим лицам и не распространять персональные данные без согласия субъекта персональных данных, если иное не предусмотрено федеральным законом. 12. Заключительные положения 12.1. Пользователь может получить любые разъяснения по интересующим вопросам, касающимся обработки его персональных данных, обратившись к Оператору с помощью электронной почты privacy@thismywebsite.com. 12.2. В данном документе будут отражены любые изменения политики обработки персональных данных Оператором. Политика действует бессрочно до замены ее новой версией. 12.3. Актуальная версия Политики в свободном доступе расположена в сети Интернет по адресуhttps://good-stroy.com/privacy. ', '2023-10-10 05:46:26', '9a569e3c11d9902695c9f031a9607ec0', 1, 1, 1, '*', '2023-10-09 22:29:03', NULL, '2023-10-09 22:29:03', NULL, 0, 0, 3, 0x[encoded data, 141106 characters]);
